Jun 11 09:01:03.160716 np0000002597 devstack@placement-api.service[92287]: DEBUG placement.requestlog [req-c2e520b1-9675-431c-8b2f-621fec900f44 req-1a0f9f19-4cbe-46e3-aa14-d7fb267a239c None None] Starting request: 10.4.3.7 "GET /placement/allocations/e0a16fde-ff5c-4abf-bdd6-14b064f35ef9" {{(pid=92287) __call__ /opt/stack/placement/placement/requestlog.py:55}}
Jun 11 09:01:03.182947 np0000002597 devstack@placement-api.service[92287]: INFO placement.requestlog [req-c2e520b1-9675-431c-8b2f-621fec900f44 req-1a0f9f19-4cbe-46e3-aa14-d7fb267a239c service nova] 10.4.3.7 "GET /placement/allocations/e0a16fde-ff5c-4abf-bdd6-14b064f35ef9" status: 200 len: 244 microversion: 1.28
Jun 11 09:01:03.183190 np0000002597 devstack@placement-api.service[92287]: [pid: 92287|app: 0|req: 135/407] 10.4.3.7 () {68 vars in 1485 bytes} [Thu Jun 11 09:01:03 2026] GET /placement/allocations/e0a16fde-ff5c-4abf-bdd6-14b064f35ef9 => generated 244 bytes in 22 msecs (HTTP/1.1 200) 8 headers in 296 bytes (1 switches on core 0)
Jun 11 09:01:03.247275 np0000002597 devstack@placement-api.service[92288]: DEBUG placement.requestlog [req-c2e520b1-9675-431c-8b2f-621fec900f44 req-2cd6d187-46c2-4085-a2d8-5dc286a9388d None None] Starting request: 10.4.3.7 "GET /placement/allocations/39385b58-bd40-4900-8d69-a0a3d00f66dd" {{(pid=92288) __call__ /opt/stack/placement/placement/requestlog.py:55}}
Jun 11 09:01:03.257176 np0000002597 devstack@placement-api.service[92288]: INFO placement.requestlog [req-c2e520b1-9675-431c-8b2f-621fec900f44 req-2cd6d187-46c2-4085-a2d8-5dc286a9388d service nova] 10.4.3.7 "GET /placement/allocations/39385b58-bd40-4900-8d69-a0a3d00f66dd" status: 200 len: 258 microversion: 1.28
Jun 11 09:01:03.258193 np0000002597 devstack@placement-api.service[92288]: [pid: 92288|app: 0|req: 136/408] 10.4.3.7 () {68 vars in 1485 bytes} [Thu Jun 11 09:01:03 2026] GET /placement/allocations/39385b58-bd40-4900-8d69-a0a3d00f66dd => generated 258 bytes in 11 msecs (HTTP/1.1 200) 8 headers in 296 bytes (1 switches on core 0)
Jun 11 09:01:05.336067 np0000002597 devstack@placement-api.service[92289]: DEBUG placement.requestlog [None req-a40d884f-87a5-476d-be13-1486cd0ce9ca None None] Starting request: 10.4.3.7 "GET /placement/resource_providers/954bbcc0-22ea-4edc-aa26-b67fa69b645e/aggregates" {{(pid=92289) __call__ /opt/stack/placement/placement/requestlog.py:55}}
Jun 11 09:01:05.342868 np0000002597 devstack@placement-api.service[92289]: INFO placement.requestlog [None req-a40d884f-87a5-476d-be13-1486cd0ce9ca service placement] 10.4.3.7 "GET /placement/resource_providers/954bbcc0-22ea-4edc-aa26-b67fa69b645e/aggregates" status: 404 len: 235 microversion: 1.1
Jun 11 09:01:05.343160 np0000002597 devstack@placement-api.service[92289]: [pid: 92289|app: 0|req: 138/409] 10.4.3.7 () {66 vars in 1460 bytes} [Thu Jun 11 09:01:05 2026] GET /placement/resource_providers/954bbcc0-22ea-4edc-aa26-b67fa69b645e/aggregates => generated 235 bytes in 8 msecs (HTTP/1.1 404) 5 headers in 202 bytes (1 switches on core 0)
Jun 11 09:01:05.403202 np0000002597 devstack@placement-api.service[92287]: DEBUG placement.requestlog [None req-1b126c68-7539-433d-bab4-ddc4a26911d1 None None] Starting request: 10.4.3.7 "DELETE /placement/resource_providers/954bbcc0-22ea-4edc-aa26-b67fa69b645e" {{(pid=92287) __call__ /opt/stack/placement/placement/requestlog.py:55}}
Jun 11 09:01:05.414319 np0000002597 devstack@placement-api.service[92287]: DEBUG placement.wsgi_wrapper [None req-1b126c68-7539-433d-bab4-ddc4a26911d1 service placement] Placement API returning an error response: No resource provider with uuid 954bbcc0-22ea-4edc-aa26-b67fa69b645e found for delete {{(pid=92287) call_func /opt/stack/placement/placement/wsgi_wrapper.py:31}}
Jun 11 09:01:05.414766 np0000002597 devstack@placement-api.service[92287]: INFO placement.requestlog [None req-1b126c68-7539-433d-bab4-ddc4a26911d1 service placement] 10.4.3.7 "DELETE /placement/resource_providers/954bbcc0-22ea-4edc-aa26-b67fa69b645e" status: 404 len: 246 microversion: 1.1
Jun 11 09:01:05.415009 np0000002597 devstack@placement-api.service[92287]: [pid: 92287|app: 0|req: 136/410] 10.4.3.7 () {68 vars in 1449 bytes} [Thu Jun 11 09:01:05 2026] DELETE /placement/resource_providers/954bbcc0-22ea-4edc-aa26-b67fa69b645e => generated 246 bytes in 13 msecs (HTTP/1.1 404) 6 headers in 231 bytes (1 switches on core 0)
Jun 11 09:01:06.560698 np0000002597 devstack@placement-api.service[92288]: DEBUG placement.requestlog [None req-70e826d2-5ba7-4cb9-a1a0-5a5c05d29813 None None] Starting request: 10.4.3.7 "GET /placement/resource_providers/ddf43c8d-9090-4298-8dce-6c1231ea124e/aggregates" {{(pid=92288) __call__ /opt/stack/placement/placement/requestlog.py:55}}
Jun 11 09:01:06.576739 np0000002597 devstack@placement-api.service[92288]: INFO placement.requestlog [None req-70e826d2-5ba7-4cb9-a1a0-5a5c05d29813 service placement] 10.4.3.7 "GET /placement/resource_providers/ddf43c8d-9090-4298-8dce-6c1231ea124e/aggregates" status: 404 len: 235 microversion: 1.1
Jun 11 09:01:06.576739 np0000002597 devstack@placement-api.service[92288]: [pid: 92288|app: 0|req: 137/411] 10.4.3.7 () {66 vars in 1460 bytes} [Thu Jun 11 09:01:06 2026] GET /placement/resource_providers/ddf43c8d-9090-4298-8dce-6c1231ea124e/aggregates => generated 235 bytes in 16 msecs (HTTP/1.1 404) 5 headers in 202 bytes (1 switches on core 0)
Jun 11 09:01:06.642123 np0000002597 devstack@placement-api.service[92289]: DEBUG placement.requestlog [None req-34e9abd8-d43f-4ae3-9b5e-04ceb2229b2e None None] Starting request: 10.4.3.7 "DELETE /placement/resource_providers/ddf43c8d-9090-4298-8dce-6c1231ea124e" {{(pid=92289) __call__ /opt/stack/placement/placement/requestlog.py:55}}
Jun 11 09:01:06.654583 np0000002597 devstack@placement-api.service[92289]: DEBUG placement.wsgi_wrapper [None req-34e9abd8-d43f-4ae3-9b5e-04ceb2229b2e service placement] Placement API returning an error response: No resource provider with uuid ddf43c8d-9090-4298-8dce-6c1231ea124e found for delete {{(pid=92289) call_func /opt/stack/placement/placement/wsgi_wrapper.py:31}}
Jun 11 09:01:06.654990 np0000002597 devstack@placement-api.service[92289]: INFO placement.requestlog [None req-34e9abd8-d43f-4ae3-9b5e-04ceb2229b2e service placement] 10.4.3.7 "DELETE /placement/resource_providers/ddf43c8d-9090-4298-8dce-6c1231ea124e" status: 404 len: 246 microversion: 1.1
Jun 11 09:01:06.655461 np0000002597 devstack@placement-api.service[92289]: [pid: 92289|app: 0|req: 139/412] 10.4.3.7 () {68 vars in 1449 bytes} [Thu Jun 11 09:01:06 2026] DELETE /placement/resource_providers/ddf43c8d-9090-4298-8dce-6c1231ea124e => generated 246 bytes in 13 msecs (HTTP/1.1 404) 6 headers in 231 bytes (1 switches on core 0)
Jun 11 09:01:15.409130 np0000002597 devstack@placement-api.service[92287]: DEBUG dbcounter [-] [92287] Writing DB stats placement:SELECT=47,placement:DELETE=2 {{(pid=92287) stat_writer /opt/stack/data/venv/lib/python3.12/site-packages/dbcounter.py:115}}
Jun 11 09:01:15.771379 np0000002597 devstack@placement-api.service[92287]: DEBUG placement.requestlog [req-1a0296eb-ad2b-4719-b4aa-fcb5031ae29b req-8ff704cc-5c69-4f2e-9e2b-3ab73b8515b1 None None] Starting request: 10.4.3.7 "GET /placement/resource_providers?in_tree=452aad11-1c53-4b49-990c-6d984caf44d5" {{(pid=92287) __call__ /opt/stack/placement/placement/requestlog.py:55}}
Jun 11 09:01:15.817866 np0000002597 devstack@placement-api.service[92288]: DEBUG placement.requestlog [req-8f7aaccb-7c3c-4d69-a412-c6ed11d55382 req-d75c40eb-a85a-4851-89d7-8db9f8c29dce None None] Starting request: 10.4.3.7 "GET /placement/allocation_candidates?limit=1000&resources=DISK_GB%3A1%2CMEMORY_MB%3A192%2CVCPU%3A1&root_required=%21COMPUTE_STATUS_DISABLED" {{(pid=92288) __call__ /opt/stack/placement/placement/requestlog.py:55}}
Jun 11 09:01:15.871428 np0000002597 devstack@placement-api.service[92288]: DEBUG placement.objects.research_context [req-8f7aaccb-7c3c-4d69-a412-c6ed11d55382 req-d75c40eb-a85a-4851-89d7-8db9f8c29dce service nova] getting providers with 1 DISK_GB {{(pid=92288) __init__ /opt/stack/placement/placement/objects/research_context.py:137}}
Jun 11 09:01:15.879132 np0000002597 devstack@placement-api.service[92288]: DEBUG placement.objects.research_context [req-8f7aaccb-7c3c-4d69-a412-c6ed11d55382 req-d75c40eb-a85a-4851-89d7-8db9f8c29dce service nova] getting providers with 192 MEMORY_MB {{(pid=92288) __init__ /opt/stack/placement/placement/objects/research_context.py:137}}
Jun 11 09:01:15.892932 np0000002597 devstack@placement-api.service[92288]: DEBUG placement.objects.research_context [req-8f7aaccb-7c3c-4d69-a412-c6ed11d55382 req-d75c40eb-a85a-4851-89d7-8db9f8c29dce service nova] getting providers with 1 VCPU {{(pid=92288) __init__ /opt/stack/placement/placement/objects/research_context.py:137}}
Jun 11 09:01:15.899521 np0000002597 devstack@placement-api.service[92288]: DEBUG placement.objects.research_context [req-8f7aaccb-7c3c-4d69-a412-c6ed11d55382 req-d75c40eb-a85a-4851-89d7-8db9f8c29dce service nova] found 1 providers with available 1 DISK_GB {{(pid=92288) get_provider_ids_matching /opt/stack/placement/placement/objects/research_context.py:563}}
Jun 11 09:01:15.899665 np0000002597 devstack@placement-api.service[92288]: DEBUG placement.objects.research_context [req-8f7aaccb-7c3c-4d69-a412-c6ed11d55382 req-d75c40eb-a85a-4851-89d7-8db9f8c29dce service nova] found 1 providers with available 192 MEMORY_MB {{(pid=92288) get_provider_ids_matching /opt/stack/placement/placement/objects/research_context.py:563}}
Jun 11 09:01:15.899787 np0000002597 devstack@placement-api.service[92288]: DEBUG placement.objects.research_context [req-8f7aaccb-7c3c-4d69-a412-c6ed11d55382 req-d75c40eb-a85a-4851-89d7-8db9f8c29dce service nova] found 1 providers after filtering by previous result {{(pid=92288) get_provider_ids_matching /opt/stack/placement/placement/objects/research_context.py:594}}
Jun 11 09:01:15.899912 np0000002597 devstack@placement-api.service[92288]: DEBUG placement.objects.research_context [req-8f7aaccb-7c3c-4d69-a412-c6ed11d55382 req-d75c40eb-a85a-4851-89d7-8db9f8c29dce service nova] found 1 providers with available 1 VCPU {{(pid=92288) get_provider_ids_matching /opt/stack/placement/placement/objects/research_context.py:563}}
Jun 11 09:01:15.900039 np0000002597 devstack@placement-api.service[92288]: DEBUG placement.objects.research_context [req-8f7aaccb-7c3c-4d69-a412-c6ed11d55382 req-d75c40eb-a85a-4851-89d7-8db9f8c29dce service nova] found 1 providers after filtering by previous result {{(pid=92288) get_provider_ids_matching /opt/stack/placement/placement/objects/research_context.py:594}}
Jun 11 09:01:15.919557 np0000002597 devstack@placement-api.service[92288]: DEBUG placement.objects.allocation_candidate [req-8f7aaccb-7c3c-4d69-a412-c6ed11d55382 req-d75c40eb-a85a-4851-89d7-8db9f8c29dce service nova] RequestGroup(use_same_provider=False, resources={DISK_GB:1, MEMORY_MB:192, VCPU:1}, traits=(), aggregates=[]) (suffix '') returned 1 matches {{(pid=92288) _get_by_requests /opt/stack/placement/placement/objects/allocation_candidate.py:158}}
Jun 11 09:01:15.919775 np0000002597 devstack@placement-api.service[92288]: DEBUG placement.objects.allocation_candidate [req-8f7aaccb-7c3c-4d69-a412-c6ed11d55382 req-d75c40eb-a85a-4851-89d7-8db9f8c29dce service nova] Merging candidates yields 1 allocation requests and 1 provider summaries {{(pid=92288) _merge_candidates /opt/stack/placement/placement/objects/allocation_candidate.py:908}}
Jun 11 09:01:15.922904 np0000002597 devstack@placement-api.service[92288]: INFO placement.requestlog [req-8f7aaccb-7c3c-4d69-a412-c6ed11d55382 req-d75c40eb-a85a-4851-89d7-8db9f8c29dce service nova] 10.4.3.7 "GET /placement/allocation_candidates?limit=1000&resources=DISK_GB%3A1%2CMEMORY_MB%3A192%2CVCPU%3A1&root_required=%21COMPUTE_STATUS_DISABLED" status: 200 len: 2494 microversion: 1.36
Jun 11 09:01:15.922904 np0000002597 devstack@placement-api.service[92288]: [pid: 92288|app: 0|req: 138/413] 10.4.3.7 () {68 vars in 1611 bytes} [Thu Jun 11 09:01:15 2026] GET /placement/allocation_candidates?limit=1000&resources=DISK_GB%3A1%2CMEMORY_MB%3A192%2CVCPU%3A1&root_required=%21COMPUTE_STATUS_DISABLED => generated 2494 bytes in 104 msecs (HTTP/1.1 200) 8 headers in 297 bytes (1 switches on core 0)
Jun 11 09:01:16.024490 np0000002597 devstack@placement-api.service[92289]: DEBUG placement.requestlog [req-8f7aaccb-7c3c-4d69-a412-c6ed11d55382 req-10979a22-067e-428f-b6cc-f17fb2c2b881 None None] Starting request: 10.4.3.7 "GET /placement/allocations/e6738b49-85cd-46f1-a58a-986b8d0499a2" {{(pid=92289) __call__ /opt/stack/placement/placement/requestlog.py:55}}
Jun 11 09:01:16.048903 np0000002597 devstack@placement-api.service[92289]: INFO placement.requestlog [req-8f7aaccb-7c3c-4d69-a412-c6ed11d55382 req-10979a22-067e-428f-b6cc-f17fb2c2b881 service nova] 10.4.3.7 "GET /placement/allocations/e6738b49-85cd-46f1-a58a-986b8d0499a2" status: 200 len: 19 microversion: 1.28
Jun 11 09:01:16.049222 np0000002597 devstack@placement-api.service[92289]: [pid: 92289|app: 0|req: 140/414] 10.4.3.7 () {68 vars in 1487 bytes} [Thu Jun 11 09:01:16 2026] GET /placement/allocations/e6738b49-85cd-46f1-a58a-986b8d0499a2 => generated 19 bytes in 25 msecs (HTTP/1.1 200) 8 headers in 295 bytes (1 switches on core 0)
Jun 11 09:01:16.108190 np0000002597 devstack@placement-api.service[92288]: DEBUG placement.requestlog [req-8f7aaccb-7c3c-4d69-a412-c6ed11d55382 req-3d2a5260-2769-48d0-b999-7f46f3b7e6b3 None None] Starting request: 10.4.3.7 "PUT /placement/allocations/e6738b49-85cd-46f1-a58a-986b8d0499a2" {{(pid=92288) __call__ /opt/stack/placement/placement/requestlog.py:55}}
Jun 11 09:01:16.141496 np0000002597 devstack@placement-api.service[92287]: INFO placement.requestlog [req-1a0296eb-ad2b-4719-b4aa-fcb5031ae29b req-8ff704cc-5c69-4f2e-9e2b-3ab73b8515b1 service nova] 10.4.3.7 "GET /placement/resource_providers?in_tree=452aad11-1c53-4b49-990c-6d984caf44d5" status: 200 len: 862 microversion: 1.14
Jun 11 09:01:16.141496 np0000002597 devstack@placement-api.service[92287]: [pid: 92287|app: 0|req: 137/415] 10.4.3.7 () {68 vars in 1484 bytes} [Thu Jun 11 09:01:15 2026] GET /placement/resource_providers?in_tree=452aad11-1c53-4b49-990c-6d984caf44d5 => generated 862 bytes in 370 msecs (HTTP/1.1 200) 6 headers in 225 bytes (1 switches on core 0)
Jun 11 09:01:16.196306 np0000002597 devstack@placement-api.service[92289]: DEBUG placement.requestlog [req-1a0296eb-ad2b-4719-b4aa-fcb5031ae29b req-a73959ec-f739-43dc-b13b-0f9075c88fc9 None None] Starting request: 10.4.3.7 "GET /placement/resource_providers/452aad11-1c53-4b49-990c-6d984caf44d5/inventories" {{(pid=92289) __call__ /opt/stack/placement/placement/requestlog.py:55}}
Jun 11 09:01:16.205964 np0000002597 devstack@placement-api.service[92288]: DEBUG placement.handlers.allocation [req-8f7aaccb-7c3c-4d69-a412-c6ed11d55382 req-3d2a5260-2769-48d0-b999-7f46f3b7e6b3 service nova] Successfully wrote allocations [, , ] {{(pid=92288) _update_consumers_and_create_allocations /opt/stack/placement/placement/handlers/allocation.py:462}}
Jun 11 09:01:16.209216 np0000002597 devstack@placement-api.service[92288]: INFO placement.requestlog [req-8f7aaccb-7c3c-4d69-a412-c6ed11d55382 req-3d2a5260-2769-48d0-b999-7f46f3b7e6b3 service nova] 10.4.3.7 "PUT /placement/allocations/e6738b49-85cd-46f1-a58a-986b8d0499a2" status: 204 len: 0 microversion: 1.36
Jun 11 09:01:16.209362 np0000002597 devstack@placement-api.service[92288]: [pid: 92288|app: 0|req: 139/416] 10.4.3.7 () {72 vars in 1540 bytes} [Thu Jun 11 09:01:16 2026] PUT /placement/allocations/e6738b49-85cd-46f1-a58a-986b8d0499a2 => generated 0 bytes in 102 msecs (HTTP/1.1 204) 5 headers in 199 bytes (1 switches on core 0)
Jun 11 09:01:16.221456 np0000002597 devstack@placement-api.service[92289]: INFO placement.requestlog [req-1a0296eb-ad2b-4719-b4aa-fcb5031ae29b req-a73959ec-f739-43dc-b13b-0f9075c88fc9 service nova] 10.4.3.7 "GET /placement/resource_providers/452aad11-1c53-4b49-990c-6d984caf44d5/inventories" status: 200 len: 399 microversion: 1.0
Jun 11 09:01:16.221682 np0000002597 devstack@placement-api.service[92289]: [pid: 92289|app: 0|req: 141/417] 10.4.3.7 () {66 vars in 1498 bytes} [Thu Jun 11 09:01:16 2026] GET /placement/resource_providers/452aad11-1c53-4b49-990c-6d984caf44d5/inventories => generated 399 bytes in 25 msecs (HTTP/1.1 200) 6 headers in 224 bytes (1 switches on core 0)
Jun 11 09:01:16.270946 np0000002597 devstack@placement-api.service[92287]: DEBUG placement.requestlog [req-1a0296eb-ad2b-4719-b4aa-fcb5031ae29b req-feae7f5d-3668-444f-9aa7-759b98d88c1f None None] Starting request: 10.4.3.7 "GET /placement/resource_providers/452aad11-1c53-4b49-990c-6d984caf44d5/aggregates" {{(pid=92287) __call__ /opt/stack/placement/placement/requestlog.py:55}}
Jun 11 09:01:16.278971 np0000002597 devstack@placement-api.service[92288]: DEBUG placement.requestlog [req-8f7aaccb-7c3c-4d69-a412-c6ed11d55382 req-da5f8fc1-1b8d-4a7e-9dad-c245c493c8ab None None] Starting request: 10.4.3.7 "GET /placement/allocations/2d3e6ad6-e53c-4958-b260-35c556d9c517" {{(pid=92288) __call__ /opt/stack/placement/placement/requestlog.py:55}}
Jun 11 09:01:16.280884 np0000002597 devstack@placement-api.service[92287]: INFO placement.requestlog [req-1a0296eb-ad2b-4719-b4aa-fcb5031ae29b req-feae7f5d-3668-444f-9aa7-759b98d88c1f service nova] 10.4.3.7 "GET /placement/resource_providers/452aad11-1c53-4b49-990c-6d984caf44d5/aggregates" status: 200 len: 54 microversion: 1.19
Jun 11 09:01:16.283484 np0000002597 devstack@placement-api.service[92287]: [pid: 92287|app: 0|req: 138/418] 10.4.3.7 () {68 vars in 1539 bytes} [Thu Jun 11 09:01:16 2026] GET /placement/resource_providers/452aad11-1c53-4b49-990c-6d984caf44d5/aggregates => generated 54 bytes in 10 msecs (HTTP/1.1 200) 8 headers in 295 bytes (1 switches on core 0)
Jun 11 09:01:16.287656 np0000002597 devstack@placement-api.service[92288]: INFO placement.requestlog [req-8f7aaccb-7c3c-4d69-a412-c6ed11d55382 req-da5f8fc1-1b8d-4a7e-9dad-c245c493c8ab service nova] 10.4.3.7 "GET /placement/allocations/2d3e6ad6-e53c-4958-b260-35c556d9c517" status: 200 len: 19 microversion: 1.28
Jun 11 09:01:16.288565 np0000002597 devstack@placement-api.service[92288]: [pid: 92288|app: 0|req: 140/419] 10.4.3.7 () {68 vars in 1487 bytes} [Thu Jun 11 09:01:16 2026] GET /placement/allocations/2d3e6ad6-e53c-4958-b260-35c556d9c517 => generated 19 bytes in 9 msecs (HTTP/1.1 200) 8 headers in 295 bytes (1 switches on core 0)
Jun 11 09:01:16.333575 np0000002597 devstack@placement-api.service[92289]: DEBUG placement.requestlog [req-1a0296eb-ad2b-4719-b4aa-fcb5031ae29b req-8edb89ab-42b2-45a8-8a98-68a2a60dc384 None None] Starting request: 10.4.3.7 "GET /placement/resource_providers/452aad11-1c53-4b49-990c-6d984caf44d5/traits" {{(pid=92289) __call__ /opt/stack/placement/placement/requestlog.py:55}}
Jun 11 09:01:16.349665 np0000002597 devstack@placement-api.service[92287]: DEBUG placement.requestlog [req-8f7aaccb-7c3c-4d69-a412-c6ed11d55382 req-35b89134-55b5-4abf-baf0-373aceb47bf8 None None] Starting request: 10.4.3.7 "PUT /placement/allocations/2d3e6ad6-e53c-4958-b260-35c556d9c517" {{(pid=92287) __call__ /opt/stack/placement/placement/requestlog.py:55}}
Jun 11 09:01:16.360736 np0000002597 devstack@placement-api.service[92289]: INFO placement.requestlog [req-1a0296eb-ad2b-4719-b4aa-fcb5031ae29b req-8edb89ab-42b2-45a8-8a98-68a2a60dc384 service nova] 10.4.3.7 "GET /placement/resource_providers/452aad11-1c53-4b49-990c-6d984caf44d5/traits" status: 200 len: 2027 microversion: 1.6
Jun 11 09:01:16.361213 np0000002597 devstack@placement-api.service[92289]: [pid: 92289|app: 0|req: 142/420] 10.4.3.7 () {68 vars in 1526 bytes} [Thu Jun 11 09:01:16 2026] GET /placement/resource_providers/452aad11-1c53-4b49-990c-6d984caf44d5/traits => generated 2027 bytes in 28 msecs (HTTP/1.1 200) 6 headers in 225 bytes (1 switches on core 0)
Jun 11 09:01:16.409296 np0000002597 devstack@placement-api.service[92287]: DEBUG placement.handlers.allocation [req-8f7aaccb-7c3c-4d69-a412-c6ed11d55382 req-35b89134-55b5-4abf-baf0-373aceb47bf8 service nova] Successfully wrote allocations [, , ] {{(pid=92287) _update_consumers_and_create_allocations /opt/stack/placement/placement/handlers/allocation.py:462}}
Jun 11 09:01:16.414752 np0000002597 devstack@placement-api.service[92288]: DEBUG placement.requestlog [req-1a0296eb-ad2b-4719-b4aa-fcb5031ae29b req-a90ba8a7-0292-4320-bdc0-6498fcf7d8d9 None None] Starting request: 10.4.3.7 "GET /placement/resource_providers/452aad11-1c53-4b49-990c-6d984caf44d5/allocations" {{(pid=92288) __call__ /opt/stack/placement/placement/requestlog.py:55}}
Jun 11 09:01:16.416464 np0000002597 devstack@placement-api.service[92287]: INFO placement.requestlog [req-8f7aaccb-7c3c-4d69-a412-c6ed11d55382 req-35b89134-55b5-4abf-baf0-373aceb47bf8 service nova] 10.4.3.7 "PUT /placement/allocations/2d3e6ad6-e53c-4958-b260-35c556d9c517" status: 204 len: 0 microversion: 1.36
Jun 11 09:01:16.416778 np0000002597 devstack@placement-api.service[92287]: [pid: 92287|app: 0|req: 139/421] 10.4.3.7 () {72 vars in 1540 bytes} [Thu Jun 11 09:01:16 2026] PUT /placement/allocations/2d3e6ad6-e53c-4958-b260-35c556d9c517 => generated 0 bytes in 67 msecs (HTTP/1.1 204) 5 headers in 199 bytes (1 switches on core 0)
Jun 11 09:01:16.447417 np0000002597 devstack@placement-api.service[92288]: INFO placement.requestlog [req-1a0296eb-ad2b-4719-b4aa-fcb5031ae29b req-a90ba8a7-0292-4320-bdc0-6498fcf7d8d9 service nova] 10.4.3.7 "GET /placement/resource_providers/452aad11-1c53-4b49-990c-6d984caf44d5/allocations" status: 200 len: 1325 microversion: 1.0
Jun 11 09:01:16.447417 np0000002597 devstack@placement-api.service[92288]: [pid: 92288|app: 0|req: 141/422] 10.4.3.7 () {66 vars in 1498 bytes} [Thu Jun 11 09:01:16 2026] GET /placement/resource_providers/452aad11-1c53-4b49-990c-6d984caf44d5/allocations => generated 1325 bytes in 32 msecs (HTTP/1.1 200) 6 headers in 225 bytes (1 switches on core 0)
Jun 11 09:01:16.488244 np0000002597 devstack@placement-api.service[92289]: DEBUG placement.requestlog [req-1a0296eb-ad2b-4719-b4aa-fcb5031ae29b req-ea16ccec-1d52-4422-92c4-5b8895f27ce0 None None] Starting request: 10.4.3.7 "GET /placement/allocations/cd4501a1-8523-4a9e-b89c-16355e43357e" {{(pid=92289) __call__ /opt/stack/placement/placement/requestlog.py:55}}
Jun 11 09:01:16.498801 np0000002597 devstack@placement-api.service[92289]: INFO placement.requestlog [req-1a0296eb-ad2b-4719-b4aa-fcb5031ae29b req-ea16ccec-1d52-4422-92c4-5b8895f27ce0 service nova] 10.4.3.7 "GET /placement/allocations/cd4501a1-8523-4a9e-b89c-16355e43357e" status: 200 len: 258 microversion: 1.28
Jun 11 09:01:16.498801 np0000002597 devstack@placement-api.service[92289]: [pid: 92289|app: 0|req: 143/423] 10.4.3.7 () {68 vars in 1485 bytes} [Thu Jun 11 09:01:16 2026] GET /placement/allocations/cd4501a1-8523-4a9e-b89c-16355e43357e => generated 258 bytes in 11 msecs (HTTP/1.1 200) 8 headers in 296 bytes (1 switches on core 0)
Jun 11 09:01:16.537866 np0000002597 devstack@placement-api.service[92287]: DEBUG placement.requestlog [req-1a0296eb-ad2b-4719-b4aa-fcb5031ae29b req-71c7dac3-fcfc-4d5e-a7a8-7b52e12fccc5 None None] Starting request: 10.4.3.7 "GET /placement/allocations/ca196e52-bad2-439c-bc75-2fc5286f4ab0" {{(pid=92287) __call__ /opt/stack/placement/placement/requestlog.py:55}}
Jun 11 09:01:16.564176 np0000002597 devstack@placement-api.service[92287]: INFO placement.requestlog [req-1a0296eb-ad2b-4719-b4aa-fcb5031ae29b req-71c7dac3-fcfc-4d5e-a7a8-7b52e12fccc5 service nova] 10.4.3.7 "GET /placement/allocations/ca196e52-bad2-439c-bc75-2fc5286f4ab0" status: 200 len: 258 microversion: 1.28
Jun 11 09:01:16.566075 np0000002597 devstack@placement-api.service[92287]: [pid: 92287|app: 0|req: 140/424] 10.4.3.7 () {68 vars in 1485 bytes} [Thu Jun 11 09:01:16 2026] GET /placement/allocations/ca196e52-bad2-439c-bc75-2fc5286f4ab0 => generated 258 bytes in 27 msecs (HTTP/1.1 200) 8 headers in 296 bytes (1 switches on core 0)
Jun 11 09:01:16.619630 np0000002597 devstack@placement-api.service[92288]: DEBUG placement.requestlog [req-1a0296eb-ad2b-4719-b4aa-fcb5031ae29b req-358526cd-d679-4516-86dd-92cc4dfa99e4 None None] Starting request: 10.4.3.7 "GET /placement/allocations/e6738b49-85cd-46f1-a58a-986b8d0499a2" {{(pid=92288) __call__ /opt/stack/placement/placement/requestlog.py:55}}
Jun 11 09:01:16.629483 np0000002597 devstack@placement-api.service[92288]: INFO placement.requestlog [req-1a0296eb-ad2b-4719-b4aa-fcb5031ae29b req-358526cd-d679-4516-86dd-92cc4dfa99e4 service nova] 10.4.3.7 "GET /placement/allocations/e6738b49-85cd-46f1-a58a-986b8d0499a2" status: 200 len: 258 microversion: 1.28
Jun 11 09:01:16.630067 np0000002597 devstack@placement-api.service[92288]: [pid: 92288|app: 0|req: 142/425] 10.4.3.7 () {68 vars in 1485 bytes} [Thu Jun 11 09:01:16 2026] GET /placement/allocations/e6738b49-85cd-46f1-a58a-986b8d0499a2 => generated 258 bytes in 10 msecs (HTTP/1.1 200) 8 headers in 296 bytes (1 switches on core 0)
Jun 11 09:01:16.687025 np0000002597 devstack@placement-api.service[92289]: DEBUG placement.requestlog [req-1a0296eb-ad2b-4719-b4aa-fcb5031ae29b req-cd45fd87-8179-46f0-b42d-5855fddaaa5d None None] Starting request: 10.4.3.7 "GET /placement/allocations/2d3e6ad6-e53c-4958-b260-35c556d9c517" {{(pid=92289) __call__ /opt/stack/placement/placement/requestlog.py:55}}
Jun 11 09:01:16.701854 np0000002597 devstack@placement-api.service[92289]: INFO placement.requestlog [req-1a0296eb-ad2b-4719-b4aa-fcb5031ae29b req-cd45fd87-8179-46f0-b42d-5855fddaaa5d service nova] 10.4.3.7 "GET /placement/allocations/2d3e6ad6-e53c-4958-b260-35c556d9c517" status: 200 len: 258 microversion: 1.28
Jun 11 09:01:16.702082 np0000002597 devstack@placement-api.service[92289]: [pid: 92289|app: 0|req: 144/426] 10.4.3.7 () {68 vars in 1485 bytes} [Thu Jun 11 09:01:16 2026] GET /placement/allocations/2d3e6ad6-e53c-4958-b260-35c556d9c517 => generated 258 bytes in 15 msecs (HTTP/1.1 200) 8 headers in 296 bytes (1 switches on core 0)
Jun 11 09:01:16.758217 np0000002597 devstack@placement-api.service[92287]: DEBUG placement.requestlog [req-1a0296eb-ad2b-4719-b4aa-fcb5031ae29b req-34746f69-a819-4097-8b65-345ebcf06d16 None None] Starting request: 10.4.3.7 "GET /placement/allocations/61c578f9-8ce4-4f35-964b-a78844622f8b" {{(pid=92287) __call__ /opt/stack/placement/placement/requestlog.py:55}}
Jun 11 09:01:16.778559 np0000002597 devstack@placement-api.service[92287]: INFO placement.requestlog [req-1a0296eb-ad2b-4719-b4aa-fcb5031ae29b req-34746f69-a819-4097-8b65-345ebcf06d16 service nova] 10.4.3.7 "GET /placement/allocations/61c578f9-8ce4-4f35-964b-a78844622f8b" status: 200 len: 244 microversion: 1.28
Jun 11 09:01:16.778559 np0000002597 devstack@placement-api.service[92287]: [pid: 92287|app: 0|req: 141/427] 10.4.3.7 () {68 vars in 1485 bytes} [Thu Jun 11 09:01:16 2026] GET /placement/allocations/61c578f9-8ce4-4f35-964b-a78844622f8b => generated 244 bytes in 20 msecs (HTTP/1.1 200) 8 headers in 296 bytes (1 switches on core 0)
Jun 11 09:01:16.830434 np0000002597 devstack@placement-api.service[92288]: DEBUG placement.requestlog [req-1a0296eb-ad2b-4719-b4aa-fcb5031ae29b req-cbf3791d-65d5-4546-9282-c94c5bfcb1fb None None] Starting request: 10.4.3.7 "GET /placement/allocations/f40770e0-37ea-4056-ac20-a2f629f7820a" {{(pid=92288) __call__ /opt/stack/placement/placement/requestlog.py:55}}
Jun 11 09:01:16.846771 np0000002597 devstack@placement-api.service[92288]: INFO placement.requestlog [req-1a0296eb-ad2b-4719-b4aa-fcb5031ae29b req-cbf3791d-65d5-4546-9282-c94c5bfcb1fb service nova] 10.4.3.7 "GET /placement/allocations/f40770e0-37ea-4056-ac20-a2f629f7820a" status: 200 len: 258 microversion: 1.28
Jun 11 09:01:16.846771 np0000002597 devstack@placement-api.service[92288]: [pid: 92288|app: 0|req: 143/428] 10.4.3.7 () {68 vars in 1485 bytes} [Thu Jun 11 09:01:16 2026] GET /placement/allocations/f40770e0-37ea-4056-ac20-a2f629f7820a => generated 258 bytes in 17 msecs (HTTP/1.1 200) 8 headers in 296 bytes (1 switches on core 0)
Jun 11 09:01:16.895852 np0000002597 devstack@placement-api.service[92289]: DEBUG placement.requestlog [req-1a0296eb-ad2b-4719-b4aa-fcb5031ae29b req-0983c39d-37d0-4638-a8ee-61504a57b8b9 None None] Starting request: 10.4.3.7 "GET /placement/allocations/eaf98ff1-cd66-4e50-bc93-3dfb3898a4ba" {{(pid=92289) __call__ /opt/stack/placement/placement/requestlog.py:55}}
Jun 11 09:01:16.907081 np0000002597 devstack@placement-api.service[92289]: INFO placement.requestlog [req-1a0296eb-ad2b-4719-b4aa-fcb5031ae29b req-0983c39d-37d0-4638-a8ee-61504a57b8b9 service nova] 10.4.3.7 "GET /placement/allocations/eaf98ff1-cd66-4e50-bc93-3dfb3898a4ba" status: 200 len: 258 microversion: 1.28
Jun 11 09:01:16.907354 np0000002597 devstack@placement-api.service[92289]: [pid: 92289|app: 0|req: 145/429] 10.4.3.7 () {68 vars in 1485 bytes} [Thu Jun 11 09:01:16 2026] GET /placement/allocations/eaf98ff1-cd66-4e50-bc93-3dfb3898a4ba => generated 258 bytes in 13 msecs (HTTP/1.1 200) 8 headers in 296 bytes (1 switches on core 0)
Jun 11 09:01:16.949857 np0000002597 devstack@placement-api.service[92287]: DEBUG placement.requestlog [req-1a0296eb-ad2b-4719-b4aa-fcb5031ae29b req-b928ff5b-0519-4c4c-95c9-219a317ca0b1 None None] Starting request: 10.4.3.7 "GET /placement/allocations/51482d2e-cdd8-4043-99bc-8e3b86929398" {{(pid=92287) __call__ /opt/stack/placement/placement/requestlog.py:55}}
Jun 11 09:01:16.965475 np0000002597 devstack@placement-api.service[92287]: INFO placement.requestlog [req-1a0296eb-ad2b-4719-b4aa-fcb5031ae29b req-b928ff5b-0519-4c4c-95c9-219a317ca0b1 service nova] 10.4.3.7 "GET /placement/allocations/51482d2e-cdd8-4043-99bc-8e3b86929398" status: 200 len: 258 microversion: 1.28
Jun 11 09:01:16.965978 np0000002597 devstack@placement-api.service[92287]: [pid: 92287|app: 0|req: 142/430] 10.4.3.7 () {68 vars in 1485 bytes} [Thu Jun 11 09:01:16 2026] GET /placement/allocations/51482d2e-cdd8-4043-99bc-8e3b86929398 => generated 258 bytes in 16 msecs (HTTP/1.1 200) 8 headers in 296 bytes (1 switches on core 0)
Jun 11 09:01:17.026484 np0000002597 devstack@placement-api.service[92288]: DEBUG placement.requestlog [req-1a0296eb-ad2b-4719-b4aa-fcb5031ae29b req-a6ebc9c8-3495-4e94-ae94-d0d02bf867f3 None None] Starting request: 10.4.3.7 "GET /placement/allocations/0dd0c10d-3c9f-4c46-b87e-222518ff9035" {{(pid=92288) __call__ /opt/stack/placement/placement/requestlog.py:55}}
Jun 11 09:01:17.044011 np0000002597 devstack@placement-api.service[92288]: INFO placement.requestlog [req-1a0296eb-ad2b-4719-b4aa-fcb5031ae29b req-a6ebc9c8-3495-4e94-ae94-d0d02bf867f3 service nova] 10.4.3.7 "GET /placement/allocations/0dd0c10d-3c9f-4c46-b87e-222518ff9035" status: 200 len: 258 microversion: 1.28
Jun 11 09:01:17.044303 np0000002597 devstack@placement-api.service[92288]: [pid: 92288|app: 0|req: 144/431] 10.4.3.7 () {68 vars in 1485 bytes} [Thu Jun 11 09:01:17 2026] GET /placement/allocations/0dd0c10d-3c9f-4c46-b87e-222518ff9035 => generated 258 bytes in 18 msecs (HTTP/1.1 200) 8 headers in 296 bytes (1 switches on core 0)
Jun 11 09:01:17.090345 np0000002597 devstack@placement-api.service[92289]: DEBUG placement.requestlog [req-1a0296eb-ad2b-4719-b4aa-fcb5031ae29b req-b423db1a-02c5-4e24-9a60-8812756898fa None None] Starting request: 10.4.3.7 "GET /placement/allocations/32091815-5d30-4a43-a5c6-db6a723fe7ba" {{(pid=92289) __call__ /opt/stack/placement/placement/requestlog.py:55}}
Jun 11 09:01:17.114411 np0000002597 devstack@placement-api.service[92289]: INFO placement.requestlog [req-1a0296eb-ad2b-4719-b4aa-fcb5031ae29b req-b423db1a-02c5-4e24-9a60-8812756898fa service nova] 10.4.3.7 "GET /placement/allocations/32091815-5d30-4a43-a5c6-db6a723fe7ba" status: 200 len: 258 microversion: 1.28
Jun 11 09:01:17.114734 np0000002597 devstack@placement-api.service[92289]: [pid: 92289|app: 0|req: 146/432] 10.4.3.7 () {68 vars in 1485 bytes} [Thu Jun 11 09:01:17 2026] GET /placement/allocations/32091815-5d30-4a43-a5c6-db6a723fe7ba => generated 258 bytes in 25 msecs (HTTP/1.1 200) 8 headers in 296 bytes (1 switches on core 0)
Jun 11 09:01:17.156519 np0000002597 devstack@placement-api.service[92287]: DEBUG placement.requestlog [req-1a0296eb-ad2b-4719-b4aa-fcb5031ae29b req-5acb7b90-d618-47d1-93e4-4dbac7272093 None None] Starting request: 10.4.3.7 "GET /placement/allocations/2432bd11-87e2-43ec-adcf-e7b4557cb0cd" {{(pid=92287) __call__ /opt/stack/placement/placement/requestlog.py:55}}
Jun 11 09:01:17.170515 np0000002597 devstack@placement-api.service[92287]: INFO placement.requestlog [req-1a0296eb-ad2b-4719-b4aa-fcb5031ae29b req-5acb7b90-d618-47d1-93e4-4dbac7272093 service nova] 10.4.3.7 "GET /placement/allocations/2432bd11-87e2-43ec-adcf-e7b4557cb0cd" status: 200 len: 258 microversion: 1.28
Jun 11 09:01:17.170774 np0000002597 devstack@placement-api.service[92287]: [pid: 92287|app: 0|req: 143/433] 10.4.3.7 () {68 vars in 1485 bytes} [Thu Jun 11 09:01:17 2026] GET /placement/allocations/2432bd11-87e2-43ec-adcf-e7b4557cb0cd => generated 258 bytes in 15 msecs (HTTP/1.1 200) 8 headers in 296 bytes (1 switches on core 0)
Jun 11 09:01:17.211206 np0000002597 devstack@placement-api.service[92288]: DEBUG placement.requestlog [req-1a0296eb-ad2b-4719-b4aa-fcb5031ae29b req-ea40a02b-f6e9-40e0-9d69-e1e5043131ce None None] Starting request: 10.4.3.7 "GET /placement/allocations/e0a16fde-ff5c-4abf-bdd6-14b064f35ef9" {{(pid=92288) __call__ /opt/stack/placement/placement/requestlog.py:55}}
Jun 11 09:01:17.219745 np0000002597 devstack@placement-api.service[92288]: INFO placement.requestlog [req-1a0296eb-ad2b-4719-b4aa-fcb5031ae29b req-ea40a02b-f6e9-40e0-9d69-e1e5043131ce service nova] 10.4.3.7 "GET /placement/allocations/e0a16fde-ff5c-4abf-bdd6-14b064f35ef9" status: 200 len: 244 microversion: 1.28
Jun 11 09:01:17.219989 np0000002597 devstack@placement-api.service[92288]: [pid: 92288|app: 0|req: 145/434] 10.4.3.7 () {68 vars in 1485 bytes} [Thu Jun 11 09:01:17 2026] GET /placement/allocations/e0a16fde-ff5c-4abf-bdd6-14b064f35ef9 => generated 244 bytes in 9 msecs (HTTP/1.1 200) 8 headers in 296 bytes (1 switches on core 0)
Jun 11 09:01:17.257385 np0000002597 devstack@placement-api.service[92289]: DEBUG placement.requestlog [req-1a0296eb-ad2b-4719-b4aa-fcb5031ae29b req-413852b4-4e44-43d7-8dc3-e6f1f02db0d1 None None] Starting request: 10.4.3.7 "GET /placement/allocations/39385b58-bd40-4900-8d69-a0a3d00f66dd" {{(pid=92289) __call__ /opt/stack/placement/placement/requestlog.py:55}}
Jun 11 09:01:17.270977 np0000002597 devstack@placement-api.service[92289]: INFO placement.requestlog [req-1a0296eb-ad2b-4719-b4aa-fcb5031ae29b req-413852b4-4e44-43d7-8dc3-e6f1f02db0d1 service nova] 10.4.3.7 "GET /placement/allocations/39385b58-bd40-4900-8d69-a0a3d00f66dd" status: 200 len: 258 microversion: 1.28
Jun 11 09:01:17.271469 np0000002597 devstack@placement-api.service[92289]: [pid: 92289|app: 0|req: 147/435] 10.4.3.7 () {68 vars in 1485 bytes} [Thu Jun 11 09:01:17 2026] GET /placement/allocations/39385b58-bd40-4900-8d69-a0a3d00f66dd => generated 258 bytes in 14 msecs (HTTP/1.1 200) 8 headers in 296 bytes (1 switches on core 0)
Jun 11 09:01:18.066934 np0000002597 devstack@placement-api.service[92287]: DEBUG placement.requestlog [req-8f7aaccb-7c3c-4d69-a412-c6ed11d55382 req-099b31be-df71-43d7-8005-27b9d8600172 None None] Starting request: 10.4.3.7 "GET /placement/allocations/e6738b49-85cd-46f1-a58a-986b8d0499a2" {{(pid=92287) __call__ /opt/stack/placement/placement/requestlog.py:55}}
Jun 11 09:01:18.078558 np0000002597 devstack@placement-api.service[92288]: DEBUG placement.requestlog [req-8f7aaccb-7c3c-4d69-a412-c6ed11d55382 req-f0ed910e-e783-401a-bb2d-508006993e1e None None] Starting request: 10.4.3.7 "GET /placement/allocations/2d3e6ad6-e53c-4958-b260-35c556d9c517" {{(pid=92288) __call__ /opt/stack/placement/placement/requestlog.py:55}}
Jun 11 09:01:18.084133 np0000002597 devstack@placement-api.service[92287]: INFO placement.requestlog [req-8f7aaccb-7c3c-4d69-a412-c6ed11d55382 req-099b31be-df71-43d7-8005-27b9d8600172 service nova] 10.4.3.7 "GET /placement/allocations/e6738b49-85cd-46f1-a58a-986b8d0499a2" status: 200 len: 258 microversion: 1.28
Jun 11 09:01:18.084133 np0000002597 devstack@placement-api.service[92287]: [pid: 92287|app: 0|req: 144/436] 10.4.3.7 () {68 vars in 1485 bytes} [Thu Jun 11 09:01:18 2026] GET /placement/allocations/e6738b49-85cd-46f1-a58a-986b8d0499a2 => generated 258 bytes in 17 msecs (HTTP/1.1 200) 8 headers in 296 bytes (1 switches on core 0)
Jun 11 09:01:18.094028 np0000002597 devstack@placement-api.service[92288]: INFO placement.requestlog [req-8f7aaccb-7c3c-4d69-a412-c6ed11d55382 req-f0ed910e-e783-401a-bb2d-508006993e1e service nova] 10.4.3.7 "GET /placement/allocations/2d3e6ad6-e53c-4958-b260-35c556d9c517" status: 200 len: 258 microversion: 1.28
Jun 11 09:01:18.094773 np0000002597 devstack@placement-api.service[92288]: [pid: 92288|app: 0|req: 146/437] 10.4.3.7 () {68 vars in 1485 bytes} [Thu Jun 11 09:01:18 2026] GET /placement/allocations/2d3e6ad6-e53c-4958-b260-35c556d9c517 => generated 258 bytes in 16 msecs (HTTP/1.1 200) 8 headers in 296 bytes (1 switches on core 0)
Jun 11 09:01:18.349266 np0000002597 devstack@placement-api.service[92289]: DEBUG placement.requestlog [req-1a0296eb-ad2b-4719-b4aa-fcb5031ae29b req-5814d743-2f89-4ee7-a4a1-16d344853896 None None] Starting request: 10.4.3.7 "DELETE /placement/allocations/ca196e52-bad2-439c-bc75-2fc5286f4ab0" {{(pid=92289) __call__ /opt/stack/placement/placement/requestlog.py:55}}
Jun 11 09:01:18.376203 np0000002597 devstack@placement-api.service[92289]: DEBUG placement.handlers.allocation [req-1a0296eb-ad2b-4719-b4aa-fcb5031ae29b req-5814d743-2f89-4ee7-a4a1-16d344853896 service nova] Successfully deleted allocations [, , ] {{(pid=92289) delete_allocations /opt/stack/placement/placement/handlers/allocation.py:627}}
Jun 11 09:01:18.376540 np0000002597 devstack@placement-api.service[92289]: INFO placement.requestlog [req-1a0296eb-ad2b-4719-b4aa-fcb5031ae29b req-5814d743-2f89-4ee7-a4a1-16d344853896 service nova] 10.4.3.7 "DELETE /placement/allocations/ca196e52-bad2-439c-bc75-2fc5286f4ab0" status: 204 len: 0 microversion: 1.0
Jun 11 09:01:18.376770 np0000002597 devstack@placement-api.service[92289]: [pid: 92289|app: 0|req: 148/438] 10.4.3.7 () {68 vars in 1463 bytes} [Thu Jun 11 09:01:18 2026] DELETE /placement/allocations/ca196e52-bad2-439c-bc75-2fc5286f4ab0 => generated 0 bytes in 29 msecs (HTTP/1.1 204) 5 headers in 198 bytes (1 switches on core 0)
Jun 11 09:01:19.365543 np0000002597 devstack@placement-api.service[92287]: DEBUG placement.requestlog [req-8f7aaccb-7c3c-4d69-a412-c6ed11d55382 req-ce6ead58-abbe-4416-bece-a23a9b9ce8d7 None None] Starting request: 10.4.3.7 "GET /placement/resource_providers/452aad11-1c53-4b49-990c-6d984caf44d5/allocations" {{(pid=92287) __call__ /opt/stack/placement/placement/requestlog.py:55}}
Jun 11 09:01:19.386748 np0000002597 devstack@placement-api.service[92287]: INFO placement.requestlog [req-8f7aaccb-7c3c-4d69-a412-c6ed11d55382 req-ce6ead58-abbe-4416-bece-a23a9b9ce8d7 service nova] 10.4.3.7 "GET /placement/resource_providers/452aad11-1c53-4b49-990c-6d984caf44d5/allocations" status: 200 len: 1225 microversion: 1.0
Jun 11 09:01:19.387194 np0000002597 devstack@placement-api.service[92287]: [pid: 92287|app: 0|req: 145/439] 10.4.3.7 () {66 vars in 1498 bytes} [Thu Jun 11 09:01:19 2026] GET /placement/resource_providers/452aad11-1c53-4b49-990c-6d984caf44d5/allocations => generated 1225 bytes in 22 msecs (HTTP/1.1 200) 6 headers in 225 bytes (1 switches on core 0)
Jun 11 09:01:19.437965 np0000002597 devstack@placement-api.service[92288]: DEBUG placement.requestlog [req-8f7aaccb-7c3c-4d69-a412-c6ed11d55382 req-bdc1ccdd-ddae-42b3-8baa-f4210869b309 None None] Starting request: 10.4.3.7 "GET /placement/allocations/cd4501a1-8523-4a9e-b89c-16355e43357e" {{(pid=92288) __call__ /opt/stack/placement/placement/requestlog.py:55}}
Jun 11 09:01:19.453076 np0000002597 devstack@placement-api.service[92288]: INFO placement.requestlog [req-8f7aaccb-7c3c-4d69-a412-c6ed11d55382 req-bdc1ccdd-ddae-42b3-8baa-f4210869b309 service nova] 10.4.3.7 "GET /placement/allocations/cd4501a1-8523-4a9e-b89c-16355e43357e" status: 200 len: 258 microversion: 1.28
Jun 11 09:01:19.453076 np0000002597 devstack@placement-api.service[92288]: [pid: 92288|app: 0|req: 147/440] 10.4.3.7 () {68 vars in 1485 bytes} [Thu Jun 11 09:01:19 2026] GET /placement/allocations/cd4501a1-8523-4a9e-b89c-16355e43357e => generated 258 bytes in 15 msecs (HTTP/1.1 200) 8 headers in 296 bytes (1 switches on core 0)
Jun 11 09:01:19.501880 np0000002597 devstack@placement-api.service[92289]: DEBUG placement.requestlog [req-8f7aaccb-7c3c-4d69-a412-c6ed11d55382 req-24937e24-9cba-46f9-ba3c-426e0cbd9d62 None None] Starting request: 10.4.3.7 "GET /placement/allocations/e6738b49-85cd-46f1-a58a-986b8d0499a2" {{(pid=92289) __call__ /opt/stack/placement/placement/requestlog.py:55}}
Jun 11 09:01:19.517498 np0000002597 devstack@placement-api.service[92289]: INFO placement.requestlog [req-8f7aaccb-7c3c-4d69-a412-c6ed11d55382 req-24937e24-9cba-46f9-ba3c-426e0cbd9d62 service nova] 10.4.3.7 "GET /placement/allocations/e6738b49-85cd-46f1-a58a-986b8d0499a2" status: 200 len: 258 microversion: 1.28
Jun 11 09:01:19.517839 np0000002597 devstack@placement-api.service[92289]: [pid: 92289|app: 0|req: 149/441] 10.4.3.7 () {68 vars in 1485 bytes} [Thu Jun 11 09:01:19 2026] GET /placement/allocations/e6738b49-85cd-46f1-a58a-986b8d0499a2 => generated 258 bytes in 16 msecs (HTTP/1.1 200) 8 headers in 296 bytes (1 switches on core 0)
Jun 11 09:01:19.567413 np0000002597 devstack@placement-api.service[92287]: DEBUG placement.requestlog [req-8f7aaccb-7c3c-4d69-a412-c6ed11d55382 req-ff1d09de-18a7-4cca-abed-6fae79cb1670 None None] Starting request: 10.4.3.7 "GET /placement/allocations/2d3e6ad6-e53c-4958-b260-35c556d9c517" {{(pid=92287) __call__ /opt/stack/placement/placement/requestlog.py:55}}
Jun 11 09:01:19.581319 np0000002597 devstack@placement-api.service[92287]: INFO placement.requestlog [req-8f7aaccb-7c3c-4d69-a412-c6ed11d55382 req-ff1d09de-18a7-4cca-abed-6fae79cb1670 service nova] 10.4.3.7 "GET /placement/allocations/2d3e6ad6-e53c-4958-b260-35c556d9c517" status: 200 len: 258 microversion: 1.28
Jun 11 09:01:19.581319 np0000002597 devstack@placement-api.service[92287]: [pid: 92287|app: 0|req: 146/442] 10.4.3.7 () {68 vars in 1485 bytes} [Thu Jun 11 09:01:19 2026] GET /placement/allocations/2d3e6ad6-e53c-4958-b260-35c556d9c517 => generated 258 bytes in 14 msecs (HTTP/1.1 200) 8 headers in 296 bytes (1 switches on core 0)
Jun 11 09:01:19.626283 np0000002597 devstack@placement-api.service[92288]: DEBUG placement.requestlog [req-8f7aaccb-7c3c-4d69-a412-c6ed11d55382 req-f5aa06d2-adec-4d63-a47c-a5e475edd50c None None] Starting request: 10.4.3.7 "GET /placement/allocations/61c578f9-8ce4-4f35-964b-a78844622f8b" {{(pid=92288) __call__ /opt/stack/placement/placement/requestlog.py:55}}
Jun 11 09:01:19.641985 np0000002597 devstack@placement-api.service[92288]: INFO placement.requestlog [req-8f7aaccb-7c3c-4d69-a412-c6ed11d55382 req-f5aa06d2-adec-4d63-a47c-a5e475edd50c service nova] 10.4.3.7 "GET /placement/allocations/61c578f9-8ce4-4f35-964b-a78844622f8b" status: 200 len: 244 microversion: 1.28
Jun 11 09:01:19.642302 np0000002597 devstack@placement-api.service[92288]: [pid: 92288|app: 0|req: 148/443] 10.4.3.7 () {68 vars in 1485 bytes} [Thu Jun 11 09:01:19 2026] GET /placement/allocations/61c578f9-8ce4-4f35-964b-a78844622f8b => generated 244 bytes in 16 msecs (HTTP/1.1 200) 8 headers in 296 bytes (1 switches on core 0)
Jun 11 09:01:19.694917 np0000002597 devstack@placement-api.service[92289]: DEBUG placement.requestlog [req-8f7aaccb-7c3c-4d69-a412-c6ed11d55382 req-be36f642-1556-4102-8e72-8fd2681d9fc7 None None] Starting request: 10.4.3.7 "GET /placement/allocations/f40770e0-37ea-4056-ac20-a2f629f7820a" {{(pid=92289) __call__ /opt/stack/placement/placement/requestlog.py:55}}
Jun 11 09:01:19.704714 np0000002597 devstack@placement-api.service[92289]: INFO placement.requestlog [req-8f7aaccb-7c3c-4d69-a412-c6ed11d55382 req-be36f642-1556-4102-8e72-8fd2681d9fc7 service nova] 10.4.3.7 "GET /placement/allocations/f40770e0-37ea-4056-ac20-a2f629f7820a" status: 200 len: 258 microversion: 1.28
Jun 11 09:01:19.705086 np0000002597 devstack@placement-api.service[92289]: [pid: 92289|app: 0|req: 150/444] 10.4.3.7 () {68 vars in 1485 bytes} [Thu Jun 11 09:01:19 2026] GET /placement/allocations/f40770e0-37ea-4056-ac20-a2f629f7820a => generated 258 bytes in 10 msecs (HTTP/1.1 200) 8 headers in 296 bytes (1 switches on core 0)
Jun 11 09:01:19.755410 np0000002597 devstack@placement-api.service[92287]: DEBUG placement.requestlog [req-8f7aaccb-7c3c-4d69-a412-c6ed11d55382 req-c8002af3-7b73-40e1-8773-687bfb2a15ad None None] Starting request: 10.4.3.7 "GET /placement/allocations/eaf98ff1-cd66-4e50-bc93-3dfb3898a4ba" {{(pid=92287) __call__ /opt/stack/placement/placement/requestlog.py:55}}
Jun 11 09:01:19.767672 np0000002597 devstack@placement-api.service[92287]: INFO placement.requestlog [req-8f7aaccb-7c3c-4d69-a412-c6ed11d55382 req-c8002af3-7b73-40e1-8773-687bfb2a15ad service nova] 10.4.3.7 "GET /placement/allocations/eaf98ff1-cd66-4e50-bc93-3dfb3898a4ba" status: 200 len: 258 microversion: 1.28
Jun 11 09:01:19.767858 np0000002597 devstack@placement-api.service[92287]: [pid: 92287|app: 0|req: 147/445] 10.4.3.7 () {68 vars in 1485 bytes} [Thu Jun 11 09:01:19 2026] GET /placement/allocations/eaf98ff1-cd66-4e50-bc93-3dfb3898a4ba => generated 258 bytes in 13 msecs (HTTP/1.1 200) 8 headers in 296 bytes (1 switches on core 0)
Jun 11 09:01:19.808764 np0000002597 devstack@placement-api.service[92288]: DEBUG placement.requestlog [req-8f7aaccb-7c3c-4d69-a412-c6ed11d55382 req-88f63069-7844-43a0-80cd-feb672bbf8dd None None] Starting request: 10.4.3.7 "GET /placement/allocations/51482d2e-cdd8-4043-99bc-8e3b86929398" {{(pid=92288) __call__ /opt/stack/placement/placement/requestlog.py:55}}
Jun 11 09:01:19.837479 np0000002597 devstack@placement-api.service[92288]: INFO placement.requestlog [req-8f7aaccb-7c3c-4d69-a412-c6ed11d55382 req-88f63069-7844-43a0-80cd-feb672bbf8dd service nova] 10.4.3.7 "GET /placement/allocations/51482d2e-cdd8-4043-99bc-8e3b86929398" status: 200 len: 258 microversion: 1.28
Jun 11 09:01:19.838009 np0000002597 devstack@placement-api.service[92288]: [pid: 92288|app: 0|req: 149/446] 10.4.3.7 () {68 vars in 1485 bytes} [Thu Jun 11 09:01:19 2026] GET /placement/allocations/51482d2e-cdd8-4043-99bc-8e3b86929398 => generated 258 bytes in 29 msecs (HTTP/1.1 200) 8 headers in 296 bytes (1 switches on core 0)
Jun 11 09:01:19.869275 np0000002597 devstack@placement-api.service[92289]: DEBUG placement.requestlog [req-8f7aaccb-7c3c-4d69-a412-c6ed11d55382 req-d3161b4b-145f-47f3-a973-f280a35d192c None None] Starting request: 10.4.3.7 "GET /placement/allocations/0dd0c10d-3c9f-4c46-b87e-222518ff9035" {{(pid=92289) __call__ /opt/stack/placement/placement/requestlog.py:55}}
Jun 11 09:01:19.882179 np0000002597 devstack@placement-api.service[92289]: INFO placement.requestlog [req-8f7aaccb-7c3c-4d69-a412-c6ed11d55382 req-d3161b4b-145f-47f3-a973-f280a35d192c service nova] 10.4.3.7 "GET /placement/allocations/0dd0c10d-3c9f-4c46-b87e-222518ff9035" status: 200 len: 258 microversion: 1.28
Jun 11 09:01:19.883521 np0000002597 devstack@placement-api.service[92289]: [pid: 92289|app: 0|req: 151/447] 10.4.3.7 () {68 vars in 1485 bytes} [Thu Jun 11 09:01:19 2026] GET /placement/allocations/0dd0c10d-3c9f-4c46-b87e-222518ff9035 => generated 258 bytes in 13 msecs (HTTP/1.1 200) 8 headers in 296 bytes (1 switches on core 0)
Jun 11 09:01:19.933566 np0000002597 devstack@placement-api.service[92287]: DEBUG placement.requestlog [req-8f7aaccb-7c3c-4d69-a412-c6ed11d55382 req-b3e651e5-8766-44af-983f-6ba7d1c0e040 None None] Starting request: 10.4.3.7 "GET /placement/allocations/32091815-5d30-4a43-a5c6-db6a723fe7ba" {{(pid=92287) __call__ /opt/stack/placement/placement/requestlog.py:55}}
Jun 11 09:01:19.951407 np0000002597 devstack@placement-api.service[92287]: INFO placement.requestlog [req-8f7aaccb-7c3c-4d69-a412-c6ed11d55382 req-b3e651e5-8766-44af-983f-6ba7d1c0e040 service nova] 10.4.3.7 "GET /placement/allocations/32091815-5d30-4a43-a5c6-db6a723fe7ba" status: 200 len: 258 microversion: 1.28
Jun 11 09:01:19.951760 np0000002597 devstack@placement-api.service[92287]: [pid: 92287|app: 0|req: 148/448] 10.4.3.7 () {68 vars in 1485 bytes} [Thu Jun 11 09:01:19 2026] GET /placement/allocations/32091815-5d30-4a43-a5c6-db6a723fe7ba => generated 258 bytes in 18 msecs (HTTP/1.1 200) 8 headers in 296 bytes (1 switches on core 0)
Jun 11 09:01:19.996241 np0000002597 devstack@placement-api.service[92288]: DEBUG placement.requestlog [req-8f7aaccb-7c3c-4d69-a412-c6ed11d55382 req-268558d3-e57b-4a5b-807d-2cfb97c09fcc None None] Starting request: 10.4.3.7 "GET /placement/allocations/2432bd11-87e2-43ec-adcf-e7b4557cb0cd" {{(pid=92288) __call__ /opt/stack/placement/placement/requestlog.py:55}}
Jun 11 09:01:20.004291 np0000002597 devstack@placement-api.service[92288]: INFO placement.requestlog [req-8f7aaccb-7c3c-4d69-a412-c6ed11d55382 req-268558d3-e57b-4a5b-807d-2cfb97c09fcc service nova] 10.4.3.7 "GET /placement/allocations/2432bd11-87e2-43ec-adcf-e7b4557cb0cd" status: 200 len: 258 microversion: 1.28
Jun 11 09:01:20.004731 np0000002597 devstack@placement-api.service[92288]: [pid: 92288|app: 0|req: 150/449] 10.4.3.7 () {68 vars in 1485 bytes} [Thu Jun 11 09:01:19 2026] GET /placement/allocations/2432bd11-87e2-43ec-adcf-e7b4557cb0cd => generated 258 bytes in 9 msecs (HTTP/1.1 200) 8 headers in 296 bytes (1 switches on core 0)
Jun 11 09:01:20.047235 np0000002597 devstack@placement-api.service[92289]: DEBUG placement.requestlog [req-8f7aaccb-7c3c-4d69-a412-c6ed11d55382 req-39c3bc6e-18f7-4b50-ade3-a1cd9fa85b14 None None] Starting request: 10.4.3.7 "GET /placement/allocations/e0a16fde-ff5c-4abf-bdd6-14b064f35ef9" {{(pid=92289) __call__ /opt/stack/placement/placement/requestlog.py:55}}
