Jul 31 18:55:09.202284 np0000006257 devstack@g-api.service[99773]: [pid: 99773|app: 0|req: 75/226] 127.0.0.1 () {44 vars in 1055 bytes} [Fri Jul 31 18:55:09 2026] GET /v2/schemas/image => generated 6083 bytes in 3 msecs (HTTP/1.1 200) 4 headers in 158 bytes (1 switches on core 0)
Jul 31 18:55:09.216264 np0000006257 devstack@g-api.service[99774]: DEBUG glance.api.middleware.version_negotiation [None req-dbf07499-2ece-4f9f-afa6-ff0e0b84e34e tempest-ServerActionsTestOtherA-1433115072 tempest-ServerActionsTestOtherA-1433115072-project-member] Determining version of request: POST /v2/images Accept: */* {{(pid=99774) process_request /opt/stack/glance/glance/api/middleware/version_negotiation.py:44}}
Jul 31 18:55:09.216442 np0000006257 devstack@g-api.service[99774]: DEBUG glance.api.middleware.version_negotiation [None req-dbf07499-2ece-4f9f-afa6-ff0e0b84e34e tempest-ServerActionsTestOtherA-1433115072 tempest-ServerActionsTestOtherA-1433115072-project-member] Using url versioning {{(pid=99774) process_request /opt/stack/glance/glance/api/middleware/version_negotiation.py:57}}
Jul 31 18:55:09.216618 np0000006257 devstack@g-api.service[99774]: DEBUG glance.api.middleware.version_negotiation [None req-dbf07499-2ece-4f9f-afa6-ff0e0b84e34e tempest-ServerActionsTestOtherA-1433115072 tempest-ServerActionsTestOtherA-1433115072-project-member] Matched version: v2 {{(pid=99774) process_request /opt/stack/glance/glance/api/middleware/version_negotiation.py:69}}
Jul 31 18:55:09.216756 np0000006257 devstack@g-api.service[99774]: DEBUG glance.api.middleware.version_negotiation [None req-dbf07499-2ece-4f9f-afa6-ff0e0b84e34e tempest-ServerActionsTestOtherA-1433115072 tempest-ServerActionsTestOtherA-1433115072-project-member] new path /v2/images {{(pid=99774) process_request /opt/stack/glance/glance/api/middleware/version_negotiation.py:70}}
Jul 31 18:55:09.883702 np0000006257 devstack@g-api.service[99774]: [pid: 99774|app: 0|req: 77/227] 127.0.0.1 () {46 vars in 1055 bytes} [Fri Jul 31 18:55:09 2026] POST /v2/images => generated 650 bytes in 667 msecs (HTTP/1.1 201) 6 headers in 315 bytes (1 switches on core 0)
Jul 31 18:55:09.926297 np0000006257 devstack@g-api.service[99775]: DEBUG glance.api.middleware.version_negotiation [None req-dbf07499-2ece-4f9f-afa6-ff0e0b84e34e tempest-ServerActionsTestOtherA-1433115072 tempest-ServerActionsTestOtherA-1433115072-project-member] Determining version of request: GET /v2/schemas/image Accept: */* {{(pid=99775) process_request /opt/stack/glance/glance/api/middleware/version_negotiation.py:44}}
Jul 31 18:55:09.926670 np0000006257 devstack@g-api.service[99775]: DEBUG glance.api.middleware.version_negotiation [None req-dbf07499-2ece-4f9f-afa6-ff0e0b84e34e tempest-ServerActionsTestOtherA-1433115072 tempest-ServerActionsTestOtherA-1433115072-project-member] Using url versioning {{(pid=99775) process_request /opt/stack/glance/glance/api/middleware/version_negotiation.py:57}}
Jul 31 18:55:09.926670 np0000006257 devstack@g-api.service[99775]: DEBUG glance.api.middleware.version_negotiation [None req-dbf07499-2ece-4f9f-afa6-ff0e0b84e34e tempest-ServerActionsTestOtherA-1433115072 tempest-ServerActionsTestOtherA-1433115072-project-member] Matched version: v2 {{(pid=99775) process_request /opt/stack/glance/glance/api/middleware/version_negotiation.py:69}}
Jul 31 18:55:09.926670 np0000006257 devstack@g-api.service[99775]: DEBUG glance.api.middleware.version_negotiation [None req-dbf07499-2ece-4f9f-afa6-ff0e0b84e34e tempest-ServerActionsTestOtherA-1433115072 tempest-ServerActionsTestOtherA-1433115072-project-member] new path /v2/schemas/image {{(pid=99775) process_request /opt/stack/glance/glance/api/middleware/version_negotiation.py:70}}
Jul 31 18:55:09.933944 np0000006257 devstack@g-api.service[99775]: [pid: 99775|app: 0|req: 76/228] 127.0.0.1 () {44 vars in 1055 bytes} [Fri Jul 31 18:55:09 2026] GET /v2/schemas/image => generated 6083 bytes in 7 msecs (HTTP/1.1 200) 4 headers in 158 bytes (1 switches on core 0)
Jul 31 18:55:09.951531 np0000006257 devstack@g-api.service[99773]: DEBUG glance.api.middleware.version_negotiation [None req-e24f9569-2198-4de0-9039-e4eacb75b683 tempest-VolumesActionsTest-1036800108 tempest-VolumesActionsTest-1036800108-project-member] Determining version of request: GET /v2/images/a4533a8b-b689-4341-bea6-2b1708e0d90b Accept: application/json {{(pid=99773) process_request /opt/stack/glance/glance/api/middleware/version_negotiation.py:44}}
Jul 31 18:55:09.951911 np0000006257 devstack@g-api.service[99773]: DEBUG glance.api.middleware.version_negotiation [None req-e24f9569-2198-4de0-9039-e4eacb75b683 tempest-VolumesActionsTest-1036800108 tempest-VolumesActionsTest-1036800108-project-member] Using url versioning {{(pid=99773) process_request /opt/stack/glance/glance/api/middleware/version_negotiation.py:57}}
Jul 31 18:55:09.951911 np0000006257 devstack@g-api.service[99773]: DEBUG glance.api.middleware.version_negotiation [None req-e24f9569-2198-4de0-9039-e4eacb75b683 tempest-VolumesActionsTest-1036800108 tempest-VolumesActionsTest-1036800108-project-member] Matched version: v2 {{(pid=99773) process_request /opt/stack/glance/glance/api/middleware/version_negotiation.py:69}}
Jul 31 18:55:09.951978 np0000006257 devstack@g-api.service[99773]: DEBUG glance.api.middleware.version_negotiation [None req-e24f9569-2198-4de0-9039-e4eacb75b683 tempest-VolumesActionsTest-1036800108 tempest-VolumesActionsTest-1036800108-project-member] new path /v2/images/a4533a8b-b689-4341-bea6-2b1708e0d90b {{(pid=99773) process_request /opt/stack/glance/glance/api/middleware/version_negotiation.py:70}}
Jul 31 18:55:09.963895 np0000006257 devstack@g-api.service[99773]: [pid: 99773|app: 0|req: 76/229] 127.0.0.1 () {40 vars in 838 bytes} [Fri Jul 31 18:55:09 2026] GET /v2/images/a4533a8b-b689-4341-bea6-2b1708e0d90b => generated 650 bytes in 13 msecs (HTTP/1.1 200) 4 headers in 157 bytes (1 switches on core 0)
Jul 31 18:55:10.296975 np0000006257 devstack@g-api.service[99774]: DEBUG glance.api.middleware.version_negotiation [None req-e24f9569-2198-4de0-9039-e4eacb75b683 tempest-VolumesActionsTest-1036800108 tempest-VolumesActionsTest-1036800108-project-member] Determining version of request: PUT /v2/images/a4533a8b-b689-4341-bea6-2b1708e0d90b/file Accept: */* {{(pid=99774) process_request /opt/stack/glance/glance/api/middleware/version_negotiation.py:44}}
Jul 31 18:55:10.297146 np0000006257 devstack@g-api.service[99774]: DEBUG glance.api.middleware.version_negotiation [None req-e24f9569-2198-4de0-9039-e4eacb75b683 tempest-VolumesActionsTest-1036800108 tempest-VolumesActionsTest-1036800108-project-member] Using url versioning {{(pid=99774) process_request /opt/stack/glance/glance/api/middleware/version_negotiation.py:57}}
Jul 31 18:55:10.297265 np0000006257 devstack@g-api.service[99774]: DEBUG glance.api.middleware.version_negotiation [None req-e24f9569-2198-4de0-9039-e4eacb75b683 tempest-VolumesActionsTest-1036800108 tempest-VolumesActionsTest-1036800108-project-member] Matched version: v2 {{(pid=99774) process_request /opt/stack/glance/glance/api/middleware/version_negotiation.py:69}}
Jul 31 18:55:10.297351 np0000006257 devstack@g-api.service[99774]: DEBUG glance.api.middleware.version_negotiation [None req-e24f9569-2198-4de0-9039-e4eacb75b683 tempest-VolumesActionsTest-1036800108 tempest-VolumesActionsTest-1036800108-project-member] new path /v2/images/a4533a8b-b689-4341-bea6-2b1708e0d90b/file {{(pid=99774) process_request /opt/stack/glance/glance/api/middleware/version_negotiation.py:70}}
Jul 31 18:55:10.941600 np0000006257 devstack@g-api.service[99774]: INFO glance.api.v2.image_data [None req-e24f9569-2198-4de0-9039-e4eacb75b683 tempest-VolumesActionsTest-1036800108 tempest-VolumesActionsTest-1036800108-project-member] Unable to create trust: no such option collect_timing in group [keystone_authtoken] Use the existing user token.
Jul 31 18:55:10.976319 np0000006257 devstack@g-api.service[99775]: DEBUG glance.api.middleware.version_negotiation [None req-e24f9569-2198-4de0-9039-e4eacb75b683 tempest-VolumesActionsTest-1036800108 tempest-VolumesActionsTest-1036800108-project-member] Determining version of request: GET /v2/images/a4533a8b-b689-4341-bea6-2b1708e0d90b Accept: application/json {{(pid=99775) process_request /opt/stack/glance/glance/api/middleware/version_negotiation.py:44}}
Jul 31 18:55:10.976722 np0000006257 devstack@g-api.service[99775]: DEBUG glance.api.middleware.version_negotiation [None req-e24f9569-2198-4de0-9039-e4eacb75b683 tempest-VolumesActionsTest-1036800108 tempest-VolumesActionsTest-1036800108-project-member] Using url versioning {{(pid=99775) process_request /opt/stack/glance/glance/api/middleware/version_negotiation.py:57}}
Jul 31 18:55:10.976954 np0000006257 devstack@g-api.service[99775]: DEBUG glance.api.middleware.version_negotiation [None req-e24f9569-2198-4de0-9039-e4eacb75b683 tempest-VolumesActionsTest-1036800108 tempest-VolumesActionsTest-1036800108-project-member] Matched version: v2 {{(pid=99775) process_request /opt/stack/glance/glance/api/middleware/version_negotiation.py:69}}
Jul 31 18:55:10.976954 np0000006257 devstack@g-api.service[99775]: DEBUG glance.api.middleware.version_negotiation [None req-e24f9569-2198-4de0-9039-e4eacb75b683 tempest-VolumesActionsTest-1036800108 tempest-VolumesActionsTest-1036800108-project-member] new path /v2/images/a4533a8b-b689-4341-bea6-2b1708e0d90b {{(pid=99775) process_request /opt/stack/glance/glance/api/middleware/version_negotiation.py:70}}
Jul 31 18:55:10.986306 np0000006257 devstack@g-api.service[99775]: [pid: 99775|app: 0|req: 77/230] 127.0.0.1 () {40 vars in 838 bytes} [Fri Jul 31 18:55:10 2026] GET /v2/images/a4533a8b-b689-4341-bea6-2b1708e0d90b => generated 650 bytes in 10 msecs (HTTP/1.1 200) 4 headers in 157 bytes (1 switches on core 0)
Jul 31 18:55:11.453627 np0000006257 devstack@g-api.service[99774]: DEBUG glance.location [None req-e24f9569-2198-4de0-9039-e4eacb75b683 tempest-VolumesActionsTest-1036800108 tempest-VolumesActionsTest-1036800108-project-member] Enabling in-flight format inspection for raw {{(pid=99774) set_data /opt/stack/glance/glance/location.py:596}}
Jul 31 18:55:11.454160 np0000006257 devstack@g-api.service[99774]: DEBUG glance_store.backend [None req-e24f9569-2198-4de0-9039-e4eacb75b683 tempest-VolumesActionsTest-1036800108 tempest-VolumesActionsTest-1036800108-project-member] Attempting to import store swift {{(pid=99774) _load_store /opt/stack/data/venv/lib/python3.12/site-packages/glance_store/backend.py:215}}
Jul 31 18:55:11.456178 np0000006257 devstack@g-api.service[99774]: DEBUG glance_store.capabilities [None req-e24f9569-2198-4de0-9039-e4eacb75b683 tempest-VolumesActionsTest-1036800108 tempest-VolumesActionsTest-1036800108-project-member] Store glance_store._drivers.swift.store.SingleTenantStore doesn't support updating dynamic storage capabilities. Please overwrite 'update_capabilities' method of the store to implement updating logics if needed. {{(pid=99774) update_capabilities /opt/stack/data/venv/lib/python3.12/site-packages/glance_store/capabilities.py:91}}
Jul 31 18:55:11.456178 np0000006257 devstack@g-api.service[99774]: DEBUG glance_store.driver [None req-e24f9569-2198-4de0-9039-e4eacb75b683 tempest-VolumesActionsTest-1036800108 tempest-VolumesActionsTest-1036800108-project-member] Late loading location class glance_store._drivers.swift.store.StoreLocation {{(pid=99774) get_store_location_class /opt/stack/data/venv/lib/python3.12/site-packages/glance_store/driver.py:134}}
Jul 31 18:55:11.456435 np0000006257 devstack@g-api.service[99774]: DEBUG glance_store.location [None req-e24f9569-2198-4de0-9039-e4eacb75b683 tempest-VolumesActionsTest-1036800108 tempest-VolumesActionsTest-1036800108-project-member] Registering scheme swift+https with {'store': , 'location_class': , 'store_entry': 'swift'} {{(pid=99774) register_scheme_map /opt/stack/data/venv/lib/python3.12/site-packages/glance_store/location.py:146}}
Jul 31 18:55:11.456435 np0000006257 devstack@g-api.service[99774]: DEBUG glance_store.location [None req-e24f9569-2198-4de0-9039-e4eacb75b683 tempest-VolumesActionsTest-1036800108 tempest-VolumesActionsTest-1036800108-project-member] Registering scheme swift+https with {'store': , 'location_class': , 'store_entry': 'swift'} {{(pid=99774) register_scheme_map /opt/stack/data/venv/lib/python3.12/site-packages/glance_store/location.py:146}}
Jul 31 18:55:11.456435 np0000006257 devstack@g-api.service[99774]: DEBUG glance_store.location [None req-e24f9569-2198-4de0-9039-e4eacb75b683 tempest-VolumesActionsTest-1036800108 tempest-VolumesActionsTest-1036800108-project-member] Registering scheme swift with {'store': , 'location_class': , 'store_entry': 'swift'} {{(pid=99774) register_scheme_map /opt/stack/data/venv/lib/python3.12/site-packages/glance_store/location.py:146}}
Jul 31 18:55:11.456625 np0000006257 devstack@g-api.service[99774]: DEBUG glance_store.location [None req-e24f9569-2198-4de0-9039-e4eacb75b683 tempest-VolumesActionsTest-1036800108 tempest-VolumesActionsTest-1036800108-project-member] Registering scheme swift+https with {'store': , 'location_class': , 'store_entry': 'swift'} {{(pid=99774) register_scheme_map /opt/stack/data/venv/lib/python3.12/site-packages/glance_store/location.py:146}}
Jul 31 18:55:11.456625 np0000006257 devstack@g-api.service[99774]: DEBUG glance_store.location [None req-e24f9569-2198-4de0-9039-e4eacb75b683 tempest-VolumesActionsTest-1036800108 tempest-VolumesActionsTest-1036800108-project-member] Registering scheme swift with {'store': , 'location_class': , 'store_entry': 'swift'} {{(pid=99774) register_scheme_map /opt/stack/data/venv/lib/python3.12/site-packages/glance_store/location.py:146}}
Jul 31 18:55:11.456625 np0000006257 devstack@g-api.service[99774]: DEBUG glance_store.location [None req-e24f9569-2198-4de0-9039-e4eacb75b683 tempest-VolumesActionsTest-1036800108 tempest-VolumesActionsTest-1036800108-project-member] Registering scheme swift+http with {'store': , 'location_class': , 'store_entry': 'swift'} {{(pid=99774) register_scheme_map /opt/stack/data/venv/lib/python3.12/site-packages/glance_store/location.py:146}}
Jul 31 18:55:11.456796 np0000006257 devstack@g-api.service[99774]: DEBUG glance_store.location [None req-e24f9569-2198-4de0-9039-e4eacb75b683 tempest-VolumesActionsTest-1036800108 tempest-VolumesActionsTest-1036800108-project-member] Registering scheme swift+https with {'store': , 'location_class': , 'store_entry': 'swift'} {{(pid=99774) register_scheme_map /opt/stack/data/venv/lib/python3.12/site-packages/glance_store/location.py:146}}
Jul 31 18:55:11.456952 np0000006257 devstack@g-api.service[99774]: DEBUG glance_store.location [None req-e24f9569-2198-4de0-9039-e4eacb75b683 tempest-VolumesActionsTest-1036800108 tempest-VolumesActionsTest-1036800108-project-member] Registering scheme swift with {'store': , 'location_class': , 'store_entry': 'swift'} {{(pid=99774) register_scheme_map /opt/stack/data/venv/lib/python3.12/site-packages/glance_store/location.py:146}}
Jul 31 18:55:11.457100 np0000006257 devstack@g-api.service[99774]: DEBUG glance_store.location [None req-e24f9569-2198-4de0-9039-e4eacb75b683 tempest-VolumesActionsTest-1036800108 tempest-VolumesActionsTest-1036800108-project-member] Registering scheme swift+http with {'store': , 'location_class': , 'store_entry': 'swift'} {{(pid=99774) register_scheme_map /opt/stack/data/venv/lib/python3.12/site-packages/glance_store/location.py:146}}
Jul 31 18:55:11.457223 np0000006257 devstack@g-api.service[99774]: DEBUG glance_store.location [None req-e24f9569-2198-4de0-9039-e4eacb75b683 tempest-VolumesActionsTest-1036800108 tempest-VolumesActionsTest-1036800108-project-member] Registering scheme swift+config with {'store': , 'location_class': , 'store_entry': 'swift'} {{(pid=99774) register_scheme_map /opt/stack/data/venv/lib/python3.12/site-packages/glance_store/location.py:146}}
Jul 31 18:55:11.801513 np0000006257 devstack@g-api.service[99774]: DEBUG swiftclient [None req-e24f9569-2198-4de0-9039-e4eacb75b683 tempest-VolumesActionsTest-1036800108 tempest-VolumesActionsTest-1036800108-project-member] REQ: curl -i https://10.4.3.247:8080/v1/AUTH_80bd93b842dc48d28ab9c714e07d5ec7/glance -I -H "X-Auth-Token: gAAAAABqbO-P6dS9..." {{(pid=99774) http_log /opt/stack/data/venv/lib/python3.12/site-packages/swiftclient/client.py:160}}
Jul 31 18:55:11.801513 np0000006257 devstack@g-api.service[99774]: DEBUG swiftclient [None req-e24f9569-2198-4de0-9039-e4eacb75b683 tempest-VolumesActionsTest-1036800108 tempest-VolumesActionsTest-1036800108-project-member] RESP STATUS: 204 No Content {{(pid=99774) http_log /opt/stack/data/venv/lib/python3.12/site-packages/swiftclient/client.py:161}}
Jul 31 18:55:11.801513 np0000006257 devstack@g-api.service[99774]: DEBUG swiftclient [None req-e24f9569-2198-4de0-9039-e4eacb75b683 tempest-VolumesActionsTest-1036800108 tempest-VolumesActionsTest-1036800108-project-member] RESP HEADERS: {'Date': 'Fri, 31 Jul 2026 18:55:11 GMT', 'Server': 'Apache/2.4.58 (Ubuntu)', 'Content-Type': 'text/plain; charset=utf-8', 'X-Container-Object-Count': '3', 'X-Container-Bytes-Used': '64356352', 'X-Timestamp': '1785523831.88535', 'Last-Modified': 'Fri, 31 Jul 2026 18:50:32 GMT', 'Accept-Ranges': 'bytes', 'X-Storage-Policy': 'Policy-0', 'X-Container-Sharding': 'False', 'Vary': 'Accept', 'X-Trans-Id': 'tx28f971219fc44decaad09-006a6cef8f', 'X-Openstack-Request-Id': 'tx28f971219fc44decaad09-006a6cef8f', 'Connection': 'close'} {{(pid=99774) http_log /opt/stack/data/venv/lib/python3.12/site-packages/swiftclient/client.py:162}}
Jul 31 18:55:11.807049 np0000006257 devstack@g-api.service[99774]: DEBUG glance_store._drivers.swift.store [None req-e24f9569-2198-4de0-9039-e4eacb75b683 tempest-VolumesActionsTest-1036800108 tempest-VolumesActionsTest-1036800108-project-member] Adding image object 'a4533a8b-b689-4341-bea6-2b1708e0d90b' to Swift {{(pid=99774) add /opt/stack/data/venv/lib/python3.12/site-packages/glance_store/_drivers/swift/store.py:970}}
Jul 31 18:55:11.807049 np0000006257 devstack@g-api.service[99774]: DEBUG glance_store._drivers.swift.store [None req-e24f9569-2198-4de0-9039-e4eacb75b683 tempest-VolumesActionsTest-1036800108 tempest-VolumesActionsTest-1036800108-project-member] Cannot determine image size because it is either not provided in the request or chunked-transfer encoding is used. Adding image as a segmented object to Swift. {{(pid=99774) add /opt/stack/data/venv/lib/python3.12/site-packages/glance_store/_drivers/swift/store.py:994}}
Jul 31 18:55:11.819992 np0000006257 devstack@g-api.service[99774]: DEBUG oslo_utils.imageutils.format_inspector [None req-e24f9569-2198-4de0-9039-e4eacb75b683 tempest-VolumesActionsTest-1036800108 tempest-VolumesActionsTest-1036800108-project-member] Format inspector for vmdk does not match, excluding from consideration (Signature KDMV not found: b'\x00\x00\x00\x00') {{(pid=99774) _process_chunk /opt/stack/data/venv/lib/python3.12/site-packages/oslo_utils/imageutils/format_inspector.py:1758}}
Jul 31 18:55:11.822449 np0000006257 devstack@g-api.service[99774]: DEBUG oslo_utils.imageutils.format_inspector [None req-e24f9569-2198-4de0-9039-e4eacb75b683 tempest-VolumesActionsTest-1036800108 tempest-VolumesActionsTest-1036800108-project-member] Format inspector for vhdx does not match, excluding from consideration (Region signature not found at 30000) {{(pid=99774) _process_chunk /opt/stack/data/venv/lib/python3.12/site-packages/oslo_utils/imageutils/format_inspector.py:1758}}
Jul 31 18:55:11.995710 np0000006257 devstack@g-api.service[99773]: DEBUG glance.api.middleware.version_negotiation [None req-130494a2-14ec-474e-b858-4644abce2ab9 tempest-VolumesActionsTest-1036800108 tempest-VolumesActionsTest-1036800108-project-member] Determining version of request: GET /v2/images/a4533a8b-b689-4341-bea6-2b1708e0d90b Accept: application/json {{(pid=99773) process_request /opt/stack/glance/glance/api/middleware/version_negotiation.py:44}}
Jul 31 18:55:11.996140 np0000006257 devstack@g-api.service[99773]: DEBUG glance.api.middleware.version_negotiation [None req-130494a2-14ec-474e-b858-4644abce2ab9 tempest-VolumesActionsTest-1036800108 tempest-VolumesActionsTest-1036800108-project-member] Using url versioning {{(pid=99773) process_request /opt/stack/glance/glance/api/middleware/version_negotiation.py:57}}
Jul 31 18:55:11.996140 np0000006257 devstack@g-api.service[99773]: DEBUG glance.api.middleware.version_negotiation [None req-130494a2-14ec-474e-b858-4644abce2ab9 tempest-VolumesActionsTest-1036800108 tempest-VolumesActionsTest-1036800108-project-member] Matched version: v2 {{(pid=99773) process_request /opt/stack/glance/glance/api/middleware/version_negotiation.py:69}}
Jul 31 18:55:11.996140 np0000006257 devstack@g-api.service[99773]: DEBUG glance.api.middleware.version_negotiation [None req-130494a2-14ec-474e-b858-4644abce2ab9 tempest-VolumesActionsTest-1036800108 tempest-VolumesActionsTest-1036800108-project-member] new path /v2/images/a4533a8b-b689-4341-bea6-2b1708e0d90b {{(pid=99773) process_request /opt/stack/glance/glance/api/middleware/version_negotiation.py:70}}
Jul 31 18:55:12.025851 np0000006257 devstack@g-api.service[99773]: [pid: 99773|app: 0|req: 77/231] 127.0.0.1 () {40 vars in 838 bytes} [Fri Jul 31 18:55:11 2026] GET /v2/images/a4533a8b-b689-4341-bea6-2b1708e0d90b => generated 650 bytes in 27 msecs (HTTP/1.1 200) 4 headers in 157 bytes (1 switches on core 0)
Jul 31 18:55:13.039497 np0000006257 devstack@g-api.service[99775]: DEBUG glance.api.middleware.version_negotiation [None req-dc8f282e-41a1-493e-a236-40bd4315e722 tempest-VolumesActionsTest-1036800108 tempest-VolumesActionsTest-1036800108-project-member] Determining version of request: GET /v2/images/a4533a8b-b689-4341-bea6-2b1708e0d90b Accept: application/json {{(pid=99775) process_request /opt/stack/glance/glance/api/middleware/version_negotiation.py:44}}
Jul 31 18:55:13.040779 np0000006257 devstack@g-api.service[99775]: DEBUG glance.api.middleware.version_negotiation [None req-dc8f282e-41a1-493e-a236-40bd4315e722 tempest-VolumesActionsTest-1036800108 tempest-VolumesActionsTest-1036800108-project-member] Using url versioning {{(pid=99775) process_request /opt/stack/glance/glance/api/middleware/version_negotiation.py:57}}
Jul 31 18:55:13.040779 np0000006257 devstack@g-api.service[99775]: DEBUG glance.api.middleware.version_negotiation [None req-dc8f282e-41a1-493e-a236-40bd4315e722 tempest-VolumesActionsTest-1036800108 tempest-VolumesActionsTest-1036800108-project-member] Matched version: v2 {{(pid=99775) process_request /opt/stack/glance/glance/api/middleware/version_negotiation.py:69}}
Jul 31 18:55:13.041623 np0000006257 devstack@g-api.service[99775]: DEBUG glance.api.middleware.version_negotiation [None req-dc8f282e-41a1-493e-a236-40bd4315e722 tempest-VolumesActionsTest-1036800108 tempest-VolumesActionsTest-1036800108-project-member] new path /v2/images/a4533a8b-b689-4341-bea6-2b1708e0d90b {{(pid=99775) process_request /opt/stack/glance/glance/api/middleware/version_negotiation.py:70}}
Jul 31 18:55:13.060338 np0000006257 devstack@g-api.service[99775]: [pid: 99775|app: 0|req: 78/232] 127.0.0.1 () {40 vars in 838 bytes} [Fri Jul 31 18:55:13 2026] GET /v2/images/a4533a8b-b689-4341-bea6-2b1708e0d90b => generated 650 bytes in 21 msecs (HTTP/1.1 200) 4 headers in 157 bytes (1 switches on core 0)
Jul 31 18:55:14.032943 np0000006257 devstack@g-api.service[99774]: DEBUG swiftclient [None req-e24f9569-2198-4de0-9039-e4eacb75b683 tempest-VolumesActionsTest-1036800108 tempest-VolumesActionsTest-1036800108-project-member] REQ: curl -i https://10.4.3.247:8080/v1/AUTH_80bd93b842dc48d28ab9c714e07d5ec7/glance/a4533a8b-b689-4341-bea6-2b1708e0d90b-00001 -X PUT -H "X-Auth-Token: gAAAAABqbO-P6dS9..." {{(pid=99774) http_log /opt/stack/data/venv/lib/python3.12/site-packages/swiftclient/client.py:160}}
Jul 31 18:55:14.032943 np0000006257 devstack@g-api.service[99774]: DEBUG swiftclient [None req-e24f9569-2198-4de0-9039-e4eacb75b683 tempest-VolumesActionsTest-1036800108 tempest-VolumesActionsTest-1036800108-project-member] RESP STATUS: 201 Created {{(pid=99774) http_log /opt/stack/data/venv/lib/python3.12/site-packages/swiftclient/client.py:161}}
Jul 31 18:55:14.032943 np0000006257 devstack@g-api.service[99774]: DEBUG swiftclient [None req-e24f9569-2198-4de0-9039-e4eacb75b683 tempest-VolumesActionsTest-1036800108 tempest-VolumesActionsTest-1036800108-project-member] RESP HEADERS: {'Date': 'Fri, 31 Jul 2026 18:55:14 GMT', 'Server': 'Apache/2.4.58 (Ubuntu)', 'Content-Type': 'text/html; charset=UTF-8', 'Content-Length': '0', 'Etag': 'eda9a9889837ac4bc81d6387d92c1bec', 'Last-Modified': 'Fri, 31 Jul 2026 18:55:12 GMT', 'X-Trans-Id': 'txd4e64b5d3c3046c78e116-006a6cef8f', 'X-Openstack-Request-Id': 'txd4e64b5d3c3046c78e116-006a6cef8f', 'Connection': 'close'} {{(pid=99774) http_log /opt/stack/data/venv/lib/python3.12/site-packages/swiftclient/client.py:162}}
Jul 31 18:55:14.032943 np0000006257 devstack@g-api.service[99774]: DEBUG glance_store._drivers.swift.store [None req-e24f9569-2198-4de0-9039-e4eacb75b683 tempest-VolumesActionsTest-1036800108 tempest-VolumesActionsTest-1036800108-project-member] Wrote chunk a4533a8b-b689-4341-bea6-2b1708e0d90b-00001 (1/?) of length 204800000 to Swift returning MD5 of content: eda9a9889837ac4bc81d6387d92c1bec {{(pid=99774) add /opt/stack/data/venv/lib/python3.12/site-packages/glance_store/_drivers/swift/store.py:1059}}
Jul 31 18:55:14.070880 np0000006257 devstack@g-api.service[99773]: DEBUG glance.api.middleware.version_negotiation [None req-0ee4ccd7-5db6-4373-a2c3-a679324eaa92 tempest-VolumesActionsTest-1036800108 tempest-VolumesActionsTest-1036800108-project-member] Determining version of request: GET /v2/images/a4533a8b-b689-4341-bea6-2b1708e0d90b Accept: application/json {{(pid=99773) process_request /opt/stack/glance/glance/api/middleware/version_negotiation.py:44}}
Jul 31 18:55:14.071213 np0000006257 devstack@g-api.service[99773]: DEBUG glance.api.middleware.version_negotiation [None req-0ee4ccd7-5db6-4373-a2c3-a679324eaa92 tempest-VolumesActionsTest-1036800108 tempest-VolumesActionsTest-1036800108-project-member] Using url versioning {{(pid=99773) process_request /opt/stack/glance/glance/api/middleware/version_negotiation.py:57}}
Jul 31 18:55:14.071649 np0000006257 devstack@g-api.service[99773]: DEBUG glance.api.middleware.version_negotiation [None req-0ee4ccd7-5db6-4373-a2c3-a679324eaa92 tempest-VolumesActionsTest-1036800108 tempest-VolumesActionsTest-1036800108-project-member] Matched version: v2 {{(pid=99773) process_request /opt/stack/glance/glance/api/middleware/version_negotiation.py:69}}
Jul 31 18:55:14.071884 np0000006257 devstack@g-api.service[99773]: DEBUG glance.api.middleware.version_negotiation [None req-0ee4ccd7-5db6-4373-a2c3-a679324eaa92 tempest-VolumesActionsTest-1036800108 tempest-VolumesActionsTest-1036800108-project-member] new path /v2/images/a4533a8b-b689-4341-bea6-2b1708e0d90b {{(pid=99773) process_request /opt/stack/glance/glance/api/middleware/version_negotiation.py:70}}
Jul 31 18:55:14.082387 np0000006257 devstack@g-api.service[99773]: [pid: 99773|app: 0|req: 78/233] 127.0.0.1 () {40 vars in 838 bytes} [Fri Jul 31 18:55:14 2026] GET /v2/images/a4533a8b-b689-4341-bea6-2b1708e0d90b => generated 650 bytes in 12 msecs (HTTP/1.1 200) 4 headers in 157 bytes (1 switches on core 0)
Jul 31 18:55:15.093160 np0000006257 devstack@g-api.service[99775]: DEBUG glance.api.middleware.version_negotiation [None req-7a67892c-f146-4d41-a301-680bd6b0ff60 tempest-VolumesActionsTest-1036800108 tempest-VolumesActionsTest-1036800108-project-member] Determining version of request: GET /v2/images/a4533a8b-b689-4341-bea6-2b1708e0d90b Accept: application/json {{(pid=99775) process_request /opt/stack/glance/glance/api/middleware/version_negotiation.py:44}}
Jul 31 18:55:15.093606 np0000006257 devstack@g-api.service[99775]: DEBUG glance.api.middleware.version_negotiation [None req-7a67892c-f146-4d41-a301-680bd6b0ff60 tempest-VolumesActionsTest-1036800108 tempest-VolumesActionsTest-1036800108-project-member] Using url versioning {{(pid=99775) process_request /opt/stack/glance/glance/api/middleware/version_negotiation.py:57}}
Jul 31 18:55:15.093606 np0000006257 devstack@g-api.service[99775]: DEBUG glance.api.middleware.version_negotiation [None req-7a67892c-f146-4d41-a301-680bd6b0ff60 tempest-VolumesActionsTest-1036800108 tempest-VolumesActionsTest-1036800108-project-member] Matched version: v2 {{(pid=99775) process_request /opt/stack/glance/glance/api/middleware/version_negotiation.py:69}}
Jul 31 18:55:15.093726 np0000006257 devstack@g-api.service[99775]: DEBUG glance.api.middleware.version_negotiation [None req-7a67892c-f146-4d41-a301-680bd6b0ff60 tempest-VolumesActionsTest-1036800108 tempest-VolumesActionsTest-1036800108-project-member] new path /v2/images/a4533a8b-b689-4341-bea6-2b1708e0d90b {{(pid=99775) process_request /opt/stack/glance/glance/api/middleware/version_negotiation.py:70}}
Jul 31 18:55:15.113517 np0000006257 devstack@g-api.service[99775]: [pid: 99775|app: 0|req: 79/234] 127.0.0.1 () {40 vars in 838 bytes} [Fri Jul 31 18:55:15 2026] GET /v2/images/a4533a8b-b689-4341-bea6-2b1708e0d90b => generated 650 bytes in 20 msecs (HTTP/1.1 200) 4 headers in 157 bytes (1 switches on core 0)
Jul 31 18:55:16.122972 np0000006257 devstack@g-api.service[99773]: DEBUG glance.api.middleware.version_negotiation [None req-a42beaaa-fff1-416c-9d72-58fe08a25940 tempest-VolumesActionsTest-1036800108 tempest-VolumesActionsTest-1036800108-project-member] Determining version of request: GET /v2/images/a4533a8b-b689-4341-bea6-2b1708e0d90b Accept: application/json {{(pid=99773) process_request /opt/stack/glance/glance/api/middleware/version_negotiation.py:44}}
Jul 31 18:55:16.122972 np0000006257 devstack@g-api.service[99773]: DEBUG glance.api.middleware.version_negotiation [None req-a42beaaa-fff1-416c-9d72-58fe08a25940 tempest-VolumesActionsTest-1036800108 tempest-VolumesActionsTest-1036800108-project-member] Using url versioning {{(pid=99773) process_request /opt/stack/glance/glance/api/middleware/version_negotiation.py:57}}
Jul 31 18:55:16.122972 np0000006257 devstack@g-api.service[99773]: DEBUG glance.api.middleware.version_negotiation [None req-a42beaaa-fff1-416c-9d72-58fe08a25940 tempest-VolumesActionsTest-1036800108 tempest-VolumesActionsTest-1036800108-project-member] Matched version: v2 {{(pid=99773) process_request /opt/stack/glance/glance/api/middleware/version_negotiation.py:69}}
Jul 31 18:55:16.122972 np0000006257 devstack@g-api.service[99773]: DEBUG glance.api.middleware.version_negotiation [None req-a42beaaa-fff1-416c-9d72-58fe08a25940 tempest-VolumesActionsTest-1036800108 tempest-VolumesActionsTest-1036800108-project-member] new path /v2/images/a4533a8b-b689-4341-bea6-2b1708e0d90b {{(pid=99773) process_request /opt/stack/glance/glance/api/middleware/version_negotiation.py:70}}
Jul 31 18:55:16.132997 np0000006257 devstack@g-api.service[99773]: [pid: 99773|app: 0|req: 79/235] 127.0.0.1 () {40 vars in 838 bytes} [Fri Jul 31 18:55:16 2026] GET /v2/images/a4533a8b-b689-4341-bea6-2b1708e0d90b => generated 650 bytes in 11 msecs (HTTP/1.1 200) 4 headers in 157 bytes (1 switches on core 0)
Jul 31 18:55:16.356886 np0000006257 devstack@g-api.service[99774]: DEBUG swiftclient [None req-e24f9569-2198-4de0-9039-e4eacb75b683 tempest-VolumesActionsTest-1036800108 tempest-VolumesActionsTest-1036800108-project-member] REQ: curl -i https://10.4.3.247:8080/v1/AUTH_80bd93b842dc48d28ab9c714e07d5ec7/glance/a4533a8b-b689-4341-bea6-2b1708e0d90b-00002 -X PUT -H "X-Auth-Token: gAAAAABqbO-P6dS9..." {{(pid=99774) http_log /opt/stack/data/venv/lib/python3.12/site-packages/swiftclient/client.py:160}}
Jul 31 18:55:16.357167 np0000006257 devstack@g-api.service[99774]: DEBUG swiftclient [None req-e24f9569-2198-4de0-9039-e4eacb75b683 tempest-VolumesActionsTest-1036800108 tempest-VolumesActionsTest-1036800108-project-member] RESP STATUS: 201 Created {{(pid=99774) http_log /opt/stack/data/venv/lib/python3.12/site-packages/swiftclient/client.py:161}}
Jul 31 18:55:16.358075 np0000006257 devstack@g-api.service[99774]: DEBUG swiftclient [None req-e24f9569-2198-4de0-9039-e4eacb75b683 tempest-VolumesActionsTest-1036800108 tempest-VolumesActionsTest-1036800108-project-member] RESP HEADERS: {'Date': 'Fri, 31 Jul 2026 18:55:16 GMT', 'Server': 'Apache/2.4.58 (Ubuntu)', 'Content-Type': 'text/html; charset=UTF-8', 'Content-Length': '0', 'Etag': 'eda9a9889837ac4bc81d6387d92c1bec', 'Last-Modified': 'Fri, 31 Jul 2026 18:55:15 GMT', 'X-Trans-Id': 'tx94c680a902864599b0c2d-006a6cef92', 'X-Openstack-Request-Id': 'tx94c680a902864599b0c2d-006a6cef92', 'Connection': 'close'} {{(pid=99774) http_log /opt/stack/data/venv/lib/python3.12/site-packages/swiftclient/client.py:162}}
Jul 31 18:55:16.359384 np0000006257 devstack@g-api.service[99774]: DEBUG glance_store._drivers.swift.store [None req-e24f9569-2198-4de0-9039-e4eacb75b683 tempest-VolumesActionsTest-1036800108 tempest-VolumesActionsTest-1036800108-project-member] Wrote chunk a4533a8b-b689-4341-bea6-2b1708e0d90b-00002 (2/?) of length 204800000 to Swift returning MD5 of content: eda9a9889837ac4bc81d6387d92c1bec {{(pid=99774) add /opt/stack/data/venv/lib/python3.12/site-packages/glance_store/_drivers/swift/store.py:1059}}
Jul 31 18:55:17.139592 np0000006257 devstack@g-api.service[99775]: DEBUG glance.api.middleware.version_negotiation [None req-44a1b5d0-e49e-4fe5-806a-0c74a3b124f9 tempest-VolumesActionsTest-1036800108 tempest-VolumesActionsTest-1036800108-project-member] Determining version of request: GET /v2/images/a4533a8b-b689-4341-bea6-2b1708e0d90b Accept: application/json {{(pid=99775) process_request /opt/stack/glance/glance/api/middleware/version_negotiation.py:44}}
Jul 31 18:55:17.140026 np0000006257 devstack@g-api.service[99775]: DEBUG glance.api.middleware.version_negotiation [None req-44a1b5d0-e49e-4fe5-806a-0c74a3b124f9 tempest-VolumesActionsTest-1036800108 tempest-VolumesActionsTest-1036800108-project-member] Using url versioning {{(pid=99775) process_request /opt/stack/glance/glance/api/middleware/version_negotiation.py:57}}
Jul 31 18:55:17.140026 np0000006257 devstack@g-api.service[99775]: DEBUG glance.api.middleware.version_negotiation [None req-44a1b5d0-e49e-4fe5-806a-0c74a3b124f9 tempest-VolumesActionsTest-1036800108 tempest-VolumesActionsTest-1036800108-project-member] Matched version: v2 {{(pid=99775) process_request /opt/stack/glance/glance/api/middleware/version_negotiation.py:69}}
Jul 31 18:55:17.140026 np0000006257 devstack@g-api.service[99775]: DEBUG glance.api.middleware.version_negotiation [None req-44a1b5d0-e49e-4fe5-806a-0c74a3b124f9 tempest-VolumesActionsTest-1036800108 tempest-VolumesActionsTest-1036800108-project-member] new path /v2/images/a4533a8b-b689-4341-bea6-2b1708e0d90b {{(pid=99775) process_request /opt/stack/glance/glance/api/middleware/version_negotiation.py:70}}
Jul 31 18:55:17.159989 np0000006257 devstack@g-api.service[99775]: [pid: 99775|app: 0|req: 80/236] 127.0.0.1 () {40 vars in 838 bytes} [Fri Jul 31 18:55:17 2026] GET /v2/images/a4533a8b-b689-4341-bea6-2b1708e0d90b => generated 650 bytes in 20 msecs (HTTP/1.1 200) 4 headers in 157 bytes (1 switches on core 0)
Jul 31 18:55:18.171217 np0000006257 devstack@g-api.service[99773]: DEBUG glance.api.middleware.version_negotiation [None req-87be09d0-6bac-4730-bd4e-d3c3a326bb16 tempest-VolumesActionsTest-1036800108 tempest-VolumesActionsTest-1036800108-project-member] Determining version of request: GET /v2/images/a4533a8b-b689-4341-bea6-2b1708e0d90b Accept: application/json {{(pid=99773) process_request /opt/stack/glance/glance/api/middleware/version_negotiation.py:44}}
Jul 31 18:55:18.173061 np0000006257 devstack@g-api.service[99773]: DEBUG glance.api.middleware.version_negotiation [None req-87be09d0-6bac-4730-bd4e-d3c3a326bb16 tempest-VolumesActionsTest-1036800108 tempest-VolumesActionsTest-1036800108-project-member] Using url versioning {{(pid=99773) process_request /opt/stack/glance/glance/api/middleware/version_negotiation.py:57}}
Jul 31 18:55:18.173296 np0000006257 devstack@g-api.service[99773]: DEBUG glance.api.middleware.version_negotiation [None req-87be09d0-6bac-4730-bd4e-d3c3a326bb16 tempest-VolumesActionsTest-1036800108 tempest-VolumesActionsTest-1036800108-project-member] Matched version: v2 {{(pid=99773) process_request /opt/stack/glance/glance/api/middleware/version_negotiation.py:69}}
Jul 31 18:55:18.173444 np0000006257 devstack@g-api.service[99773]: DEBUG glance.api.middleware.version_negotiation [None req-87be09d0-6bac-4730-bd4e-d3c3a326bb16 tempest-VolumesActionsTest-1036800108 tempest-VolumesActionsTest-1036800108-project-member] new path /v2/images/a4533a8b-b689-4341-bea6-2b1708e0d90b {{(pid=99773) process_request /opt/stack/glance/glance/api/middleware/version_negotiation.py:70}}
Jul 31 18:55:18.188892 np0000006257 devstack@g-api.service[99773]: [pid: 99773|app: 0|req: 80/237] 127.0.0.1 () {40 vars in 838 bytes} [Fri Jul 31 18:55:18 2026] GET /v2/images/a4533a8b-b689-4341-bea6-2b1708e0d90b => generated 650 bytes in 19 msecs (HTTP/1.1 200) 4 headers in 157 bytes (1 switches on core 0)
Jul 31 18:55:18.600365 np0000006257 devstack@g-api.service[99774]: DEBUG swiftclient [None req-e24f9569-2198-4de0-9039-e4eacb75b683 tempest-VolumesActionsTest-1036800108 tempest-VolumesActionsTest-1036800108-project-member] REQ: curl -i https://10.4.3.247:8080/v1/AUTH_80bd93b842dc48d28ab9c714e07d5ec7/glance/a4533a8b-b689-4341-bea6-2b1708e0d90b-00003 -X PUT -H "X-Auth-Token: gAAAAABqbO-P6dS9..." {{(pid=99774) http_log /opt/stack/data/venv/lib/python3.12/site-packages/swiftclient/client.py:160}}
Jul 31 18:55:18.600749 np0000006257 devstack@g-api.service[99774]: DEBUG swiftclient [None req-e24f9569-2198-4de0-9039-e4eacb75b683 tempest-VolumesActionsTest-1036800108 tempest-VolumesActionsTest-1036800108-project-member] RESP STATUS: 201 Created {{(pid=99774) http_log /opt/stack/data/venv/lib/python3.12/site-packages/swiftclient/client.py:161}}
Jul 31 18:55:18.600749 np0000006257 devstack@g-api.service[99774]: DEBUG swiftclient [None req-e24f9569-2198-4de0-9039-e4eacb75b683 tempest-VolumesActionsTest-1036800108 tempest-VolumesActionsTest-1036800108-project-member] RESP HEADERS: {'Date': 'Fri, 31 Jul 2026 18:55:18 GMT', 'Server': 'Apache/2.4.58 (Ubuntu)', 'Content-Type': 'text/html; charset=UTF-8', 'Content-Length': '0', 'Etag': 'eda9a9889837ac4bc81d6387d92c1bec', 'Last-Modified': 'Fri, 31 Jul 2026 18:55:17 GMT', 'X-Trans-Id': 'txef4d8443c74243cba74ab-006a6cef94', 'X-Openstack-Request-Id': 'txef4d8443c74243cba74ab-006a6cef94', 'Connection': 'close'} {{(pid=99774) http_log /opt/stack/data/venv/lib/python3.12/site-packages/swiftclient/client.py:162}}
Jul 31 18:55:18.600988 np0000006257 devstack@g-api.service[99774]: DEBUG glance_store._drivers.swift.store [None req-e24f9569-2198-4de0-9039-e4eacb75b683 tempest-VolumesActionsTest-1036800108 tempest-VolumesActionsTest-1036800108-project-member] Wrote chunk a4533a8b-b689-4341-bea6-2b1708e0d90b-00003 (3/?) of length 204800000 to Swift returning MD5 of content: eda9a9889837ac4bc81d6387d92c1bec {{(pid=99774) add /opt/stack/data/venv/lib/python3.12/site-packages/glance_store/_drivers/swift/store.py:1059}}
Jul 31 18:55:19.072308 np0000006257 devstack@g-api.service[99775]: DEBUG glance.api.middleware.version_negotiation [None req-2d083b84-b182-4c0a-a547-61dc743eb046 tempest-VolumesActionsTest-1036800108 tempest-VolumesActionsTest-1036800108-project-member] Determining version of request: GET /v2/images/ef58d4bc-3809-4cc6-9396-41d2b0e21784 Accept: */* {{(pid=99775) process_request /opt/stack/glance/glance/api/middleware/version_negotiation.py:44}}
Jul 31 18:55:19.072708 np0000006257 devstack@g-api.service[99775]: DEBUG glance.api.middleware.version_negotiation [None req-2d083b84-b182-4c0a-a547-61dc743eb046 tempest-VolumesActionsTest-1036800108 tempest-VolumesActionsTest-1036800108-project-member] Using url versioning {{(pid=99775) process_request /opt/stack/glance/glance/api/middleware/version_negotiation.py:57}}
Jul 31 18:55:19.072708 np0000006257 devstack@g-api.service[99775]: DEBUG glance.api.middleware.version_negotiation [None req-2d083b84-b182-4c0a-a547-61dc743eb046 tempest-VolumesActionsTest-1036800108 tempest-VolumesActionsTest-1036800108-project-member] Matched version: v2 {{(pid=99775) process_request /opt/stack/glance/glance/api/middleware/version_negotiation.py:69}}
Jul 31 18:55:19.072764 np0000006257 devstack@g-api.service[99775]: DEBUG glance.api.middleware.version_negotiation [None req-2d083b84-b182-4c0a-a547-61dc743eb046 tempest-VolumesActionsTest-1036800108 tempest-VolumesActionsTest-1036800108-project-member] new path /v2/images/ef58d4bc-3809-4cc6-9396-41d2b0e21784 {{(pid=99775) process_request /opt/stack/glance/glance/api/middleware/version_negotiation.py:70}}
Jul 31 18:55:19.084820 np0000006257 devstack@g-api.service[99775]: [pid: 99775|app: 0|req: 81/238] 127.0.0.1 () {44 vars in 1115 bytes} [Fri Jul 31 18:55:19 2026] GET /v2/images/ef58d4bc-3809-4cc6-9396-41d2b0e21784 => generated 1044 bytes in 14 msecs (HTTP/1.1 200) 4 headers in 158 bytes (1 switches on core 0)
Jul 31 18:55:19.118973 np0000006257 devstack@g-api.service[99773]: DEBUG glance.api.middleware.version_negotiation [None req-31fb5e0f-d82e-49cb-bd86-f41efec1f03a tempest-VolumesActionsTest-1036800108 tempest-VolumesActionsTest-1036800108-project-member] Determining version of request: GET /v2/schemas/image Accept: */* {{(pid=99773) process_request /opt/stack/glance/glance/api/middleware/version_negotiation.py:44}}
Jul 31 18:55:19.119230 np0000006257 devstack@g-api.service[99773]: DEBUG glance.api.middleware.version_negotiation [None req-31fb5e0f-d82e-49cb-bd86-f41efec1f03a tempest-VolumesActionsTest-1036800108 tempest-VolumesActionsTest-1036800108-project-member] Using url versioning {{(pid=99773) process_request /opt/stack/glance/glance/api/middleware/version_negotiation.py:57}}
Jul 31 18:55:19.119434 np0000006257 devstack@g-api.service[99773]: DEBUG glance.api.middleware.version_negotiation [None req-31fb5e0f-d82e-49cb-bd86-f41efec1f03a tempest-VolumesActionsTest-1036800108 tempest-VolumesActionsTest-1036800108-project-member] Matched version: v2 {{(pid=99773) process_request /opt/stack/glance/glance/api/middleware/version_negotiation.py:69}}
Jul 31 18:55:19.119592 np0000006257 devstack@g-api.service[99773]: DEBUG glance.api.middleware.version_negotiation [None req-31fb5e0f-d82e-49cb-bd86-f41efec1f03a tempest-VolumesActionsTest-1036800108 tempest-VolumesActionsTest-1036800108-project-member] new path /v2/schemas/image {{(pid=99773) process_request /opt/stack/glance/glance/api/middleware/version_negotiation.py:70}}
Jul 31 18:55:19.124169 np0000006257 devstack@g-api.service[99773]: [pid: 99773|app: 0|req: 81/239] 127.0.0.1 () {44 vars in 1055 bytes} [Fri Jul 31 18:55:19 2026] GET /v2/schemas/image => generated 6083 bytes in 5 msecs (HTTP/1.1 200) 4 headers in 158 bytes (1 switches on core 0)
Jul 31 18:55:19.203622 np0000006257 devstack@g-api.service[99775]: DEBUG glance.api.middleware.version_negotiation [None req-f9e797de-55b4-4c09-bc27-bc93973d1676 tempest-TestEncryptedCinderVolumes-1988601050 tempest-TestEncryptedCinderVolumes-1988601050-project-member] Determining version of request: GET /v2/images/a4533a8b-b689-4341-bea6-2b1708e0d90b Accept: application/json {{(pid=99775) process_request /opt/stack/glance/glance/api/middleware/version_negotiation.py:44}}
Jul 31 18:55:19.204176 np0000006257 devstack@g-api.service[99775]: DEBUG glance.api.middleware.version_negotiation [None req-f9e797de-55b4-4c09-bc27-bc93973d1676 tempest-TestEncryptedCinderVolumes-1988601050 tempest-TestEncryptedCinderVolumes-1988601050-project-member] Using url versioning {{(pid=99775) process_request /opt/stack/glance/glance/api/middleware/version_negotiation.py:57}}
Jul 31 18:55:19.204176 np0000006257 devstack@g-api.service[99775]: DEBUG glance.api.middleware.version_negotiation [None req-f9e797de-55b4-4c09-bc27-bc93973d1676 tempest-TestEncryptedCinderVolumes-1988601050 tempest-TestEncryptedCinderVolumes-1988601050-project-member] Matched version: v2 {{(pid=99775) process_request /opt/stack/glance/glance/api/middleware/version_negotiation.py:69}}
Jul 31 18:55:19.204290 np0000006257 devstack@g-api.service[99775]: DEBUG glance.api.middleware.version_negotiation [None req-f9e797de-55b4-4c09-bc27-bc93973d1676 tempest-TestEncryptedCinderVolumes-1988601050 tempest-TestEncryptedCinderVolumes-1988601050-project-member] new path /v2/images/a4533a8b-b689-4341-bea6-2b1708e0d90b {{(pid=99775) process_request /opt/stack/glance/glance/api/middleware/version_negotiation.py:70}}
Jul 31 18:55:19.225498 np0000006257 devstack@g-api.service[99775]: [pid: 99775|app: 0|req: 82/240] 127.0.0.1 () {40 vars in 838 bytes} [Fri Jul 31 18:55:19 2026] GET /v2/images/a4533a8b-b689-4341-bea6-2b1708e0d90b => generated 650 bytes in 22 msecs (HTTP/1.1 200) 4 headers in 157 bytes (1 switches on core 0)
Jul 31 18:55:20.238281 np0000006257 devstack@g-api.service[99773]: DEBUG glance.api.middleware.version_negotiation [None req-f9e797de-55b4-4c09-bc27-bc93973d1676 tempest-TestEncryptedCinderVolumes-1988601050 tempest-TestEncryptedCinderVolumes-1988601050-project-member] Determining version of request: GET /v2/images/a4533a8b-b689-4341-bea6-2b1708e0d90b Accept: application/json {{(pid=99773) process_request /opt/stack/glance/glance/api/middleware/version_negotiation.py:44}}
Jul 31 18:55:20.238659 np0000006257 devstack@g-api.service[99773]: DEBUG glance.api.middleware.version_negotiation [None req-f9e797de-55b4-4c09-bc27-bc93973d1676 tempest-TestEncryptedCinderVolumes-1988601050 tempest-TestEncryptedCinderVolumes-1988601050-project-member] Using url versioning {{(pid=99773) process_request /opt/stack/glance/glance/api/middleware/version_negotiation.py:57}}
Jul 31 18:55:20.238659 np0000006257 devstack@g-api.service[99773]: DEBUG glance.api.middleware.version_negotiation [None req-f9e797de-55b4-4c09-bc27-bc93973d1676 tempest-TestEncryptedCinderVolumes-1988601050 tempest-TestEncryptedCinderVolumes-1988601050-project-member] Matched version: v2 {{(pid=99773) process_request /opt/stack/glance/glance/api/middleware/version_negotiation.py:69}}
Jul 31 18:55:20.238730 np0000006257 devstack@g-api.service[99773]: DEBUG glance.api.middleware.version_negotiation [None req-f9e797de-55b4-4c09-bc27-bc93973d1676 tempest-TestEncryptedCinderVolumes-1988601050 tempest-TestEncryptedCinderVolumes-1988601050-project-member] new path /v2/images/a4533a8b-b689-4341-bea6-2b1708e0d90b {{(pid=99773) process_request /opt/stack/glance/glance/api/middleware/version_negotiation.py:70}}
Jul 31 18:55:20.267996 np0000006257 devstack@g-api.service[99773]: [pid: 99773|app: 0|req: 82/241] 127.0.0.1 () {40 vars in 838 bytes} [Fri Jul 31 18:55:20 2026] GET /v2/images/a4533a8b-b689-4341-bea6-2b1708e0d90b => generated 650 bytes in 30 msecs (HTTP/1.1 200) 4 headers in 157 bytes (1 switches on core 0)
Jul 31 18:55:20.886311 np0000006257 devstack@g-api.service[99774]: DEBUG swiftclient [None req-e24f9569-2198-4de0-9039-e4eacb75b683 tempest-VolumesActionsTest-1036800108 tempest-VolumesActionsTest-1036800108-project-member] REQ: curl -i https://10.4.3.247:8080/v1/AUTH_80bd93b842dc48d28ab9c714e07d5ec7/glance/a4533a8b-b689-4341-bea6-2b1708e0d90b-00004 -X PUT -H "X-Auth-Token: gAAAAABqbO-P6dS9..." {{(pid=99774) http_log /opt/stack/data/venv/lib/python3.12/site-packages/swiftclient/client.py:160}}
Jul 31 18:55:20.886693 np0000006257 devstack@g-api.service[99774]: DEBUG swiftclient [None req-e24f9569-2198-4de0-9039-e4eacb75b683 tempest-VolumesActionsTest-1036800108 tempest-VolumesActionsTest-1036800108-project-member] RESP STATUS: 201 Created {{(pid=99774) http_log /opt/stack/data/venv/lib/python3.12/site-packages/swiftclient/client.py:161}}
Jul 31 18:55:20.886693 np0000006257 devstack@g-api.service[99774]: DEBUG swiftclient [None req-e24f9569-2198-4de0-9039-e4eacb75b683 tempest-VolumesActionsTest-1036800108 tempest-VolumesActionsTest-1036800108-project-member] RESP HEADERS: {'Date': 'Fri, 31 Jul 2026 18:55:20 GMT', 'Server': 'Apache/2.4.58 (Ubuntu)', 'Content-Type': 'text/html; charset=UTF-8', 'Content-Length': '0', 'Etag': 'eda9a9889837ac4bc81d6387d92c1bec', 'Last-Modified': 'Fri, 31 Jul 2026 18:55:19 GMT', 'X-Trans-Id': 'tx5a0b879989594dbeac663-006a6cef96', 'X-Openstack-Request-Id': 'tx5a0b879989594dbeac663-006a6cef96', 'Connection': 'close'} {{(pid=99774) http_log /opt/stack/data/venv/lib/python3.12/site-packages/swiftclient/client.py:162}}
Jul 31 18:55:20.886693 np0000006257 devstack@g-api.service[99774]: DEBUG glance_store._drivers.swift.store [None req-e24f9569-2198-4de0-9039-e4eacb75b683 tempest-VolumesActionsTest-1036800108 tempest-VolumesActionsTest-1036800108-project-member] Wrote chunk a4533a8b-b689-4341-bea6-2b1708e0d90b-00004 (4/?) of length 204800000 to Swift returning MD5 of content: eda9a9889837ac4bc81d6387d92c1bec {{(pid=99774) add /opt/stack/data/venv/lib/python3.12/site-packages/glance_store/_drivers/swift/store.py:1059}}
Jul 31 18:55:21.278376 np0000006257 devstack@g-api.service[99775]: DEBUG glance.api.middleware.version_negotiation [None req-d321d0e7-e593-43a1-a3ef-e19b51cd8cc9 tempest-VolumesActionsTest-1036800108 tempest-VolumesActionsTest-1036800108-project-member] Determining version of request: GET /v2/images/a4533a8b-b689-4341-bea6-2b1708e0d90b Accept: application/json {{(pid=99775) process_request /opt/stack/glance/glance/api/middleware/version_negotiation.py:44}}
Jul 31 18:55:21.278922 np0000006257 devstack@g-api.service[99775]: DEBUG glance.api.middleware.version_negotiation [None req-d321d0e7-e593-43a1-a3ef-e19b51cd8cc9 tempest-VolumesActionsTest-1036800108 tempest-VolumesActionsTest-1036800108-project-member] Using url versioning {{(pid=99775) process_request /opt/stack/glance/glance/api/middleware/version_negotiation.py:57}}
