Jul 31 18:50:08.460661 np0000006257 nova-conductor[95842]: DEBUG cotyledon.oslo_config_glue [-] oslo_messaging_rabbit.rabbit_quorum_delivery_limit = 0 {{(pid=95842) log_opt_values /opt/stack/data/venv/lib/python3.12/site-packages/oslo_config/cfg.py:3253}}
Jul 31 18:50:08.460847 np0000006257 nova-conductor[95842]: DEBUG cotyledon.oslo_config_glue [-] oslo_messaging_rabbit.rabbit_quorum_max_memory_bytes = 0 {{(pid=95842) log_opt_values /opt/stack/data/venv/lib/python3.12/site-packages/oslo_config/cfg.py:3253}}
Jul 31 18:50:08.460847 np0000006257 nova-conductor[95842]: DEBUG cotyledon.oslo_config_glue [-] oslo_messaging_rabbit.rabbit_quorum_max_memory_length = 0 {{(pid=95842) log_opt_values /opt/stack/data/venv/lib/python3.12/site-packages/oslo_config/cfg.py:3253}}
Jul 31 18:50:08.460847 np0000006257 nova-conductor[95842]: DEBUG cotyledon.oslo_config_glue [-] oslo_messaging_rabbit.rabbit_quorum_queue = False {{(pid=95842) log_opt_values /opt/stack/data/venv/lib/python3.12/site-packages/oslo_config/cfg.py:3253}}
Jul 31 18:50:08.460847 np0000006257 nova-conductor[95842]: DEBUG cotyledon.oslo_config_glue [-] oslo_messaging_rabbit.rabbit_retry_backoff = 2 {{(pid=95842) log_opt_values /opt/stack/data/venv/lib/python3.12/site-packages/oslo_config/cfg.py:3253}}
Jul 31 18:50:08.460847 np0000006257 nova-conductor[95842]: DEBUG cotyledon.oslo_config_glue [-] oslo_messaging_rabbit.rabbit_retry_interval = 1 {{(pid=95842) log_opt_values /opt/stack/data/venv/lib/python3.12/site-packages/oslo_config/cfg.py:3253}}
Jul 31 18:50:08.460847 np0000006257 nova-conductor[95842]: DEBUG cotyledon.oslo_config_glue [-] oslo_messaging_rabbit.rabbit_stream_fanout = False {{(pid=95842) log_opt_values /opt/stack/data/venv/lib/python3.12/site-packages/oslo_config/cfg.py:3253}}
Jul 31 18:50:08.460847 np0000006257 nova-conductor[95842]: DEBUG cotyledon.oslo_config_glue [-] oslo_messaging_rabbit.rabbit_transient_queues_ttl = 1800 {{(pid=95842) log_opt_values /opt/stack/data/venv/lib/python3.12/site-packages/oslo_config/cfg.py:3253}}
Jul 31 18:50:08.460847 np0000006257 nova-conductor[95842]: DEBUG cotyledon.oslo_config_glue [-] oslo_messaging_rabbit.rabbit_transient_quorum_queue = False {{(pid=95842) log_opt_values /opt/stack/data/venv/lib/python3.12/site-packages/oslo_config/cfg.py:3253}}
Jul 31 18:50:08.461012 np0000006257 nova-conductor[95842]: DEBUG cotyledon.oslo_config_glue [-] oslo_messaging_rabbit.rpc_conn_pool_size = 30 {{(pid=95842) log_opt_values /opt/stack/data/venv/lib/python3.12/site-packages/oslo_config/cfg.py:3253}}
Jul 31 18:50:08.461012 np0000006257 nova-conductor[95842]: DEBUG cotyledon.oslo_config_glue [-] oslo_messaging_rabbit.ssl = False {{(pid=95842) log_opt_values /opt/stack/data/venv/lib/python3.12/site-packages/oslo_config/cfg.py:3253}}
Jul 31 18:50:08.461012 np0000006257 nova-conductor[95842]: DEBUG cotyledon.oslo_config_glue [-] oslo_messaging_rabbit.ssl_ca_file = {{(pid=95842) log_opt_values /opt/stack/data/venv/lib/python3.12/site-packages/oslo_config/cfg.py:3253}}
Jul 31 18:50:08.461012 np0000006257 nova-conductor[95842]: DEBUG cotyledon.oslo_config_glue [-] oslo_messaging_rabbit.ssl_cert_file = {{(pid=95842) log_opt_values /opt/stack/data/venv/lib/python3.12/site-packages/oslo_config/cfg.py:3253}}
Jul 31 18:50:08.461012 np0000006257 nova-conductor[95842]: DEBUG cotyledon.oslo_config_glue [-] oslo_messaging_rabbit.ssl_enforce_fips_mode = False {{(pid=95842) log_opt_values /opt/stack/data/venv/lib/python3.12/site-packages/oslo_config/cfg.py:3253}}
Jul 31 18:50:08.461012 np0000006257 nova-conductor[95842]: DEBUG cotyledon.oslo_config_glue [-] oslo_messaging_rabbit.ssl_enforce_hostname_verification = True {{(pid=95842) log_opt_values /opt/stack/data/venv/lib/python3.12/site-packages/oslo_config/cfg.py:3253}}
Jul 31 18:50:08.461012 np0000006257 nova-conductor[95842]: DEBUG cotyledon.oslo_config_glue [-] oslo_messaging_rabbit.ssl_key_file = {{(pid=95842) log_opt_values /opt/stack/data/venv/lib/python3.12/site-packages/oslo_config/cfg.py:3253}}
Jul 31 18:50:08.461012 np0000006257 nova-conductor[95842]: DEBUG cotyledon.oslo_config_glue [-] oslo_messaging_rabbit.ssl_version = {{(pid=95842) log_opt_values /opt/stack/data/venv/lib/python3.12/site-packages/oslo_config/cfg.py:3253}}
Jul 31 18:50:08.461012 np0000006257 nova-conductor[95842]: DEBUG cotyledon.oslo_config_glue [-] oslo_messaging_rabbit.use_queue_manager = False {{(pid=95842) log_opt_values /opt/stack/data/venv/lib/python3.12/site-packages/oslo_config/cfg.py:3253}}
Jul 31 18:50:08.461185 np0000006257 nova-conductor[95842]: DEBUG cotyledon.oslo_config_glue [-] oslo_messaging_notifications.driver = ['messagingv2'] {{(pid=95842) log_opt_values /opt/stack/data/venv/lib/python3.12/site-packages/oslo_config/cfg.py:3253}}
Jul 31 18:50:08.461185 np0000006257 nova-conductor[95842]: DEBUG cotyledon.oslo_config_glue [-] oslo_messaging_notifications.retry = -1 {{(pid=95842) log_opt_values /opt/stack/data/venv/lib/python3.12/site-packages/oslo_config/cfg.py:3253}}
Jul 31 18:50:08.461185 np0000006257 nova-conductor[95842]: DEBUG cotyledon.oslo_config_glue [-] oslo_messaging_notifications.topics = ['notifications'] {{(pid=95842) log_opt_values /opt/stack/data/venv/lib/python3.12/site-packages/oslo_config/cfg.py:3253}}
Jul 31 18:50:08.461185 np0000006257 nova-conductor[95842]: DEBUG cotyledon.oslo_config_glue [-] oslo_messaging_notifications.transport_url = **** {{(pid=95842) log_opt_values /opt/stack/data/venv/lib/python3.12/site-packages/oslo_config/cfg.py:3253}}
Jul 31 18:50:08.461185 np0000006257 nova-conductor[95842]: DEBUG cotyledon.oslo_config_glue [-] oslo_limit.auth_section = None {{(pid=95842) log_opt_values /opt/stack/data/venv/lib/python3.12/site-packages/oslo_config/cfg.py:3253}}
Jul 31 18:50:08.461185 np0000006257 nova-conductor[95842]: DEBUG cotyledon.oslo_config_glue [-] oslo_limit.auth_type = None {{(pid=95842) log_opt_values /opt/stack/data/venv/lib/python3.12/site-packages/oslo_config/cfg.py:3253}}
Jul 31 18:50:08.461185 np0000006257 nova-conductor[95842]: DEBUG cotyledon.oslo_config_glue [-] oslo_limit.cafile = None {{(pid=95842) log_opt_values /opt/stack/data/venv/lib/python3.12/site-packages/oslo_config/cfg.py:3253}}
Jul 31 18:50:08.461185 np0000006257 nova-conductor[95842]: DEBUG cotyledon.oslo_config_glue [-] oslo_limit.certfile = None {{(pid=95842) log_opt_values /opt/stack/data/venv/lib/python3.12/site-packages/oslo_config/cfg.py:3253}}
Jul 31 18:50:08.461185 np0000006257 nova-conductor[95842]: DEBUG cotyledon.oslo_config_glue [-] oslo_limit.collect_timing = False {{(pid=95842) log_opt_values /opt/stack/data/venv/lib/python3.12/site-packages/oslo_config/cfg.py:3253}}
Jul 31 18:50:08.461368 np0000006257 nova-conductor[95842]: DEBUG cotyledon.oslo_config_glue [-] oslo_limit.connect_retries = None {{(pid=95842) log_opt_values /opt/stack/data/venv/lib/python3.12/site-packages/oslo_config/cfg.py:3253}}
Jul 31 18:50:08.461368 np0000006257 nova-conductor[95842]: DEBUG cotyledon.oslo_config_glue [-] oslo_limit.connect_retry_delay = None {{(pid=95842) log_opt_values /opt/stack/data/venv/lib/python3.12/site-packages/oslo_config/cfg.py:3253}}
Jul 31 18:50:08.461368 np0000006257 nova-conductor[95842]: DEBUG cotyledon.oslo_config_glue [-] oslo_limit.endpoint_id = None {{(pid=95842) log_opt_values /opt/stack/data/venv/lib/python3.12/site-packages/oslo_config/cfg.py:3253}}
Jul 31 18:50:08.461368 np0000006257 nova-conductor[95842]: DEBUG cotyledon.oslo_config_glue [-] oslo_limit.endpoint_interface = public {{(pid=95842) log_opt_values /opt/stack/data/venv/lib/python3.12/site-packages/oslo_config/cfg.py:3253}}
Jul 31 18:50:08.461368 np0000006257 nova-conductor[95842]: DEBUG cotyledon.oslo_config_glue [-] oslo_limit.endpoint_override = None {{(pid=95842) log_opt_values /opt/stack/data/venv/lib/python3.12/site-packages/oslo_config/cfg.py:3253}}
Jul 31 18:50:08.461368 np0000006257 nova-conductor[95842]: DEBUG cotyledon.oslo_config_glue [-] oslo_limit.endpoint_region_name = None {{(pid=95842) log_opt_values /opt/stack/data/venv/lib/python3.12/site-packages/oslo_config/cfg.py:3253}}
Jul 31 18:50:08.461368 np0000006257 nova-conductor[95842]: DEBUG cotyledon.oslo_config_glue [-] oslo_limit.endpoint_service_name = None {{(pid=95842) log_opt_values /opt/stack/data/venv/lib/python3.12/site-packages/oslo_config/cfg.py:3253}}
Jul 31 18:50:08.461368 np0000006257 nova-conductor[95842]: DEBUG cotyledon.oslo_config_glue [-] oslo_limit.endpoint_service_type = None {{(pid=95842) log_opt_values /opt/stack/data/venv/lib/python3.12/site-packages/oslo_config/cfg.py:3253}}
Jul 31 18:50:08.461368 np0000006257 nova-conductor[95842]: DEBUG cotyledon.oslo_config_glue [-] oslo_limit.insecure = False {{(pid=95842) log_opt_values /opt/stack/data/venv/lib/python3.12/site-packages/oslo_config/cfg.py:3253}}
Jul 31 18:50:08.461547 np0000006257 nova-conductor[95842]: DEBUG cotyledon.oslo_config_glue [-] oslo_limit.keyfile = None {{(pid=95842) log_opt_values /opt/stack/data/venv/lib/python3.12/site-packages/oslo_config/cfg.py:3253}}
Jul 31 18:50:08.461547 np0000006257 nova-conductor[95842]: DEBUG cotyledon.oslo_config_glue [-] oslo_limit.max_version = None {{(pid=95842) log_opt_values /opt/stack/data/venv/lib/python3.12/site-packages/oslo_config/cfg.py:3253}}
Jul 31 18:50:08.461547 np0000006257 nova-conductor[95842]: DEBUG cotyledon.oslo_config_glue [-] oslo_limit.min_version = None {{(pid=95842) log_opt_values /opt/stack/data/venv/lib/python3.12/site-packages/oslo_config/cfg.py:3253}}
Jul 31 18:50:08.461547 np0000006257 nova-conductor[95842]: DEBUG cotyledon.oslo_config_glue [-] oslo_limit.region_name = None {{(pid=95842) log_opt_values /opt/stack/data/venv/lib/python3.12/site-packages/oslo_config/cfg.py:3253}}
Jul 31 18:50:08.461547 np0000006257 nova-conductor[95842]: DEBUG cotyledon.oslo_config_glue [-] oslo_limit.retriable_status_codes = None {{(pid=95842) log_opt_values /opt/stack/data/venv/lib/python3.12/site-packages/oslo_config/cfg.py:3253}}
Jul 31 18:50:08.461547 np0000006257 nova-conductor[95842]: DEBUG cotyledon.oslo_config_glue [-] oslo_limit.service_name = None {{(pid=95842) log_opt_values /opt/stack/data/venv/lib/python3.12/site-packages/oslo_config/cfg.py:3253}}
Jul 31 18:50:08.461547 np0000006257 nova-conductor[95842]: DEBUG cotyledon.oslo_config_glue [-] oslo_limit.service_type = None {{(pid=95842) log_opt_values /opt/stack/data/venv/lib/python3.12/site-packages/oslo_config/cfg.py:3253}}
Jul 31 18:50:08.461547 np0000006257 nova-conductor[95842]: DEBUG cotyledon.oslo_config_glue [-] oslo_limit.split_loggers = False {{(pid=95842) log_opt_values /opt/stack/data/venv/lib/python3.12/site-packages/oslo_config/cfg.py:3253}}
Jul 31 18:50:08.461547 np0000006257 nova-conductor[95842]: DEBUG cotyledon.oslo_config_glue [-] oslo_limit.status_code_retries = None {{(pid=95842) log_opt_values /opt/stack/data/venv/lib/python3.12/site-packages/oslo_config/cfg.py:3253}}
Jul 31 18:50:08.461721 np0000006257 nova-conductor[95842]: DEBUG cotyledon.oslo_config_glue [-] oslo_limit.status_code_retry_delay = None {{(pid=95842) log_opt_values /opt/stack/data/venv/lib/python3.12/site-packages/oslo_config/cfg.py:3253}}
Jul 31 18:50:08.461721 np0000006257 nova-conductor[95842]: DEBUG cotyledon.oslo_config_glue [-] oslo_limit.timeout = None {{(pid=95842) log_opt_values /opt/stack/data/venv/lib/python3.12/site-packages/oslo_config/cfg.py:3253}}
Jul 31 18:50:08.461721 np0000006257 nova-conductor[95842]: DEBUG cotyledon.oslo_config_glue [-] oslo_limit.valid_interfaces = None {{(pid=95842) log_opt_values /opt/stack/data/venv/lib/python3.12/site-packages/oslo_config/cfg.py:3253}}
Jul 31 18:50:08.461721 np0000006257 nova-conductor[95842]: DEBUG cotyledon.oslo_config_glue [-] oslo_limit.version = None {{(pid=95842) log_opt_values /opt/stack/data/venv/lib/python3.12/site-packages/oslo_config/cfg.py:3253}}
Jul 31 18:50:08.461721 np0000006257 nova-conductor[95842]: DEBUG cotyledon.oslo_config_glue [-] oslo_reports.file_event_handler = None {{(pid=95842) log_opt_values /opt/stack/data/venv/lib/python3.12/site-packages/oslo_config/cfg.py:3253}}
Jul 31 18:50:08.461721 np0000006257 nova-conductor[95842]: DEBUG cotyledon.oslo_config_glue [-] oslo_reports.file_event_handler_interval = 1 {{(pid=95842) log_opt_values /opt/stack/data/venv/lib/python3.12/site-packages/oslo_config/cfg.py:3253}}
Jul 31 18:50:08.461721 np0000006257 nova-conductor[95842]: DEBUG cotyledon.oslo_config_glue [-] oslo_reports.log_dir = None {{(pid=95842) log_opt_values /opt/stack/data/venv/lib/python3.12/site-packages/oslo_config/cfg.py:3253}}
Jul 31 18:50:08.461721 np0000006257 nova-conductor[95842]: DEBUG cotyledon.oslo_config_glue [-] ******************************************************************************** {{(pid=95842) log_opt_values /opt/stack/data/venv/lib/python3.12/site-packages/oslo_config/cfg.py:3260}}
Jul 31 18:50:08.461721 np0000006257 nova-conductor[95842]: DEBUG cotyledon._service_worker [-] Run service ServiceWrapper(2) [95842] {{(pid=95842) wait_forever /opt/stack/data/venv/lib/python3.12/site-packages/cotyledon/_service_worker.py:218}}
Jul 31 18:50:08.462210 np0000006257 nova-conductor[95842]: INFO nova.service [-] Starting conductor node (version 33.1.0)
Jul 31 18:50:08.462210 np0000006257 nova-conductor[95842]: INFO dbcounter [None req-a6772007-ef80-4587-beb4-7582f6a0a4c0 None None] Registered counter for database nova_cell0
Jul 31 18:50:08.464206 np0000006257 nova-conductor[95819]: DEBUG oslo_db.sqlalchemy.engines [None req-6712afb0-7825-4192-a298-f710765d8f3c None None] MySQL server mode set to STRICT_TRANS_TABLES,STRICT_ALL_TABLES,NO_ZERO_IN_DATE,NO_ZERO_DATE,ERROR_FOR_DIVISION_BY_ZERO,TRADITIONAL,NO_ENGINE_SUBSTITUTION {{(pid=95819) _check_effective_sql_mode /opt/stack/data/venv/lib/python3.12/site-packages/oslo_db/sqlalchemy/engines.py:325}}
Jul 31 18:50:08.467399 np0000006257 nova-conductor[95834]: DEBUG oslo_db.sqlalchemy.engines [None req-050e1a04-6c6e-45d0-8aeb-61f54dc188be None None] MySQL server mode set to STRICT_TRANS_TABLES,STRICT_ALL_TABLES,NO_ZERO_IN_DATE,NO_ZERO_DATE,ERROR_FOR_DIVISION_BY_ZERO,TRADITIONAL,NO_ENGINE_SUBSTITUTION {{(pid=95834) _check_effective_sql_mode /opt/stack/data/venv/lib/python3.12/site-packages/oslo_db/sqlalchemy/engines.py:325}}
Jul 31 18:50:08.473633 np0000006257 nova-conductor[95819]: DEBUG dbcounter [-] [95819] Writer thread running {{(pid=95819) stat_writer /opt/stack/data/venv/lib/python3.12/site-packages/dbcounter.py:102}}
Jul 31 18:50:08.477410 np0000006257 nova-conductor[95834]: DEBUG dbcounter [-] [95834] Writer thread running {{(pid=95834) stat_writer /opt/stack/data/venv/lib/python3.12/site-packages/dbcounter.py:102}}
Jul 31 18:50:08.490253 np0000006257 nova-conductor[95842]: DEBUG oslo_db.sqlalchemy.engines [None req-a6772007-ef80-4587-beb4-7582f6a0a4c0 None None] MySQL server mode set to STRICT_TRANS_TABLES,STRICT_ALL_TABLES,NO_ZERO_IN_DATE,NO_ZERO_DATE,ERROR_FOR_DIVISION_BY_ZERO,TRADITIONAL,NO_ENGINE_SUBSTITUTION {{(pid=95842) _check_effective_sql_mode /opt/stack/data/venv/lib/python3.12/site-packages/oslo_db/sqlalchemy/engines.py:325}}
Jul 31 18:50:08.490411 np0000006257 nova-conductor[95819]: DEBUG nova.service [None req-6712afb0-7825-4192-a298-f710765d8f3c None None] Creating RPC server for service: nova-conductor on topic: conductor {{(pid=95819) start /opt/stack/nova/nova/service.py:196}}
Jul 31 18:50:08.494700 np0000006257 nova-conductor[95834]: DEBUG nova.service [None req-050e1a04-6c6e-45d0-8aeb-61f54dc188be None None] Creating RPC server for service: nova-conductor on topic: conductor {{(pid=95834) start /opt/stack/nova/nova/service.py:196}}
Jul 31 18:50:08.502535 np0000006257 nova-conductor[95842]: DEBUG dbcounter [-] [95842] Writer thread running {{(pid=95842) stat_writer /opt/stack/data/venv/lib/python3.12/site-packages/dbcounter.py:102}}
Jul 31 18:50:08.504648 np0000006257 nova-conductor[95842]: DEBUG nova.service [None req-a6772007-ef80-4587-beb4-7582f6a0a4c0 None None] Creating RPC server for service: nova-conductor on topic: conductor {{(pid=95842) start /opt/stack/nova/nova/service.py:196}}
Jul 31 18:50:08.513759 np0000006257 nova-conductor[95834]: DEBUG nova.service [None req-050e1a04-6c6e-45d0-8aeb-61f54dc188be None None] Join ServiceGroup membership for this service conductor {{(pid=95834) start /opt/stack/nova/nova/service.py:222}}
Jul 31 18:50:08.514993 np0000006257 nova-conductor[95834]: DEBUG nova.servicegroup.drivers.db [None req-050e1a04-6c6e-45d0-8aeb-61f54dc188be None None] DB_Driver: join new ServiceGroup member np0000006257 to the conductor group, service = {{(pid=95834) join /opt/stack/nova/nova/servicegroup/drivers/db.py:44}}
Jul 31 18:50:08.515108 np0000006257 nova-conductor[95819]: DEBUG nova.service [None req-6712afb0-7825-4192-a298-f710765d8f3c None None] Join ServiceGroup membership for this service conductor {{(pid=95819) start /opt/stack/nova/nova/service.py:222}}
Jul 31 18:50:08.515108 np0000006257 nova-conductor[95819]: DEBUG nova.servicegroup.drivers.db [None req-6712afb0-7825-4192-a298-f710765d8f3c None None] DB_Driver: join new ServiceGroup member np0000006257 to the conductor group, service = {{(pid=95819) join /opt/stack/nova/nova/servicegroup/drivers/db.py:44}}
Jul 31 18:50:08.526070 np0000006257 nova-conductor[95842]: DEBUG nova.service [None req-a6772007-ef80-4587-beb4-7582f6a0a4c0 None None] Join ServiceGroup membership for this service conductor {{(pid=95842) start /opt/stack/nova/nova/service.py:222}}
Jul 31 18:50:08.526405 np0000006257 nova-conductor[95842]: DEBUG nova.servicegroup.drivers.db [None req-a6772007-ef80-4587-beb4-7582f6a0a4c0 None None] DB_Driver: join new ServiceGroup member np0000006257 to the conductor group, service = {{(pid=95842) join /opt/stack/nova/nova/servicegroup/drivers/db.py:44}}
Jul 31 18:50:11.516234 np0000006257 nova-conductor[95819]: DEBUG oslo.service.backend._threading.loopingcall [None req-902723cb-ad4e-4d7f-8a0c-af6f3b0cd75b None None] Dynamic interval looping call 'nova.service.Service.periodic_tasks' sleeping for 60.00 seconds {{(pid=95819) _run_loop /opt/stack/data/venv/lib/python3.12/site-packages/oslo_service/backend/_threading/loopingcall.py:125}}
Jul 31 18:50:13.526895 np0000006257 nova-conductor[95834]: DEBUG oslo.service.backend._threading.loopingcall [-] Fixed interval looping call 'nova.servicegroup.drivers.db.DbDriver._report_state' sleeping for 119.99 seconds {{(pid=95834) _run_loop /opt/stack/data/venv/lib/python3.12/site-packages/oslo_service/backend/_threading/loopingcall.py:125}}
Jul 31 18:50:13.528306 np0000006257 nova-conductor[95819]: DEBUG oslo.service.backend._threading.loopingcall [-] Fixed interval looping call 'nova.servicegroup.drivers.db.DbDriver._report_state' sleeping for 119.99 seconds {{(pid=95819) _run_loop /opt/stack/data/venv/lib/python3.12/site-packages/oslo_service/backend/_threading/loopingcall.py:125}}
Jul 31 18:50:13.538685 np0000006257 nova-conductor[95842]: DEBUG oslo.service.backend._threading.loopingcall [-] Fixed interval looping call 'nova.servicegroup.drivers.db.DbDriver._report_state' sleeping for 119.99 seconds {{(pid=95842) _run_loop /opt/stack/data/venv/lib/python3.12/site-packages/oslo_service/backend/_threading/loopingcall.py:125}}
Jul 31 18:50:17.123857 np0000006257 nova-conductor[94396]: DEBUG dbcounter [-] [94396] Writing DB stats nova_api:SELECT=1 {{(pid=94396) stat_writer /opt/stack/data/venv/lib/python3.12/site-packages/dbcounter.py:115}}
Jul 31 18:50:17.242064 np0000006257 nova-conductor[94396]: DEBUG dbcounter [-] [94396] Writing DB stats nova_cell0:SELECT=1 {{(pid=94396) stat_writer /opt/stack/data/venv/lib/python3.12/site-packages/dbcounter.py:115}}
Jul 31 18:50:17.246558 np0000006257 nova-conductor[94396]: DEBUG dbcounter [-] [94396] Writing DB stats nova_cell1:SELECT=1 {{(pid=94396) stat_writer /opt/stack/data/venv/lib/python3.12/site-packages/dbcounter.py:115}}
Jul 31 18:50:23.523324 np0000006257 nova-conductor[95819]: DEBUG dbcounter [-] [95819] Writing DB stats nova_cell0:SELECT=4,nova_cell0:INSERT=1,nova_cell0:UPDATE=1 {{(pid=95819) stat_writer /opt/stack/data/venv/lib/python3.12/site-packages/dbcounter.py:115}}
Jul 31 18:50:23.524010 np0000006257 nova-conductor[95834]: DEBUG dbcounter [-] [95834] Writing DB stats nova_cell0:SELECT=5,nova_cell0:INSERT=1,nova_cell0:UPDATE=1 {{(pid=95834) stat_writer /opt/stack/data/venv/lib/python3.12/site-packages/dbcounter.py:115}}
Jul 31 18:50:23.535900 np0000006257 nova-conductor[95842]: DEBUG dbcounter [-] [95842] Writing DB stats nova_cell0:SELECT=3 {{(pid=95842) stat_writer /opt/stack/data/venv/lib/python3.12/site-packages/dbcounter.py:115}}
Jul 31 18:50:41.528408 np0000006257 nova-conductor[95842]: DEBUG oslo.service.backend._threading.loopingcall [None req-b007042b-9c08-42f9-b3d4-81bd560d1895 None None] Dynamic interval looping call 'nova.service.Service.periodic_tasks' sleeping for 60.00 seconds {{(pid=95842) _run_loop /opt/stack/data/venv/lib/python3.12/site-packages/oslo_service/backend/_threading/loopingcall.py:125}}
Jul 31 18:51:05.517311 np0000006257 nova-conductor[95834]: DEBUG oslo.service.backend._threading.loopingcall [None req-433537ca-a115-4a14-96bd-ca8c38c0c6af None None] Dynamic interval looping call 'nova.service.Service.periodic_tasks' sleeping for 60.00 seconds {{(pid=95834) _run_loop /opt/stack/data/venv/lib/python3.12/site-packages/oslo_service/backend/_threading/loopingcall.py:125}}
Jul 31 18:51:11.516762 np0000006257 nova-conductor[95819]: DEBUG oslo.service.backend._threading.loopingcall [None req-902723cb-ad4e-4d7f-8a0c-af6f3b0cd75b None None] Dynamic interval looping call 'nova.service.Service.periodic_tasks' sleeping for 60.00 seconds {{(pid=95819) _run_loop /opt/stack/data/venv/lib/python3.12/site-packages/oslo_service/backend/_threading/loopingcall.py:125}}
Jul 31 18:51:41.528905 np0000006257 nova-conductor[95842]: DEBUG oslo.service.backend._threading.loopingcall [None req-b007042b-9c08-42f9-b3d4-81bd560d1895 None None] Dynamic interval looping call 'nova.service.Service.periodic_tasks' sleeping for 60.00 seconds {{(pid=95842) _run_loop /opt/stack/data/venv/lib/python3.12/site-packages/oslo_service/backend/_threading/loopingcall.py:125}}
Jul 31 18:52:05.517762 np0000006257 nova-conductor[95834]: DEBUG oslo.service.backend._threading.loopingcall [None req-433537ca-a115-4a14-96bd-ca8c38c0c6af None None] Dynamic interval looping call 'nova.service.Service.periodic_tasks' sleeping for 60.00 seconds {{(pid=95834) _run_loop /opt/stack/data/venv/lib/python3.12/site-packages/oslo_service/backend/_threading/loopingcall.py:125}}
Jul 31 18:52:11.517303 np0000006257 nova-conductor[95819]: DEBUG oslo.service.backend._threading.loopingcall [None req-902723cb-ad4e-4d7f-8a0c-af6f3b0cd75b None None] Dynamic interval looping call 'nova.service.Service.periodic_tasks' sleeping for 60.00 seconds {{(pid=95819) _run_loop /opt/stack/data/venv/lib/python3.12/site-packages/oslo_service/backend/_threading/loopingcall.py:125}}
Jul 31 18:52:13.527517 np0000006257 nova-conductor[95834]: DEBUG oslo.service.backend._threading.loopingcall [-] Fixed interval looping call 'nova.servicegroup.drivers.db.DbDriver._report_state' sleeping for 119.99 seconds {{(pid=95834) _run_loop /opt/stack/data/venv/lib/python3.12/site-packages/oslo_service/backend/_threading/loopingcall.py:125}}
Jul 31 18:52:13.527958 np0000006257 nova-conductor[95819]: DEBUG oslo.service.backend._threading.loopingcall [-] Fixed interval looping call 'nova.servicegroup.drivers.db.DbDriver._report_state' sleeping for 119.99 seconds {{(pid=95819) _run_loop /opt/stack/data/venv/lib/python3.12/site-packages/oslo_service/backend/_threading/loopingcall.py:125}}
Jul 31 18:52:13.532731 np0000006257 nova-conductor[95842]: DEBUG oslo.service.backend._threading.loopingcall [-] Fixed interval looping call 'nova.servicegroup.drivers.db.DbDriver._report_state' sleeping for 120.00 seconds {{(pid=95842) _run_loop /opt/stack/data/venv/lib/python3.12/site-packages/oslo_service/backend/_threading/loopingcall.py:125}}
Jul 31 18:52:23.523124 np0000006257 nova-conductor[95834]: DEBUG dbcounter [-] [95834] Writing DB stats nova_cell0:SELECT=1,nova_cell0:UPDATE=1 {{(pid=95834) stat_writer /opt/stack/data/venv/lib/python3.12/site-packages/dbcounter.py:115}}
Jul 31 18:52:23.523594 np0000006257 nova-conductor[95819]: DEBUG dbcounter [-] [95819] Writing DB stats nova_cell0:SELECT=1,nova_cell0:UPDATE=1 {{(pid=95819) stat_writer /opt/stack/data/venv/lib/python3.12/site-packages/dbcounter.py:115}}
Jul 31 18:52:23.533933 np0000006257 nova-conductor[95842]: DEBUG dbcounter [-] [95842] Writing DB stats nova_cell0:SELECT=1 {{(pid=95842) stat_writer /opt/stack/data/venv/lib/python3.12/site-packages/dbcounter.py:115}}
Jul 31 18:52:28.983230 np0000006257 nova-conductor[95834]: DEBUG oslo_db.sqlalchemy.engines [None req-a1e3b19c-0b19-428d-82a4-f35ccfc15f83 tempest-ServerRescueNegativeTestJSON-1222265142 tempest-ServerRescueNegativeTestJSON-1222265142-project-member] Parent process 94396 forked (95834) with an open database connection, which is being discarded and recreated. {{(pid=95834) checkout /opt/stack/data/venv/lib/python3.12/site-packages/oslo_db/sqlalchemy/engines.py:402}}
Jul 31 18:52:29.028920 np0000006257 nova-conductor[95834]: DEBUG dbcounter [-] [95834] Writer thread running {{(pid=95834) stat_writer /opt/stack/data/venv/lib/python3.12/site-packages/dbcounter.py:102}}
Jul 31 18:52:29.915537 np0000006257 nova-conductor[95834]: DEBUG nova.conductor.manager [None req-a1e3b19c-0b19-428d-82a4-f35ccfc15f83 tempest-ServerRescueNegativeTestJSON-1222265142 tempest-ServerRescueNegativeTestJSON-1222265142-project-member] Took 0.88 seconds to select destinations for 1 instance(s). {{(pid=95834) _schedule_instances /opt/stack/nova/nova/conductor/manager.py:968}}
Jul 31 18:52:29.950160 np0000006257 nova-conductor[95834]: DEBUG oslo_concurrency.lockutils [None req-a1e3b19c-0b19-428d-82a4-f35ccfc15f83 tempest-ServerRescueNegativeTestJSON-1222265142 tempest-ServerRescueNegativeTestJSON-1222265142-project-member] Acquiring lock "7b82f4c0-171d-4049-a5ef-bcbb30ba5067" by "nova.context.set_target_cell..get_or_set_cached_cell_and_set_connections" {{(pid=95834) inner /opt/stack/data/venv/lib/python3.12/site-packages/oslo_concurrency/lockutils.py:512}}
Jul 31 18:52:29.950359 np0000006257 nova-conductor[95834]: DEBUG oslo_concurrency.lockutils [None req-a1e3b19c-0b19-428d-82a4-f35ccfc15f83 tempest-ServerRescueNegativeTestJSON-1222265142 tempest-ServerRescueNegativeTestJSON-1222265142-project-member] Lock "7b82f4c0-171d-4049-a5ef-bcbb30ba5067" acquired by "nova.context.set_target_cell..get_or_set_cached_cell_and_set_connections" :: waited 0.000s {{(pid=95834) inner /opt/stack/data/venv/lib/python3.12/site-packages/oslo_concurrency/lockutils.py:525}}
Jul 31 18:52:29.951939 np0000006257 nova-conductor[95834]: DEBUG oslo_concurrency.lockutils [None req-a1e3b19c-0b19-428d-82a4-f35ccfc15f83 tempest-ServerRescueNegativeTestJSON-1222265142 tempest-ServerRescueNegativeTestJSON-1222265142-project-member] Lock "7b82f4c0-171d-4049-a5ef-bcbb30ba5067" "released" by "nova.context.set_target_cell..get_or_set_cached_cell_and_set_connections" :: held 0.002s {{(pid=95834) inner /opt/stack/data/venv/lib/python3.12/site-packages/oslo_concurrency/lockutils.py:544}}
Jul 31 18:52:29.954019 np0000006257 nova-conductor[95834]: INFO dbcounter [None req-a1e3b19c-0b19-428d-82a4-f35ccfc15f83 tempest-ServerRescueNegativeTestJSON-1222265142 tempest-ServerRescueNegativeTestJSON-1222265142-project-member] Registered counter for database nova_cell1
Jul 31 18:52:29.984595 np0000006257 nova-conductor[95834]: DEBUG oslo_db.sqlalchemy.engines [None req-a1e3b19c-0b19-428d-82a4-f35ccfc15f83 tempest-ServerRescueNegativeTestJSON-1222265142 tempest-ServerRescueNegativeTestJSON-1222265142-project-member] MySQL server mode set to STRICT_TRANS_TABLES,STRICT_ALL_TABLES,NO_ZERO_IN_DATE,NO_ZERO_DATE,ERROR_FOR_DIVISION_BY_ZERO,TRADITIONAL,NO_ENGINE_SUBSTITUTION {{(pid=95834) _check_effective_sql_mode /opt/stack/data/venv/lib/python3.12/site-packages/oslo_db/sqlalchemy/engines.py:325}}
Jul 31 18:52:29.989883 np0000006257 nova-conductor[95834]: DEBUG dbcounter [-] [95834] Writer thread running {{(pid=95834) stat_writer /opt/stack/data/venv/lib/python3.12/site-packages/dbcounter.py:102}}
Jul 31 18:52:30.062470 np0000006257 nova-conductor[95834]: INFO nova.utils [None req-a1e3b19c-0b19-428d-82a4-f35ccfc15f83 tempest-ServerRescueNegativeTestJSON-1222265142 tempest-ServerRescueNegativeTestJSON-1222265142-project-member] The cell worker thread pool ForkProcess-2.cell_worker is initialized
Jul 31 18:52:30.063574 np0000006257 nova-conductor[95834]: DEBUG oslo_concurrency.lockutils [None req-a1e3b19c-0b19-428d-82a4-f35ccfc15f83 tempest-ServerRescueNegativeTestJSON-1222265142 tempest-ServerRescueNegativeTestJSON-1222265142-project-member] Acquiring lock "00000000-0000-0000-0000-000000000000" by "nova.context.set_target_cell..get_or_set_cached_cell_and_set_connections" {{(pid=95834) inner /opt/stack/data/venv/lib/python3.12/site-packages/oslo_concurrency/lockutils.py:512}}
Jul 31 18:52:30.063574 np0000006257 nova-conductor[95834]: DEBUG oslo_concurrency.lockutils [None req-a1e3b19c-0b19-428d-82a4-f35ccfc15f83 tempest-ServerRescueNegativeTestJSON-1222265142 tempest-ServerRescueNegativeTestJSON-1222265142-project-member] Lock "00000000-0000-0000-0000-000000000000" acquired by "nova.context.set_target_cell..get_or_set_cached_cell_and_set_connections" :: waited 0.000s {{(pid=95834) inner /opt/stack/data/venv/lib/python3.12/site-packages/oslo_concurrency/lockutils.py:525}}
Jul 31 18:52:30.063574 np0000006257 nova-conductor[95834]: DEBUG oslo_concurrency.lockutils [None req-a1e3b19c-0b19-428d-82a4-f35ccfc15f83 tempest-ServerRescueNegativeTestJSON-1222265142 tempest-ServerRescueNegativeTestJSON-1222265142-project-member] Lock "00000000-0000-0000-0000-000000000000" "released" by "nova.context.set_target_cell..get_or_set_cached_cell_and_set_connections" :: held 0.000s {{(pid=95834) inner /opt/stack/data/venv/lib/python3.12/site-packages/oslo_concurrency/lockutils.py:544}}
Jul 31 18:52:30.064602 np0000006257 nova-conductor[95834]: DEBUG oslo_concurrency.lockutils [None req-a1e3b19c-0b19-428d-82a4-f35ccfc15f83 tempest-ServerRescueNegativeTestJSON-1222265142 tempest-ServerRescueNegativeTestJSON-1222265142-project-member] Acquiring lock "7b82f4c0-171d-4049-a5ef-bcbb30ba5067" by "nova.context.set_target_cell..get_or_set_cached_cell_and_set_connections" {{(pid=95834) inner /opt/stack/data/venv/lib/python3.12/site-packages/oslo_concurrency/lockutils.py:512}}
Jul 31 18:52:30.064602 np0000006257 nova-conductor[95834]: DEBUG oslo_concurrency.lockutils [None req-a1e3b19c-0b19-428d-82a4-f35ccfc15f83 tempest-ServerRescueNegativeTestJSON-1222265142 tempest-ServerRescueNegativeTestJSON-1222265142-project-member] Lock "7b82f4c0-171d-4049-a5ef-bcbb30ba5067" acquired by "nova.context.set_target_cell..get_or_set_cached_cell_and_set_connections" :: waited 0.000s {{(pid=95834) inner /opt/stack/data/venv/lib/python3.12/site-packages/oslo_concurrency/lockutils.py:525}}
Jul 31 18:52:30.064602 np0000006257 nova-conductor[95834]: DEBUG oslo_concurrency.lockutils [None req-a1e3b19c-0b19-428d-82a4-f35ccfc15f83 tempest-ServerRescueNegativeTestJSON-1222265142 tempest-ServerRescueNegativeTestJSON-1222265142-project-member] Lock "7b82f4c0-171d-4049-a5ef-bcbb30ba5067" "released" by "nova.context.set_target_cell..get_or_set_cached_cell_and_set_connections" :: held 0.000s {{(pid=95834) inner /opt/stack/data/venv/lib/python3.12/site-packages/oslo_concurrency/lockutils.py:544}}
Jul 31 18:52:30.065607 np0000006257 nova-conductor[95834]: INFO dbcounter [None req-a1e3b19c-0b19-428d-82a4-f35ccfc15f83 tempest-ServerRescueNegativeTestJSON-1222265142 tempest-ServerRescueNegativeTestJSON-1222265142-project-member] Registered counter for database nova_cell0
Jul 31 18:52:30.101931 np0000006257 nova-conductor[95834]: DEBUG oslo_db.sqlalchemy.engines [None req-a1e3b19c-0b19-428d-82a4-f35ccfc15f83 tempest-ServerRescueNegativeTestJSON-1222265142 tempest-ServerRescueNegativeTestJSON-1222265142-project-member] MySQL server mode set to STRICT_TRANS_TABLES,STRICT_ALL_TABLES,NO_ZERO_IN_DATE,NO_ZERO_DATE,ERROR_FOR_DIVISION_BY_ZERO,TRADITIONAL,NO_ENGINE_SUBSTITUTION {{(pid=95834) _check_effective_sql_mode /opt/stack/data/venv/lib/python3.12/site-packages/oslo_db/sqlalchemy/engines.py:325}}
Jul 31 18:52:30.107881 np0000006257 nova-conductor[95834]: DEBUG dbcounter [-] [95834] Writer thread running {{(pid=95834) stat_writer /opt/stack/data/venv/lib/python3.12/site-packages/dbcounter.py:102}}
Jul 31 18:52:30.121322 np0000006257 nova-conductor[95834]: DEBUG nova.quota [None req-a1e3b19c-0b19-428d-82a4-f35ccfc15f83 tempest-ServerRescueNegativeTestJSON-1222265142 tempest-ServerRescueNegativeTestJSON-1222265142-project-member] Getting quotas for project 5f85185b7d2844338ecbd5bb0b33b1c8. Resources: {'instances', 'ram', 'cores'} {{(pid=95834) _get_quotas /opt/stack/nova/nova/quota.py:389}}
Jul 31 18:52:30.125062 np0000006257 nova-conductor[95834]: DEBUG nova.quota [None req-a1e3b19c-0b19-428d-82a4-f35ccfc15f83 tempest-ServerRescueNegativeTestJSON-1222265142 tempest-ServerRescueNegativeTestJSON-1222265142-project-member] Getting quotas for user cf5163fe172b4e769b8ee182dd3d92ec and project 5f85185b7d2844338ecbd5bb0b33b1c8. Resources: {'instances', 'ram', 'cores'} {{(pid=95834) _get_quotas /opt/stack/nova/nova/quota.py:379}}
Jul 31 18:52:30.131936 np0000006257 nova-conductor[95834]: DEBUG nova.conductor.manager [None req-a1e3b19c-0b19-428d-82a4-f35ccfc15f83 tempest-ServerRescueNegativeTestJSON-1222265142 tempest-ServerRescueNegativeTestJSON-1222265142-project-member] [instance: d7ac5c6c-9a7c-4a8a-ae2a-20616c1b1474] Selected host: np0000006257; Selected node: np0000006257; Alternates: [] {{(pid=95834) schedule_and_build_instances /opt/stack/nova/nova/conductor/manager.py:1784}}
Jul 31 18:52:30.132681 np0000006257 nova-conductor[95834]: DEBUG oslo_concurrency.lockutils [None req-a1e3b19c-0b19-428d-82a4-f35ccfc15f83 tempest-ServerRescueNegativeTestJSON-1222265142 tempest-ServerRescueNegativeTestJSON-1222265142-project-member] Acquiring lock "7b82f4c0-171d-4049-a5ef-bcbb30ba5067" by "nova.context.set_target_cell..get_or_set_cached_cell_and_set_connections" {{(pid=95834) inner /opt/stack/data/venv/lib/python3.12/site-packages/oslo_concurrency/lockutils.py:512}}
Jul 31 18:52:30.132754 np0000006257 nova-conductor[95834]: DEBUG oslo_concurrency.lockutils [None req-a1e3b19c-0b19-428d-82a4-f35ccfc15f83 tempest-ServerRescueNegativeTestJSON-1222265142 tempest-ServerRescueNegativeTestJSON-1222265142-project-member] Lock "7b82f4c0-171d-4049-a5ef-bcbb30ba5067" acquired by "nova.context.set_target_cell..get_or_set_cached_cell_and_set_connections" :: waited 0.000s {{(pid=95834) inner /opt/stack/data/venv/lib/python3.12/site-packages/oslo_concurrency/lockutils.py:525}}
Jul 31 18:52:30.132902 np0000006257 nova-conductor[95834]: DEBUG oslo_concurrency.lockutils [None req-a1e3b19c-0b19-428d-82a4-f35ccfc15f83 tempest-ServerRescueNegativeTestJSON-1222265142 tempest-ServerRescueNegativeTestJSON-1222265142-project-member] Lock "7b82f4c0-171d-4049-a5ef-bcbb30ba5067" "released" by "nova.context.set_target_cell..get_or_set_cached_cell_and_set_connections" :: held 0.000s {{(pid=95834) inner /opt/stack/data/venv/lib/python3.12/site-packages/oslo_concurrency/lockutils.py:544}}
Jul 31 18:52:30.142081 np0000006257 nova-conductor[95834]: DEBUG nova.conductor.manager [None req-a1e3b19c-0b19-428d-82a4-f35ccfc15f83 tempest-ServerRescueNegativeTestJSON-1222265142 tempest-ServerRescueNegativeTestJSON-1222265142-project-member] [instance: d7ac5c6c-9a7c-4a8a-ae2a-20616c1b1474] block_device_mapping [BlockDeviceMapping(attachment_id=,boot_index=0,connection_info=None,created_at=,delete_on_termination=True,deleted=,deleted_at=,destination_type='local',device_name=None,device_type='disk',disk_bus=None,encrypted=False,encryption_format=None,encryption_options=None,encryption_secret_uuid=None,guest_format=None,id=,image_id='ef58d4bc-3809-4cc6-9396-41d2b0e21784',instance=,instance_uuid=,no_device=False,snapshot_id=None,source_type='image',tag=None,updated_at=,uuid=,volume_id=None,volume_size=None,volume_type=None)] {{(pid=95834) _create_block_device_mapping /opt/stack/nova/nova/conductor/manager.py:1529}}
Jul 31 18:52:30.143746 np0000006257 nova-conductor[95834]: DEBUG oslo_concurrency.lockutils [None req-a1e3b19c-0b19-428d-82a4-f35ccfc15f83 tempest-ServerRescueNegativeTestJSON-1222265142 tempest-ServerRescueNegativeTestJSON-1222265142-project-member] Acquiring lock "7b82f4c0-171d-4049-a5ef-bcbb30ba5067" by "nova.context.set_target_cell..get_or_set_cached_cell_and_set_connections" {{(pid=95834) inner /opt/stack/data/venv/lib/python3.12/site-packages/oslo_concurrency/lockutils.py:512}}
Jul 31 18:52:30.143965 np0000006257 nova-conductor[95834]: DEBUG oslo_concurrency.lockutils [None req-a1e3b19c-0b19-428d-82a4-f35ccfc15f83 tempest-ServerRescueNegativeTestJSON-1222265142 tempest-ServerRescueNegativeTestJSON-1222265142-project-member] Lock "7b82f4c0-171d-4049-a5ef-bcbb30ba5067" acquired by "nova.context.set_target_cell..get_or_set_cached_cell_and_set_connections" :: waited 0.000s {{(pid=95834) inner /opt/stack/data/venv/lib/python3.12/site-packages/oslo_concurrency/lockutils.py:525}}
Jul 31 18:52:30.144119 np0000006257 nova-conductor[95834]: DEBUG oslo_concurrency.lockutils [None req-a1e3b19c-0b19-428d-82a4-f35ccfc15f83 tempest-ServerRescueNegativeTestJSON-1222265142 tempest-ServerRescueNegativeTestJSON-1222265142-project-member] Lock "7b82f4c0-171d-4049-a5ef-bcbb30ba5067" "released" by "nova.context.set_target_cell..get_or_set_cached_cell_and_set_connections" :: held 0.000s {{(pid=95834) inner /opt/stack/data/venv/lib/python3.12/site-packages/oslo_concurrency/lockutils.py:544}}
Jul 31 18:52:30.186402 np0000006257 nova-conductor[95834]: DEBUG oslo_concurrency.lockutils [None req-a1e3b19c-0b19-428d-82a4-f35ccfc15f83 tempest-ServerRescueNegativeTestJSON-1222265142 tempest-ServerRescueNegativeTestJSON-1222265142-project-member] Acquiring lock "7b82f4c0-171d-4049-a5ef-bcbb30ba5067" by "nova.context.set_target_cell..get_or_set_cached_cell_and_set_connections" {{(pid=95834) inner /opt/stack/data/venv/lib/python3.12/site-packages/oslo_concurrency/lockutils.py:512}}
Jul 31 18:52:30.186597 np0000006257 nova-conductor[95834]: DEBUG oslo_concurrency.lockutils [None req-a1e3b19c-0b19-428d-82a4-f35ccfc15f83 tempest-ServerRescueNegativeTestJSON-1222265142 tempest-ServerRescueNegativeTestJSON-1222265142-project-member] Lock "7b82f4c0-171d-4049-a5ef-bcbb30ba5067" acquired by "nova.context.set_target_cell..get_or_set_cached_cell_and_set_connections" :: waited 0.000s {{(pid=95834) inner /opt/stack/data/venv/lib/python3.12/site-packages/oslo_concurrency/lockutils.py:525}}
Jul 31 18:52:30.186713 np0000006257 nova-conductor[95834]: DEBUG oslo_concurrency.lockutils [None req-a1e3b19c-0b19-428d-82a4-f35ccfc15f83 tempest-ServerRescueNegativeTestJSON-1222265142 tempest-ServerRescueNegativeTestJSON-1222265142-project-member] Lock "7b82f4c0-171d-4049-a5ef-bcbb30ba5067" "released" by "nova.context.set_target_cell..get_or_set_cached_cell_and_set_connections" :: held 0.000s {{(pid=95834) inner /opt/stack/data/venv/lib/python3.12/site-packages/oslo_concurrency/lockutils.py:544}}
Jul 31 18:52:30.186922 np0000006257 nova-conductor[95834]: DEBUG oslo_concurrency.lockutils [None req-a1e3b19c-0b19-428d-82a4-f35ccfc15f83 tempest-ServerRescueNegativeTestJSON-1222265142 tempest-ServerRescueNegativeTestJSON-1222265142-project-member] Acquiring lock "compute-rpcapi-router" {{(pid=95834) lock /opt/stack/data/venv/lib/python3.12/site-packages/oslo_concurrency/lockutils.py:396}}
Jul 31 18:52:30.187041 np0000006257 nova-conductor[95834]: DEBUG oslo_concurrency.lockutils [None req-a1e3b19c-0b19-428d-82a4-f35ccfc15f83 tempest-ServerRescueNegativeTestJSON-1222265142 tempest-ServerRescueNegativeTestJSON-1222265142-project-member] Acquired lock "compute-rpcapi-router" {{(pid=95834) lock /opt/stack/data/venv/lib/python3.12/site-packages/oslo_concurrency/lockutils.py:399}}
Jul 31 18:52:30.187401 np0000006257 nova-conductor[95834]: DEBUG oslo_concurrency.lockutils [None req-449c352b-8a6d-4bcf-9e3b-9a020c320f82 None None] Acquiring lock "00000000-0000-0000-0000-000000000000" by "nova.context.set_target_cell..get_or_set_cached_cell_and_set_connections" {{(pid=95834) inner /opt/stack/data/venv/lib/python3.12/site-packages/oslo_concurrency/lockutils.py:512}}
Jul 31 18:52:30.187550 np0000006257 nova-conductor[95834]: DEBUG oslo_concurrency.lockutils [None req-449c352b-8a6d-4bcf-9e3b-9a020c320f82 None None] Lock "00000000-0000-0000-0000-000000000000" acquired by "nova.context.set_target_cell..get_or_set_cached_cell_and_set_connections" :: waited 0.000s {{(pid=95834) inner /opt/stack/data/venv/lib/python3.12/site-packages/oslo_concurrency/lockutils.py:525}}
Jul 31 18:52:30.187678 np0000006257 nova-conductor[95834]: DEBUG oslo_concurrency.lockutils [None req-449c352b-8a6d-4bcf-9e3b-9a020c320f82 None None] Lock "00000000-0000-0000-0000-000000000000" "released" by "nova.context.set_target_cell..get_or_set_cached_cell_and_set_connections" :: held 0.000s {{(pid=95834) inner /opt/stack/data/venv/lib/python3.12/site-packages/oslo_concurrency/lockutils.py:544}}
Jul 31 18:52:30.189946 np0000006257 nova-conductor[95834]: DEBUG oslo_concurrency.lockutils [None req-449c352b-8a6d-4bcf-9e3b-9a020c320f82 None None] Acquiring lock "7b82f4c0-171d-4049-a5ef-bcbb30ba5067" by "nova.context.set_target_cell..get_or_set_cached_cell_and_set_connections" {{(pid=95834) inner /opt/stack/data/venv/lib/python3.12/site-packages/oslo_concurrency/lockutils.py:512}}
Jul 31 18:52:30.190183 np0000006257 nova-conductor[95834]: DEBUG oslo_concurrency.lockutils [None req-449c352b-8a6d-4bcf-9e3b-9a020c320f82 None None] Lock "7b82f4c0-171d-4049-a5ef-bcbb30ba5067" acquired by "nova.context.set_target_cell..get_or_set_cached_cell_and_set_connections" :: waited 0.000s {{(pid=95834) inner /opt/stack/data/venv/lib/python3.12/site-packages/oslo_concurrency/lockutils.py:525}}
Jul 31 18:52:30.190344 np0000006257 nova-conductor[95834]: DEBUG oslo_concurrency.lockutils [None req-449c352b-8a6d-4bcf-9e3b-9a020c320f82 None None] Lock "7b82f4c0-171d-4049-a5ef-bcbb30ba5067" "released" by "nova.context.set_target_cell..get_or_set_cached_cell_and_set_connections" :: held 0.000s {{(pid=95834) inner /opt/stack/data/venv/lib/python3.12/site-packages/oslo_concurrency/lockutils.py:544}}
Jul 31 18:52:30.197976 np0000006257 nova-conductor[95834]: INFO nova.compute.rpcapi [None req-449c352b-8a6d-4bcf-9e3b-9a020c320f82 None None] Automatically selected compute RPC version 6.5 from minimum service version 72
Jul 31 18:52:30.198601 np0000006257 nova-conductor[95834]: DEBUG oslo_concurrency.lockutils [None req-449c352b-8a6d-4bcf-9e3b-9a020c320f82 None None] Releasing lock "compute-rpcapi-router" {{(pid=95834) lock /opt/stack/data/venv/lib/python3.12/site-packages/oslo_concurrency/lockutils.py:419}}
Jul 31 18:52:31.302283 np0000006257 nova-conductor[95819]: DEBUG dbcounter [-] [95819] Writer thread running {{(pid=95819) stat_writer /opt/stack/data/venv/lib/python3.12/site-packages/dbcounter.py:102}}
Jul 31 18:52:31.729908 np0000006257 nova-conductor[95819]: DEBUG nova.conductor.manager [None req-f91ebf35-b792-4720-8e35-e2fd14af894a tempest-ServerRescueNegativeTestJSON-1222265142 tempest-ServerRescueNegativeTestJSON-1222265142-project-member] Took 0.43 seconds to select destinations for 1 instance(s). {{(pid=95819) _schedule_instances /opt/stack/nova/nova/conductor/manager.py:968}}
Jul 31 18:52:31.763415 np0000006257 nova-conductor[95819]: DEBUG oslo_concurrency.lockutils [None req-f91ebf35-b792-4720-8e35-e2fd14af894a tempest-ServerRescueNegativeTestJSON-1222265142 tempest-ServerRescueNegativeTestJSON-1222265142-project-member] Acquiring lock "7b82f4c0-171d-4049-a5ef-bcbb30ba5067" by "nova.context.set_target_cell..get_or_set_cached_cell_and_set_connections" {{(pid=95819) inner /opt/stack/data/venv/lib/python3.12/site-packages/oslo_concurrency/lockutils.py:512}}
Jul 31 18:52:31.763617 np0000006257 nova-conductor[95819]: DEBUG oslo_concurrency.lockutils [None req-f91ebf35-b792-4720-8e35-e2fd14af894a tempest-ServerRescueNegativeTestJSON-1222265142 tempest-ServerRescueNegativeTestJSON-1222265142-project-member] Lock "7b82f4c0-171d-4049-a5ef-bcbb30ba5067" acquired by "nova.context.set_target_cell..get_or_set_cached_cell_and_set_connections" :: waited 0.000s {{(pid=95819) inner /opt/stack/data/venv/lib/python3.12/site-packages/oslo_concurrency/lockutils.py:525}}
Jul 31 18:52:31.765424 np0000006257 nova-conductor[95819]: DEBUG oslo_concurrency.lockutils [None req-f91ebf35-b792-4720-8e35-e2fd14af894a tempest-ServerRescueNegativeTestJSON-1222265142 tempest-ServerRescueNegativeTestJSON-1222265142-project-member] Lock "7b82f4c0-171d-4049-a5ef-bcbb30ba5067" "released" by "nova.context.set_target_cell..get_or_set_cached_cell_and_set_connections" :: held 0.002s {{(pid=95819) inner /opt/stack/data/venv/lib/python3.12/site-packages/oslo_concurrency/lockutils.py:544}}
Jul 31 18:52:31.767776 np0000006257 nova-conductor[95819]: INFO dbcounter [None req-f91ebf35-b792-4720-8e35-e2fd14af894a tempest-ServerRescueNegativeTestJSON-1222265142 tempest-ServerRescueNegativeTestJSON-1222265142-project-member] Registered counter for database nova_cell1
Jul 31 18:52:31.809691 np0000006257 nova-conductor[95819]: DEBUG oslo_db.sqlalchemy.engines [None req-f91ebf35-b792-4720-8e35-e2fd14af894a tempest-ServerRescueNegativeTestJSON-1222265142 tempest-ServerRescueNegativeTestJSON-1222265142-project-member] MySQL server mode set to STRICT_TRANS_TABLES,STRICT_ALL_TABLES,NO_ZERO_IN_DATE,NO_ZERO_DATE,ERROR_FOR_DIVISION_BY_ZERO,TRADITIONAL,NO_ENGINE_SUBSTITUTION {{(pid=95819) _check_effective_sql_mode /opt/stack/data/venv/lib/python3.12/site-packages/oslo_db/sqlalchemy/engines.py:325}}
Jul 31 18:52:31.817800 np0000006257 nova-conductor[95819]: DEBUG dbcounter [-] [95819] Writer thread running {{(pid=95819) stat_writer /opt/stack/data/venv/lib/python3.12/site-packages/dbcounter.py:102}}
Jul 31 18:52:31.857775 np0000006257 nova-conductor[95819]: INFO nova.utils [None req-f91ebf35-b792-4720-8e35-e2fd14af894a tempest-ServerRescueNegativeTestJSON-1222265142 tempest-ServerRescueNegativeTestJSON-1222265142-project-member] The cell worker thread pool ForkProcess-1.cell_worker is initialized
Jul 31 18:52:31.857775 np0000006257 nova-conductor[95819]: DEBUG oslo_concurrency.lockutils [None req-f91ebf35-b792-4720-8e35-e2fd14af894a tempest-ServerRescueNegativeTestJSON-1222265142 tempest-ServerRescueNegativeTestJSON-1222265142-project-member] Acquiring lock "00000000-0000-0000-0000-000000000000" by "nova.context.set_target_cell..get_or_set_cached_cell_and_set_connections" {{(pid=95819) inner /opt/stack/data/venv/lib/python3.12/site-packages/oslo_concurrency/lockutils.py:512}}
Jul 31 18:52:31.857928 np0000006257 nova-conductor[95819]: DEBUG oslo_concurrency.lockutils [None req-f91ebf35-b792-4720-8e35-e2fd14af894a tempest-ServerRescueNegativeTestJSON-1222265142 tempest-ServerRescueNegativeTestJSON-1222265142-project-member] Lock "00000000-0000-0000-0000-000000000000" acquired by "nova.context.set_target_cell..get_or_set_cached_cell_and_set_connections" :: waited 0.000s {{(pid=95819) inner /opt/stack/data/venv/lib/python3.12/site-packages/oslo_concurrency/lockutils.py:525}}
Jul 31 18:52:31.858242 np0000006257 nova-conductor[95819]: DEBUG oslo_concurrency.lockutils [None req-f91ebf35-b792-4720-8e35-e2fd14af894a tempest-ServerRescueNegativeTestJSON-1222265142 tempest-ServerRescueNegativeTestJSON-1222265142-project-member] Lock "00000000-0000-0000-0000-000000000000" "released" by "nova.context.set_target_cell..get_or_set_cached_cell_and_set_connections" :: held 0.000s {{(pid=95819) inner /opt/stack/data/venv/lib/python3.12/site-packages/oslo_concurrency/lockutils.py:544}}
Jul 31 18:52:31.858879 np0000006257 nova-conductor[95819]: DEBUG oslo_concurrency.lockutils [None req-f91ebf35-b792-4720-8e35-e2fd14af894a tempest-ServerRescueNegativeTestJSON-1222265142 tempest-ServerRescueNegativeTestJSON-1222265142-project-member] Acquiring lock "7b82f4c0-171d-4049-a5ef-bcbb30ba5067" by "nova.context.set_target_cell..get_or_set_cached_cell_and_set_connections" {{(pid=95819) inner /opt/stack/data/venv/lib/python3.12/site-packages/oslo_concurrency/lockutils.py:512}}
Jul 31 18:52:31.858879 np0000006257 nova-conductor[95819]: DEBUG oslo_concurrency.lockutils [None req-f91ebf35-b792-4720-8e35-e2fd14af894a tempest-ServerRescueNegativeTestJSON-1222265142 tempest-ServerRescueNegativeTestJSON-1222265142-project-member] Lock "7b82f4c0-171d-4049-a5ef-bcbb30ba5067" acquired by "nova.context.set_target_cell..get_or_set_cached_cell_and_set_connections" :: waited 0.000s {{(pid=95819) inner /opt/stack/data/venv/lib/python3.12/site-packages/oslo_concurrency/lockutils.py:525}}
Jul 31 18:52:31.859011 np0000006257 nova-conductor[95819]: DEBUG oslo_concurrency.lockutils [None req-f91ebf35-b792-4720-8e35-e2fd14af894a tempest-ServerRescueNegativeTestJSON-1222265142 tempest-ServerRescueNegativeTestJSON-1222265142-project-member] Lock "7b82f4c0-171d-4049-a5ef-bcbb30ba5067" "released" by "nova.context.set_target_cell..get_or_set_cached_cell_and_set_connections" :: held 0.000s {{(pid=95819) inner /opt/stack/data/venv/lib/python3.12/site-packages/oslo_concurrency/lockutils.py:544}}
Jul 31 18:52:31.863477 np0000006257 nova-conductor[95819]: INFO dbcounter [None req-f91ebf35-b792-4720-8e35-e2fd14af894a tempest-ServerRescueNegativeTestJSON-1222265142 tempest-ServerRescueNegativeTestJSON-1222265142-project-member] Registered counter for database nova_cell0
