Jun 25 14:37:48.290584 np0000003608 devstack@g-api.service[99457]: DEBUG glance_store.backend [-] Registering store swift with schemes ('swift+https', 'swift', 'swift+http', 'swift+config') {{(pid=99457) create_stores /opt/stack/data/venv/lib/python3.12/site-packages/glance_store/backend.py:261}}
Jun 25 14:37:48.290662 np0000003608 devstack@g-api.service[99457]: DEBUG glance_store.driver [-] Late loading location class glance_store._drivers.swift.store.StoreLocation {{(pid=99457) get_store_location_class /opt/stack/data/venv/lib/python3.12/site-packages/glance_store/driver.py:134}}
Jun 25 14:37:48.290709 np0000003608 devstack@g-api.service[99457]: DEBUG glance_store.location [-] Registering scheme swift+https with {'store': , 'location_class': , 'store_entry': 'swift'} {{(pid=99457) register_scheme_map /opt/stack/data/venv/lib/python3.12/site-packages/glance_store/location.py:146}}
Jun 25 14:37:48.290769 np0000003608 devstack@g-api.service[99457]: DEBUG glance_store.location [-] Registering scheme swift with {'store': , 'location_class': , 'store_entry': 'swift'} {{(pid=99457) register_scheme_map /opt/stack/data/venv/lib/python3.12/site-packages/glance_store/location.py:146}}
Jun 25 14:37:48.290812 np0000003608 devstack@g-api.service[99457]: DEBUG glance_store.location [-] Registering scheme swift+http with {'store': , 'location_class': , 'store_entry': 'swift'} {{(pid=99457) register_scheme_map /opt/stack/data/venv/lib/python3.12/site-packages/glance_store/location.py:146}}
Jun 25 14:37:48.290852 np0000003608 devstack@g-api.service[99457]: DEBUG glance_store.location [-] Registering scheme swift+config with {'store': , 'location_class': , 'store_entry': 'swift'} {{(pid=99457) register_scheme_map /opt/stack/data/venv/lib/python3.12/site-packages/glance_store/location.py:146}}
Jun 25 14:37:48.290899 np0000003608 devstack@g-api.service[99457]: DEBUG glance_store.backend [-] Attempting to import store file {{(pid=99457) _load_store /opt/stack/data/venv/lib/python3.12/site-packages/glance_store/backend.py:215}}
Jun 25 14:37:48.291368 np0000003608 devstack@g-api.service[99457]: DEBUG glance_store.capabilities [-] Store glance_store._drivers.filesystem.Store doesn't support updating dynamic storage capabilities. Please overwrite 'update_capabilities' method of the store to implement updating logics if needed. {{(pid=99457) update_capabilities /opt/stack/data/venv/lib/python3.12/site-packages/glance_store/capabilities.py:91}}
Jun 25 14:37:48.291426 np0000003608 devstack@g-api.service[99457]: DEBUG glance_store.backend [-] Registering store file with schemes ('file', 'filesystem') {{(pid=99457) create_stores /opt/stack/data/venv/lib/python3.12/site-packages/glance_store/backend.py:261}}
Jun 25 14:37:48.291469 np0000003608 devstack@g-api.service[99457]: DEBUG glance_store.driver [-] Late loading location class glance_store._drivers.filesystem.StoreLocation {{(pid=99457) get_store_location_class /opt/stack/data/venv/lib/python3.12/site-packages/glance_store/driver.py:134}}
Jun 25 14:37:48.291536 np0000003608 devstack@g-api.service[99457]: DEBUG glance_store.location [-] Registering scheme file with {'store': , 'location_class': , 'store_entry': 'file'} {{(pid=99457) register_scheme_map /opt/stack/data/venv/lib/python3.12/site-packages/glance_store/location.py:146}}
Jun 25 14:37:48.291583 np0000003608 devstack@g-api.service[99457]: DEBUG glance_store.location [-] Registering scheme filesystem with {'store': , 'location_class': , 'store_entry': 'file'} {{(pid=99457) register_scheme_map /opt/stack/data/venv/lib/python3.12/site-packages/glance_store/location.py:146}}
Jun 25 14:37:48.291681 np0000003608 devstack@g-api.service[99457]: DEBUG glance_store.backend [-] Attempting to import store swift {{(pid=99457) _load_store /opt/stack/data/venv/lib/python3.12/site-packages/glance_store/backend.py:215}}
Jun 25 14:37:48.292675 np0000003608 devstack@g-api.service[99457]: DEBUG glance_store.capabilities [-] Store glance_store._drivers.swift.store.SingleTenantStore doesn't support updating dynamic storage capabilities. Please overwrite 'update_capabilities' method of the store to implement updating logics if needed. {{(pid=99457) update_capabilities /opt/stack/data/venv/lib/python3.12/site-packages/glance_store/capabilities.py:91}}
Jun 25 14:37:48.292724 np0000003608 devstack@g-api.service[99457]: DEBUG glance_store.driver [-] Late loading location class glance_store._drivers.swift.store.StoreLocation {{(pid=99457) get_store_location_class /opt/stack/data/venv/lib/python3.12/site-packages/glance_store/driver.py:134}}
Jun 25 14:37:48.292782 np0000003608 devstack@g-api.service[99457]: DEBUG glance_store.location [-] Registering scheme swift+https with {'store': , 'location_class': , 'store_entry': 'swift'} {{(pid=99457) register_scheme_map /opt/stack/data/venv/lib/python3.12/site-packages/glance_store/location.py:146}}
Jun 25 14:37:48.292840 np0000003608 devstack@g-api.service[99457]: DEBUG glance_store.location [-] Registering scheme swift+https with {'store': , 'location_class': , 'store_entry': 'swift'} {{(pid=99457) register_scheme_map /opt/stack/data/venv/lib/python3.12/site-packages/glance_store/location.py:146}}
Jun 25 14:37:48.292882 np0000003608 devstack@g-api.service[99457]: DEBUG glance_store.location [-] Registering scheme swift with {'store': , 'location_class': , 'store_entry': 'swift'} {{(pid=99457) register_scheme_map /opt/stack/data/venv/lib/python3.12/site-packages/glance_store/location.py:146}}
Jun 25 14:37:48.292940 np0000003608 devstack@g-api.service[99457]: DEBUG glance_store.location [-] Registering scheme swift+https with {'store': , 'location_class': , 'store_entry': 'swift'} {{(pid=99457) register_scheme_map /opt/stack/data/venv/lib/python3.12/site-packages/glance_store/location.py:146}}
Jun 25 14:37:48.292993 np0000003608 devstack@g-api.service[99457]: DEBUG glance_store.location [-] Registering scheme swift with {'store': , 'location_class': , 'store_entry': 'swift'} {{(pid=99457) register_scheme_map /opt/stack/data/venv/lib/python3.12/site-packages/glance_store/location.py:146}}
Jun 25 14:37:48.293022 np0000003608 devstack@g-api.service[99457]: DEBUG glance_store.location [-] Registering scheme swift+http with {'store': , 'location_class': , 'store_entry': 'swift'} {{(pid=99457) register_scheme_map /opt/stack/data/venv/lib/python3.12/site-packages/glance_store/location.py:146}}
Jun 25 14:37:48.293067 np0000003608 devstack@g-api.service[99457]: DEBUG glance_store.location [-] Registering scheme swift+https with {'store': , 'location_class': , 'store_entry': 'swift'} {{(pid=99457) register_scheme_map /opt/stack/data/venv/lib/python3.12/site-packages/glance_store/location.py:146}}
Jun 25 14:37:48.293107 np0000003608 devstack@g-api.service[99457]: DEBUG glance_store.location [-] Registering scheme swift with {'store': , 'location_class': , 'store_entry': 'swift'} {{(pid=99457) register_scheme_map /opt/stack/data/venv/lib/python3.12/site-packages/glance_store/location.py:146}}
Jun 25 14:37:48.293179 np0000003608 devstack@g-api.service[99457]: DEBUG glance_store.location [-] Registering scheme swift+http with {'store': , 'location_class': , 'store_entry': 'swift'} {{(pid=99457) register_scheme_map /opt/stack/data/venv/lib/python3.12/site-packages/glance_store/location.py:146}}
Jun 25 14:37:48.293243 np0000003608 devstack@g-api.service[99457]: DEBUG glance_store.location [-] Registering scheme swift+config with {'store': , 'location_class': , 'store_entry': 'swift'} {{(pid=99457) register_scheme_map /opt/stack/data/venv/lib/python3.12/site-packages/glance_store/location.py:146}}
Jun 25 14:37:48.293507 np0000003608 devstack@g-api.service[99457]: DEBUG glance.sqlite_migration [-] SQLite caching database not located, skipping migration {{(pid=99457) get_db_path /opt/stack/glance/glance/sqlite_migration.py:68}}
Jun 25 14:37:48.293682 np0000003608 devstack@g-api.service[99457]: WARNING glance.common.wsgi_app [-] Import methods are enabled but staging directory /tmp/staging/ does not exist; Imports will fail!
Jun 25 14:37:48.333342 np0000003608 devstack@g-api.service[99458]: DEBUG glance.common.config [None req-dd8bc0ce-3917-46ae-b8a8-0a56c4da4f03 None None] Loading glance-api-keystone+cachemanagement from /etc/glance/glance-api-paste.ini {{(pid=99458) load_paste_app /opt/stack/glance/glance/common/config.py:759}}
Jun 25 14:37:48.335060 np0000003608 devstack@g-api.service[99456]: DEBUG glance.common.config [None req-a03e30df-5eca-4bed-adaf-112ae3a787a2 None None] Loading glance-api-keystone+cachemanagement from /etc/glance/glance-api-paste.ini {{(pid=99456) load_paste_app /opt/stack/glance/glance/common/config.py:759}}
Jun 25 14:37:48.429123 np0000003608 devstack@g-api.service[99457]: DEBUG glance.common.config [None req-16ac4461-a810-4d2a-86ac-4376f753d5a5 None None] Loading glance-api-keystone+cachemanagement from /etc/glance/glance-api-paste.ini {{(pid=99457) load_paste_app /opt/stack/glance/glance/common/config.py:759}}
Jun 25 14:37:48.956055 np0000003608 devstack@g-api.service[99456]: INFO glance.image_cache [None req-a03e30df-5eca-4bed-adaf-112ae3a787a2 None None] Image cache loaded driver 'centralized_db'.
Jun 25 14:37:48.963860 np0000003608 devstack@g-api.service[99458]: INFO glance.image_cache [None req-dd8bc0ce-3917-46ae-b8a8-0a56c4da4f03 None None] Image cache loaded driver 'centralized_db'.
Jun 25 14:37:48.986527 np0000003608 devstack@g-api.service[99457]: INFO glance.image_cache [None req-16ac4461-a810-4d2a-86ac-4376f753d5a5 None None] Image cache loaded driver 'centralized_db'.
Jun 25 14:37:49.014980 np0000003608 devstack@g-api.service[99458]: INFO dbcounter [None req-dd8bc0ce-3917-46ae-b8a8-0a56c4da4f03 None None] Registered counter for database glance
Jun 25 14:37:49.018810 np0000003608 devstack@g-api.service[99456]: INFO dbcounter [None req-a03e30df-5eca-4bed-adaf-112ae3a787a2 None None] Registered counter for database glance
Jun 25 14:37:49.033768 np0000003608 devstack@g-api.service[99457]: INFO dbcounter [None req-16ac4461-a810-4d2a-86ac-4376f753d5a5 None None] Registered counter for database glance
Jun 25 14:37:49.060563 np0000003608 devstack@g-api.service[99458]: DEBUG oslo_db.sqlalchemy.engines [None req-dd8bc0ce-3917-46ae-b8a8-0a56c4da4f03 None None] MySQL server mode set to STRICT_TRANS_TABLES,STRICT_ALL_TABLES,NO_ZERO_IN_DATE,NO_ZERO_DATE,ERROR_FOR_DIVISION_BY_ZERO,TRADITIONAL,NO_ENGINE_SUBSTITUTION {{(pid=99458) _check_effective_sql_mode /opt/stack/data/venv/lib/python3.12/site-packages/oslo_db/sqlalchemy/engines.py:325}}
Jun 25 14:37:49.081452 np0000003608 devstack@g-api.service[99456]: DEBUG oslo_db.sqlalchemy.engines [None req-a03e30df-5eca-4bed-adaf-112ae3a787a2 None None] MySQL server mode set to STRICT_TRANS_TABLES,STRICT_ALL_TABLES,NO_ZERO_IN_DATE,NO_ZERO_DATE,ERROR_FOR_DIVISION_BY_ZERO,TRADITIONAL,NO_ENGINE_SUBSTITUTION {{(pid=99456) _check_effective_sql_mode /opt/stack/data/venv/lib/python3.12/site-packages/oslo_db/sqlalchemy/engines.py:325}}
Jun 25 14:37:49.086623 np0000003608 devstack@g-api.service[99457]: DEBUG oslo_db.sqlalchemy.engines [None req-16ac4461-a810-4d2a-86ac-4376f753d5a5 None None] MySQL server mode set to STRICT_TRANS_TABLES,STRICT_ALL_TABLES,NO_ZERO_IN_DATE,NO_ZERO_DATE,ERROR_FOR_DIVISION_BY_ZERO,TRADITIONAL,NO_ENGINE_SUBSTITUTION {{(pid=99457) _check_effective_sql_mode /opt/stack/data/venv/lib/python3.12/site-packages/oslo_db/sqlalchemy/engines.py:325}}
Jun 25 14:37:49.087957 np0000003608 devstack@g-api.service[99458]: DEBUG dbcounter [-] [99458] Writer thread running {{(pid=99458) stat_writer /opt/stack/data/venv/lib/python3.12/site-packages/dbcounter.py:102}}
Jun 25 14:37:49.101132 np0000003608 devstack@g-api.service[99458]: INFO glance.image_cache [None req-dd8bc0ce-3917-46ae-b8a8-0a56c4da4f03 None None] Image cache loaded driver 'centralized_db'.
Jun 25 14:37:49.111223 np0000003608 devstack@g-api.service[99457]: DEBUG dbcounter [-] [99457] Writer thread running {{(pid=99457) stat_writer /opt/stack/data/venv/lib/python3.12/site-packages/dbcounter.py:102}}
Jun 25 14:37:49.113773 np0000003608 devstack@g-api.service[99456]: DEBUG dbcounter [-] [99456] Writer thread running {{(pid=99456) stat_writer /opt/stack/data/venv/lib/python3.12/site-packages/dbcounter.py:102}}
Jun 25 14:37:49.114886 np0000003608 devstack@g-api.service[99457]: DEBUG glance.image_cache.drivers.centralized_db [None req-16ac4461-a810-4d2a-86ac-4376f753d5a5 None None] Node reference is already recorded, ignoring it {{(pid=99457) configure /opt/stack/glance/glance/image_cache/drivers/centralized_db.py:71}}
Jun 25 14:37:49.117320 np0000003608 devstack@g-api.service[99456]: DEBUG glance.image_cache.drivers.centralized_db [None req-a03e30df-5eca-4bed-adaf-112ae3a787a2 None None] Node reference is already recorded, ignoring it {{(pid=99456) configure /opt/stack/glance/glance/image_cache/drivers/centralized_db.py:71}}
Jun 25 14:37:49.120456 np0000003608 devstack@g-api.service[99457]: INFO glance.image_cache [None req-16ac4461-a810-4d2a-86ac-4376f753d5a5 None None] Image cache loaded driver 'centralized_db'.
Jun 25 14:37:49.127014 np0000003608 devstack@g-api.service[99456]: INFO glance.image_cache [None req-a03e30df-5eca-4bed-adaf-112ae3a787a2 None None] Image cache loaded driver 'centralized_db'.
Jun 25 14:37:49.200363 np0000003608 devstack@g-api.service[99458]: DEBUG glance.image_cache.drivers.centralized_db [None req-dd8bc0ce-3917-46ae-b8a8-0a56c4da4f03 None None] Node reference is already recorded, ignoring it {{(pid=99458) configure /opt/stack/glance/glance/image_cache/drivers/centralized_db.py:71}}
Jun 25 14:37:49.205002 np0000003608 devstack@g-api.service[99458]: DEBUG glance.api.v2.cached_images [None req-dd8bc0ce-3917-46ae-b8a8-0a56c4da4f03 None None] Started cache worker thread {{(pid=99458) __init__ /opt/stack/glance/glance/api/v2/cached_images.py:69}}
Jun 25 14:37:49.205559 np0000003608 devstack@g-api.service[99458]: INFO glance.image_cache [None req-dd8bc0ce-3917-46ae-b8a8-0a56c4da4f03 None None] Image cache loaded driver 'centralized_db'.
Jun 25 14:37:49.212984 np0000003608 devstack@g-api.service[99458]: DEBUG glance.image_cache.drivers.centralized_db [None req-dd8bc0ce-3917-46ae-b8a8-0a56c4da4f03 None None] Node reference is already recorded, ignoring it {{(pid=99458) configure /opt/stack/glance/glance/image_cache/drivers/centralized_db.py:71}}
Jun 25 14:37:49.217552 np0000003608 devstack@g-api.service[99458]: INFO glance.api.middleware.cache_manage [None req-dd8bc0ce-3917-46ae-b8a8-0a56c4da4f03 None None] Initialized image cache management middleware
Jun 25 14:37:49.217684 np0000003608 devstack@g-api.service[99458]: INFO glance.image_cache [None req-dd8bc0ce-3917-46ae-b8a8-0a56c4da4f03 None None] Image cache loaded driver 'centralized_db'.
Jun 25 14:37:49.221346 np0000003608 devstack@g-api.service[99457]: DEBUG glance.image_cache.drivers.centralized_db [None req-16ac4461-a810-4d2a-86ac-4376f753d5a5 None None] Node reference is already recorded, ignoring it {{(pid=99457) configure /opt/stack/glance/glance/image_cache/drivers/centralized_db.py:71}}
Jun 25 14:37:49.226775 np0000003608 devstack@g-api.service[99457]: DEBUG glance.api.v2.cached_images [None req-16ac4461-a810-4d2a-86ac-4376f753d5a5 None None] Started cache worker thread {{(pid=99457) __init__ /opt/stack/glance/glance/api/v2/cached_images.py:69}}
Jun 25 14:37:49.227405 np0000003608 devstack@g-api.service[99457]: INFO glance.image_cache [None req-16ac4461-a810-4d2a-86ac-4376f753d5a5 None None] Image cache loaded driver 'centralized_db'.
Jun 25 14:37:49.236396 np0000003608 devstack@g-api.service[99457]: DEBUG glance.image_cache.drivers.centralized_db [None req-16ac4461-a810-4d2a-86ac-4376f753d5a5 None None] Node reference is already recorded, ignoring it {{(pid=99457) configure /opt/stack/glance/glance/image_cache/drivers/centralized_db.py:71}}
Jun 25 14:37:49.236666 np0000003608 devstack@g-api.service[99458]: DEBUG glance.image_cache.drivers.centralized_db [None req-dd8bc0ce-3917-46ae-b8a8-0a56c4da4f03 None None] Node reference is already recorded, ignoring it {{(pid=99458) configure /opt/stack/glance/glance/image_cache/drivers/centralized_db.py:71}}
Jun 25 14:37:49.236738 np0000003608 devstack@g-api.service[99456]: DEBUG glance.image_cache.drivers.centralized_db [None req-a03e30df-5eca-4bed-adaf-112ae3a787a2 None None] Node reference is already recorded, ignoring it {{(pid=99456) configure /opt/stack/glance/glance/image_cache/drivers/centralized_db.py:71}}
Jun 25 14:37:49.240630 np0000003608 devstack@g-api.service[99458]: INFO glance.api.middleware.cache [None req-dd8bc0ce-3917-46ae-b8a8-0a56c4da4f03 None None] Initialized image cache middleware
Jun 25 14:37:49.241487 np0000003608 devstack@g-api.service[99457]: INFO glance.api.middleware.cache_manage [None req-16ac4461-a810-4d2a-86ac-4376f753d5a5 None None] Initialized image cache management middleware
Jun 25 14:37:49.241658 np0000003608 devstack@g-api.service[99456]: DEBUG glance.api.v2.cached_images [None req-a03e30df-5eca-4bed-adaf-112ae3a787a2 None None] Started cache worker thread {{(pid=99456) __init__ /opt/stack/glance/glance/api/v2/cached_images.py:69}}
Jun 25 14:37:49.241707 np0000003608 devstack@g-api.service[99457]: INFO glance.image_cache [None req-16ac4461-a810-4d2a-86ac-4376f753d5a5 None None] Image cache loaded driver 'centralized_db'.
Jun 25 14:37:49.242241 np0000003608 devstack@g-api.service[99456]: INFO glance.image_cache [None req-a03e30df-5eca-4bed-adaf-112ae3a787a2 None None] Image cache loaded driver 'centralized_db'.
Jun 25 14:37:49.248529 np0000003608 devstack@g-api.service[99457]: DEBUG glance.image_cache.drivers.centralized_db [None req-16ac4461-a810-4d2a-86ac-4376f753d5a5 None None] Node reference is already recorded, ignoring it {{(pid=99457) configure /opt/stack/glance/glance/image_cache/drivers/centralized_db.py:71}}
Jun 25 14:37:49.249016 np0000003608 devstack@g-api.service[99456]: DEBUG glance.image_cache.drivers.centralized_db [None req-a03e30df-5eca-4bed-adaf-112ae3a787a2 None None] Node reference is already recorded, ignoring it {{(pid=99456) configure /opt/stack/glance/glance/image_cache/drivers/centralized_db.py:71}}
Jun 25 14:37:49.252002 np0000003608 devstack@g-api.service[99457]: INFO glance.api.middleware.cache [None req-16ac4461-a810-4d2a-86ac-4376f753d5a5 None None] Initialized image cache middleware
Jun 25 14:37:49.253459 np0000003608 devstack@g-api.service[99456]: INFO glance.api.middleware.cache_manage [None req-a03e30df-5eca-4bed-adaf-112ae3a787a2 None None] Initialized image cache management middleware
Jun 25 14:37:49.253597 np0000003608 devstack@g-api.service[99456]: INFO glance.image_cache [None req-a03e30df-5eca-4bed-adaf-112ae3a787a2 None None] Image cache loaded driver 'centralized_db'.
Jun 25 14:37:49.254039 np0000003608 devstack@g-api.service[99458]: DEBUG glance.common.config [None req-dd8bc0ce-3917-46ae-b8a8-0a56c4da4f03 None None] ******************************************************************************** {{(pid=99458) log_opt_values /opt/stack/data/venv/lib/python3.12/site-packages/oslo_config/cfg.py:3226}}
Jun 25 14:37:49.254177 np0000003608 devstack@g-api.service[99458]: DEBUG glance.common.config [None req-dd8bc0ce-3917-46ae-b8a8-0a56c4da4f03 None None] Configuration options gathered from: {{(pid=99458) log_opt_values /opt/stack/data/venv/lib/python3.12/site-packages/oslo_config/cfg.py:3227}}
Jun 25 14:37:49.254507 np0000003608 devstack@g-api.service[99458]: DEBUG glance.common.config [None req-dd8bc0ce-3917-46ae-b8a8-0a56c4da4f03 None None] command line args: [] {{(pid=99458) log_opt_values /opt/stack/data/venv/lib/python3.12/site-packages/oslo_config/cfg.py:3228}}
Jun 25 14:37:49.254636 np0000003608 devstack@g-api.service[99458]: DEBUG glance.common.config [None req-dd8bc0ce-3917-46ae-b8a8-0a56c4da4f03 None None] config files: ['/etc/glance/glance-image-import.conf', '/etc/glance/glance-api.conf'] {{(pid=99458) log_opt_values /opt/stack/data/venv/lib/python3.12/site-packages/oslo_config/cfg.py:3229}}
Jun 25 14:37:49.254705 np0000003608 devstack@g-api.service[99458]: DEBUG glance.common.config [None req-dd8bc0ce-3917-46ae-b8a8-0a56c4da4f03 None None] ================================================================================ {{(pid=99458) log_opt_values /opt/stack/data/venv/lib/python3.12/site-packages/oslo_config/cfg.py:3234}}
Jun 25 14:37:49.254829 np0000003608 devstack@g-api.service[99458]: DEBUG glance.common.config [None req-dd8bc0ce-3917-46ae-b8a8-0a56c4da4f03 None None] allow_anonymous_access = False {{(pid=99458) log_opt_values /opt/stack/data/venv/lib/python3.12/site-packages/oslo_config/cfg.py:3242}}
Jun 25 14:37:49.254923 np0000003608 devstack@g-api.service[99458]: DEBUG glance.common.config [None req-dd8bc0ce-3917-46ae-b8a8-0a56c4da4f03 None None] api_limit_max = 1000 {{(pid=99458) log_opt_values /opt/stack/data/venv/lib/python3.12/site-packages/oslo_config/cfg.py:3242}}
Jun 25 14:37:49.255017 np0000003608 devstack@g-api.service[99458]: DEBUG glance.common.config [None req-dd8bc0ce-3917-46ae-b8a8-0a56c4da4f03 None None] backlog = 4096 {{(pid=99458) log_opt_values /opt/stack/data/venv/lib/python3.12/site-packages/oslo_config/cfg.py:3242}}
Jun 25 14:37:49.255223 np0000003608 devstack@g-api.service[99458]: DEBUG glance.common.config [None req-dd8bc0ce-3917-46ae-b8a8-0a56c4da4f03 None None] bind_host = 0.0.0.0 {{(pid=99458) log_opt_values /opt/stack/data/venv/lib/python3.12/site-packages/oslo_config/cfg.py:3242}}
Jun 25 14:37:49.255351 np0000003608 devstack@g-api.service[99458]: DEBUG glance.common.config [None req-dd8bc0ce-3917-46ae-b8a8-0a56c4da4f03 None None] bind_port = 19292 {{(pid=99458) log_opt_values /opt/stack/data/venv/lib/python3.12/site-packages/oslo_config/cfg.py:3242}}
Jun 25 14:37:49.255451 np0000003608 devstack@g-api.service[99458]: DEBUG glance.common.config [None req-dd8bc0ce-3917-46ae-b8a8-0a56c4da4f03 None None] client_socket_timeout = 900 {{(pid=99458) log_opt_values /opt/stack/data/venv/lib/python3.12/site-packages/oslo_config/cfg.py:3242}}
Jun 25 14:37:49.255577 np0000003608 devstack@g-api.service[99458]: DEBUG glance.common.config [None req-dd8bc0ce-3917-46ae-b8a8-0a56c4da4f03 None None] config_dir = [] {{(pid=99458) log_opt_values /opt/stack/data/venv/lib/python3.12/site-packages/oslo_config/cfg.py:3242}}
Jun 25 14:37:49.255651 np0000003608 devstack@g-api.service[99458]: DEBUG glance.common.config [None req-dd8bc0ce-3917-46ae-b8a8-0a56c4da4f03 None None] config_file = ['/etc/glance/glance-image-import.conf', '/etc/glance/glance-api.conf'] {{(pid=99458) log_opt_values /opt/stack/data/venv/lib/python3.12/site-packages/oslo_config/cfg.py:3242}}
Jun 25 14:37:49.255742 np0000003608 devstack@g-api.service[99458]: DEBUG glance.common.config [None req-dd8bc0ce-3917-46ae-b8a8-0a56c4da4f03 None None] config_source = [] {{(pid=99458) log_opt_values /opt/stack/data/venv/lib/python3.12/site-packages/oslo_config/cfg.py:3242}}
Jun 25 14:37:49.255840 np0000003608 devstack@g-api.service[99458]: DEBUG glance.common.config [None req-dd8bc0ce-3917-46ae-b8a8-0a56c4da4f03 None None] control_exchange = glance {{(pid=99458) log_opt_values /opt/stack/data/venv/lib/python3.12/site-packages/oslo_config/cfg.py:3242}}
Jun 25 14:37:49.255908 np0000003608 devstack@g-api.service[99458]: DEBUG glance.common.config [None req-dd8bc0ce-3917-46ae-b8a8-0a56c4da4f03 None None] debug = True {{(pid=99458) log_opt_values /opt/stack/data/venv/lib/python3.12/site-packages/oslo_config/cfg.py:3242}}
Jun 25 14:37:49.256065 np0000003608 devstack@g-api.service[99458]: DEBUG glance.common.config [None req-dd8bc0ce-3917-46ae-b8a8-0a56c4da4f03 None None] default_log_levels = ['amqp=WARN', 'boto=WARN', 'sqlalchemy=WARN', 'suds=INFO', 'oslo.messaging=INFO', 'oslo_messaging=INFO', 'iso8601=WARN', 'requests.packages.urllib3.connectionpool=WARN', 'urllib3.connectionpool=WARN', 'websocket=WARN', 'requests.packages.urllib3.util.retry=WARN', 'urllib3.util.retry=WARN', 'keystonemiddleware=WARN', 'routes.middleware=WARN', 'stevedore=WARN', 'taskflow=WARN', 'keystoneauth=WARN', 'oslo.cache=INFO', 'oslo_policy=INFO', 'dogpile.core.dogpile=INFO'] {{(pid=99458) log_opt_values /opt/stack/data/venv/lib/python3.12/site-packages/oslo_config/cfg.py:3242}}
Jun 25 14:37:49.256148 np0000003608 devstack@g-api.service[99458]: DEBUG glance.common.config [None req-dd8bc0ce-3917-46ae-b8a8-0a56c4da4f03 None None] default_publisher_id = image.localhost {{(pid=99458) log_opt_values /opt/stack/data/venv/lib/python3.12/site-packages/oslo_config/cfg.py:3242}}
Jun 25 14:37:49.256267 np0000003608 devstack@g-api.service[99458]: DEBUG glance.common.config [None req-dd8bc0ce-3917-46ae-b8a8-0a56c4da4f03 None None] delayed_delete = False {{(pid=99458) log_opt_values /opt/stack/data/venv/lib/python3.12/site-packages/oslo_config/cfg.py:3242}}
Jun 25 14:37:49.256363 np0000003608 devstack@g-api.service[99458]: DEBUG glance.common.config [None req-dd8bc0ce-3917-46ae-b8a8-0a56c4da4f03 None None] digest_algorithm = sha256 {{(pid=99458) log_opt_values /opt/stack/data/venv/lib/python3.12/site-packages/oslo_config/cfg.py:3242}}
Jun 25 14:37:49.256451 np0000003608 devstack@g-api.service[99458]: DEBUG glance.common.config [None req-dd8bc0ce-3917-46ae-b8a8-0a56c4da4f03 None None] disabled_notifications = [] {{(pid=99458) log_opt_values /opt/stack/data/venv/lib/python3.12/site-packages/oslo_config/cfg.py:3242}}
Jun 25 14:37:49.256537 np0000003608 devstack@g-api.service[99458]: DEBUG glance.common.config [None req-dd8bc0ce-3917-46ae-b8a8-0a56c4da4f03 None None] do_secure_hash = True {{(pid=99458) log_opt_values /opt/stack/data/venv/lib/python3.12/site-packages/oslo_config/cfg.py:3242}}
Jun 25 14:37:49.256625 np0000003608 devstack@g-api.service[99458]: DEBUG glance.common.config [None req-dd8bc0ce-3917-46ae-b8a8-0a56c4da4f03 None None] enabled_backends = None {{(pid=99458) log_opt_values /opt/stack/data/venv/lib/python3.12/site-packages/oslo_config/cfg.py:3242}}
Jun 25 14:37:49.256733 np0000003608 devstack@g-api.service[99458]: DEBUG glance.common.config [None req-dd8bc0ce-3917-46ae-b8a8-0a56c4da4f03 None None] enabled_import_methods = ['glance-direct', 'web-download', 'copy-image'] {{(pid=99458) log_opt_values /opt/stack/data/venv/lib/python3.12/site-packages/oslo_config/cfg.py:3242}}
Jun 25 14:37:49.256862 np0000003608 devstack@g-api.service[99458]: DEBUG glance.common.config [None req-dd8bc0ce-3917-46ae-b8a8-0a56c4da4f03 None None] fatal_deprecations = False {{(pid=99458) log_opt_values /opt/stack/data/venv/lib/python3.12/site-packages/oslo_config/cfg.py:3242}}
Jun 25 14:37:49.256959 np0000003608 devstack@g-api.service[99458]: DEBUG glance.common.config [None req-dd8bc0ce-3917-46ae-b8a8-0a56c4da4f03 None None] hashing_algorithm = sha512 {{(pid=99458) log_opt_values /opt/stack/data/venv/lib/python3.12/site-packages/oslo_config/cfg.py:3242}}
Jun 25 14:37:49.257045 np0000003608 devstack@g-api.service[99458]: DEBUG glance.common.config [None req-dd8bc0ce-3917-46ae-b8a8-0a56c4da4f03 None None] http_keepalive = True {{(pid=99458) log_opt_values /opt/stack/data/venv/lib/python3.12/site-packages/oslo_config/cfg.py:3242}}
Jun 25 14:37:49.257197 np0000003608 devstack@g-api.service[99458]: DEBUG glance.common.config [None req-dd8bc0ce-3917-46ae-b8a8-0a56c4da4f03 None None] http_retries = 3 {{(pid=99458) log_opt_values /opt/stack/data/venv/lib/python3.12/site-packages/oslo_config/cfg.py:3242}}
Jun 25 14:37:49.257308 np0000003608 devstack@g-api.service[99458]: DEBUG glance.common.config [None req-dd8bc0ce-3917-46ae-b8a8-0a56c4da4f03 None None] image_cache_dir = /opt/stack/data/glance/cache/ {{(pid=99458) log_opt_values /opt/stack/data/venv/lib/python3.12/site-packages/oslo_config/cfg.py:3242}}
Jun 25 14:37:49.257406 np0000003608 devstack@g-api.service[99458]: DEBUG glance.common.config [None req-dd8bc0ce-3917-46ae-b8a8-0a56c4da4f03 None None] image_cache_driver = centralized_db {{(pid=99458) log_opt_values /opt/stack/data/venv/lib/python3.12/site-packages/oslo_config/cfg.py:3242}}
Jun 25 14:37:49.257494 np0000003608 devstack@g-api.service[99458]: DEBUG glance.common.config [None req-dd8bc0ce-3917-46ae-b8a8-0a56c4da4f03 None None] image_cache_max_size = 10737418240 {{(pid=99458) log_opt_values /opt/stack/data/venv/lib/python3.12/site-packages/oslo_config/cfg.py:3242}}
Jun 25 14:37:49.257615 np0000003608 devstack@g-api.service[99458]: DEBUG glance.common.config [None req-dd8bc0ce-3917-46ae-b8a8-0a56c4da4f03 None None] image_cache_sqlite_db = cache.db {{(pid=99458) log_opt_values /opt/stack/data/venv/lib/python3.12/site-packages/oslo_config/cfg.py:3242}}
Jun 25 14:37:49.257710 np0000003608 devstack@g-api.service[99458]: DEBUG glance.common.config [None req-dd8bc0ce-3917-46ae-b8a8-0a56c4da4f03 None None] image_cache_stall_time = 86400 {{(pid=99458) log_opt_values /opt/stack/data/venv/lib/python3.12/site-packages/oslo_config/cfg.py:3242}}
Jun 25 14:37:49.257795 np0000003608 devstack@g-api.service[99458]: DEBUG glance.common.config [None req-dd8bc0ce-3917-46ae-b8a8-0a56c4da4f03 None None] image_location_quota = 10 {{(pid=99458) log_opt_values /opt/stack/data/venv/lib/python3.12/site-packages/oslo_config/cfg.py:3242}}
Jun 25 14:37:49.257878 np0000003608 devstack@g-api.service[99458]: DEBUG glance.common.config [None req-dd8bc0ce-3917-46ae-b8a8-0a56c4da4f03 None None] image_member_quota = 128 {{(pid=99458) log_opt_values /opt/stack/data/venv/lib/python3.12/site-packages/oslo_config/cfg.py:3242}}
Jun 25 14:37:49.257997 np0000003608 devstack@g-api.service[99458]: DEBUG glance.common.config [None req-dd8bc0ce-3917-46ae-b8a8-0a56c4da4f03 None None] image_property_quota = 128 {{(pid=99458) log_opt_values /opt/stack/data/venv/lib/python3.12/site-packages/oslo_config/cfg.py:3242}}
Jun 25 14:37:49.258121 np0000003608 devstack@g-api.service[99458]: DEBUG glance.common.config [None req-dd8bc0ce-3917-46ae-b8a8-0a56c4da4f03 None None] image_size_cap = 1099511627776 {{(pid=99458) log_opt_values /opt/stack/data/venv/lib/python3.12/site-packages/oslo_config/cfg.py:3242}}
Jun 25 14:37:49.258242 np0000003608 devstack@g-api.service[99458]: DEBUG glance.common.config [None req-dd8bc0ce-3917-46ae-b8a8-0a56c4da4f03 None None] image_tag_quota = 128 {{(pid=99458) log_opt_values /opt/stack/data/venv/lib/python3.12/site-packages/oslo_config/cfg.py:3242}}
Jun 25 14:37:49.258339 np0000003608 devstack@g-api.service[99458]: DEBUG glance.common.config [None req-dd8bc0ce-3917-46ae-b8a8-0a56c4da4f03 None None] instance_format = [instance: %(uuid)s] {{(pid=99458) log_opt_values /opt/stack/data/venv/lib/python3.12/site-packages/oslo_config/cfg.py:3242}}
Jun 25 14:37:49.258444 np0000003608 devstack@g-api.service[99458]: DEBUG glance.common.config [None req-dd8bc0ce-3917-46ae-b8a8-0a56c4da4f03 None None] instance_uuid_format = [instance: %(uuid)s] {{(pid=99458) log_opt_values /opt/stack/data/venv/lib/python3.12/site-packages/oslo_config/cfg.py:3242}}
Jun 25 14:37:49.258572 np0000003608 devstack@g-api.service[99458]: DEBUG glance.common.config [None req-dd8bc0ce-3917-46ae-b8a8-0a56c4da4f03 None None] limit_param_default = 25 {{(pid=99458) log_opt_values /opt/stack/data/venv/lib/python3.12/site-packages/oslo_config/cfg.py:3242}}
Jun 25 14:37:49.258686 np0000003608 devstack@g-api.service[99458]: DEBUG glance.common.config [None req-dd8bc0ce-3917-46ae-b8a8-0a56c4da4f03 None None] log_color = False {{(pid=99458) log_opt_values /opt/stack/data/venv/lib/python3.12/site-packages/oslo_config/cfg.py:3242}}
Jun 25 14:37:49.258822 np0000003608 devstack@g-api.service[99458]: DEBUG glance.common.config [None req-dd8bc0ce-3917-46ae-b8a8-0a56c4da4f03 None None] log_config_append = None {{(pid=99458) log_opt_values /opt/stack/data/venv/lib/python3.12/site-packages/oslo_config/cfg.py:3242}}
Jun 25 14:37:49.258942 np0000003608 devstack@g-api.service[99458]: DEBUG glance.common.config [None req-dd8bc0ce-3917-46ae-b8a8-0a56c4da4f03 None None] log_date_format = %Y-%m-%d %H:%M:%S {{(pid=99458) log_opt_values /opt/stack/data/venv/lib/python3.12/site-packages/oslo_config/cfg.py:3242}}
Jun 25 14:37:49.259069 np0000003608 devstack@g-api.service[99458]: DEBUG glance.common.config [None req-dd8bc0ce-3917-46ae-b8a8-0a56c4da4f03 None None] log_dir = None {{(pid=99458) log_opt_values /opt/stack/data/venv/lib/python3.12/site-packages/oslo_config/cfg.py:3242}}
Jun 25 14:37:49.259216 np0000003608 devstack@g-api.service[99458]: DEBUG glance.common.config [None req-dd8bc0ce-3917-46ae-b8a8-0a56c4da4f03 None None] log_file = None {{(pid=99458) log_opt_values /opt/stack/data/venv/lib/python3.12/site-packages/oslo_config/cfg.py:3242}}
Jun 25 14:37:49.259311 np0000003608 devstack@g-api.service[99458]: DEBUG glance.common.config [None req-dd8bc0ce-3917-46ae-b8a8-0a56c4da4f03 None None] log_rotate_interval = 1 {{(pid=99458) log_opt_values /opt/stack/data/venv/lib/python3.12/site-packages/oslo_config/cfg.py:3242}}
Jun 25 14:37:49.259408 np0000003608 devstack@g-api.service[99458]: DEBUG glance.common.config [None req-dd8bc0ce-3917-46ae-b8a8-0a56c4da4f03 None None] log_rotate_interval_type = days {{(pid=99458) log_opt_values /opt/stack/data/venv/lib/python3.12/site-packages/oslo_config/cfg.py:3242}}
Jun 25 14:37:49.259499 np0000003608 devstack@g-api.service[99458]: DEBUG glance.common.config [None req-dd8bc0ce-3917-46ae-b8a8-0a56c4da4f03 None None] log_rotation_type = none {{(pid=99458) log_opt_values /opt/stack/data/venv/lib/python3.12/site-packages/oslo_config/cfg.py:3242}}
Jun 25 14:37:49.259573 np0000003608 devstack@g-api.service[99458]: DEBUG glance.common.config [None req-dd8bc0ce-3917-46ae-b8a8-0a56c4da4f03 None None] logging_context_format_string = %(color)s%(levelname)s %(name)s [%(global_request_id)s %(request_id)s %(project_name)s %(user_name)s%(color)s] %(instance)s%(color)s%(message)s {{(pid=99458) log_opt_values /opt/stack/data/venv/lib/python3.12/site-packages/oslo_config/cfg.py:3242}}
Jun 25 14:37:49.259673 np0000003608 devstack@g-api.service[99458]: DEBUG glance.common.config [None req-dd8bc0ce-3917-46ae-b8a8-0a56c4da4f03 None None] logging_debug_format_suffix = {{(pid=%(process)d) %(funcName)s %(pathname)s:%(lineno)d}} {{(pid=99458) log_opt_values /opt/stack/data/venv/lib/python3.12/site-packages/oslo_config/cfg.py:3242}}
Jun 25 14:37:49.259773 np0000003608 devstack@g-api.service[99458]: DEBUG glance.common.config [None req-dd8bc0ce-3917-46ae-b8a8-0a56c4da4f03 None None] logging_default_format_string = %(color)s%(levelname)s %(name)s [-%(color)s] %(instance)s%(color)s%(message)s {{(pid=99458) log_opt_values /opt/stack/data/venv/lib/python3.12/site-packages/oslo_config/cfg.py:3242}}
Jun 25 14:37:49.259864 np0000003608 devstack@g-api.service[99458]: DEBUG glance.common.config [None req-dd8bc0ce-3917-46ae-b8a8-0a56c4da4f03 None None] logging_exception_prefix = ERROR %(name)s %(instance)s {{(pid=99458) log_opt_values /opt/stack/data/venv/lib/python3.12/site-packages/oslo_config/cfg.py:3242}}
Jun 25 14:37:49.259973 np0000003608 devstack@g-api.service[99458]: DEBUG glance.common.config [None req-dd8bc0ce-3917-46ae-b8a8-0a56c4da4f03 None None] logging_user_identity_format = %(user)s %(project)s %(domain)s %(system_scope)s %(user_domain)s %(project_domain)s {{(pid=99458) log_opt_values /opt/stack/data/venv/lib/python3.12/site-packages/oslo_config/cfg.py:3242}}
Jun 25 14:37:49.260115 np0000003608 devstack@g-api.service[99458]: DEBUG glance.common.config [None req-dd8bc0ce-3917-46ae-b8a8-0a56c4da4f03 None None] max_header_line = 16384 {{(pid=99458) log_opt_values /opt/stack/data/venv/lib/python3.12/site-packages/oslo_config/cfg.py:3242}}
Jun 25 14:37:49.260244 np0000003608 devstack@g-api.service[99458]: DEBUG glance.common.config [None req-dd8bc0ce-3917-46ae-b8a8-0a56c4da4f03 None None] max_logfile_count = 30 {{(pid=99458) log_opt_values /opt/stack/data/venv/lib/python3.12/site-packages/oslo_config/cfg.py:3242}}
Jun 25 14:37:49.260336 np0000003608 devstack@g-api.service[99458]: DEBUG glance.common.config [None req-dd8bc0ce-3917-46ae-b8a8-0a56c4da4f03 None None] max_logfile_size_mb = 200 {{(pid=99458) log_opt_values /opt/stack/data/venv/lib/python3.12/site-packages/oslo_config/cfg.py:3242}}
Jun 25 14:37:49.260423 np0000003608 devstack@g-api.service[99458]: DEBUG glance.common.config [None req-dd8bc0ce-3917-46ae-b8a8-0a56c4da4f03 None None] max_request_id_length = 64 {{(pid=99458) log_opt_values /opt/stack/data/venv/lib/python3.12/site-packages/oslo_config/cfg.py:3242}}
Jun 25 14:37:49.260514 np0000003608 devstack@g-api.service[99458]: DEBUG glance.common.config [None req-dd8bc0ce-3917-46ae-b8a8-0a56c4da4f03 None None] metadata_encryption_key = **** {{(pid=99458) log_opt_values /opt/stack/data/venv/lib/python3.12/site-packages/oslo_config/cfg.py:3242}}
Jun 25 14:37:49.260558 np0000003608 devstack@g-api.service[99456]: DEBUG glance.image_cache.drivers.centralized_db [None req-a03e30df-5eca-4bed-adaf-112ae3a787a2 None None] Node reference is already recorded, ignoring it {{(pid=99456) configure /opt/stack/glance/glance/image_cache/drivers/centralized_db.py:71}}
Jun 25 14:37:49.260597 np0000003608 devstack@g-api.service[99458]: DEBUG glance.common.config [None req-dd8bc0ce-3917-46ae-b8a8-0a56c4da4f03 None None] node_staging_uri = file:///tmp/staging/ {{(pid=99458) log_opt_values /opt/stack/data/venv/lib/python3.12/site-packages/oslo_config/cfg.py:3242}}
Jun 25 14:37:49.260716 np0000003608 devstack@g-api.service[99458]: DEBUG glance.common.config [None req-dd8bc0ce-3917-46ae-b8a8-0a56c4da4f03 None None] property_protection_file = None {{(pid=99458) log_opt_values /opt/stack/data/venv/lib/python3.12/site-packages/oslo_config/cfg.py:3242}}
Jun 25 14:37:49.260817 np0000003608 devstack@g-api.service[99458]: DEBUG glance.common.config [None req-dd8bc0ce-3917-46ae-b8a8-0a56c4da4f03 None None] property_protection_rule_format = roles {{(pid=99458) log_opt_values /opt/stack/data/venv/lib/python3.12/site-packages/oslo_config/cfg.py:3242}}
Jun 25 14:37:49.260908 np0000003608 devstack@g-api.service[99458]: DEBUG glance.common.config [None req-dd8bc0ce-3917-46ae-b8a8-0a56c4da4f03 None None] public_endpoint = https://10.4.3.223/image {{(pid=99458) log_opt_values /opt/stack/data/venv/lib/python3.12/site-packages/oslo_config/cfg.py:3242}}
Jun 25 14:37:49.260995 np0000003608 devstack@g-api.service[99458]: DEBUG glance.common.config [None req-dd8bc0ce-3917-46ae-b8a8-0a56c4da4f03 None None] publish_errors = False {{(pid=99458) log_opt_values /opt/stack/data/venv/lib/python3.12/site-packages/oslo_config/cfg.py:3242}}
Jun 25 14:37:49.261080 np0000003608 devstack@g-api.service[99458]: DEBUG glance.common.config [None req-dd8bc0ce-3917-46ae-b8a8-0a56c4da4f03 None None] pydev_worker_debug_host = None {{(pid=99458) log_opt_values /opt/stack/data/venv/lib/python3.12/site-packages/oslo_config/cfg.py:3242}}
Jun 25 14:37:49.261227 np0000003608 devstack@g-api.service[99458]: DEBUG glance.common.config [None req-dd8bc0ce-3917-46ae-b8a8-0a56c4da4f03 None None] pydev_worker_debug_port = 5678 {{(pid=99458) log_opt_values /opt/stack/data/venv/lib/python3.12/site-packages/oslo_config/cfg.py:3242}}
Jun 25 14:37:49.261316 np0000003608 devstack@g-api.service[99458]: DEBUG glance.common.config [None req-dd8bc0ce-3917-46ae-b8a8-0a56c4da4f03 None None] rate_limit_burst = 0 {{(pid=99458) log_opt_values /opt/stack/data/venv/lib/python3.12/site-packages/oslo_config/cfg.py:3242}}
Jun 25 14:37:49.261406 np0000003608 devstack@g-api.service[99458]: DEBUG glance.common.config [None req-dd8bc0ce-3917-46ae-b8a8-0a56c4da4f03 None None] rate_limit_except_level = CRITICAL {{(pid=99458) log_opt_values /opt/stack/data/venv/lib/python3.12/site-packages/oslo_config/cfg.py:3242}}
Jun 25 14:37:49.261490 np0000003608 devstack@g-api.service[99458]: DEBUG glance.common.config [None req-dd8bc0ce-3917-46ae-b8a8-0a56c4da4f03 None None] rate_limit_interval = 0 {{(pid=99458) log_opt_values /opt/stack/data/venv/lib/python3.12/site-packages/oslo_config/cfg.py:3242}}
Jun 25 14:37:49.261574 np0000003608 devstack@g-api.service[99458]: DEBUG glance.common.config [None req-dd8bc0ce-3917-46ae-b8a8-0a56c4da4f03 None None] scrub_pool_size = 1 {{(pid=99458) log_opt_values /opt/stack/data/venv/lib/python3.12/site-packages/oslo_config/cfg.py:3242}}
Jun 25 14:37:49.261658 np0000003608 devstack@g-api.service[99458]: DEBUG glance.common.config [None req-dd8bc0ce-3917-46ae-b8a8-0a56c4da4f03 None None] scrub_time = 0 {{(pid=99458) log_opt_values /opt/stack/data/venv/lib/python3.12/site-packages/oslo_config/cfg.py:3242}}
Jun 25 14:37:49.261752 np0000003608 devstack@g-api.service[99458]: DEBUG glance.common.config [None req-dd8bc0ce-3917-46ae-b8a8-0a56c4da4f03 None None] shell_completion = None {{(pid=99458) log_opt_values /opt/stack/data/venv/lib/python3.12/site-packages/oslo_config/cfg.py:3242}}
Jun 25 14:37:49.261867 np0000003608 devstack@g-api.service[99458]: DEBUG glance.common.config [None req-dd8bc0ce-3917-46ae-b8a8-0a56c4da4f03 None None] show_image_direct_url = False {{(pid=99458) log_opt_values /opt/stack/data/venv/lib/python3.12/site-packages/oslo_config/cfg.py:3242}}
Jun 25 14:37:49.262083 np0000003608 devstack@g-api.service[99458]: WARNING oslo_config.cfg [None req-dd8bc0ce-3917-46ae-b8a8-0a56c4da4f03 None None] Deprecated: Option "show_multiple_locations" from group "DEFAULT" is deprecated for removal (Use of this option, deprecated since Newton, is a security risk and will be removed once we figure out a way to satisfy those use cases that currently require it. An earlier announcement that the same functionality can be achieved with greater granularity by using policies is incorrect. You cannot work around this option via policy configuration at the present time, though that is the direction we believe the fix will take. Please keep an eye on the Glance release notes to stay up to date on progress in addressing this issue.). Its value may be silently ignored in the future.
Jun 25 14:37:49.262224 np0000003608 devstack@g-api.service[99458]: DEBUG glance.common.config [None req-dd8bc0ce-3917-46ae-b8a8-0a56c4da4f03 None None] show_multiple_locations = False {{(pid=99458) log_opt_values /opt/stack/data/venv/lib/python3.12/site-packages/oslo_config/cfg.py:3242}}
Jun 25 14:37:49.262344 np0000003608 devstack@g-api.service[99458]: DEBUG glance.common.config [None req-dd8bc0ce-3917-46ae-b8a8-0a56c4da4f03 None None] syslog_log_facility = LOG_USER {{(pid=99458) log_opt_values /opt/stack/data/venv/lib/python3.12/site-packages/oslo_config/cfg.py:3242}}
Jun 25 14:37:49.262446 np0000003608 devstack@g-api.service[99458]: DEBUG glance.common.config [None req-dd8bc0ce-3917-46ae-b8a8-0a56c4da4f03 None None] tcp_keepidle = 600 {{(pid=99458) log_opt_values /opt/stack/data/venv/lib/python3.12/site-packages/oslo_config/cfg.py:3242}}
Jun 25 14:37:49.262566 np0000003608 devstack@g-api.service[99458]: DEBUG glance.common.config [None req-dd8bc0ce-3917-46ae-b8a8-0a56c4da4f03 None None] transport_url = **** {{(pid=99458) log_opt_values /opt/stack/data/venv/lib/python3.12/site-packages/oslo_config/cfg.py:3242}}
Jun 25 14:37:49.262657 np0000003608 devstack@g-api.service[99458]: DEBUG glance.common.config [None req-dd8bc0ce-3917-46ae-b8a8-0a56c4da4f03 None None] use_journal = False {{(pid=99458) log_opt_values /opt/stack/data/venv/lib/python3.12/site-packages/oslo_config/cfg.py:3242}}
Jun 25 14:37:49.262744 np0000003608 devstack@g-api.service[99458]: DEBUG glance.common.config [None req-dd8bc0ce-3917-46ae-b8a8-0a56c4da4f03 None None] use_json = False {{(pid=99458) log_opt_values /opt/stack/data/venv/lib/python3.12/site-packages/oslo_config/cfg.py:3242}}
Jun 25 14:37:49.262865 np0000003608 devstack@g-api.service[99458]: DEBUG glance.common.config [None req-dd8bc0ce-3917-46ae-b8a8-0a56c4da4f03 None None] use_keystone_limits = True {{(pid=99458) log_opt_values /opt/stack/data/venv/lib/python3.12/site-packages/oslo_config/cfg.py:3242}}
Jun 25 14:37:49.262962 np0000003608 devstack@g-api.service[99458]: DEBUG glance.common.config [None req-dd8bc0ce-3917-46ae-b8a8-0a56c4da4f03 None None] use_stderr = False {{(pid=99458) log_opt_values /opt/stack/data/venv/lib/python3.12/site-packages/oslo_config/cfg.py:3242}}
Jun 25 14:37:49.263055 np0000003608 devstack@g-api.service[99458]: DEBUG glance.common.config [None req-dd8bc0ce-3917-46ae-b8a8-0a56c4da4f03 None None] use_syslog = False {{(pid=99458) log_opt_values /opt/stack/data/venv/lib/python3.12/site-packages/oslo_config/cfg.py:3242}}
Jun 25 14:37:49.263203 np0000003608 devstack@g-api.service[99458]: DEBUG glance.common.config [None req-dd8bc0ce-3917-46ae-b8a8-0a56c4da4f03 None None] user_storage_quota = 0 {{(pid=99458) log_opt_values /opt/stack/data/venv/lib/python3.12/site-packages/oslo_config/cfg.py:3242}}
Jun 25 14:37:49.263311 np0000003608 devstack@g-api.service[99458]: DEBUG glance.common.config [None req-dd8bc0ce-3917-46ae-b8a8-0a56c4da4f03 None None] worker_self_reference_url = http://127.0.0.1:60999 {{(pid=99458) log_opt_values /opt/stack/data/venv/lib/python3.12/site-packages/oslo_config/cfg.py:3242}}
Jun 25 14:37:49.263442 np0000003608 devstack@g-api.service[99458]: DEBUG glance.common.config [None req-dd8bc0ce-3917-46ae-b8a8-0a56c4da4f03 None None] workers = None {{(pid=99458) log_opt_values /opt/stack/data/venv/lib/python3.12/site-packages/oslo_config/cfg.py:3242}}
Jun 25 14:37:49.263554 np0000003608 devstack@g-api.service[99458]: DEBUG glance.common.config [None req-dd8bc0ce-3917-46ae-b8a8-0a56c4da4f03 None None] oslo_concurrency.disable_process_locking = False {{(pid=99458) log_opt_values /opt/stack/data/venv/lib/python3.12/site-packages/oslo_config/cfg.py:3253}}
Jun 25 14:37:49.263653 np0000003608 devstack@g-api.service[99458]: DEBUG glance.common.config [None req-dd8bc0ce-3917-46ae-b8a8-0a56c4da4f03 None None] oslo_concurrency.lock_path = /opt/stack/data/glance/locks {{(pid=99458) log_opt_values /opt/stack/data/venv/lib/python3.12/site-packages/oslo_config/cfg.py:3253}}
Jun 25 14:37:49.263751 np0000003608 devstack@g-api.service[99458]: DEBUG glance.common.config [None req-dd8bc0ce-3917-46ae-b8a8-0a56c4da4f03 None None] oslo_middleware.enable_proxy_headers_parsing = False {{(pid=99458) log_opt_values /opt/stack/data/venv/lib/python3.12/site-packages/oslo_config/cfg.py:3253}}
Jun 25 14:37:49.263845 np0000003608 devstack@g-api.service[99458]: DEBUG glance.common.config [None req-dd8bc0ce-3917-46ae-b8a8-0a56c4da4f03 None None] oslo_middleware.http_basic_auth_user_file = /etc/htpasswd {{(pid=99458) log_opt_values /opt/stack/data/venv/lib/python3.12/site-packages/oslo_config/cfg.py:3253}}
Jun 25 14:37:49.263903 np0000003608 devstack@g-api.service[99456]: INFO glance.api.middleware.cache [None req-a03e30df-5eca-4bed-adaf-112ae3a787a2 None None] Initialized image cache middleware
Jun 25 14:37:49.263942 np0000003608 devstack@g-api.service[99458]: DEBUG glance.common.config [None req-dd8bc0ce-3917-46ae-b8a8-0a56c4da4f03 None None] paste_deploy.config_file = None {{(pid=99458) log_opt_values /opt/stack/data/venv/lib/python3.12/site-packages/oslo_config/cfg.py:3253}}
Jun 25 14:37:49.264025 np0000003608 devstack@g-api.service[99458]: DEBUG glance.common.config [None req-dd8bc0ce-3917-46ae-b8a8-0a56c4da4f03 None None] paste_deploy.flavor = keystone+cachemanagement {{(pid=99458) log_opt_values /opt/stack/data/venv/lib/python3.12/site-packages/oslo_config/cfg.py:3253}}
Jun 25 14:37:49.264172 np0000003608 devstack@g-api.service[99458]: DEBUG glance.common.config [None req-dd8bc0ce-3917-46ae-b8a8-0a56c4da4f03 None None] image_format.container_formats = ['ami', 'ari', 'aki', 'bare', 'ovf', 'ova', 'docker', 'compressed'] {{(pid=99458) log_opt_values /opt/stack/data/venv/lib/python3.12/site-packages/oslo_config/cfg.py:3253}}
Jun 25 14:37:49.264305 np0000003608 devstack@g-api.service[99458]: DEBUG glance.common.config [None req-dd8bc0ce-3917-46ae-b8a8-0a56c4da4f03 None None] image_format.disk_formats = ['ami', 'ari', 'aki', 'vhd', 'vhdx', 'vmdk', 'raw', 'qcow2', 'vdi', 'iso', 'ploop'] {{(pid=99458) log_opt_values /opt/stack/data/venv/lib/python3.12/site-packages/oslo_config/cfg.py:3253}}
Jun 25 14:37:49.264397 np0000003608 devstack@g-api.service[99458]: DEBUG glance.common.config [None req-dd8bc0ce-3917-46ae-b8a8-0a56c4da4f03 None None] image_format.gpt_safety_checks_nonfatal = [] {{(pid=99458) log_opt_values /opt/stack/data/venv/lib/python3.12/site-packages/oslo_config/cfg.py:3253}}
Jun 25 14:37:49.264532 np0000003608 devstack@g-api.service[99458]: DEBUG glance.common.config [None req-dd8bc0ce-3917-46ae-b8a8-0a56c4da4f03 None None] image_format.require_image_format_match = True {{(pid=99458) log_opt_values /opt/stack/data/venv/lib/python3.12/site-packages/oslo_config/cfg.py:3253}}
Jun 25 14:37:49.264640 np0000003608 devstack@g-api.service[99458]: DEBUG glance.common.config [None req-dd8bc0ce-3917-46ae-b8a8-0a56c4da4f03 None None] image_format.vmdk_allowed_types = ['streamOptimized', 'monolithicSparse'] {{(pid=99458) log_opt_values /opt/stack/data/venv/lib/python3.12/site-packages/oslo_config/cfg.py:3253}}
Jun 25 14:37:49.264741 np0000003608 devstack@g-api.service[99458]: DEBUG glance.common.config [None req-dd8bc0ce-3917-46ae-b8a8-0a56c4da4f03 None None] task.task_executor = taskflow {{(pid=99458) log_opt_values /opt/stack/data/venv/lib/python3.12/site-packages/oslo_config/cfg.py:3253}}
Jun 25 14:37:49.264834 np0000003608 devstack@g-api.service[99458]: DEBUG glance.common.config [None req-dd8bc0ce-3917-46ae-b8a8-0a56c4da4f03 None None] task.task_time_to_live = 48 {{(pid=99458) log_opt_values /opt/stack/data/venv/lib/python3.12/site-packages/oslo_config/cfg.py:3253}}
Jun 25 14:37:49.264944 np0000003608 devstack@g-api.service[99458]: DEBUG glance.common.config [None req-dd8bc0ce-3917-46ae-b8a8-0a56c4da4f03 None None] task.work_dir = None {{(pid=99458) log_opt_values /opt/stack/data/venv/lib/python3.12/site-packages/oslo_config/cfg.py:3253}}
Jun 25 14:37:49.265056 np0000003608 devstack@g-api.service[99458]: DEBUG glance.common.config [None req-dd8bc0ce-3917-46ae-b8a8-0a56c4da4f03 None None] wsgi.python_interpreter = /opt/stack/data/venv/bin/python3 {{(pid=99458) log_opt_values /opt/stack/data/venv/lib/python3.12/site-packages/oslo_config/cfg.py:3253}}
