Jul 23 08:35:43.460636 np0000005738 systemd[1]: Starting devstack@n-api-meta.service - Devstack devstack@n-api-meta.service...
Jul 23 08:35:43.467830 np0000005738 devstack@n-api-meta.service[96015]: [uWSGI] getting INI configuration from /etc/nova/nova-metadata-uwsgi.ini
Jul 23 08:35:43.471226 np0000005738 devstack@n-api-meta.service[96015]: *** Starting uWSGI 2.0.24-debian (64bit) on [Thu Jul 23 08:35:43 2026] ***
Jul 23 08:35:43.471226 np0000005738 devstack@n-api-meta.service[96015]: compiled with version: 13.2.0 on 17 April 2024 16:23:48
Jul 23 08:35:43.471226 np0000005738 devstack@n-api-meta.service[96015]: os: Linux-6.8.0-100-generic #100-Ubuntu SMP PREEMPT_DYNAMIC Tue Jan 13 16:40:06 UTC 2026
Jul 23 08:35:43.471226 np0000005738 devstack@n-api-meta.service[96015]: nodename: np0000005738
Jul 23 08:35:43.471226 np0000005738 devstack@n-api-meta.service[96015]: machine: x86_64
Jul 23 08:35:43.471226 np0000005738 devstack@n-api-meta.service[96015]: clock source: unix
Jul 23 08:35:43.471226 np0000005738 devstack@n-api-meta.service[96015]: pcre jit disabled
Jul 23 08:35:43.471226 np0000005738 devstack@n-api-meta.service[96015]: detected number of CPU cores: 16
Jul 23 08:35:43.471226 np0000005738 devstack@n-api-meta.service[96015]: current working directory: /
Jul 23 08:35:43.471226 np0000005738 devstack@n-api-meta.service[96015]: detected binary path: /usr/bin/uwsgi-core
Jul 23 08:35:43.471466 np0000005738 devstack@n-api-meta.service[96015]: your processes number limit is 257052
Jul 23 08:35:43.471466 np0000005738 devstack@n-api-meta.service[96015]: your memory page size is 4096 bytes
Jul 23 08:35:43.471466 np0000005738 devstack@n-api-meta.service[96015]: detected max file descriptor number: 2048
Jul 23 08:35:43.471466 np0000005738 devstack@n-api-meta.service[96015]: lock engine: pthread robust mutexes
Jul 23 08:35:43.471538 np0000005738 devstack@n-api-meta.service[96015]: thunder lock: enabled
Jul 23 08:35:43.471817 np0000005738 devstack@n-api-meta.service[96015]: uWSGI http bound on 0.0.0.0:8775 fd 5
Jul 23 08:35:43.471867 np0000005738 devstack@n-api-meta.service[96015]: uwsgi socket 0 bound to TCP address 127.0.0.1:42645 (port auto-assigned) fd 4
Jul 23 08:35:43.471908 np0000005738 devstack@n-api-meta.service[96015]: Python version: 3.12.3 (main, Jun 19 2026, 12:46:00) [GCC 13.3.0]
Jul 23 08:35:43.471908 np0000005738 devstack@n-api-meta.service[96015]: PEP 405 virtualenv detected: /opt/stack/data/venv
Jul 23 08:35:43.471908 np0000005738 devstack@n-api-meta.service[96015]: Set PythonHome to /opt/stack/data/venv
Jul 23 08:35:43.507323 np0000005738 devstack@n-api-meta.service[96015]: Python main interpreter initialized at 0x7003d1ca4668
Jul 23 08:35:43.507323 np0000005738 devstack@n-api-meta.service[96015]: python threads support enabled
Jul 23 08:35:43.507323 np0000005738 devstack@n-api-meta.service[96015]: your server socket listen backlog is limited to 100 connections
Jul 23 08:35:43.507323 np0000005738 devstack@n-api-meta.service[96015]: your mercy for graceful operations on workers is 80 seconds
Jul 23 08:35:43.507848 np0000005738 devstack@n-api-meta.service[96015]: mapped 671795 bytes (656 KB) for 4 cores
Jul 23 08:35:43.508019 np0000005738 devstack@n-api-meta.service[96015]: *** Operational MODE: preforking ***
Jul 23 08:35:43.508233 np0000005738 devstack@n-api-meta.service[96015]: *** uWSGI is running in multiple interpreter mode ***
Jul 23 08:35:43.508233 np0000005738 devstack@n-api-meta.service[96015]: spawned uWSGI master process (pid: 96015)
Jul 23 08:35:43.508428 np0000005738 systemd[1]: Started devstack@n-api-meta.service - Devstack devstack@n-api-meta.service.
Jul 23 08:35:43.508766 np0000005738 devstack@n-api-meta.service[96015]: spawned uWSGI worker 1 (pid: 96016, cores: 1)
Jul 23 08:35:43.509401 np0000005738 devstack@n-api-meta.service[96015]: spawned uWSGI worker 2 (pid: 96017, cores: 1)
Jul 23 08:35:43.509793 np0000005738 devstack@n-api-meta.service[96015]: spawned uWSGI worker 3 (pid: 96018, cores: 1)
Jul 23 08:35:43.510185 np0000005738 devstack@n-api-meta.service[96015]: spawned uWSGI worker 4 (pid: 96019, cores: 1)
Jul 23 08:35:43.510689 np0000005738 devstack@n-api-meta.service[96015]: spawned uWSGI http 1 (pid: 96020)
Jul 23 08:35:43.510689 np0000005738 devstack@n-api-meta.service[96015]: running "unix_signal:15 gracefully_kill_them_all" (master-start)...
Jul 23 08:35:45.125049 np0000005738 devstack@n-api-meta.service[96018]: INFO dbcounter [None req-eab5c99c-a83e-4b33-add3-9203dc24b6f1 None None] Registered counter for database nova_api
Jul 23 08:35:45.136508 np0000005738 devstack@n-api-meta.service[96017]: INFO dbcounter [None req-9cc6b75a-69e5-4ace-b299-743cc00c7776 None None] Registered counter for database nova_api
Jul 23 08:35:45.157340 np0000005738 devstack@n-api-meta.service[96019]: INFO dbcounter [None req-5dbd80d7-b84c-4243-a886-d1e8afe2f45d None None] Registered counter for database nova_api
Jul 23 08:35:45.167663 np0000005738 devstack@n-api-meta.service[96018]: DEBUG oslo_db.sqlalchemy.engines [None req-eab5c99c-a83e-4b33-add3-9203dc24b6f1 None None] MySQL server mode set to STRICT_TRANS_TABLES,STRICT_ALL_TABLES,NO_ZERO_IN_DATE,NO_ZERO_DATE,ERROR_FOR_DIVISION_BY_ZERO,TRADITIONAL,NO_ENGINE_SUBSTITUTION {{(pid=96018) _check_effective_sql_mode /opt/stack/data/venv/lib/python3.12/site-packages/oslo_db/sqlalchemy/engines.py:325}}
Jul 23 08:35:45.181210 np0000005738 devstack@n-api-meta.service[96017]: DEBUG oslo_db.sqlalchemy.engines [None req-9cc6b75a-69e5-4ace-b299-743cc00c7776 None None] MySQL server mode set to STRICT_TRANS_TABLES,STRICT_ALL_TABLES,NO_ZERO_IN_DATE,NO_ZERO_DATE,ERROR_FOR_DIVISION_BY_ZERO,TRADITIONAL,NO_ENGINE_SUBSTITUTION {{(pid=96017) _check_effective_sql_mode /opt/stack/data/venv/lib/python3.12/site-packages/oslo_db/sqlalchemy/engines.py:325}}
Jul 23 08:35:45.194759 np0000005738 devstack@n-api-meta.service[96018]: DEBUG dbcounter [-] [96018] Writer thread running {{(pid=96018) stat_writer /opt/stack/data/venv/lib/python3.12/site-packages/dbcounter.py:102}}
Jul 23 08:35:45.196916 np0000005738 devstack@n-api-meta.service[96018]: DEBUG nova.context [None req-eab5c99c-a83e-4b33-add3-9203dc24b6f1 None None] Found 2 cells: 00000000-0000-0000-0000-000000000000(cell0),34b97716-e086-4407-a28d-5b2c09b8f4e2(cell1) {{(pid=96018) load_cells /opt/stack/nova/nova/context.py:509}}
Jul 23 08:35:45.197187 np0000005738 devstack@n-api-meta.service[96018]: INFO nova.utils [None req-eab5c99c-a83e-4b33-add3-9203dc24b6f1 None None] The cell worker thread pool MainProcess.cell_worker is initialized
Jul 23 08:35:45.198941 np0000005738 devstack@n-api-meta.service[96018]: DEBUG oslo_concurrency.lockutils [None req-eab5c99c-a83e-4b33-add3-9203dc24b6f1 None None] Acquiring lock "00000000-0000-0000-0000-000000000000" by "nova.context.set_target_cell..get_or_set_cached_cell_and_set_connections" {{(pid=96018) inner /opt/stack/data/venv/lib/python3.12/site-packages/oslo_concurrency/lockutils.py:512}}
Jul 23 08:35:45.199171 np0000005738 devstack@n-api-meta.service[96018]: DEBUG oslo_concurrency.lockutils [None req-eab5c99c-a83e-4b33-add3-9203dc24b6f1 None None] Lock "00000000-0000-0000-0000-000000000000" acquired by "nova.context.set_target_cell..get_or_set_cached_cell_and_set_connections" :: waited 0.000s {{(pid=96018) inner /opt/stack/data/venv/lib/python3.12/site-packages/oslo_concurrency/lockutils.py:525}}
Jul 23 08:35:45.199534 np0000005738 devstack@n-api-meta.service[96018]: DEBUG oslo_concurrency.lockutils [None req-eab5c99c-a83e-4b33-add3-9203dc24b6f1 None None] Lock "00000000-0000-0000-0000-000000000000" "released" by "nova.context.set_target_cell..get_or_set_cached_cell_and_set_connections" :: held 0.000s {{(pid=96018) inner /opt/stack/data/venv/lib/python3.12/site-packages/oslo_concurrency/lockutils.py:544}}
Jul 23 08:35:45.200228 np0000005738 devstack@n-api-meta.service[96018]: DEBUG oslo_concurrency.lockutils [None req-eab5c99c-a83e-4b33-add3-9203dc24b6f1 None None] Acquiring lock "34b97716-e086-4407-a28d-5b2c09b8f4e2" by "nova.context.set_target_cell..get_or_set_cached_cell_and_set_connections" {{(pid=96018) inner /opt/stack/data/venv/lib/python3.12/site-packages/oslo_concurrency/lockutils.py:512}}
Jul 23 08:35:45.200423 np0000005738 devstack@n-api-meta.service[96018]: DEBUG oslo_concurrency.lockutils [None req-eab5c99c-a83e-4b33-add3-9203dc24b6f1 None None] Lock "34b97716-e086-4407-a28d-5b2c09b8f4e2" acquired by "nova.context.set_target_cell..get_or_set_cached_cell_and_set_connections" :: waited 0.000s {{(pid=96018) inner /opt/stack/data/venv/lib/python3.12/site-packages/oslo_concurrency/lockutils.py:525}}
Jul 23 08:35:45.201211 np0000005738 devstack@n-api-meta.service[96018]: DEBUG oslo_concurrency.lockutils [None req-eab5c99c-a83e-4b33-add3-9203dc24b6f1 None None] Lock "34b97716-e086-4407-a28d-5b2c09b8f4e2" "released" by "nova.context.set_target_cell..get_or_set_cached_cell_and_set_connections" :: held 0.001s {{(pid=96018) inner /opt/stack/data/venv/lib/python3.12/site-packages/oslo_concurrency/lockutils.py:544}}
Jul 23 08:35:45.202941 np0000005738 devstack@n-api-meta.service[96018]: INFO dbcounter [None req-eab5c99c-a83e-4b33-add3-9203dc24b6f1 None None] Registered counter for database nova_cell0
Jul 23 08:35:45.205562 np0000005738 devstack@n-api-meta.service[96018]: INFO dbcounter [None req-eab5c99c-a83e-4b33-add3-9203dc24b6f1 None None] Registered counter for database nova_cell1
Jul 23 08:35:45.207067 np0000005738 devstack@n-api-meta.service[96019]: DEBUG oslo_db.sqlalchemy.engines [None req-5dbd80d7-b84c-4243-a886-d1e8afe2f45d None None] MySQL server mode set to STRICT_TRANS_TABLES,STRICT_ALL_TABLES,NO_ZERO_IN_DATE,NO_ZERO_DATE,ERROR_FOR_DIVISION_BY_ZERO,TRADITIONAL,NO_ENGINE_SUBSTITUTION {{(pid=96019) _check_effective_sql_mode /opt/stack/data/venv/lib/python3.12/site-packages/oslo_db/sqlalchemy/engines.py:325}}
Jul 23 08:35:45.211640 np0000005738 devstack@n-api-meta.service[96017]: DEBUG dbcounter [-] [96017] Writer thread running {{(pid=96017) stat_writer /opt/stack/data/venv/lib/python3.12/site-packages/dbcounter.py:102}}
Jul 23 08:35:45.214008 np0000005738 devstack@n-api-meta.service[96017]: DEBUG nova.context [None req-9cc6b75a-69e5-4ace-b299-743cc00c7776 None None] Found 2 cells: 00000000-0000-0000-0000-000000000000(cell0),34b97716-e086-4407-a28d-5b2c09b8f4e2(cell1) {{(pid=96017) load_cells /opt/stack/nova/nova/context.py:509}}
Jul 23 08:35:45.214258 np0000005738 devstack@n-api-meta.service[96017]: INFO nova.utils [None req-9cc6b75a-69e5-4ace-b299-743cc00c7776 None None] The cell worker thread pool MainProcess.cell_worker is initialized
Jul 23 08:35:45.216289 np0000005738 devstack@n-api-meta.service[96017]: DEBUG oslo_concurrency.lockutils [None req-9cc6b75a-69e5-4ace-b299-743cc00c7776 None None] Acquiring lock "00000000-0000-0000-0000-000000000000" by "nova.context.set_target_cell..get_or_set_cached_cell_and_set_connections" {{(pid=96017) inner /opt/stack/data/venv/lib/python3.12/site-packages/oslo_concurrency/lockutils.py:512}}
Jul 23 08:35:45.216289 np0000005738 devstack@n-api-meta.service[96017]: DEBUG oslo_concurrency.lockutils [None req-9cc6b75a-69e5-4ace-b299-743cc00c7776 None None] Lock "00000000-0000-0000-0000-000000000000" acquired by "nova.context.set_target_cell..get_or_set_cached_cell_and_set_connections" :: waited 0.000s {{(pid=96017) inner /opt/stack/data/venv/lib/python3.12/site-packages/oslo_concurrency/lockutils.py:525}}
Jul 23 08:35:45.216489 np0000005738 devstack@n-api-meta.service[96017]: DEBUG oslo_concurrency.lockutils [None req-9cc6b75a-69e5-4ace-b299-743cc00c7776 None None] Lock "00000000-0000-0000-0000-000000000000" "released" by "nova.context.set_target_cell..get_or_set_cached_cell_and_set_connections" :: held 0.000s {{(pid=96017) inner /opt/stack/data/venv/lib/python3.12/site-packages/oslo_concurrency/lockutils.py:544}}
Jul 23 08:35:45.216920 np0000005738 devstack@n-api-meta.service[96016]: INFO dbcounter [None req-aefc0288-1871-4efa-8e2e-2321bca8bb88 None None] Registered counter for database nova_api
Jul 23 08:35:45.217146 np0000005738 devstack@n-api-meta.service[96017]: DEBUG oslo_concurrency.lockutils [None req-9cc6b75a-69e5-4ace-b299-743cc00c7776 None None] Acquiring lock "34b97716-e086-4407-a28d-5b2c09b8f4e2" by "nova.context.set_target_cell..get_or_set_cached_cell_and_set_connections" {{(pid=96017) inner /opt/stack/data/venv/lib/python3.12/site-packages/oslo_concurrency/lockutils.py:512}}
Jul 23 08:35:45.217254 np0000005738 devstack@n-api-meta.service[96017]: DEBUG oslo_concurrency.lockutils [None req-9cc6b75a-69e5-4ace-b299-743cc00c7776 None None] Lock "34b97716-e086-4407-a28d-5b2c09b8f4e2" acquired by "nova.context.set_target_cell..get_or_set_cached_cell_and_set_connections" :: waited 0.000s {{(pid=96017) inner /opt/stack/data/venv/lib/python3.12/site-packages/oslo_concurrency/lockutils.py:525}}
Jul 23 08:35:45.218056 np0000005738 devstack@n-api-meta.service[96017]: DEBUG oslo_concurrency.lockutils [None req-9cc6b75a-69e5-4ace-b299-743cc00c7776 None None] Lock "34b97716-e086-4407-a28d-5b2c09b8f4e2" "released" by "nova.context.set_target_cell..get_or_set_cached_cell_and_set_connections" :: held 0.001s {{(pid=96017) inner /opt/stack/data/venv/lib/python3.12/site-packages/oslo_concurrency/lockutils.py:544}}
Jul 23 08:35:45.219706 np0000005738 devstack@n-api-meta.service[96017]: INFO dbcounter [None req-9cc6b75a-69e5-4ace-b299-743cc00c7776 None None] Registered counter for database nova_cell0
Jul 23 08:35:45.222037 np0000005738 devstack@n-api-meta.service[96017]: INFO dbcounter [None req-9cc6b75a-69e5-4ace-b299-743cc00c7776 None None] Registered counter for database nova_cell1
Jul 23 08:35:45.241162 np0000005738 devstack@n-api-meta.service[96019]: DEBUG dbcounter [-] [96019] Writer thread running {{(pid=96019) stat_writer /opt/stack/data/venv/lib/python3.12/site-packages/dbcounter.py:102}}
Jul 23 08:35:45.243887 np0000005738 devstack@n-api-meta.service[96019]: DEBUG nova.context [None req-5dbd80d7-b84c-4243-a886-d1e8afe2f45d None None] Found 2 cells: 00000000-0000-0000-0000-000000000000(cell0),34b97716-e086-4407-a28d-5b2c09b8f4e2(cell1) {{(pid=96019) load_cells /opt/stack/nova/nova/context.py:509}}
Jul 23 08:35:45.244118 np0000005738 devstack@n-api-meta.service[96019]: INFO nova.utils [None req-5dbd80d7-b84c-4243-a886-d1e8afe2f45d None None] The cell worker thread pool MainProcess.cell_worker is initialized
Jul 23 08:35:45.245837 np0000005738 devstack@n-api-meta.service[96019]: DEBUG oslo_concurrency.lockutils [None req-5dbd80d7-b84c-4243-a886-d1e8afe2f45d None None] Acquiring lock "00000000-0000-0000-0000-000000000000" by "nova.context.set_target_cell..get_or_set_cached_cell_and_set_connections" {{(pid=96019) inner /opt/stack/data/venv/lib/python3.12/site-packages/oslo_concurrency/lockutils.py:512}}
Jul 23 08:35:45.245990 np0000005738 devstack@n-api-meta.service[96019]: DEBUG oslo_concurrency.lockutils [None req-5dbd80d7-b84c-4243-a886-d1e8afe2f45d None None] Lock "00000000-0000-0000-0000-000000000000" acquired by "nova.context.set_target_cell..get_or_set_cached_cell_and_set_connections" :: waited 0.000s {{(pid=96019) inner /opt/stack/data/venv/lib/python3.12/site-packages/oslo_concurrency/lockutils.py:525}}
Jul 23 08:35:45.246493 np0000005738 devstack@n-api-meta.service[96019]: DEBUG oslo_concurrency.lockutils [None req-5dbd80d7-b84c-4243-a886-d1e8afe2f45d None None] Lock "00000000-0000-0000-0000-000000000000" "released" by "nova.context.set_target_cell..get_or_set_cached_cell_and_set_connections" :: held 0.000s {{(pid=96019) inner /opt/stack/data/venv/lib/python3.12/site-packages/oslo_concurrency/lockutils.py:544}}
Jul 23 08:35:45.247187 np0000005738 devstack@n-api-meta.service[96019]: DEBUG oslo_concurrency.lockutils [None req-5dbd80d7-b84c-4243-a886-d1e8afe2f45d None None] Acquiring lock "34b97716-e086-4407-a28d-5b2c09b8f4e2" by "nova.context.set_target_cell..get_or_set_cached_cell_and_set_connections" {{(pid=96019) inner /opt/stack/data/venv/lib/python3.12/site-packages/oslo_concurrency/lockutils.py:512}}
Jul 23 08:35:45.247465 np0000005738 devstack@n-api-meta.service[96019]: DEBUG oslo_concurrency.lockutils [None req-5dbd80d7-b84c-4243-a886-d1e8afe2f45d None None] Lock "34b97716-e086-4407-a28d-5b2c09b8f4e2" acquired by "nova.context.set_target_cell..get_or_set_cached_cell_and_set_connections" :: waited 0.000s {{(pid=96019) inner /opt/stack/data/venv/lib/python3.12/site-packages/oslo_concurrency/lockutils.py:525}}
Jul 23 08:35:45.248245 np0000005738 devstack@n-api-meta.service[96019]: DEBUG oslo_concurrency.lockutils [None req-5dbd80d7-b84c-4243-a886-d1e8afe2f45d None None] Lock "34b97716-e086-4407-a28d-5b2c09b8f4e2" "released" by "nova.context.set_target_cell..get_or_set_cached_cell_and_set_connections" :: held 0.001s {{(pid=96019) inner /opt/stack/data/venv/lib/python3.12/site-packages/oslo_concurrency/lockutils.py:544}}
Jul 23 08:35:45.250347 np0000005738 devstack@n-api-meta.service[96019]: INFO dbcounter [None req-5dbd80d7-b84c-4243-a886-d1e8afe2f45d None None] Registered counter for database nova_cell0
Jul 23 08:35:45.253611 np0000005738 devstack@n-api-meta.service[96019]: INFO dbcounter [None req-5dbd80d7-b84c-4243-a886-d1e8afe2f45d None None] Registered counter for database nova_cell1
Jul 23 08:35:45.261321 np0000005738 devstack@n-api-meta.service[96018]: DEBUG oslo_db.sqlalchemy.engines [None req-eab5c99c-a83e-4b33-add3-9203dc24b6f1 None None] MySQL server mode set to STRICT_TRANS_TABLES,STRICT_ALL_TABLES,NO_ZERO_IN_DATE,NO_ZERO_DATE,ERROR_FOR_DIVISION_BY_ZERO,TRADITIONAL,NO_ENGINE_SUBSTITUTION {{(pid=96018) _check_effective_sql_mode /opt/stack/data/venv/lib/python3.12/site-packages/oslo_db/sqlalchemy/engines.py:325}}
Jul 23 08:35:45.266457 np0000005738 devstack@n-api-meta.service[96016]: DEBUG oslo_db.sqlalchemy.engines [None req-aefc0288-1871-4efa-8e2e-2321bca8bb88 None None] MySQL server mode set to STRICT_TRANS_TABLES,STRICT_ALL_TABLES,NO_ZERO_IN_DATE,NO_ZERO_DATE,ERROR_FOR_DIVISION_BY_ZERO,TRADITIONAL,NO_ENGINE_SUBSTITUTION {{(pid=96016) _check_effective_sql_mode /opt/stack/data/venv/lib/python3.12/site-packages/oslo_db/sqlalchemy/engines.py:325}}
Jul 23 08:35:45.279327 np0000005738 devstack@n-api-meta.service[96017]: DEBUG oslo_db.sqlalchemy.engines [None req-9cc6b75a-69e5-4ace-b299-743cc00c7776 None None] MySQL server mode set to STRICT_TRANS_TABLES,STRICT_ALL_TABLES,NO_ZERO_IN_DATE,NO_ZERO_DATE,ERROR_FOR_DIVISION_BY_ZERO,TRADITIONAL,NO_ENGINE_SUBSTITUTION {{(pid=96017) _check_effective_sql_mode /opt/stack/data/venv/lib/python3.12/site-packages/oslo_db/sqlalchemy/engines.py:325}}
Jul 23 08:35:45.280229 np0000005738 devstack@n-api-meta.service[96018]: DEBUG oslo_db.sqlalchemy.engines [None req-eab5c99c-a83e-4b33-add3-9203dc24b6f1 None None] MySQL server mode set to STRICT_TRANS_TABLES,STRICT_ALL_TABLES,NO_ZERO_IN_DATE,NO_ZERO_DATE,ERROR_FOR_DIVISION_BY_ZERO,TRADITIONAL,NO_ENGINE_SUBSTITUTION {{(pid=96018) _check_effective_sql_mode /opt/stack/data/venv/lib/python3.12/site-packages/oslo_db/sqlalchemy/engines.py:325}}
Jul 23 08:35:45.291838 np0000005738 devstack@n-api-meta.service[96017]: DEBUG oslo_db.sqlalchemy.engines [None req-9cc6b75a-69e5-4ace-b299-743cc00c7776 None None] MySQL server mode set to STRICT_TRANS_TABLES,STRICT_ALL_TABLES,NO_ZERO_IN_DATE,NO_ZERO_DATE,ERROR_FOR_DIVISION_BY_ZERO,TRADITIONAL,NO_ENGINE_SUBSTITUTION {{(pid=96017) _check_effective_sql_mode /opt/stack/data/venv/lib/python3.12/site-packages/oslo_db/sqlalchemy/engines.py:325}}
Jul 23 08:35:45.303789 np0000005738 devstack@n-api-meta.service[96016]: DEBUG dbcounter [-] [96016] Writer thread running {{(pid=96016) stat_writer /opt/stack/data/venv/lib/python3.12/site-packages/dbcounter.py:102}}
Jul 23 08:35:45.307668 np0000005738 devstack@n-api-meta.service[96016]: DEBUG nova.context [None req-aefc0288-1871-4efa-8e2e-2321bca8bb88 None None] Found 2 cells: 00000000-0000-0000-0000-000000000000(cell0),34b97716-e086-4407-a28d-5b2c09b8f4e2(cell1) {{(pid=96016) load_cells /opt/stack/nova/nova/context.py:509}}
Jul 23 08:35:45.308052 np0000005738 devstack@n-api-meta.service[96016]: INFO nova.utils [None req-aefc0288-1871-4efa-8e2e-2321bca8bb88 None None] The cell worker thread pool MainProcess.cell_worker is initialized
Jul 23 08:35:45.310636 np0000005738 devstack@n-api-meta.service[96016]: DEBUG oslo_concurrency.lockutils [None req-aefc0288-1871-4efa-8e2e-2321bca8bb88 None None] Acquiring lock "00000000-0000-0000-0000-000000000000" by "nova.context.set_target_cell..get_or_set_cached_cell_and_set_connections" {{(pid=96016) inner /opt/stack/data/venv/lib/python3.12/site-packages/oslo_concurrency/lockutils.py:512}}
Jul 23 08:35:45.310868 np0000005738 devstack@n-api-meta.service[96016]: DEBUG oslo_concurrency.lockutils [None req-aefc0288-1871-4efa-8e2e-2321bca8bb88 None None] Lock "00000000-0000-0000-0000-000000000000" acquired by "nova.context.set_target_cell..get_or_set_cached_cell_and_set_connections" :: waited 0.000s {{(pid=96016) inner /opt/stack/data/venv/lib/python3.12/site-packages/oslo_concurrency/lockutils.py:525}}
Jul 23 08:35:45.311472 np0000005738 devstack@n-api-meta.service[96016]: DEBUG oslo_concurrency.lockutils [None req-aefc0288-1871-4efa-8e2e-2321bca8bb88 None None] Lock "00000000-0000-0000-0000-000000000000" "released" by "nova.context.set_target_cell..get_or_set_cached_cell_and_set_connections" :: held 0.001s {{(pid=96016) inner /opt/stack/data/venv/lib/python3.12/site-packages/oslo_concurrency/lockutils.py:544}}
Jul 23 08:35:45.312054 np0000005738 devstack@n-api-meta.service[96019]: DEBUG oslo_db.sqlalchemy.engines [None req-5dbd80d7-b84c-4243-a886-d1e8afe2f45d None None] MySQL server mode set to STRICT_TRANS_TABLES,STRICT_ALL_TABLES,NO_ZERO_IN_DATE,NO_ZERO_DATE,ERROR_FOR_DIVISION_BY_ZERO,TRADITIONAL,NO_ENGINE_SUBSTITUTION {{(pid=96019) _check_effective_sql_mode /opt/stack/data/venv/lib/python3.12/site-packages/oslo_db/sqlalchemy/engines.py:325}}
Jul 23 08:35:45.312462 np0000005738 devstack@n-api-meta.service[96016]: DEBUG oslo_concurrency.lockutils [None req-aefc0288-1871-4efa-8e2e-2321bca8bb88 None None] Acquiring lock "34b97716-e086-4407-a28d-5b2c09b8f4e2" by "nova.context.set_target_cell..get_or_set_cached_cell_and_set_connections" {{(pid=96016) inner /opt/stack/data/venv/lib/python3.12/site-packages/oslo_concurrency/lockutils.py:512}}
Jul 23 08:35:45.313866 np0000005738 devstack@n-api-meta.service[96016]: INFO dbcounter [None req-aefc0288-1871-4efa-8e2e-2321bca8bb88 None None] Registered counter for database nova_cell0
Jul 23 08:35:45.314925 np0000005738 devstack@n-api-meta.service[96016]: DEBUG oslo_concurrency.lockutils [None req-aefc0288-1871-4efa-8e2e-2321bca8bb88 None None] Lock "34b97716-e086-4407-a28d-5b2c09b8f4e2" acquired by "nova.context.set_target_cell..get_or_set_cached_cell_and_set_connections" :: waited 0.001s {{(pid=96016) inner /opt/stack/data/venv/lib/python3.12/site-packages/oslo_concurrency/lockutils.py:525}}
Jul 23 08:35:45.316123 np0000005738 devstack@n-api-meta.service[96016]: DEBUG oslo_concurrency.lockutils [None req-aefc0288-1871-4efa-8e2e-2321bca8bb88 None None] Lock "34b97716-e086-4407-a28d-5b2c09b8f4e2" "released" by "nova.context.set_target_cell..get_or_set_cached_cell_and_set_connections" :: held 0.002s {{(pid=96016) inner /opt/stack/data/venv/lib/python3.12/site-packages/oslo_concurrency/lockutils.py:544}}
Jul 23 08:35:45.317907 np0000005738 devstack@n-api-meta.service[96016]: INFO dbcounter [None req-aefc0288-1871-4efa-8e2e-2321bca8bb88 None None] Registered counter for database nova_cell1
Jul 23 08:35:45.321669 np0000005738 devstack@n-api-meta.service[96019]: DEBUG oslo_db.sqlalchemy.engines [None req-5dbd80d7-b84c-4243-a886-d1e8afe2f45d None None] MySQL server mode set to STRICT_TRANS_TABLES,STRICT_ALL_TABLES,NO_ZERO_IN_DATE,NO_ZERO_DATE,ERROR_FOR_DIVISION_BY_ZERO,TRADITIONAL,NO_ENGINE_SUBSTITUTION {{(pid=96019) _check_effective_sql_mode /opt/stack/data/venv/lib/python3.12/site-packages/oslo_db/sqlalchemy/engines.py:325}}
Jul 23 08:35:45.358688 np0000005738 devstack@n-api-meta.service[96018]: DEBUG dbcounter [-] [96018] Writer thread running {{(pid=96018) stat_writer /opt/stack/data/venv/lib/python3.12/site-packages/dbcounter.py:102}}
Jul 23 08:35:45.364067 np0000005738 devstack@n-api-meta.service[96018]: DEBUG dbcounter [-] [96018] Writer thread running {{(pid=96018) stat_writer /opt/stack/data/venv/lib/python3.12/site-packages/dbcounter.py:102}}
Jul 23 08:35:45.367955 np0000005738 devstack@n-api-meta.service[96016]: DEBUG oslo_db.sqlalchemy.engines [None req-aefc0288-1871-4efa-8e2e-2321bca8bb88 None None] MySQL server mode set to STRICT_TRANS_TABLES,STRICT_ALL_TABLES,NO_ZERO_IN_DATE,NO_ZERO_DATE,ERROR_FOR_DIVISION_BY_ZERO,TRADITIONAL,NO_ENGINE_SUBSTITUTION {{(pid=96016) _check_effective_sql_mode /opt/stack/data/venv/lib/python3.12/site-packages/oslo_db/sqlalchemy/engines.py:325}}
Jul 23 08:35:45.368456 np0000005738 devstack@n-api-meta.service[96018]: INFO dbcounter [None req-eab5c99c-a83e-4b33-add3-9203dc24b6f1 None None] Registered counter for database nova_cell0
Jul 23 08:35:45.370926 np0000005738 devstack@n-api-meta.service[96016]: DEBUG oslo_db.sqlalchemy.engines [None req-aefc0288-1871-4efa-8e2e-2321bca8bb88 None None] MySQL server mode set to STRICT_TRANS_TABLES,STRICT_ALL_TABLES,NO_ZERO_IN_DATE,NO_ZERO_DATE,ERROR_FOR_DIVISION_BY_ZERO,TRADITIONAL,NO_ENGINE_SUBSTITUTION {{(pid=96016) _check_effective_sql_mode /opt/stack/data/venv/lib/python3.12/site-packages/oslo_db/sqlalchemy/engines.py:325}}
Jul 23 08:35:45.373884 np0000005738 devstack@n-api-meta.service[96017]: DEBUG dbcounter [-] [96017] Writer thread running {{(pid=96017) stat_writer /opt/stack/data/venv/lib/python3.12/site-packages/dbcounter.py:102}}
Jul 23 08:35:45.379461 np0000005738 devstack@n-api-meta.service[96017]: DEBUG dbcounter [-] [96017] Writer thread running {{(pid=96017) stat_writer /opt/stack/data/venv/lib/python3.12/site-packages/dbcounter.py:102}}
Jul 23 08:35:45.382243 np0000005738 devstack@n-api-meta.service[96017]: INFO dbcounter [None req-9cc6b75a-69e5-4ace-b299-743cc00c7776 None None] Registered counter for database nova_cell0
Jul 23 08:35:45.403536 np0000005738 devstack@n-api-meta.service[96019]: DEBUG dbcounter [-] [96019] Writer thread running {{(pid=96019) stat_writer /opt/stack/data/venv/lib/python3.12/site-packages/dbcounter.py:102}}
Jul 23 08:35:45.408321 np0000005738 devstack@n-api-meta.service[96018]: DEBUG oslo_db.sqlalchemy.engines [None req-eab5c99c-a83e-4b33-add3-9203dc24b6f1 None None] MySQL server mode set to STRICT_TRANS_TABLES,STRICT_ALL_TABLES,NO_ZERO_IN_DATE,NO_ZERO_DATE,ERROR_FOR_DIVISION_BY_ZERO,TRADITIONAL,NO_ENGINE_SUBSTITUTION {{(pid=96018) _check_effective_sql_mode /opt/stack/data/venv/lib/python3.12/site-packages/oslo_db/sqlalchemy/engines.py:325}}
Jul 23 08:35:45.408592 np0000005738 devstack@n-api-meta.service[96019]: DEBUG dbcounter [-] [96019] Writer thread running {{(pid=96019) stat_writer /opt/stack/data/venv/lib/python3.12/site-packages/dbcounter.py:102}}
Jul 23 08:35:45.413154 np0000005738 devstack@n-api-meta.service[96019]: INFO dbcounter [None req-5dbd80d7-b84c-4243-a886-d1e8afe2f45d None None] Registered counter for database nova_cell0
Jul 23 08:35:45.413469 np0000005738 devstack@n-api-meta.service[96018]: DEBUG dbcounter [-] [96018] Writer thread running {{(pid=96018) stat_writer /opt/stack/data/venv/lib/python3.12/site-packages/dbcounter.py:102}}
Jul 23 08:35:45.433140 np0000005738 devstack@n-api-meta.service[96017]: DEBUG oslo_db.sqlalchemy.engines [None req-9cc6b75a-69e5-4ace-b299-743cc00c7776 None None] MySQL server mode set to STRICT_TRANS_TABLES,STRICT_ALL_TABLES,NO_ZERO_IN_DATE,NO_ZERO_DATE,ERROR_FOR_DIVISION_BY_ZERO,TRADITIONAL,NO_ENGINE_SUBSTITUTION {{(pid=96017) _check_effective_sql_mode /opt/stack/data/venv/lib/python3.12/site-packages/oslo_db/sqlalchemy/engines.py:325}}
Jul 23 08:35:45.440603 np0000005738 devstack@n-api-meta.service[96017]: DEBUG dbcounter [-] [96017] Writer thread running {{(pid=96017) stat_writer /opt/stack/data/venv/lib/python3.12/site-packages/dbcounter.py:102}}
Jul 23 08:35:45.451276 np0000005738 devstack@n-api-meta.service[96018]: WARNING nova.api.metadata.handler [None req-eab5c99c-a83e-4b33-add3-9203dc24b6f1 None None] metadata_proxy_shared_secret is not configured, the metadata information returned by the proxy cannot be trusted
Jul 23 08:35:45.452242 np0000005738 devstack@n-api-meta.service[96019]: DEBUG oslo_db.sqlalchemy.engines [None req-5dbd80d7-b84c-4243-a886-d1e8afe2f45d None None] MySQL server mode set to STRICT_TRANS_TABLES,STRICT_ALL_TABLES,NO_ZERO_IN_DATE,NO_ZERO_DATE,ERROR_FOR_DIVISION_BY_ZERO,TRADITIONAL,NO_ENGINE_SUBSTITUTION {{(pid=96019) _check_effective_sql_mode /opt/stack/data/venv/lib/python3.12/site-packages/oslo_db/sqlalchemy/engines.py:325}}
Jul 23 08:35:45.454628 np0000005738 devstack@n-api-meta.service[96018]: DEBUG nova.api.openstack.wsgi_app [None req-eab5c99c-a83e-4b33-add3-9203dc24b6f1 None None] ******************************************************************************** {{(pid=96018) log_opt_values /opt/stack/data/venv/lib/python3.12/site-packages/oslo_config/cfg.py:3226}}
Jul 23 08:35:45.454764 np0000005738 devstack@n-api-meta.service[96016]: DEBUG dbcounter [-] [96016] Writer thread running {{(pid=96016) stat_writer /opt/stack/data/venv/lib/python3.12/site-packages/dbcounter.py:102}}
Jul 23 08:35:45.454816 np0000005738 devstack@n-api-meta.service[96018]: DEBUG nova.api.openstack.wsgi_app [None req-eab5c99c-a83e-4b33-add3-9203dc24b6f1 None None] Configuration options gathered from: {{(pid=96018) log_opt_values /opt/stack/data/venv/lib/python3.12/site-packages/oslo_config/cfg.py:3227}}
Jul 23 08:35:45.454893 np0000005738 devstack@n-api-meta.service[96018]: DEBUG nova.api.openstack.wsgi_app [None req-eab5c99c-a83e-4b33-add3-9203dc24b6f1 None None] command line args: [] {{(pid=96018) log_opt_values /opt/stack/data/venv/lib/python3.12/site-packages/oslo_config/cfg.py:3228}}
Jul 23 08:35:45.455092 np0000005738 devstack@n-api-meta.service[96018]: DEBUG nova.api.openstack.wsgi_app [None req-eab5c99c-a83e-4b33-add3-9203dc24b6f1 None None] config files: ['/etc/nova/api-paste.ini', '/etc/nova/nova.conf'] {{(pid=96018) log_opt_values /opt/stack/data/venv/lib/python3.12/site-packages/oslo_config/cfg.py:3229}}
Jul 23 08:35:45.455268 np0000005738 devstack@n-api-meta.service[96018]: DEBUG nova.api.openstack.wsgi_app [None req-eab5c99c-a83e-4b33-add3-9203dc24b6f1 None None] ================================================================================ {{(pid=96018) log_opt_values /opt/stack/data/venv/lib/python3.12/site-packages/oslo_config/cfg.py:3234}}
Jul 23 08:35:45.455508 np0000005738 devstack@n-api-meta.service[96018]: DEBUG nova.api.openstack.wsgi_app [None req-eab5c99c-a83e-4b33-add3-9203dc24b6f1 None None] allow_resize_to_same_host = True {{(pid=96018) log_opt_values /opt/stack/data/venv/lib/python3.12/site-packages/oslo_config/cfg.py:3242}}
Jul 23 08:35:45.455678 np0000005738 devstack@n-api-meta.service[96018]: DEBUG nova.api.openstack.wsgi_app [None req-eab5c99c-a83e-4b33-add3-9203dc24b6f1 None None] arq_binding_timeout = 300 {{(pid=96018) log_opt_values /opt/stack/data/venv/lib/python3.12/site-packages/oslo_config/cfg.py:3242}}
Jul 23 08:35:45.455857 np0000005738 devstack@n-api-meta.service[96018]: DEBUG nova.api.openstack.wsgi_app [None req-eab5c99c-a83e-4b33-add3-9203dc24b6f1 None None] block_device_allocate_retries = 60 {{(pid=96018) log_opt_values /opt/stack/data/venv/lib/python3.12/site-packages/oslo_config/cfg.py:3242}}
Jul 23 08:35:45.456034 np0000005738 devstack@n-api-meta.service[96018]: DEBUG nova.api.openstack.wsgi_app [None req-eab5c99c-a83e-4b33-add3-9203dc24b6f1 None None] block_device_allocate_retries_interval = 3 {{(pid=96018) log_opt_values /opt/stack/data/venv/lib/python3.12/site-packages/oslo_config/cfg.py:3242}}
Jul 23 08:35:45.456219 np0000005738 devstack@n-api-meta.service[96018]: DEBUG nova.api.openstack.wsgi_app [None req-eab5c99c-a83e-4b33-add3-9203dc24b6f1 None None] cell_worker_thread_pool_size = 5 {{(pid=96018) log_opt_values /opt/stack/data/venv/lib/python3.12/site-packages/oslo_config/cfg.py:3242}}
Jul 23 08:35:45.456429 np0000005738 devstack@n-api-meta.service[96018]: DEBUG nova.api.openstack.wsgi_app [None req-eab5c99c-a83e-4b33-add3-9203dc24b6f1 None None] cert = self.pem {{(pid=96018) log_opt_values /opt/stack/data/venv/lib/python3.12/site-packages/oslo_config/cfg.py:3242}}
Jul 23 08:35:45.456618 np0000005738 devstack@n-api-meta.service[96018]: DEBUG nova.api.openstack.wsgi_app [None req-eab5c99c-a83e-4b33-add3-9203dc24b6f1 None None] compute_driver = libvirt.LibvirtDriver {{(pid=96018) log_opt_values /opt/stack/data/venv/lib/python3.12/site-packages/oslo_config/cfg.py:3242}}
Jul 23 08:35:45.456799 np0000005738 devstack@n-api-meta.service[96018]: DEBUG nova.api.openstack.wsgi_app [None req-eab5c99c-a83e-4b33-add3-9203dc24b6f1 None None] compute_monitors = [] {{(pid=96018) log_opt_values /opt/stack/data/venv/lib/python3.12/site-packages/oslo_config/cfg.py:3242}}
Jul 23 08:35:45.456981 np0000005738 devstack@n-api-meta.service[96018]: DEBUG nova.api.openstack.wsgi_app [None req-eab5c99c-a83e-4b33-add3-9203dc24b6f1 None None] concurrency_backend = auto {{(pid=96018) log_opt_values /opt/stack/data/venv/lib/python3.12/site-packages/oslo_config/cfg.py:3242}}
Jul 23 08:35:45.457178 np0000005738 devstack@n-api-meta.service[96018]: DEBUG nova.api.openstack.wsgi_app [None req-eab5c99c-a83e-4b33-add3-9203dc24b6f1 None None] config_dir = [] {{(pid=96018) log_opt_values /opt/stack/data/venv/lib/python3.12/site-packages/oslo_config/cfg.py:3242}}
Jul 23 08:35:45.457449 np0000005738 devstack@n-api-meta.service[96018]: DEBUG nova.api.openstack.wsgi_app [None req-eab5c99c-a83e-4b33-add3-9203dc24b6f1 None None] config_drive_format = iso9660 {{(pid=96018) log_opt_values /opt/stack/data/venv/lib/python3.12/site-packages/oslo_config/cfg.py:3242}}
Jul 23 08:35:45.457602 np0000005738 devstack@n-api-meta.service[96018]: DEBUG nova.api.openstack.wsgi_app [None req-eab5c99c-a83e-4b33-add3-9203dc24b6f1 None None] config_file = ['/etc/nova/api-paste.ini', '/etc/nova/nova.conf'] {{(pid=96018) log_opt_values /opt/stack/data/venv/lib/python3.12/site-packages/oslo_config/cfg.py:3242}}
Jul 23 08:35:45.457779 np0000005738 devstack@n-api-meta.service[96018]: DEBUG nova.api.openstack.wsgi_app [None req-eab5c99c-a83e-4b33-add3-9203dc24b6f1 None None] config_source = [] {{(pid=96018) log_opt_values /opt/stack/data/venv/lib/python3.12/site-packages/oslo_config/cfg.py:3242}}
Jul 23 08:35:45.457969 np0000005738 devstack@n-api-meta.service[96018]: DEBUG nova.api.openstack.wsgi_app [None req-eab5c99c-a83e-4b33-add3-9203dc24b6f1 None None] console_host = np0000005738 {{(pid=96018) log_opt_values /opt/stack/data/venv/lib/python3.12/site-packages/oslo_config/cfg.py:3242}}
Jul 23 08:35:45.458173 np0000005738 devstack@n-api-meta.service[96018]: DEBUG nova.api.openstack.wsgi_app [None req-eab5c99c-a83e-4b33-add3-9203dc24b6f1 None None] control_exchange = nova {{(pid=96018) log_opt_values /opt/stack/data/venv/lib/python3.12/site-packages/oslo_config/cfg.py:3242}}
Jul 23 08:35:45.458372 np0000005738 devstack@n-api-meta.service[96018]: DEBUG nova.api.openstack.wsgi_app [None req-eab5c99c-a83e-4b33-add3-9203dc24b6f1 None None] cpu_allocation_ratio = None {{(pid=96018) log_opt_values /opt/stack/data/venv/lib/python3.12/site-packages/oslo_config/cfg.py:3242}}
Jul 23 08:35:45.458552 np0000005738 devstack@n-api-meta.service[96018]: DEBUG nova.api.openstack.wsgi_app [None req-eab5c99c-a83e-4b33-add3-9203dc24b6f1 None None] daemon = False {{(pid=96018) log_opt_values /opt/stack/data/venv/lib/python3.12/site-packages/oslo_config/cfg.py:3242}}
Jul 23 08:35:45.458739 np0000005738 devstack@n-api-meta.service[96018]: DEBUG nova.api.openstack.wsgi_app [None req-eab5c99c-a83e-4b33-add3-9203dc24b6f1 None None] debug = True {{(pid=96018) log_opt_values /opt/stack/data/venv/lib/python3.12/site-packages/oslo_config/cfg.py:3242}}
Jul 23 08:35:45.458909 np0000005738 devstack@n-api-meta.service[96018]: DEBUG nova.api.openstack.wsgi_app [None req-eab5c99c-a83e-4b33-add3-9203dc24b6f1 None None] default_access_ip_network_name = None {{(pid=96018) log_opt_values /opt/stack/data/venv/lib/python3.12/site-packages/oslo_config/cfg.py:3242}}
Jul 23 08:35:45.459094 np0000005738 devstack@n-api-meta.service[96018]: DEBUG nova.api.openstack.wsgi_app [None req-eab5c99c-a83e-4b33-add3-9203dc24b6f1 None None] default_availability_zone = nova {{(pid=96018) log_opt_values /opt/stack/data/venv/lib/python3.12/site-packages/oslo_config/cfg.py:3242}}
Jul 23 08:35:45.459285 np0000005738 devstack@n-api-meta.service[96018]: DEBUG nova.api.openstack.wsgi_app [None req-eab5c99c-a83e-4b33-add3-9203dc24b6f1 None None] default_ephemeral_format = ext4 {{(pid=96018) log_opt_values /opt/stack/data/venv/lib/python3.12/site-packages/oslo_config/cfg.py:3242}}
Jul 23 08:35:45.459492 np0000005738 devstack@n-api-meta.service[96018]: DEBUG nova.api.openstack.wsgi_app [None req-eab5c99c-a83e-4b33-add3-9203dc24b6f1 None None] default_green_pool_size = 1000 {{(pid=96018) log_opt_values /opt/stack/data/venv/lib/python3.12/site-packages/oslo_config/cfg.py:3242}}
Jul 23 08:35:45.459805 np0000005738 devstack@n-api-meta.service[96018]: DEBUG nova.api.openstack.wsgi_app [None req-eab5c99c-a83e-4b33-add3-9203dc24b6f1 None None] default_log_levels = ['amqp=WARN', 'boto=WARN', 'sqlalchemy=WARN', 'suds=INFO', 'oslo.messaging=INFO', 'oslo_messaging=INFO', 'iso8601=WARN', 'requests.packages.urllib3.connectionpool=WARN', 'urllib3.connectionpool=WARN', 'websocket=WARN', 'requests.packages.urllib3.util.retry=WARN', 'urllib3.util.retry=WARN', 'keystonemiddleware=WARN', 'routes.middleware=WARN', 'stevedore=WARN', 'taskflow=WARN', 'keystoneauth=WARN', 'oslo.cache=INFO', 'oslo_policy=INFO', 'dogpile.core.dogpile=INFO', 'glanceclient=WARN', 'oslo.privsep.daemon=INFO'] {{(pid=96018) log_opt_values /opt/stack/data/venv/lib/python3.12/site-packages/oslo_config/cfg.py:3242}}
Jul 23 08:35:45.459976 np0000005738 devstack@n-api-meta.service[96018]: DEBUG nova.api.openstack.wsgi_app [None req-eab5c99c-a83e-4b33-add3-9203dc24b6f1 None None] default_schedule_zone = None {{(pid=96018) log_opt_values /opt/stack/data/venv/lib/python3.12/site-packages/oslo_config/cfg.py:3242}}
Jul 23 08:35:45.460108 np0000005738 devstack@n-api-meta.service[96018]: DEBUG nova.api.openstack.wsgi_app [None req-eab5c99c-a83e-4b33-add3-9203dc24b6f1 None None] default_thread_pool_size = 10 {{(pid=96018) log_opt_values /opt/stack/data/venv/lib/python3.12/site-packages/oslo_config/cfg.py:3242}}
Jul 23 08:35:45.460172 np0000005738 devstack@n-api-meta.service[96019]: DEBUG dbcounter [-] [96019] Writer thread running {{(pid=96019) stat_writer /opt/stack/data/venv/lib/python3.12/site-packages/dbcounter.py:102}}
Jul 23 08:35:45.460292 np0000005738 devstack@n-api-meta.service[96018]: DEBUG nova.api.openstack.wsgi_app [None req-eab5c99c-a83e-4b33-add3-9203dc24b6f1 None None] disk_allocation_ratio = None {{(pid=96018) log_opt_values /opt/stack/data/venv/lib/python3.12/site-packages/oslo_config/cfg.py:3242}}
Jul 23 08:35:45.460481 np0000005738 devstack@n-api-meta.service[96018]: DEBUG nova.api.openstack.wsgi_app [None req-eab5c99c-a83e-4b33-add3-9203dc24b6f1 None None] enable_new_services = True {{(pid=96018) log_opt_values /opt/stack/data/venv/lib/python3.12/site-packages/oslo_config/cfg.py:3242}}
Jul 23 08:35:45.460616 np0000005738 devstack@n-api-meta.service[96018]: DEBUG nova.api.openstack.wsgi_app [None req-eab5c99c-a83e-4b33-add3-9203dc24b6f1 None None] flat_injected = False {{(pid=96018) log_opt_values /opt/stack/data/venv/lib/python3.12/site-packages/oslo_config/cfg.py:3242}}
Jul 23 08:35:45.460737 np0000005738 devstack@n-api-meta.service[96018]: DEBUG nova.api.openstack.wsgi_app [None req-eab5c99c-a83e-4b33-add3-9203dc24b6f1 None None] force_config_drive = True {{(pid=96018) log_opt_values /opt/stack/data/venv/lib/python3.12/site-packages/oslo_config/cfg.py:3242}}
Jul 23 08:35:45.460921 np0000005738 devstack@n-api-meta.service[96018]: DEBUG nova.api.openstack.wsgi_app [None req-eab5c99c-a83e-4b33-add3-9203dc24b6f1 None None] force_raw_images = True {{(pid=96018) log_opt_values /opt/stack/data/venv/lib/python3.12/site-packages/oslo_config/cfg.py:3242}}
Jul 23 08:35:45.461107 np0000005738 devstack@n-api-meta.service[96018]: DEBUG nova.api.openstack.wsgi_app [None req-eab5c99c-a83e-4b33-add3-9203dc24b6f1 None None] graceful_shutdown_timeout = 5 {{(pid=96018) log_opt_values /opt/stack/data/venv/lib/python3.12/site-packages/oslo_config/cfg.py:3242}}
Jul 23 08:35:45.461295 np0000005738 devstack@n-api-meta.service[96018]: DEBUG nova.api.openstack.wsgi_app [None req-eab5c99c-a83e-4b33-add3-9203dc24b6f1 None None] heal_instance_info_cache_interval = -1 {{(pid=96018) log_opt_values /opt/stack/data/venv/lib/python3.12/site-packages/oslo_config/cfg.py:3242}}
Jul 23 08:35:45.461408 np0000005738 devstack@n-api-meta.service[96016]: DEBUG dbcounter [-] [96016] Writer thread running {{(pid=96016) stat_writer /opt/stack/data/venv/lib/python3.12/site-packages/dbcounter.py:102}}
Jul 23 08:35:45.461547 np0000005738 devstack@n-api-meta.service[96018]: DEBUG nova.api.openstack.wsgi_app [None req-eab5c99c-a83e-4b33-add3-9203dc24b6f1 None None] host = np0000005738 {{(pid=96018) log_opt_values /opt/stack/data/venv/lib/python3.12/site-packages/oslo_config/cfg.py:3242}}
Jul 23 08:35:45.461740 np0000005738 devstack@n-api-meta.service[96018]: DEBUG nova.api.openstack.wsgi_app [None req-eab5c99c-a83e-4b33-add3-9203dc24b6f1 None None] initial_cpu_allocation_ratio = 4.0 {{(pid=96018) log_opt_values /opt/stack/data/venv/lib/python3.12/site-packages/oslo_config/cfg.py:3242}}
Jul 23 08:35:45.461928 np0000005738 devstack@n-api-meta.service[96018]: DEBUG nova.api.openstack.wsgi_app [None req-eab5c99c-a83e-4b33-add3-9203dc24b6f1 None None] initial_disk_allocation_ratio = 1.0 {{(pid=96018) log_opt_values /opt/stack/data/venv/lib/python3.12/site-packages/oslo_config/cfg.py:3242}}
Jul 23 08:35:45.462136 np0000005738 devstack@n-api-meta.service[96018]: DEBUG nova.api.openstack.wsgi_app [None req-eab5c99c-a83e-4b33-add3-9203dc24b6f1 None None] initial_ram_allocation_ratio = 1.0 {{(pid=96018) log_opt_values /opt/stack/data/venv/lib/python3.12/site-packages/oslo_config/cfg.py:3242}}
Jul 23 08:35:45.462399 np0000005738 devstack@n-api-meta.service[96018]: DEBUG nova.api.openstack.wsgi_app [None req-eab5c99c-a83e-4b33-add3-9203dc24b6f1 None None] injected_network_template = /opt/stack/nova/nova/virt/interfaces.template {{(pid=96018) log_opt_values /opt/stack/data/venv/lib/python3.12/site-packages/oslo_config/cfg.py:3242}}
Jul 23 08:35:45.462596 np0000005738 devstack@n-api-meta.service[96018]: DEBUG nova.api.openstack.wsgi_app [None req-eab5c99c-a83e-4b33-add3-9203dc24b6f1 None None] instance_build_timeout = 0 {{(pid=96018) log_opt_values /opt/stack/data/venv/lib/python3.12/site-packages/oslo_config/cfg.py:3242}}
Jul 23 08:35:45.462816 np0000005738 devstack@n-api-meta.service[96018]: DEBUG nova.api.openstack.wsgi_app [None req-eab5c99c-a83e-4b33-add3-9203dc24b6f1 None None] instance_delete_interval = 300 {{(pid=96018) log_opt_values /opt/stack/data/venv/lib/python3.12/site-packages/oslo_config/cfg.py:3242}}
Jul 23 08:35:45.463007 np0000005738 devstack@n-api-meta.service[96018]: DEBUG nova.api.openstack.wsgi_app [None req-eab5c99c-a83e-4b33-add3-9203dc24b6f1 None None] instance_format = [instance: %(uuid)s] {{(pid=96018) log_opt_values /opt/stack/data/venv/lib/python3.12/site-packages/oslo_config/cfg.py:3242}}
Jul 23 08:35:45.463200 np0000005738 devstack@n-api-meta.service[96018]: DEBUG nova.api.openstack.wsgi_app [None req-eab5c99c-a83e-4b33-add3-9203dc24b6f1 None None] instance_name_template = instance-%08x {{(pid=96018) log_opt_values /opt/stack/data/venv/lib/python3.12/site-packages/oslo_config/cfg.py:3242}}
Jul 23 08:35:45.463394 np0000005738 devstack@n-api-meta.service[96018]: DEBUG nova.api.openstack.wsgi_app [None req-eab5c99c-a83e-4b33-add3-9203dc24b6f1 None None] instance_usage_audit = False {{(pid=96018) log_opt_values /opt/stack/data/venv/lib/python3.12/site-packages/oslo_config/cfg.py:3242}}
Jul 23 08:35:45.463579 np0000005738 devstack@n-api-meta.service[96018]: DEBUG nova.api.openstack.wsgi_app [None req-eab5c99c-a83e-4b33-add3-9203dc24b6f1 None None] instance_usage_audit_period = month {{(pid=96018) log_opt_values /opt/stack/data/venv/lib/python3.12/site-packages/oslo_config/cfg.py:3242}}
Jul 23 08:35:45.463769 np0000005738 devstack@n-api-meta.service[96018]: DEBUG nova.api.openstack.wsgi_app [None req-eab5c99c-a83e-4b33-add3-9203dc24b6f1 None None] instance_uuid_format = [instance: %(uuid)s] {{(pid=96018) log_opt_values /opt/stack/data/venv/lib/python3.12/site-packages/oslo_config/cfg.py:3242}}
Jul 23 08:35:45.463955 np0000005738 devstack@n-api-meta.service[96018]: DEBUG nova.api.openstack.wsgi_app [None req-eab5c99c-a83e-4b33-add3-9203dc24b6f1 None None] instances_path = /opt/stack/data/nova/instances {{(pid=96018) log_opt_values /opt/stack/data/venv/lib/python3.12/site-packages/oslo_config/cfg.py:3242}}
Jul 23 08:35:45.464139 np0000005738 devstack@n-api-meta.service[96018]: DEBUG nova.api.openstack.wsgi_app [None req-eab5c99c-a83e-4b33-add3-9203dc24b6f1 None None] internal_service_availability_zone = internal {{(pid=96018) log_opt_values /opt/stack/data/venv/lib/python3.12/site-packages/oslo_config/cfg.py:3242}}
Jul 23 08:35:45.464333 np0000005738 devstack@n-api-meta.service[96018]: DEBUG nova.api.openstack.wsgi_app [None req-eab5c99c-a83e-4b33-add3-9203dc24b6f1 None None] key = None {{(pid=96018) log_opt_values /opt/stack/data/venv/lib/python3.12/site-packages/oslo_config/cfg.py:3242}}
Jul 23 08:35:45.464514 np0000005738 devstack@n-api-meta.service[96018]: DEBUG nova.api.openstack.wsgi_app [None req-eab5c99c-a83e-4b33-add3-9203dc24b6f1 None None] live_migration_retry_count = 30 {{(pid=96018) log_opt_values /opt/stack/data/venv/lib/python3.12/site-packages/oslo_config/cfg.py:3242}}
Jul 23 08:35:45.464702 np0000005738 devstack@n-api-meta.service[96018]: DEBUG nova.api.openstack.wsgi_app [None req-eab5c99c-a83e-4b33-add3-9203dc24b6f1 None None] log_color = False {{(pid=96018) log_opt_values /opt/stack/data/venv/lib/python3.12/site-packages/oslo_config/cfg.py:3242}}
Jul 23 08:35:45.464764 np0000005738 devstack@n-api-meta.service[96016]: INFO dbcounter [None req-aefc0288-1871-4efa-8e2e-2321bca8bb88 None None] Registered counter for database nova_cell0
Jul 23 08:35:45.464891 np0000005738 devstack@n-api-meta.service[96018]: DEBUG nova.api.openstack.wsgi_app [None req-eab5c99c-a83e-4b33-add3-9203dc24b6f1 None None] log_config_append = None {{(pid=96018) log_opt_values /opt/stack/data/venv/lib/python3.12/site-packages/oslo_config/cfg.py:3242}}
Jul 23 08:35:45.465078 np0000005738 devstack@n-api-meta.service[96018]: DEBUG nova.api.openstack.wsgi_app [None req-eab5c99c-a83e-4b33-add3-9203dc24b6f1 None None] log_date_format = %Y-%m-%d %H:%M:%S {{(pid=96018) log_opt_values /opt/stack/data/venv/lib/python3.12/site-packages/oslo_config/cfg.py:3242}}
Jul 23 08:35:45.465274 np0000005738 devstack@n-api-meta.service[96018]: DEBUG nova.api.openstack.wsgi_app [None req-eab5c99c-a83e-4b33-add3-9203dc24b6f1 None None] log_dir = None {{(pid=96018) log_opt_values /opt/stack/data/venv/lib/python3.12/site-packages/oslo_config/cfg.py:3242}}
Jul 23 08:35:45.465471 np0000005738 devstack@n-api-meta.service[96018]: DEBUG nova.api.openstack.wsgi_app [None req-eab5c99c-a83e-4b33-add3-9203dc24b6f1 None None] log_file = None {{(pid=96018) log_opt_values /opt/stack/data/venv/lib/python3.12/site-packages/oslo_config/cfg.py:3242}}
Jul 23 08:35:45.465613 np0000005738 devstack@n-api-meta.service[96018]: DEBUG nova.api.openstack.wsgi_app [None req-eab5c99c-a83e-4b33-add3-9203dc24b6f1 None None] log_options = True {{(pid=96018) log_opt_values /opt/stack/data/venv/lib/python3.12/site-packages/oslo_config/cfg.py:3242}}
Jul 23 08:35:45.465794 np0000005738 devstack@n-api-meta.service[96018]: DEBUG nova.api.openstack.wsgi_app [None req-eab5c99c-a83e-4b33-add3-9203dc24b6f1 None None] log_rotate_interval = 1 {{(pid=96018) log_opt_values /opt/stack/data/venv/lib/python3.12/site-packages/oslo_config/cfg.py:3242}}
Jul 23 08:35:45.465980 np0000005738 devstack@n-api-meta.service[96018]: DEBUG nova.api.openstack.wsgi_app [None req-eab5c99c-a83e-4b33-add3-9203dc24b6f1 None None] log_rotate_interval_type = days {{(pid=96018) log_opt_values /opt/stack/data/venv/lib/python3.12/site-packages/oslo_config/cfg.py:3242}}
Jul 23 08:35:45.466170 np0000005738 devstack@n-api-meta.service[96018]: DEBUG nova.api.openstack.wsgi_app [None req-eab5c99c-a83e-4b33-add3-9203dc24b6f1 None None] log_rotation_type = none {{(pid=96018) log_opt_values /opt/stack/data/venv/lib/python3.12/site-packages/oslo_config/cfg.py:3242}}
Jul 23 08:35:45.466329 np0000005738 devstack@n-api-meta.service[96018]: DEBUG nova.api.openstack.wsgi_app [None req-eab5c99c-a83e-4b33-add3-9203dc24b6f1 None None] logging_context_format_string = %(color)s%(levelname)s %(name)s [%(global_request_id)s %(request_id)s %(project_name)s %(user_name)s%(color)s] %(instance)s%(color)s%(message)s {{(pid=96018) log_opt_values /opt/stack/data/venv/lib/python3.12/site-packages/oslo_config/cfg.py:3242}}
Jul 23 08:35:45.466475 np0000005738 devstack@n-api-meta.service[96018]: DEBUG nova.api.openstack.wsgi_app [None req-eab5c99c-a83e-4b33-add3-9203dc24b6f1 None None] logging_debug_format_suffix = {{(pid=%(process)d) %(funcName)s %(pathname)s:%(lineno)d}} {{(pid=96018) log_opt_values /opt/stack/data/venv/lib/python3.12/site-packages/oslo_config/cfg.py:3242}}
Jul 23 08:35:45.466662 np0000005738 devstack@n-api-meta.service[96018]: DEBUG nova.api.openstack.wsgi_app [None req-eab5c99c-a83e-4b33-add3-9203dc24b6f1 None None] logging_default_format_string = %(color)s%(levelname)s %(name)s [-%(color)s] %(instance)s%(color)s%(message)s {{(pid=96018) log_opt_values /opt/stack/data/venv/lib/python3.12/site-packages/oslo_config/cfg.py:3242}}
