Jul 23 08:35:44.973077 np0000005738 nova-scheduler[96599]: DEBUG cotyledon.oslo_config_glue [-] workarounds.enable_qemu_monitor_announce_self = False {{(pid=96599) log_opt_values /opt/stack/data/venv/lib/python3.12/site-packages/oslo_config/cfg.py:3253}}
Jul 23 08:35:44.973077 np0000005738 nova-scheduler[96599]: DEBUG cotyledon.oslo_config_glue [-] workarounds.ensure_libvirt_rbd_instance_dir_cleanup = False {{(pid=96599) log_opt_values /opt/stack/data/venv/lib/python3.12/site-packages/oslo_config/cfg.py:3253}}
Jul 23 08:35:44.973077 np0000005738 nova-scheduler[96599]: DEBUG cotyledon.oslo_config_glue [-] workarounds.handle_virt_lifecycle_events = True {{(pid=96599) log_opt_values /opt/stack/data/venv/lib/python3.12/site-packages/oslo_config/cfg.py:3253}}
Jul 23 08:35:44.973077 np0000005738 nova-scheduler[96599]: DEBUG cotyledon.oslo_config_glue [-] workarounds.libvirt_disable_apic = False {{(pid=96599) log_opt_values /opt/stack/data/venv/lib/python3.12/site-packages/oslo_config/cfg.py:3253}}
Jul 23 08:35:44.973077 np0000005738 nova-scheduler[96599]: DEBUG cotyledon.oslo_config_glue [-] workarounds.never_download_image_if_on_rbd = False {{(pid=96599) log_opt_values /opt/stack/data/venv/lib/python3.12/site-packages/oslo_config/cfg.py:3253}}
Jul 23 08:35:44.973077 np0000005738 nova-scheduler[96599]: DEBUG cotyledon.oslo_config_glue [-] workarounds.qemu_monitor_announce_self_count = 3 {{(pid=96599) log_opt_values /opt/stack/data/venv/lib/python3.12/site-packages/oslo_config/cfg.py:3253}}
Jul 23 08:35:44.973077 np0000005738 nova-scheduler[96599]: DEBUG cotyledon.oslo_config_glue [-] workarounds.qemu_monitor_announce_self_interval = 1 {{(pid=96599) log_opt_values /opt/stack/data/venv/lib/python3.12/site-packages/oslo_config/cfg.py:3253}}
Jul 23 08:35:44.973077 np0000005738 nova-scheduler[96599]: DEBUG cotyledon.oslo_config_glue [-] workarounds.reserve_disk_resource_for_image_cache = False {{(pid=96599) log_opt_values /opt/stack/data/venv/lib/python3.12/site-packages/oslo_config/cfg.py:3253}}
Jul 23 08:35:44.973270 np0000005738 nova-scheduler[96599]: DEBUG cotyledon.oslo_config_glue [-] workarounds.skip_cpu_compare_at_startup = False {{(pid=96599) log_opt_values /opt/stack/data/venv/lib/python3.12/site-packages/oslo_config/cfg.py:3253}}
Jul 23 08:35:44.973270 np0000005738 nova-scheduler[96599]: DEBUG cotyledon.oslo_config_glue [-] workarounds.skip_cpu_compare_on_dest = False {{(pid=96599) log_opt_values /opt/stack/data/venv/lib/python3.12/site-packages/oslo_config/cfg.py:3253}}
Jul 23 08:35:44.973270 np0000005738 nova-scheduler[96599]: DEBUG cotyledon.oslo_config_glue [-] workarounds.skip_hypervisor_version_check_on_lm = False {{(pid=96599) log_opt_values /opt/stack/data/venv/lib/python3.12/site-packages/oslo_config/cfg.py:3253}}
Jul 23 08:35:44.973270 np0000005738 nova-scheduler[96599]: DEBUG cotyledon.oslo_config_glue [-] workarounds.skip_reserve_in_use_ironic_nodes = False {{(pid=96599) log_opt_values /opt/stack/data/venv/lib/python3.12/site-packages/oslo_config/cfg.py:3253}}
Jul 23 08:35:44.973270 np0000005738 nova-scheduler[96599]: DEBUG cotyledon.oslo_config_glue [-] workarounds.unified_limits_count_pcpu_as_vcpu = False {{(pid=96599) log_opt_values /opt/stack/data/venv/lib/python3.12/site-packages/oslo_config/cfg.py:3253}}
Jul 23 08:35:44.973270 np0000005738 nova-scheduler[96599]: DEBUG cotyledon.oslo_config_glue [-] workarounds.wait_for_vif_plugged_event_during_hard_reboot = [] {{(pid=96599) log_opt_values /opt/stack/data/venv/lib/python3.12/site-packages/oslo_config/cfg.py:3253}}
Jul 23 08:35:44.973270 np0000005738 nova-scheduler[96599]: DEBUG cotyledon.oslo_config_glue [-] wsgi.api_paste_config = /etc/nova/api-paste.ini {{(pid=96599) log_opt_values /opt/stack/data/venv/lib/python3.12/site-packages/oslo_config/cfg.py:3253}}
Jul 23 08:35:44.973270 np0000005738 nova-scheduler[96599]: DEBUG cotyledon.oslo_config_glue [-] wsgi.secure_proxy_ssl_header = None {{(pid=96599) log_opt_values /opt/stack/data/venv/lib/python3.12/site-packages/oslo_config/cfg.py:3253}}
Jul 23 08:35:44.973270 np0000005738 nova-scheduler[96599]: DEBUG cotyledon.oslo_config_glue [-] zvm.ca_file = None {{(pid=96599) log_opt_values /opt/stack/data/venv/lib/python3.12/site-packages/oslo_config/cfg.py:3253}}
Jul 23 08:35:44.973516 np0000005738 nova-scheduler[96599]: DEBUG cotyledon.oslo_config_glue [-] zvm.cloud_connector_url = None {{(pid=96599) log_opt_values /opt/stack/data/venv/lib/python3.12/site-packages/oslo_config/cfg.py:3253}}
Jul 23 08:35:44.973516 np0000005738 nova-scheduler[96599]: DEBUG cotyledon.oslo_config_glue [-] zvm.image_tmp_path = /opt/stack/data/nova/images {{(pid=96599) log_opt_values /opt/stack/data/venv/lib/python3.12/site-packages/oslo_config/cfg.py:3253}}
Jul 23 08:35:44.973516 np0000005738 nova-scheduler[96599]: DEBUG cotyledon.oslo_config_glue [-] zvm.reachable_timeout = 300 {{(pid=96599) log_opt_values /opt/stack/data/venv/lib/python3.12/site-packages/oslo_config/cfg.py:3253}}
Jul 23 08:35:44.973516 np0000005738 nova-scheduler[96599]: DEBUG cotyledon.oslo_config_glue [-] oslo_versionedobjects.fatal_exception_format_errors = False {{(pid=96599) log_opt_values /opt/stack/data/venv/lib/python3.12/site-packages/oslo_config/cfg.py:3253}}
Jul 23 08:35:44.973516 np0000005738 nova-scheduler[96599]: DEBUG cotyledon.oslo_config_glue [-] oslo_middleware.http_basic_auth_user_file = /etc/htpasswd {{(pid=96599) log_opt_values /opt/stack/data/venv/lib/python3.12/site-packages/oslo_config/cfg.py:3253}}
Jul 23 08:35:44.973516 np0000005738 nova-scheduler[96599]: DEBUG cotyledon.oslo_config_glue [-] oslo_messaging_metrics.metrics_buffer_size = 1000 {{(pid=96599) log_opt_values /opt/stack/data/venv/lib/python3.12/site-packages/oslo_config/cfg.py:3253}}
Jul 23 08:35:44.973516 np0000005738 nova-scheduler[96599]: DEBUG cotyledon.oslo_config_glue [-] oslo_messaging_metrics.metrics_enabled = False {{(pid=96599) log_opt_values /opt/stack/data/venv/lib/python3.12/site-packages/oslo_config/cfg.py:3253}}
Jul 23 08:35:44.973516 np0000005738 nova-scheduler[96599]: DEBUG cotyledon.oslo_config_glue [-] oslo_messaging_metrics.metrics_process_name = {{(pid=96599) log_opt_values /opt/stack/data/venv/lib/python3.12/site-packages/oslo_config/cfg.py:3253}}
Jul 23 08:35:44.973662 np0000005738 nova-scheduler[96599]: DEBUG cotyledon.oslo_config_glue [-] oslo_messaging_metrics.metrics_socket_file = /var/tmp/metrics_collector.sock {{(pid=96599) log_opt_values /opt/stack/data/venv/lib/python3.12/site-packages/oslo_config/cfg.py:3253}}
Jul 23 08:35:44.973662 np0000005738 nova-scheduler[96599]: DEBUG cotyledon.oslo_config_glue [-] oslo_messaging_metrics.metrics_thread_stop_timeout = 10 {{(pid=96599) log_opt_values /opt/stack/data/venv/lib/python3.12/site-packages/oslo_config/cfg.py:3253}}
Jul 23 08:35:44.973662 np0000005738 nova-scheduler[96599]: DEBUG cotyledon.oslo_config_glue [-] profiler.connection_string = messaging:// {{(pid=96599) log_opt_values /opt/stack/data/venv/lib/python3.12/site-packages/oslo_config/cfg.py:3253}}
Jul 23 08:35:44.973662 np0000005738 nova-scheduler[96599]: DEBUG cotyledon.oslo_config_glue [-] profiler.enabled = False {{(pid=96599) log_opt_values /opt/stack/data/venv/lib/python3.12/site-packages/oslo_config/cfg.py:3253}}
Jul 23 08:35:44.973662 np0000005738 nova-scheduler[96599]: DEBUG cotyledon.oslo_config_glue [-] profiler.es_doc_type = notification {{(pid=96599) log_opt_values /opt/stack/data/venv/lib/python3.12/site-packages/oslo_config/cfg.py:3253}}
Jul 23 08:35:44.973662 np0000005738 nova-scheduler[96599]: DEBUG cotyledon.oslo_config_glue [-] profiler.es_scroll_size = 10000 {{(pid=96599) log_opt_values /opt/stack/data/venv/lib/python3.12/site-packages/oslo_config/cfg.py:3253}}
Jul 23 08:35:44.973662 np0000005738 nova-scheduler[96599]: DEBUG cotyledon.oslo_config_glue [-] profiler.es_scroll_time = 2m {{(pid=96599) log_opt_values /opt/stack/data/venv/lib/python3.12/site-packages/oslo_config/cfg.py:3253}}
Jul 23 08:35:44.973662 np0000005738 nova-scheduler[96599]: DEBUG cotyledon.oslo_config_glue [-] profiler.filter_error_trace = False {{(pid=96599) log_opt_values /opt/stack/data/venv/lib/python3.12/site-packages/oslo_config/cfg.py:3253}}
Jul 23 08:35:44.973662 np0000005738 nova-scheduler[96599]: DEBUG cotyledon.oslo_config_glue [-] profiler.hmac_keys = **** {{(pid=96599) log_opt_values /opt/stack/data/venv/lib/python3.12/site-packages/oslo_config/cfg.py:3253}}
Jul 23 08:35:44.973834 np0000005738 nova-scheduler[96599]: DEBUG cotyledon.oslo_config_glue [-] profiler.sentinel_service_name = mymaster {{(pid=96599) log_opt_values /opt/stack/data/venv/lib/python3.12/site-packages/oslo_config/cfg.py:3253}}
Jul 23 08:35:44.973834 np0000005738 nova-scheduler[96599]: DEBUG cotyledon.oslo_config_glue [-] profiler.socket_timeout = 0.1 {{(pid=96599) log_opt_values /opt/stack/data/venv/lib/python3.12/site-packages/oslo_config/cfg.py:3253}}
Jul 23 08:35:44.973834 np0000005738 nova-scheduler[96599]: DEBUG cotyledon.oslo_config_glue [-] profiler.trace_requests = False {{(pid=96599) log_opt_values /opt/stack/data/venv/lib/python3.12/site-packages/oslo_config/cfg.py:3253}}
Jul 23 08:35:44.973834 np0000005738 nova-scheduler[96599]: DEBUG cotyledon.oslo_config_glue [-] profiler.trace_sqlalchemy = False {{(pid=96599) log_opt_values /opt/stack/data/venv/lib/python3.12/site-packages/oslo_config/cfg.py:3253}}
Jul 23 08:35:44.973834 np0000005738 nova-scheduler[96599]: DEBUG cotyledon.oslo_config_glue [-] profiler_jaeger.process_tags = {} {{(pid=96599) log_opt_values /opt/stack/data/venv/lib/python3.12/site-packages/oslo_config/cfg.py:3253}}
Jul 23 08:35:44.973834 np0000005738 nova-scheduler[96599]: DEBUG cotyledon.oslo_config_glue [-] profiler_jaeger.service_name_prefix = None {{(pid=96599) log_opt_values /opt/stack/data/venv/lib/python3.12/site-packages/oslo_config/cfg.py:3253}}
Jul 23 08:35:44.973834 np0000005738 nova-scheduler[96599]: DEBUG cotyledon.oslo_config_glue [-] profiler_otlp.service_name_prefix = None {{(pid=96599) log_opt_values /opt/stack/data/venv/lib/python3.12/site-packages/oslo_config/cfg.py:3253}}
Jul 23 08:35:44.973834 np0000005738 nova-scheduler[96599]: DEBUG cotyledon.oslo_config_glue [-] oslo_messaging_rabbit.amqp_auto_delete = False {{(pid=96599) log_opt_values /opt/stack/data/venv/lib/python3.12/site-packages/oslo_config/cfg.py:3253}}
Jul 23 08:35:44.973834 np0000005738 nova-scheduler[96599]: DEBUG cotyledon.oslo_config_glue [-] oslo_messaging_rabbit.amqp_durable_queues = False {{(pid=96599) log_opt_values /opt/stack/data/venv/lib/python3.12/site-packages/oslo_config/cfg.py:3253}}
Jul 23 08:35:44.974017 np0000005738 nova-scheduler[96599]: DEBUG cotyledon.oslo_config_glue [-] oslo_messaging_rabbit.conn_pool_min_size = 2 {{(pid=96599) log_opt_values /opt/stack/data/venv/lib/python3.12/site-packages/oslo_config/cfg.py:3253}}
Jul 23 08:35:44.974017 np0000005738 nova-scheduler[96599]: DEBUG cotyledon.oslo_config_glue [-] oslo_messaging_rabbit.conn_pool_ttl = 1200 {{(pid=96599) log_opt_values /opt/stack/data/venv/lib/python3.12/site-packages/oslo_config/cfg.py:3253}}
Jul 23 08:35:44.974017 np0000005738 nova-scheduler[96599]: DEBUG cotyledon.oslo_config_glue [-] oslo_messaging_rabbit.direct_mandatory_flag = True {{(pid=96599) log_opt_values /opt/stack/data/venv/lib/python3.12/site-packages/oslo_config/cfg.py:3253}}
Jul 23 08:35:44.974017 np0000005738 nova-scheduler[96599]: DEBUG cotyledon.oslo_config_glue [-] oslo_messaging_rabbit.enable_cancel_on_failover = False {{(pid=96599) log_opt_values /opt/stack/data/venv/lib/python3.12/site-packages/oslo_config/cfg.py:3253}}
Jul 23 08:35:44.974017 np0000005738 nova-scheduler[96599]: DEBUG cotyledon.oslo_config_glue [-] oslo_messaging_rabbit.heartbeat_rate = 3 {{(pid=96599) log_opt_values /opt/stack/data/venv/lib/python3.12/site-packages/oslo_config/cfg.py:3253}}
Jul 23 08:35:44.974017 np0000005738 nova-scheduler[96599]: DEBUG cotyledon.oslo_config_glue [-] oslo_messaging_rabbit.heartbeat_timeout_threshold = 60 {{(pid=96599) log_opt_values /opt/stack/data/venv/lib/python3.12/site-packages/oslo_config/cfg.py:3253}}
Jul 23 08:35:44.974017 np0000005738 nova-scheduler[96599]: DEBUG cotyledon.oslo_config_glue [-] oslo_messaging_rabbit.hostname = np0000005738 {{(pid=96599) log_opt_values /opt/stack/data/venv/lib/python3.12/site-packages/oslo_config/cfg.py:3253}}
Jul 23 08:35:44.974017 np0000005738 nova-scheduler[96599]: DEBUG cotyledon.oslo_config_glue [-] oslo_messaging_rabbit.kombu_compression = None {{(pid=96599) log_opt_values /opt/stack/data/venv/lib/python3.12/site-packages/oslo_config/cfg.py:3253}}
Jul 23 08:35:44.974017 np0000005738 nova-scheduler[96599]: DEBUG cotyledon.oslo_config_glue [-] oslo_messaging_rabbit.kombu_failover_strategy = round-robin {{(pid=96599) log_opt_values /opt/stack/data/venv/lib/python3.12/site-packages/oslo_config/cfg.py:3253}}
Jul 23 08:35:44.974187 np0000005738 nova-scheduler[96599]: DEBUG cotyledon.oslo_config_glue [-] oslo_messaging_rabbit.kombu_missing_consumer_retry_timeout = 60 {{(pid=96599) log_opt_values /opt/stack/data/venv/lib/python3.12/site-packages/oslo_config/cfg.py:3253}}
Jul 23 08:35:44.974187 np0000005738 nova-scheduler[96599]: DEBUG cotyledon.oslo_config_glue [-] oslo_messaging_rabbit.kombu_reconnect_delay = 1.0 {{(pid=96599) log_opt_values /opt/stack/data/venv/lib/python3.12/site-packages/oslo_config/cfg.py:3253}}
Jul 23 08:35:44.974187 np0000005738 nova-scheduler[96599]: DEBUG cotyledon.oslo_config_glue [-] oslo_messaging_rabbit.kombu_reconnect_splay = 0.0 {{(pid=96599) log_opt_values /opt/stack/data/venv/lib/python3.12/site-packages/oslo_config/cfg.py:3253}}
Jul 23 08:35:44.974187 np0000005738 nova-scheduler[96599]: DEBUG cotyledon.oslo_config_glue [-] oslo_messaging_rabbit.processname = nova-scheduler {{(pid=96599) log_opt_values /opt/stack/data/venv/lib/python3.12/site-packages/oslo_config/cfg.py:3253}}
Jul 23 08:35:44.974187 np0000005738 nova-scheduler[96599]: DEBUG cotyledon.oslo_config_glue [-] oslo_messaging_rabbit.rabbit_ha_queues = False {{(pid=96599) log_opt_values /opt/stack/data/venv/lib/python3.12/site-packages/oslo_config/cfg.py:3253}}
Jul 23 08:35:44.974187 np0000005738 nova-scheduler[96599]: DEBUG cotyledon.oslo_config_glue [-] oslo_messaging_rabbit.rabbit_interval_max = 30 {{(pid=96599) log_opt_values /opt/stack/data/venv/lib/python3.12/site-packages/oslo_config/cfg.py:3253}}
Jul 23 08:35:44.974187 np0000005738 nova-scheduler[96599]: DEBUG cotyledon.oslo_config_glue [-] oslo_messaging_rabbit.rabbit_login_method = AMQPLAIN {{(pid=96599) log_opt_values /opt/stack/data/venv/lib/python3.12/site-packages/oslo_config/cfg.py:3253}}
Jul 23 08:35:44.974187 np0000005738 nova-scheduler[96599]: DEBUG cotyledon.oslo_config_glue [-] oslo_messaging_rabbit.rabbit_qos_prefetch_count = 0 {{(pid=96599) log_opt_values /opt/stack/data/venv/lib/python3.12/site-packages/oslo_config/cfg.py:3253}}
Jul 23 08:35:44.974187 np0000005738 nova-scheduler[96599]: DEBUG cotyledon.oslo_config_glue [-] oslo_messaging_rabbit.rabbit_quorum_delivery_limit = 0 {{(pid=96599) log_opt_values /opt/stack/data/venv/lib/python3.12/site-packages/oslo_config/cfg.py:3253}}
Jul 23 08:35:44.974408 np0000005738 nova-scheduler[96599]: DEBUG cotyledon.oslo_config_glue [-] oslo_messaging_rabbit.rabbit_quorum_max_memory_bytes = 0 {{(pid=96599) log_opt_values /opt/stack/data/venv/lib/python3.12/site-packages/oslo_config/cfg.py:3253}}
Jul 23 08:35:44.974408 np0000005738 nova-scheduler[96599]: DEBUG cotyledon.oslo_config_glue [-] oslo_messaging_rabbit.rabbit_quorum_max_memory_length = 0 {{(pid=96599) log_opt_values /opt/stack/data/venv/lib/python3.12/site-packages/oslo_config/cfg.py:3253}}
Jul 23 08:35:44.974408 np0000005738 nova-scheduler[96599]: DEBUG cotyledon.oslo_config_glue [-] oslo_messaging_rabbit.rabbit_quorum_queue = False {{(pid=96599) log_opt_values /opt/stack/data/venv/lib/python3.12/site-packages/oslo_config/cfg.py:3253}}
Jul 23 08:35:44.974408 np0000005738 nova-scheduler[96599]: DEBUG cotyledon.oslo_config_glue [-] oslo_messaging_rabbit.rabbit_retry_backoff = 2 {{(pid=96599) log_opt_values /opt/stack/data/venv/lib/python3.12/site-packages/oslo_config/cfg.py:3253}}
Jul 23 08:35:44.974408 np0000005738 nova-scheduler[96599]: DEBUG cotyledon.oslo_config_glue [-] oslo_messaging_rabbit.rabbit_retry_interval = 1 {{(pid=96599) log_opt_values /opt/stack/data/venv/lib/python3.12/site-packages/oslo_config/cfg.py:3253}}
Jul 23 08:35:44.974408 np0000005738 nova-scheduler[96599]: DEBUG cotyledon.oslo_config_glue [-] oslo_messaging_rabbit.rabbit_stream_fanout = False {{(pid=96599) log_opt_values /opt/stack/data/venv/lib/python3.12/site-packages/oslo_config/cfg.py:3253}}
Jul 23 08:35:44.974408 np0000005738 nova-scheduler[96599]: DEBUG cotyledon.oslo_config_glue [-] oslo_messaging_rabbit.rabbit_transient_queues_ttl = 1800 {{(pid=96599) log_opt_values /opt/stack/data/venv/lib/python3.12/site-packages/oslo_config/cfg.py:3253}}
Jul 23 08:35:44.974408 np0000005738 nova-scheduler[96599]: DEBUG cotyledon.oslo_config_glue [-] oslo_messaging_rabbit.rabbit_transient_quorum_queue = False {{(pid=96599) log_opt_values /opt/stack/data/venv/lib/python3.12/site-packages/oslo_config/cfg.py:3253}}
Jul 23 08:35:44.974600 np0000005738 nova-scheduler[96599]: DEBUG cotyledon.oslo_config_glue [-] oslo_messaging_rabbit.rpc_conn_pool_size = 30 {{(pid=96599) log_opt_values /opt/stack/data/venv/lib/python3.12/site-packages/oslo_config/cfg.py:3253}}
Jul 23 08:35:44.974600 np0000005738 nova-scheduler[96599]: DEBUG cotyledon.oslo_config_glue [-] oslo_messaging_rabbit.ssl = False {{(pid=96599) log_opt_values /opt/stack/data/venv/lib/python3.12/site-packages/oslo_config/cfg.py:3253}}
Jul 23 08:35:44.974600 np0000005738 nova-scheduler[96599]: DEBUG cotyledon.oslo_config_glue [-] oslo_messaging_rabbit.ssl_ca_file = {{(pid=96599) log_opt_values /opt/stack/data/venv/lib/python3.12/site-packages/oslo_config/cfg.py:3253}}
Jul 23 08:35:44.974600 np0000005738 nova-scheduler[96599]: DEBUG cotyledon.oslo_config_glue [-] oslo_messaging_rabbit.ssl_cert_file = {{(pid=96599) log_opt_values /opt/stack/data/venv/lib/python3.12/site-packages/oslo_config/cfg.py:3253}}
Jul 23 08:35:44.974600 np0000005738 nova-scheduler[96599]: DEBUG cotyledon.oslo_config_glue [-] oslo_messaging_rabbit.ssl_enforce_fips_mode = False {{(pid=96599) log_opt_values /opt/stack/data/venv/lib/python3.12/site-packages/oslo_config/cfg.py:3253}}
Jul 23 08:35:44.974600 np0000005738 nova-scheduler[96599]: DEBUG cotyledon.oslo_config_glue [-] oslo_messaging_rabbit.ssl_enforce_hostname_verification = True {{(pid=96599) log_opt_values /opt/stack/data/venv/lib/python3.12/site-packages/oslo_config/cfg.py:3253}}
Jul 23 08:35:44.974600 np0000005738 nova-scheduler[96599]: DEBUG cotyledon.oslo_config_glue [-] oslo_messaging_rabbit.ssl_key_file = {{(pid=96599) log_opt_values /opt/stack/data/venv/lib/python3.12/site-packages/oslo_config/cfg.py:3253}}
Jul 23 08:35:44.974600 np0000005738 nova-scheduler[96599]: DEBUG cotyledon.oslo_config_glue [-] oslo_messaging_rabbit.ssl_version = {{(pid=96599) log_opt_values /opt/stack/data/venv/lib/python3.12/site-packages/oslo_config/cfg.py:3253}}
Jul 23 08:35:44.974600 np0000005738 nova-scheduler[96599]: DEBUG cotyledon.oslo_config_glue [-] oslo_messaging_rabbit.use_queue_manager = False {{(pid=96599) log_opt_values /opt/stack/data/venv/lib/python3.12/site-packages/oslo_config/cfg.py:3253}}
Jul 23 08:35:44.974775 np0000005738 nova-scheduler[96599]: DEBUG cotyledon.oslo_config_glue [-] oslo_messaging_notifications.driver = ['messagingv2'] {{(pid=96599) log_opt_values /opt/stack/data/venv/lib/python3.12/site-packages/oslo_config/cfg.py:3253}}
Jul 23 08:35:44.974775 np0000005738 nova-scheduler[96599]: DEBUG cotyledon.oslo_config_glue [-] oslo_messaging_notifications.retry = -1 {{(pid=96599) log_opt_values /opt/stack/data/venv/lib/python3.12/site-packages/oslo_config/cfg.py:3253}}
Jul 23 08:35:44.974775 np0000005738 nova-scheduler[96599]: DEBUG cotyledon.oslo_config_glue [-] oslo_messaging_notifications.topics = ['notifications'] {{(pid=96599) log_opt_values /opt/stack/data/venv/lib/python3.12/site-packages/oslo_config/cfg.py:3253}}
Jul 23 08:35:44.974775 np0000005738 nova-scheduler[96599]: DEBUG cotyledon.oslo_config_glue [-] oslo_messaging_notifications.transport_url = **** {{(pid=96599) log_opt_values /opt/stack/data/venv/lib/python3.12/site-packages/oslo_config/cfg.py:3253}}
Jul 23 08:35:44.974775 np0000005738 nova-scheduler[96599]: DEBUG cotyledon.oslo_config_glue [-] oslo_limit.auth_section = None {{(pid=96599) log_opt_values /opt/stack/data/venv/lib/python3.12/site-packages/oslo_config/cfg.py:3253}}
Jul 23 08:35:44.974775 np0000005738 nova-scheduler[96599]: DEBUG cotyledon.oslo_config_glue [-] oslo_limit.auth_type = None {{(pid=96599) log_opt_values /opt/stack/data/venv/lib/python3.12/site-packages/oslo_config/cfg.py:3253}}
Jul 23 08:35:44.974775 np0000005738 nova-scheduler[96599]: DEBUG cotyledon.oslo_config_glue [-] oslo_limit.cafile = None {{(pid=96599) log_opt_values /opt/stack/data/venv/lib/python3.12/site-packages/oslo_config/cfg.py:3253}}
Jul 23 08:35:44.974775 np0000005738 nova-scheduler[96599]: DEBUG cotyledon.oslo_config_glue [-] oslo_limit.certfile = None {{(pid=96599) log_opt_values /opt/stack/data/venv/lib/python3.12/site-packages/oslo_config/cfg.py:3253}}
Jul 23 08:35:44.974775 np0000005738 nova-scheduler[96599]: DEBUG cotyledon.oslo_config_glue [-] oslo_limit.collect_timing = False {{(pid=96599) log_opt_values /opt/stack/data/venv/lib/python3.12/site-packages/oslo_config/cfg.py:3253}}
Jul 23 08:35:44.974935 np0000005738 nova-scheduler[96599]: DEBUG cotyledon.oslo_config_glue [-] oslo_limit.connect_retries = None {{(pid=96599) log_opt_values /opt/stack/data/venv/lib/python3.12/site-packages/oslo_config/cfg.py:3253}}
Jul 23 08:35:44.974935 np0000005738 nova-scheduler[96599]: DEBUG cotyledon.oslo_config_glue [-] oslo_limit.connect_retry_delay = None {{(pid=96599) log_opt_values /opt/stack/data/venv/lib/python3.12/site-packages/oslo_config/cfg.py:3253}}
Jul 23 08:35:44.974935 np0000005738 nova-scheduler[96599]: DEBUG cotyledon.oslo_config_glue [-] oslo_limit.endpoint_id = None {{(pid=96599) log_opt_values /opt/stack/data/venv/lib/python3.12/site-packages/oslo_config/cfg.py:3253}}
Jul 23 08:35:44.974935 np0000005738 nova-scheduler[96599]: DEBUG cotyledon.oslo_config_glue [-] oslo_limit.endpoint_interface = public {{(pid=96599) log_opt_values /opt/stack/data/venv/lib/python3.12/site-packages/oslo_config/cfg.py:3253}}
Jul 23 08:35:44.974935 np0000005738 nova-scheduler[96599]: DEBUG cotyledon.oslo_config_glue [-] oslo_limit.endpoint_override = None {{(pid=96599) log_opt_values /opt/stack/data/venv/lib/python3.12/site-packages/oslo_config/cfg.py:3253}}
Jul 23 08:35:44.974935 np0000005738 nova-scheduler[96599]: DEBUG cotyledon.oslo_config_glue [-] oslo_limit.endpoint_region_name = None {{(pid=96599) log_opt_values /opt/stack/data/venv/lib/python3.12/site-packages/oslo_config/cfg.py:3253}}
Jul 23 08:35:44.974935 np0000005738 nova-scheduler[96599]: DEBUG cotyledon.oslo_config_glue [-] oslo_limit.endpoint_service_name = None {{(pid=96599) log_opt_values /opt/stack/data/venv/lib/python3.12/site-packages/oslo_config/cfg.py:3253}}
Jul 23 08:35:44.974935 np0000005738 nova-scheduler[96599]: DEBUG cotyledon.oslo_config_glue [-] oslo_limit.endpoint_service_type = None {{(pid=96599) log_opt_values /opt/stack/data/venv/lib/python3.12/site-packages/oslo_config/cfg.py:3253}}
Jul 23 08:35:44.974935 np0000005738 nova-scheduler[96599]: DEBUG cotyledon.oslo_config_glue [-] oslo_limit.insecure = False {{(pid=96599) log_opt_values /opt/stack/data/venv/lib/python3.12/site-packages/oslo_config/cfg.py:3253}}
Jul 23 08:35:44.975196 np0000005738 nova-scheduler[96599]: DEBUG cotyledon.oslo_config_glue [-] oslo_limit.keyfile = None {{(pid=96599) log_opt_values /opt/stack/data/venv/lib/python3.12/site-packages/oslo_config/cfg.py:3253}}
Jul 23 08:35:44.975196 np0000005738 nova-scheduler[96599]: DEBUG cotyledon.oslo_config_glue [-] oslo_limit.max_version = None {{(pid=96599) log_opt_values /opt/stack/data/venv/lib/python3.12/site-packages/oslo_config/cfg.py:3253}}
Jul 23 08:35:44.975196 np0000005738 nova-scheduler[96599]: DEBUG cotyledon.oslo_config_glue [-] oslo_limit.min_version = None {{(pid=96599) log_opt_values /opt/stack/data/venv/lib/python3.12/site-packages/oslo_config/cfg.py:3253}}
Jul 23 08:35:44.975196 np0000005738 nova-scheduler[96599]: DEBUG cotyledon.oslo_config_glue [-] oslo_limit.region_name = None {{(pid=96599) log_opt_values /opt/stack/data/venv/lib/python3.12/site-packages/oslo_config/cfg.py:3253}}
Jul 23 08:35:44.975196 np0000005738 nova-scheduler[96599]: DEBUG cotyledon.oslo_config_glue [-] oslo_limit.retriable_status_codes = None {{(pid=96599) log_opt_values /opt/stack/data/venv/lib/python3.12/site-packages/oslo_config/cfg.py:3253}}
Jul 23 08:35:44.975196 np0000005738 nova-scheduler[96599]: DEBUG cotyledon.oslo_config_glue [-] oslo_limit.service_name = None {{(pid=96599) log_opt_values /opt/stack/data/venv/lib/python3.12/site-packages/oslo_config/cfg.py:3253}}
Jul 23 08:35:44.975196 np0000005738 nova-scheduler[96599]: DEBUG cotyledon.oslo_config_glue [-] oslo_limit.service_type = None {{(pid=96599) log_opt_values /opt/stack/data/venv/lib/python3.12/site-packages/oslo_config/cfg.py:3253}}
Jul 23 08:35:44.975196 np0000005738 nova-scheduler[96599]: DEBUG cotyledon.oslo_config_glue [-] oslo_limit.split_loggers = False {{(pid=96599) log_opt_values /opt/stack/data/venv/lib/python3.12/site-packages/oslo_config/cfg.py:3253}}
Jul 23 08:35:44.975196 np0000005738 nova-scheduler[96599]: DEBUG cotyledon.oslo_config_glue [-] oslo_limit.status_code_retries = None {{(pid=96599) log_opt_values /opt/stack/data/venv/lib/python3.12/site-packages/oslo_config/cfg.py:3253}}
Jul 23 08:35:44.975388 np0000005738 nova-scheduler[96599]: DEBUG cotyledon.oslo_config_glue [-] oslo_limit.status_code_retry_delay = None {{(pid=96599) log_opt_values /opt/stack/data/venv/lib/python3.12/site-packages/oslo_config/cfg.py:3253}}
Jul 23 08:35:44.975388 np0000005738 nova-scheduler[96599]: DEBUG cotyledon.oslo_config_glue [-] oslo_limit.timeout = None {{(pid=96599) log_opt_values /opt/stack/data/venv/lib/python3.12/site-packages/oslo_config/cfg.py:3253}}
Jul 23 08:35:44.975388 np0000005738 nova-scheduler[96599]: DEBUG cotyledon.oslo_config_glue [-] oslo_limit.valid_interfaces = None {{(pid=96599) log_opt_values /opt/stack/data/venv/lib/python3.12/site-packages/oslo_config/cfg.py:3253}}
Jul 23 08:35:44.975388 np0000005738 nova-scheduler[96599]: DEBUG cotyledon.oslo_config_glue [-] oslo_limit.version = None {{(pid=96599) log_opt_values /opt/stack/data/venv/lib/python3.12/site-packages/oslo_config/cfg.py:3253}}
Jul 23 08:35:44.975388 np0000005738 nova-scheduler[96599]: DEBUG cotyledon.oslo_config_glue [-] oslo_reports.file_event_handler = None {{(pid=96599) log_opt_values /opt/stack/data/venv/lib/python3.12/site-packages/oslo_config/cfg.py:3253}}
Jul 23 08:35:44.975388 np0000005738 nova-scheduler[96599]: DEBUG cotyledon.oslo_config_glue [-] oslo_reports.file_event_handler_interval = 1 {{(pid=96599) log_opt_values /opt/stack/data/venv/lib/python3.12/site-packages/oslo_config/cfg.py:3253}}
Jul 23 08:35:44.975388 np0000005738 nova-scheduler[96599]: DEBUG cotyledon.oslo_config_glue [-] oslo_reports.log_dir = None {{(pid=96599) log_opt_values /opt/stack/data/venv/lib/python3.12/site-packages/oslo_config/cfg.py:3253}}
Jul 23 08:35:44.975388 np0000005738 nova-scheduler[96599]: DEBUG cotyledon.oslo_config_glue [-] ******************************************************************************** {{(pid=96599) log_opt_values /opt/stack/data/venv/lib/python3.12/site-packages/oslo_config/cfg.py:3260}}
Jul 23 08:35:44.975388 np0000005738 nova-scheduler[96599]: DEBUG cotyledon._service_worker [-] Run service ServiceWrapper(3) [96599] {{(pid=96599) wait_forever /opt/stack/data/venv/lib/python3.12/site-packages/cotyledon/_service_worker.py:218}}
Jul 23 08:35:44.975540 np0000005738 nova-scheduler[96588]: DEBUG oslo_db.sqlalchemy.engines [None req-dfbcd94c-c185-45e2-8ffa-df48b9980fbc None None] MySQL server mode set to STRICT_TRANS_TABLES,STRICT_ALL_TABLES,NO_ZERO_IN_DATE,NO_ZERO_DATE,ERROR_FOR_DIVISION_BY_ZERO,TRADITIONAL,NO_ENGINE_SUBSTITUTION {{(pid=96588) _check_effective_sql_mode /opt/stack/data/venv/lib/python3.12/site-packages/oslo_db/sqlalchemy/engines.py:325}}
Jul 23 08:35:44.975567 np0000005738 nova-scheduler[96599]: INFO nova.service [-] Starting scheduler node (version 33.1.0)
Jul 23 08:35:44.975567 np0000005738 nova-scheduler[96599]: INFO dbcounter [None req-fb796a53-9afa-4b46-81c8-0c735672b7d1 None None] Registered counter for database nova_cell0
Jul 23 08:35:44.975614 np0000005738 nova-scheduler[96588]: DEBUG dbcounter [-] [96588] Writer thread running {{(pid=96588) stat_writer /opt/stack/data/venv/lib/python3.12/site-packages/dbcounter.py:102}}
Jul 23 08:35:44.975640 np0000005738 nova-scheduler[96593]: DEBUG oslo_db.sqlalchemy.engines [None req-5d00c2b5-d804-45cf-9fb4-d05c8333baa1 None None] MySQL server mode set to STRICT_TRANS_TABLES,STRICT_ALL_TABLES,NO_ZERO_IN_DATE,NO_ZERO_DATE,ERROR_FOR_DIVISION_BY_ZERO,TRADITIONAL,NO_ENGINE_SUBSTITUTION {{(pid=96593) _check_effective_sql_mode /opt/stack/data/venv/lib/python3.12/site-packages/oslo_db/sqlalchemy/engines.py:325}}
Jul 23 08:35:44.985992 np0000005738 nova-scheduler[96593]: DEBUG dbcounter [-] [96593] Writer thread running {{(pid=96593) stat_writer /opt/stack/data/venv/lib/python3.12/site-packages/dbcounter.py:102}}
Jul 23 08:35:44.987083 np0000005738 nova-scheduler[96588]: DEBUG nova.service [None req-dfbcd94c-c185-45e2-8ffa-df48b9980fbc None None] Creating RPC server for service: nova-scheduler on topic: scheduler {{(pid=96588) start /opt/stack/nova/nova/service.py:196}}
Jul 23 08:35:44.989205 np0000005738 nova-scheduler[96593]: DEBUG nova.service [None req-5d00c2b5-d804-45cf-9fb4-d05c8333baa1 None None] Creating RPC server for service: nova-scheduler on topic: scheduler {{(pid=96593) start /opt/stack/nova/nova/service.py:196}}
Jul 23 08:35:44.990062 np0000005738 nova-scheduler[96597]: DEBUG oslo_db.sqlalchemy.engines [None req-39ac6d63-9d67-45ec-bc9b-ebbec7eb495c None None] MySQL server mode set to STRICT_TRANS_TABLES,STRICT_ALL_TABLES,NO_ZERO_IN_DATE,NO_ZERO_DATE,ERROR_FOR_DIVISION_BY_ZERO,TRADITIONAL,NO_ENGINE_SUBSTITUTION {{(pid=96597) _check_effective_sql_mode /opt/stack/data/venv/lib/python3.12/site-packages/oslo_db/sqlalchemy/engines.py:325}}
Jul 23 08:35:44.999793 np0000005738 nova-scheduler[96597]: DEBUG dbcounter [-] [96597] Writer thread running {{(pid=96597) stat_writer /opt/stack/data/venv/lib/python3.12/site-packages/dbcounter.py:102}}
Jul 23 08:35:45.002671 np0000005738 nova-scheduler[96597]: DEBUG nova.service [None req-39ac6d63-9d67-45ec-bc9b-ebbec7eb495c None None] Creating RPC server for service: nova-scheduler on topic: scheduler {{(pid=96597) start /opt/stack/nova/nova/service.py:196}}
Jul 23 08:35:45.008565 np0000005738 nova-scheduler[96599]: DEBUG oslo_db.sqlalchemy.engines [None req-fb796a53-9afa-4b46-81c8-0c735672b7d1 None None] MySQL server mode set to STRICT_TRANS_TABLES,STRICT_ALL_TABLES,NO_ZERO_IN_DATE,NO_ZERO_DATE,ERROR_FOR_DIVISION_BY_ZERO,TRADITIONAL,NO_ENGINE_SUBSTITUTION {{(pid=96599) _check_effective_sql_mode /opt/stack/data/venv/lib/python3.12/site-packages/oslo_db/sqlalchemy/engines.py:325}}
Jul 23 08:35:45.015508 np0000005738 nova-scheduler[96588]: DEBUG nova.service [None req-dfbcd94c-c185-45e2-8ffa-df48b9980fbc None None] Join ServiceGroup membership for this service scheduler {{(pid=96588) start /opt/stack/nova/nova/service.py:222}}
Jul 23 08:35:45.015727 np0000005738 nova-scheduler[96588]: DEBUG nova.servicegroup.drivers.db [None req-dfbcd94c-c185-45e2-8ffa-df48b9980fbc None None] DB_Driver: join new ServiceGroup member np0000005738 to the scheduler group, service = {{(pid=96588) join /opt/stack/nova/nova/servicegroup/drivers/db.py:44}}
Jul 23 08:35:45.016251 np0000005738 nova-scheduler[96593]: DEBUG nova.service [None req-5d00c2b5-d804-45cf-9fb4-d05c8333baa1 None None] Join ServiceGroup membership for this service scheduler {{(pid=96593) start /opt/stack/nova/nova/service.py:222}}
Jul 23 08:35:45.016516 np0000005738 nova-scheduler[96593]: DEBUG nova.servicegroup.drivers.db [None req-5d00c2b5-d804-45cf-9fb4-d05c8333baa1 None None] DB_Driver: join new ServiceGroup member np0000005738 to the scheduler group, service = {{(pid=96593) join /opt/stack/nova/nova/servicegroup/drivers/db.py:44}}
Jul 23 08:35:45.018561 np0000005738 nova-scheduler[96599]: DEBUG dbcounter [-] [96599] Writer thread running {{(pid=96599) stat_writer /opt/stack/data/venv/lib/python3.12/site-packages/dbcounter.py:102}}
Jul 23 08:35:45.021420 np0000005738 nova-scheduler[96599]: DEBUG nova.service [None req-fb796a53-9afa-4b46-81c8-0c735672b7d1 None None] Creating RPC server for service: nova-scheduler on topic: scheduler {{(pid=96599) start /opt/stack/nova/nova/service.py:196}}
Jul 23 08:35:45.022179 np0000005738 nova-scheduler[96597]: DEBUG nova.service [None req-39ac6d63-9d67-45ec-bc9b-ebbec7eb495c None None] Join ServiceGroup membership for this service scheduler {{(pid=96597) start /opt/stack/nova/nova/service.py:222}}
Jul 23 08:35:45.022351 np0000005738 nova-scheduler[96597]: DEBUG nova.servicegroup.drivers.db [None req-39ac6d63-9d67-45ec-bc9b-ebbec7eb495c None None] DB_Driver: join new ServiceGroup member np0000005738 to the scheduler group, service = {{(pid=96597) join /opt/stack/nova/nova/servicegroup/drivers/db.py:44}}
Jul 23 08:35:45.037880 np0000005738 nova-scheduler[96599]: DEBUG nova.service [None req-fb796a53-9afa-4b46-81c8-0c735672b7d1 None None] Join ServiceGroup membership for this service scheduler {{(pid=96599) start /opt/stack/nova/nova/service.py:222}}
Jul 23 08:35:45.038055 np0000005738 nova-scheduler[96599]: DEBUG nova.servicegroup.drivers.db [None req-fb796a53-9afa-4b46-81c8-0c735672b7d1 None None] DB_Driver: join new ServiceGroup member np0000005738 to the scheduler group, service = {{(pid=96599) join /opt/stack/nova/nova/servicegroup/drivers/db.py:44}}
Jul 23 08:35:50.031282 np0000005738 nova-scheduler[96588]: DEBUG oslo.service.backend._threading.loopingcall [-] Fixed interval looping call 'nova.servicegroup.drivers.db.DbDriver._report_state' sleeping for 119.99 seconds {{(pid=96588) _run_loop /opt/stack/data/venv/lib/python3.12/site-packages/oslo_service/backend/_threading/loopingcall.py:125}}
Jul 23 08:35:50.032478 np0000005738 nova-scheduler[96593]: DEBUG oslo.service.backend._threading.loopingcall [-] Fixed interval looping call 'nova.servicegroup.drivers.db.DbDriver._report_state' sleeping for 119.99 seconds {{(pid=96593) _run_loop /opt/stack/data/venv/lib/python3.12/site-packages/oslo_service/backend/_threading/loopingcall.py:125}}
Jul 23 08:35:50.034642 np0000005738 nova-scheduler[96597]: DEBUG oslo.service.backend._threading.loopingcall [-] Fixed interval looping call 'nova.servicegroup.drivers.db.DbDriver._report_state' sleeping for 119.99 seconds {{(pid=96597) _run_loop /opt/stack/data/venv/lib/python3.12/site-packages/oslo_service/backend/_threading/loopingcall.py:125}}
Jul 23 08:35:50.048553 np0000005738 nova-scheduler[96599]: DEBUG oslo.service.backend._threading.loopingcall [-] Fixed interval looping call 'nova.servicegroup.drivers.db.DbDriver._report_state' sleeping for 119.99 seconds {{(pid=96599) _run_loop /opt/stack/data/venv/lib/python3.12/site-packages/oslo_service/backend/_threading/loopingcall.py:125}}
Jul 23 08:35:53.040202 np0000005738 nova-scheduler[96599]: DEBUG oslo.service.backend._threading.loopingcall [None req-06317f57-7c4f-4baf-b718-c6545f08ce93 None None] Dynamic interval looping call 'nova.service.Service.periodic_tasks' sleeping for 60.00 seconds {{(pid=96599) _run_loop /opt/stack/data/venv/lib/python3.12/site-packages/oslo_service/backend/_threading/loopingcall.py:125}}
Jul 23 08:35:53.588797 np0000005738 nova-scheduler[95393]: DEBUG dbcounter [-] [95393] Writing DB stats nova_api:SELECT=3 {{(pid=95393) stat_writer /opt/stack/data/venv/lib/python3.12/site-packages/dbcounter.py:115}}
Jul 23 08:35:53.713467 np0000005738 nova-scheduler[95393]: DEBUG dbcounter [-] [95393] Writing DB stats nova_cell1:SELECT=1 {{(pid=95393) stat_writer /opt/stack/data/venv/lib/python3.12/site-packages/dbcounter.py:115}}
Jul 23 08:35:53.724676 np0000005738 nova-scheduler[95393]: DEBUG dbcounter [-] [95393] Writing DB stats nova_cell0:SELECT=1 {{(pid=95393) stat_writer /opt/stack/data/venv/lib/python3.12/site-packages/dbcounter.py:115}}
Jul 23 08:35:55.024466 np0000005738 nova-scheduler[96597]: DEBUG oslo.service.backend._threading.loopingcall [None req-3abc32d3-80fe-4a94-b44c-60b6061ecd5a None None] Dynamic interval looping call 'nova.service.Service.periodic_tasks' sleeping for 60.00 seconds {{(pid=96597) _run_loop /opt/stack/data/venv/lib/python3.12/site-packages/oslo_service/backend/_threading/loopingcall.py:125}}
Jul 23 08:35:56.020002 np0000005738 nova-scheduler[96593]: DEBUG oslo.service.backend._threading.loopingcall [None req-18598fd3-afa4-4151-b665-77475fd5795c None None] Dynamic interval looping call 'nova.service.Service.periodic_tasks' sleeping for 60.00 seconds {{(pid=96593) _run_loop /opt/stack/data/venv/lib/python3.12/site-packages/oslo_service/backend/_threading/loopingcall.py:125}}
Jul 23 08:36:00.029388 np0000005738 nova-scheduler[96588]: DEBUG dbcounter [-] [96588] Writing DB stats nova_cell0:SELECT=4,nova_cell0:INSERT=1,nova_cell0:UPDATE=1 {{(pid=96588) stat_writer /opt/stack/data/venv/lib/python3.12/site-packages/dbcounter.py:115}}
Jul 23 08:36:00.029710 np0000005738 nova-scheduler[96593]: DEBUG dbcounter [-] [96593] Writing DB stats nova_cell0:SELECT=3,nova_cell0:UPDATE=1 {{(pid=96593) stat_writer /opt/stack/data/venv/lib/python3.12/site-packages/dbcounter.py:115}}
Jul 23 08:36:00.033424 np0000005738 nova-scheduler[96597]: DEBUG dbcounter [-] [96597] Writing DB stats nova_cell0:SELECT=3,nova_cell0:UPDATE=1 {{(pid=96597) stat_writer /opt/stack/data/venv/lib/python3.12/site-packages/dbcounter.py:115}}
Jul 23 08:36:00.045848 np0000005738 nova-scheduler[96599]: DEBUG dbcounter [-] [96599] Writing DB stats nova_cell0:SELECT=3 {{(pid=96599) stat_writer /opt/stack/data/venv/lib/python3.12/site-packages/dbcounter.py:115}}
Jul 23 08:36:40.017829 np0000005738 nova-scheduler[96588]: DEBUG oslo.service.backend._threading.loopingcall [None req-258302ce-cd64-4308-8dac-2e0a65a55d0c None None] Dynamic interval looping call 'nova.service.Service.periodic_tasks' sleeping for 60.00 seconds {{(pid=96588) _run_loop /opt/stack/data/venv/lib/python3.12/site-packages/oslo_service/backend/_threading/loopingcall.py:125}}
Jul 23 08:36:53.040858 np0000005738 nova-scheduler[96599]: DEBUG oslo.service.backend._threading.loopingcall [None req-06317f57-7c4f-4baf-b718-c6545f08ce93 None None] Dynamic interval looping call 'nova.service.Service.periodic_tasks' sleeping for 60.00 seconds {{(pid=96599) _run_loop /opt/stack/data/venv/lib/python3.12/site-packages/oslo_service/backend/_threading/loopingcall.py:125}}
Jul 23 08:36:55.024962 np0000005738 nova-scheduler[96597]: DEBUG oslo.service.backend._threading.loopingcall [None req-3abc32d3-80fe-4a94-b44c-60b6061ecd5a None None] Dynamic interval looping call 'nova.service.Service.periodic_tasks' sleeping for 60.00 seconds {{(pid=96597) _run_loop /opt/stack/data/venv/lib/python3.12/site-packages/oslo_service/backend/_threading/loopingcall.py:125}}
Jul 23 08:36:56.020569 np0000005738 nova-scheduler[96593]: DEBUG oslo.service.backend._threading.loopingcall [None req-18598fd3-afa4-4151-b665-77475fd5795c None None] Dynamic interval looping call 'nova.service.Service.periodic_tasks' sleeping for 60.00 seconds {{(pid=96593) _run_loop /opt/stack/data/venv/lib/python3.12/site-packages/oslo_service/backend/_threading/loopingcall.py:125}}
Jul 23 08:37:40.018326 np0000005738 nova-scheduler[96588]: DEBUG oslo.service.backend._threading.loopingcall [None req-258302ce-cd64-4308-8dac-2e0a65a55d0c None None] Dynamic interval looping call 'nova.service.Service.periodic_tasks' sleeping for 60.00 seconds {{(pid=96588) _run_loop /opt/stack/data/venv/lib/python3.12/site-packages/oslo_service/backend/_threading/loopingcall.py:125}}
Jul 23 08:37:50.032748 np0000005738 nova-scheduler[96588]: DEBUG oslo.service.backend._threading.loopingcall [-] Fixed interval looping call 'nova.servicegroup.drivers.db.DbDriver._report_state' sleeping for 119.99 seconds {{(pid=96588) _run_loop /opt/stack/data/venv/lib/python3.12/site-packages/oslo_service/backend/_threading/loopingcall.py:125}}
Jul 23 08:37:50.033181 np0000005738 nova-scheduler[96597]: DEBUG oslo.service.backend._threading.loopingcall [-] Fixed interval looping call 'nova.servicegroup.drivers.db.DbDriver._report_state' sleeping for 119.99 seconds {{(pid=96597) _run_loop /opt/stack/data/venv/lib/python3.12/site-packages/oslo_service/backend/_threading/loopingcall.py:125}}
Jul 23 08:37:50.033414 np0000005738 nova-scheduler[96593]: DEBUG oslo.service.backend._threading.loopingcall [-] Fixed interval looping call 'nova.servicegroup.drivers.db.DbDriver._report_state' sleeping for 119.99 seconds {{(pid=96593) _run_loop /opt/stack/data/venv/lib/python3.12/site-packages/oslo_service/backend/_threading/loopingcall.py:125}}
Jul 23 08:37:50.042580 np0000005738 nova-scheduler[96599]: DEBUG oslo.service.backend._threading.loopingcall [-] Fixed interval looping call 'nova.servicegroup.drivers.db.DbDriver._report_state' sleeping for 120.00 seconds {{(pid=96599) _run_loop /opt/stack/data/venv/lib/python3.12/site-packages/oslo_service/backend/_threading/loopingcall.py:125}}
Jul 23 08:37:53.041257 np0000005738 nova-scheduler[96599]: DEBUG oslo.service.backend._threading.loopingcall [None req-06317f57-7c4f-4baf-b718-c6545f08ce93 None None] Dynamic interval looping call 'nova.service.Service.periodic_tasks' sleeping for 60.00 seconds {{(pid=96599) _run_loop /opt/stack/data/venv/lib/python3.12/site-packages/oslo_service/backend/_threading/loopingcall.py:125}}
Jul 23 08:37:55.025404 np0000005738 nova-scheduler[96597]: DEBUG oslo.service.backend._threading.loopingcall [None req-3abc32d3-80fe-4a94-b44c-60b6061ecd5a None None] Dynamic interval looping call 'nova.service.Service.periodic_tasks' sleeping for 60.00 seconds {{(pid=96597) _run_loop /opt/stack/data/venv/lib/python3.12/site-packages/oslo_service/backend/_threading/loopingcall.py:125}}
Jul 23 08:37:56.021005 np0000005738 nova-scheduler[96593]: DEBUG oslo.service.backend._threading.loopingcall [None req-18598fd3-afa4-4151-b665-77475fd5795c None None] Dynamic interval looping call 'nova.service.Service.periodic_tasks' sleeping for 60.00 seconds {{(pid=96593) _run_loop /opt/stack/data/venv/lib/python3.12/site-packages/oslo_service/backend/_threading/loopingcall.py:125}}
Jul 23 08:38:00.026092 np0000005738 nova-scheduler[96588]: DEBUG dbcounter [-] [96588] Writing DB stats nova_cell0:SELECT=1,nova_cell0:UPDATE=1 {{(pid=96588) stat_writer /opt/stack/data/venv/lib/python3.12/site-packages/dbcounter.py:115}}
Jul 23 08:38:00.027028 np0000005738 nova-scheduler[96593]: DEBUG dbcounter [-] [96593] Writing DB stats nova_cell0:SELECT=1,nova_cell0:UPDATE=1 {{(pid=96593) stat_writer /opt/stack/data/venv/lib/python3.12/site-packages/dbcounter.py:115}}
Jul 23 08:38:00.027560 np0000005738 nova-scheduler[96597]: DEBUG dbcounter [-] [96597] Writing DB stats nova_cell0:SELECT=1,nova_cell0:UPDATE=1 {{(pid=96597) stat_writer /opt/stack/data/venv/lib/python3.12/site-packages/dbcounter.py:115}}
Jul 23 08:38:00.040545 np0000005738 nova-scheduler[96599]: DEBUG dbcounter [-] [96599] Writing DB stats nova_cell0:SELECT=1 {{(pid=96599) stat_writer /opt/stack/data/venv/lib/python3.12/site-packages/dbcounter.py:115}}
Jul 23 08:38:03.772796 np0000005738 nova-scheduler[96588]: DEBUG nova.scheduler.manager [None req-44302025-e40f-46e9-a441-68a9e99c87f6 tempest-ServersNegativeTestJSON-1855844917 tempest-ServersNegativeTestJSON-1855844917-project-member] Starting to schedule for instances: ['31b646e6-3889-4589-a851-6f6cc2c20e28'] {{(pid=96588) select_destinations /opt/stack/nova/nova/scheduler/manager.py:209}}
Jul 23 08:38:03.773934 np0000005738 nova-scheduler[96588]: DEBUG nova.scheduler.request_filter [None req-44302025-e40f-46e9-a441-68a9e99c87f6 tempest-ServersNegativeTestJSON-1855844917 tempest-ServersNegativeTestJSON-1855844917-project-member] compute_status_filter request filter added forbidden trait COMPUTE_STATUS_DISABLED {{(pid=96588) compute_status_filter /opt/stack/nova/nova/scheduler/request_filter.py:253}}
Jul 23 08:38:03.773934 np0000005738 nova-scheduler[96588]: DEBUG nova.scheduler.request_filter [None req-44302025-e40f-46e9-a441-68a9e99c87f6 tempest-ServersNegativeTestJSON-1855844917 tempest-ServersNegativeTestJSON-1855844917-project-member] Request filter 'compute_status_filter' took 0.0 seconds {{(pid=96588) wrapper /opt/stack/nova/nova/scheduler/request_filter.py:46}}
Jul 23 08:38:03.774250 np0000005738 nova-scheduler[96588]: DEBUG nova.scheduler.request_filter [None req-44302025-e40f-46e9-a441-68a9e99c87f6 tempest-ServersNegativeTestJSON-1855844917 tempest-ServersNegativeTestJSON-1855844917-project-member] Request filter 'accelerators_filter' took 0.0 seconds {{(pid=96588) wrapper /opt/stack/nova/nova/scheduler/request_filter.py:46}}
Jul 23 08:38:03.774250 np0000005738 nova-scheduler[96588]: DEBUG nova.scheduler.request_filter [None req-44302025-e40f-46e9-a441-68a9e99c87f6 tempest-ServersNegativeTestJSON-1855844917 tempest-ServersNegativeTestJSON-1855844917-project-member] Request filter 'packed_virtqueue_filter' took 0.0 seconds {{(pid=96588) wrapper /opt/stack/nova/nova/scheduler/request_filter.py:46}}
Jul 23 08:38:03.774531 np0000005738 nova-scheduler[96588]: DEBUG nova.scheduler.request_filter [None req-44302025-e40f-46e9-a441-68a9e99c87f6 tempest-ServersNegativeTestJSON-1855844917 tempest-ServersNegativeTestJSON-1855844917-project-member] Request filter 'remote_managed_ports_filter' took 0.0 seconds {{(pid=96588) wrapper /opt/stack/nova/nova/scheduler/request_filter.py:46}}
Jul 23 08:38:03.774612 np0000005738 nova-scheduler[96588]: DEBUG nova.scheduler.request_filter [None req-44302025-e40f-46e9-a441-68a9e99c87f6 tempest-ServersNegativeTestJSON-1855844917 tempest-ServersNegativeTestJSON-1855844917-project-member] ephemeral_encryption_filter skipped {{(pid=96588) ephemeral_encryption_filter /opt/stack/nova/nova/scheduler/request_filter.py:426}}
Jul 23 08:38:03.774759 np0000005738 nova-scheduler[96588]: DEBUG nova.scheduler.request_filter [None req-44302025-e40f-46e9-a441-68a9e99c87f6 tempest-ServersNegativeTestJSON-1855844917 tempest-ServersNegativeTestJSON-1855844917-project-member] virtio_sound_filter skipped {{(pid=96588) virtio_sound_filter /opt/stack/nova/nova/scheduler/request_filter.py:460}}
Jul 23 08:38:03.774939 np0000005738 nova-scheduler[96588]: DEBUG nova.scheduler.request_filter [None req-44302025-e40f-46e9-a441-68a9e99c87f6 tempest-ServersNegativeTestJSON-1855844917 tempest-ServersNegativeTestJSON-1855844917-project-member] tpm_secret_security_filter skipped {{(pid=96588) tpm_secret_security_filter /opt/stack/nova/nova/scheduler/request_filter.py:477}}
Jul 23 08:38:04.357767 np0000005738 nova-scheduler[96588]: INFO nova.utils [None req-44302025-e40f-46e9-a441-68a9e99c87f6 tempest-ServersNegativeTestJSON-1855844917 tempest-ServersNegativeTestJSON-1855844917-project-member] The cell worker thread pool ForkProcess-1.cell_worker is initialized
Jul 23 08:38:04.358644 np0000005738 nova-scheduler[96588]: DEBUG oslo_concurrency.lockutils [None req-44302025-e40f-46e9-a441-68a9e99c87f6 tempest-ServersNegativeTestJSON-1855844917 tempest-ServersNegativeTestJSON-1855844917-project-member] Acquiring lock "34b97716-e086-4407-a28d-5b2c09b8f4e2" by "nova.context.set_target_cell..get_or_set_cached_cell_and_set_connections" {{(pid=96588) inner /opt/stack/data/venv/lib/python3.12/site-packages/oslo_concurrency/lockutils.py:512}}
Jul 23 08:38:04.358644 np0000005738 nova-scheduler[96588]: DEBUG oslo_concurrency.lockutils [None req-44302025-e40f-46e9-a441-68a9e99c87f6 tempest-ServersNegativeTestJSON-1855844917 tempest-ServersNegativeTestJSON-1855844917-project-member] Lock "34b97716-e086-4407-a28d-5b2c09b8f4e2" acquired by "nova.context.set_target_cell..get_or_set_cached_cell_and_set_connections" :: waited 0.000s {{(pid=96588) inner /opt/stack/data/venv/lib/python3.12/site-packages/oslo_concurrency/lockutils.py:525}}
Jul 23 08:38:04.360274 np0000005738 nova-scheduler[96588]: DEBUG oslo_concurrency.lockutils [None req-44302025-e40f-46e9-a441-68a9e99c87f6 tempest-ServersNegativeTestJSON-1855844917 tempest-ServersNegativeTestJSON-1855844917-project-member] Lock "34b97716-e086-4407-a28d-5b2c09b8f4e2" "released" by "nova.context.set_target_cell..get_or_set_cached_cell_and_set_connections" :: held 0.002s {{(pid=96588) inner /opt/stack/data/venv/lib/python3.12/site-packages/oslo_concurrency/lockutils.py:544}}
Jul 23 08:38:04.362656 np0000005738 nova-scheduler[96588]: INFO dbcounter [None req-44302025-e40f-46e9-a441-68a9e99c87f6 tempest-ServersNegativeTestJSON-1855844917 tempest-ServersNegativeTestJSON-1855844917-project-member] Registered counter for database nova_cell1
Jul 23 08:38:04.404789 np0000005738 nova-scheduler[96588]: DEBUG oslo_db.sqlalchemy.engines [None req-44302025-e40f-46e9-a441-68a9e99c87f6 tempest-ServersNegativeTestJSON-1855844917 tempest-ServersNegativeTestJSON-1855844917-project-member] MySQL server mode set to STRICT_TRANS_TABLES,STRICT_ALL_TABLES,NO_ZERO_IN_DATE,NO_ZERO_DATE,ERROR_FOR_DIVISION_BY_ZERO,TRADITIONAL,NO_ENGINE_SUBSTITUTION {{(pid=96588) _check_effective_sql_mode /opt/stack/data/venv/lib/python3.12/site-packages/oslo_db/sqlalchemy/engines.py:325}}
Jul 23 08:38:04.412411 np0000005738 nova-scheduler[96588]: DEBUG dbcounter [-] [96588] Writer thread running {{(pid=96588) stat_writer /opt/stack/data/venv/lib/python3.12/site-packages/dbcounter.py:102}}
