Jul 10 15:59:44.005608 np0000005024 nova-scheduler[96409]: DEBUG cotyledon.oslo_config_glue [-] wsgi.api_paste_config = /etc/nova/api-paste.ini {{(pid=96409) log_opt_values /opt/stack/data/venv/lib/python3.12/site-packages/oslo_config/cfg.py:3253}}
Jul 10 15:59:44.005608 np0000005024 nova-scheduler[96409]: DEBUG cotyledon.oslo_config_glue [-] wsgi.secure_proxy_ssl_header = None {{(pid=96409) log_opt_values /opt/stack/data/venv/lib/python3.12/site-packages/oslo_config/cfg.py:3253}}
Jul 10 15:59:44.005608 np0000005024 nova-scheduler[96409]: DEBUG cotyledon.oslo_config_glue [-] zvm.ca_file = None {{(pid=96409) log_opt_values /opt/stack/data/venv/lib/python3.12/site-packages/oslo_config/cfg.py:3253}}
Jul 10 15:59:44.005784 np0000005024 nova-scheduler[96409]: DEBUG cotyledon.oslo_config_glue [-] zvm.cloud_connector_url = None {{(pid=96409) log_opt_values /opt/stack/data/venv/lib/python3.12/site-packages/oslo_config/cfg.py:3253}}
Jul 10 15:59:44.005784 np0000005024 nova-scheduler[96409]: DEBUG cotyledon.oslo_config_glue [-] zvm.image_tmp_path = /opt/stack/data/nova/images {{(pid=96409) log_opt_values /opt/stack/data/venv/lib/python3.12/site-packages/oslo_config/cfg.py:3253}}
Jul 10 15:59:44.005784 np0000005024 nova-scheduler[96409]: DEBUG cotyledon.oslo_config_glue [-] zvm.reachable_timeout = 300 {{(pid=96409) log_opt_values /opt/stack/data/venv/lib/python3.12/site-packages/oslo_config/cfg.py:3253}}
Jul 10 15:59:44.005784 np0000005024 nova-scheduler[96409]: DEBUG cotyledon.oslo_config_glue [-] oslo_versionedobjects.fatal_exception_format_errors = False {{(pid=96409) log_opt_values /opt/stack/data/venv/lib/python3.12/site-packages/oslo_config/cfg.py:3253}}
Jul 10 15:59:44.005784 np0000005024 nova-scheduler[96409]: DEBUG cotyledon.oslo_config_glue [-] oslo_middleware.http_basic_auth_user_file = /etc/htpasswd {{(pid=96409) log_opt_values /opt/stack/data/venv/lib/python3.12/site-packages/oslo_config/cfg.py:3253}}
Jul 10 15:59:44.005784 np0000005024 nova-scheduler[96409]: DEBUG cotyledon.oslo_config_glue [-] oslo_messaging_metrics.metrics_buffer_size = 1000 {{(pid=96409) log_opt_values /opt/stack/data/venv/lib/python3.12/site-packages/oslo_config/cfg.py:3253}}
Jul 10 15:59:44.005784 np0000005024 nova-scheduler[96409]: DEBUG cotyledon.oslo_config_glue [-] oslo_messaging_metrics.metrics_enabled = False {{(pid=96409) log_opt_values /opt/stack/data/venv/lib/python3.12/site-packages/oslo_config/cfg.py:3253}}
Jul 10 15:59:44.005784 np0000005024 nova-scheduler[96409]: DEBUG cotyledon.oslo_config_glue [-] oslo_messaging_metrics.metrics_process_name = {{(pid=96409) log_opt_values /opt/stack/data/venv/lib/python3.12/site-packages/oslo_config/cfg.py:3253}}
Jul 10 15:59:44.005954 np0000005024 nova-scheduler[96409]: DEBUG cotyledon.oslo_config_glue [-] oslo_messaging_metrics.metrics_socket_file = /var/tmp/metrics_collector.sock {{(pid=96409) log_opt_values /opt/stack/data/venv/lib/python3.12/site-packages/oslo_config/cfg.py:3253}}
Jul 10 15:59:44.005954 np0000005024 nova-scheduler[96409]: DEBUG cotyledon.oslo_config_glue [-] oslo_messaging_metrics.metrics_thread_stop_timeout = 10 {{(pid=96409) log_opt_values /opt/stack/data/venv/lib/python3.12/site-packages/oslo_config/cfg.py:3253}}
Jul 10 15:59:44.005954 np0000005024 nova-scheduler[96409]: DEBUG cotyledon.oslo_config_glue [-] profiler.connection_string = messaging:// {{(pid=96409) log_opt_values /opt/stack/data/venv/lib/python3.12/site-packages/oslo_config/cfg.py:3253}}
Jul 10 15:59:44.005954 np0000005024 nova-scheduler[96409]: DEBUG cotyledon.oslo_config_glue [-] profiler.enabled = False {{(pid=96409) log_opt_values /opt/stack/data/venv/lib/python3.12/site-packages/oslo_config/cfg.py:3253}}
Jul 10 15:59:44.005954 np0000005024 nova-scheduler[96409]: DEBUG cotyledon.oslo_config_glue [-] profiler.es_doc_type = notification {{(pid=96409) log_opt_values /opt/stack/data/venv/lib/python3.12/site-packages/oslo_config/cfg.py:3253}}
Jul 10 15:59:44.005954 np0000005024 nova-scheduler[96409]: DEBUG cotyledon.oslo_config_glue [-] profiler.es_scroll_size = 10000 {{(pid=96409) log_opt_values /opt/stack/data/venv/lib/python3.12/site-packages/oslo_config/cfg.py:3253}}
Jul 10 15:59:44.005954 np0000005024 nova-scheduler[96409]: DEBUG cotyledon.oslo_config_glue [-] profiler.es_scroll_time = 2m {{(pid=96409) log_opt_values /opt/stack/data/venv/lib/python3.12/site-packages/oslo_config/cfg.py:3253}}
Jul 10 15:59:44.005954 np0000005024 nova-scheduler[96409]: DEBUG cotyledon.oslo_config_glue [-] profiler.filter_error_trace = False {{(pid=96409) log_opt_values /opt/stack/data/venv/lib/python3.12/site-packages/oslo_config/cfg.py:3253}}
Jul 10 15:59:44.005954 np0000005024 nova-scheduler[96409]: DEBUG cotyledon.oslo_config_glue [-] profiler.hmac_keys = **** {{(pid=96409) log_opt_values /opt/stack/data/venv/lib/python3.12/site-packages/oslo_config/cfg.py:3253}}
Jul 10 15:59:44.006127 np0000005024 nova-scheduler[96409]: DEBUG cotyledon.oslo_config_glue [-] profiler.sentinel_service_name = mymaster {{(pid=96409) log_opt_values /opt/stack/data/venv/lib/python3.12/site-packages/oslo_config/cfg.py:3253}}
Jul 10 15:59:44.006127 np0000005024 nova-scheduler[96409]: DEBUG cotyledon.oslo_config_glue [-] profiler.socket_timeout = 0.1 {{(pid=96409) log_opt_values /opt/stack/data/venv/lib/python3.12/site-packages/oslo_config/cfg.py:3253}}
Jul 10 15:59:44.006127 np0000005024 nova-scheduler[96409]: DEBUG cotyledon.oslo_config_glue [-] profiler.trace_requests = False {{(pid=96409) log_opt_values /opt/stack/data/venv/lib/python3.12/site-packages/oslo_config/cfg.py:3253}}
Jul 10 15:59:44.006127 np0000005024 nova-scheduler[96409]: DEBUG cotyledon.oslo_config_glue [-] profiler.trace_sqlalchemy = False {{(pid=96409) log_opt_values /opt/stack/data/venv/lib/python3.12/site-packages/oslo_config/cfg.py:3253}}
Jul 10 15:59:44.006127 np0000005024 nova-scheduler[96409]: DEBUG cotyledon.oslo_config_glue [-] profiler_jaeger.process_tags = {} {{(pid=96409) log_opt_values /opt/stack/data/venv/lib/python3.12/site-packages/oslo_config/cfg.py:3253}}
Jul 10 15:59:44.006127 np0000005024 nova-scheduler[96409]: DEBUG cotyledon.oslo_config_glue [-] profiler_jaeger.service_name_prefix = None {{(pid=96409) log_opt_values /opt/stack/data/venv/lib/python3.12/site-packages/oslo_config/cfg.py:3253}}
Jul 10 15:59:44.006127 np0000005024 nova-scheduler[96409]: DEBUG cotyledon.oslo_config_glue [-] profiler_otlp.service_name_prefix = None {{(pid=96409) log_opt_values /opt/stack/data/venv/lib/python3.12/site-packages/oslo_config/cfg.py:3253}}
Jul 10 15:59:44.006127 np0000005024 nova-scheduler[96409]: DEBUG cotyledon.oslo_config_glue [-] oslo_messaging_rabbit.amqp_auto_delete = False {{(pid=96409) log_opt_values /opt/stack/data/venv/lib/python3.12/site-packages/oslo_config/cfg.py:3253}}
Jul 10 15:59:44.006127 np0000005024 nova-scheduler[96409]: DEBUG cotyledon.oslo_config_glue [-] oslo_messaging_rabbit.amqp_durable_queues = False {{(pid=96409) log_opt_values /opt/stack/data/venv/lib/python3.12/site-packages/oslo_config/cfg.py:3253}}
Jul 10 15:59:44.006303 np0000005024 nova-scheduler[96409]: DEBUG cotyledon.oslo_config_glue [-] oslo_messaging_rabbit.conn_pool_min_size = 2 {{(pid=96409) log_opt_values /opt/stack/data/venv/lib/python3.12/site-packages/oslo_config/cfg.py:3253}}
Jul 10 15:59:44.006303 np0000005024 nova-scheduler[96409]: DEBUG cotyledon.oslo_config_glue [-] oslo_messaging_rabbit.conn_pool_ttl = 1200 {{(pid=96409) log_opt_values /opt/stack/data/venv/lib/python3.12/site-packages/oslo_config/cfg.py:3253}}
Jul 10 15:59:44.006303 np0000005024 nova-scheduler[96409]: DEBUG cotyledon.oslo_config_glue [-] oslo_messaging_rabbit.direct_mandatory_flag = True {{(pid=96409) log_opt_values /opt/stack/data/venv/lib/python3.12/site-packages/oslo_config/cfg.py:3253}}
Jul 10 15:59:44.006303 np0000005024 nova-scheduler[96409]: DEBUG cotyledon.oslo_config_glue [-] oslo_messaging_rabbit.enable_cancel_on_failover = False {{(pid=96409) log_opt_values /opt/stack/data/venv/lib/python3.12/site-packages/oslo_config/cfg.py:3253}}
Jul 10 15:59:44.006303 np0000005024 nova-scheduler[96409]: DEBUG cotyledon.oslo_config_glue [-] oslo_messaging_rabbit.heartbeat_rate = 3 {{(pid=96409) log_opt_values /opt/stack/data/venv/lib/python3.12/site-packages/oslo_config/cfg.py:3253}}
Jul 10 15:59:44.006303 np0000005024 nova-scheduler[96409]: DEBUG cotyledon.oslo_config_glue [-] oslo_messaging_rabbit.heartbeat_timeout_threshold = 60 {{(pid=96409) log_opt_values /opt/stack/data/venv/lib/python3.12/site-packages/oslo_config/cfg.py:3253}}
Jul 10 15:59:44.006303 np0000005024 nova-scheduler[96409]: DEBUG cotyledon.oslo_config_glue [-] oslo_messaging_rabbit.hostname = np0000005024 {{(pid=96409) log_opt_values /opt/stack/data/venv/lib/python3.12/site-packages/oslo_config/cfg.py:3253}}
Jul 10 15:59:44.006303 np0000005024 nova-scheduler[96409]: DEBUG cotyledon.oslo_config_glue [-] oslo_messaging_rabbit.kombu_compression = None {{(pid=96409) log_opt_values /opt/stack/data/venv/lib/python3.12/site-packages/oslo_config/cfg.py:3253}}
Jul 10 15:59:44.006303 np0000005024 nova-scheduler[96409]: DEBUG cotyledon.oslo_config_glue [-] oslo_messaging_rabbit.kombu_failover_strategy = round-robin {{(pid=96409) log_opt_values /opt/stack/data/venv/lib/python3.12/site-packages/oslo_config/cfg.py:3253}}
Jul 10 15:59:44.006509 np0000005024 nova-scheduler[96409]: DEBUG cotyledon.oslo_config_glue [-] oslo_messaging_rabbit.kombu_missing_consumer_retry_timeout = 60 {{(pid=96409) log_opt_values /opt/stack/data/venv/lib/python3.12/site-packages/oslo_config/cfg.py:3253}}
Jul 10 15:59:44.006509 np0000005024 nova-scheduler[96409]: DEBUG cotyledon.oslo_config_glue [-] oslo_messaging_rabbit.kombu_reconnect_delay = 1.0 {{(pid=96409) log_opt_values /opt/stack/data/venv/lib/python3.12/site-packages/oslo_config/cfg.py:3253}}
Jul 10 15:59:44.006509 np0000005024 nova-scheduler[96409]: DEBUG cotyledon.oslo_config_glue [-] oslo_messaging_rabbit.kombu_reconnect_splay = 0.0 {{(pid=96409) log_opt_values /opt/stack/data/venv/lib/python3.12/site-packages/oslo_config/cfg.py:3253}}
Jul 10 15:59:44.006509 np0000005024 nova-scheduler[96409]: DEBUG cotyledon.oslo_config_glue [-] oslo_messaging_rabbit.processname = nova-scheduler {{(pid=96409) log_opt_values /opt/stack/data/venv/lib/python3.12/site-packages/oslo_config/cfg.py:3253}}
Jul 10 15:59:44.006509 np0000005024 nova-scheduler[96409]: DEBUG cotyledon.oslo_config_glue [-] oslo_messaging_rabbit.rabbit_ha_queues = False {{(pid=96409) log_opt_values /opt/stack/data/venv/lib/python3.12/site-packages/oslo_config/cfg.py:3253}}
Jul 10 15:59:44.006509 np0000005024 nova-scheduler[96409]: DEBUG cotyledon.oslo_config_glue [-] oslo_messaging_rabbit.rabbit_interval_max = 30 {{(pid=96409) log_opt_values /opt/stack/data/venv/lib/python3.12/site-packages/oslo_config/cfg.py:3253}}
Jul 10 15:59:44.006509 np0000005024 nova-scheduler[96409]: DEBUG cotyledon.oslo_config_glue [-] oslo_messaging_rabbit.rabbit_login_method = AMQPLAIN {{(pid=96409) log_opt_values /opt/stack/data/venv/lib/python3.12/site-packages/oslo_config/cfg.py:3253}}
Jul 10 15:59:44.006509 np0000005024 nova-scheduler[96409]: DEBUG cotyledon.oslo_config_glue [-] oslo_messaging_rabbit.rabbit_qos_prefetch_count = 0 {{(pid=96409) log_opt_values /opt/stack/data/venv/lib/python3.12/site-packages/oslo_config/cfg.py:3253}}
Jul 10 15:59:44.006509 np0000005024 nova-scheduler[96409]: DEBUG cotyledon.oslo_config_glue [-] oslo_messaging_rabbit.rabbit_quorum_delivery_limit = 0 {{(pid=96409) log_opt_values /opt/stack/data/venv/lib/python3.12/site-packages/oslo_config/cfg.py:3253}}
Jul 10 15:59:44.006712 np0000005024 nova-scheduler[96409]: DEBUG cotyledon.oslo_config_glue [-] oslo_messaging_rabbit.rabbit_quorum_max_memory_bytes = 0 {{(pid=96409) log_opt_values /opt/stack/data/venv/lib/python3.12/site-packages/oslo_config/cfg.py:3253}}
Jul 10 15:59:44.006712 np0000005024 nova-scheduler[96409]: DEBUG cotyledon.oslo_config_glue [-] oslo_messaging_rabbit.rabbit_quorum_max_memory_length = 0 {{(pid=96409) log_opt_values /opt/stack/data/venv/lib/python3.12/site-packages/oslo_config/cfg.py:3253}}
Jul 10 15:59:44.006712 np0000005024 nova-scheduler[96409]: DEBUG cotyledon.oslo_config_glue [-] oslo_messaging_rabbit.rabbit_quorum_queue = False {{(pid=96409) log_opt_values /opt/stack/data/venv/lib/python3.12/site-packages/oslo_config/cfg.py:3253}}
Jul 10 15:59:44.006712 np0000005024 nova-scheduler[96409]: DEBUG cotyledon.oslo_config_glue [-] oslo_messaging_rabbit.rabbit_retry_backoff = 2 {{(pid=96409) log_opt_values /opt/stack/data/venv/lib/python3.12/site-packages/oslo_config/cfg.py:3253}}
Jul 10 15:59:44.006712 np0000005024 nova-scheduler[96409]: DEBUG cotyledon.oslo_config_glue [-] oslo_messaging_rabbit.rabbit_retry_interval = 1 {{(pid=96409) log_opt_values /opt/stack/data/venv/lib/python3.12/site-packages/oslo_config/cfg.py:3253}}
Jul 10 15:59:44.006712 np0000005024 nova-scheduler[96409]: DEBUG cotyledon.oslo_config_glue [-] oslo_messaging_rabbit.rabbit_stream_fanout = False {{(pid=96409) log_opt_values /opt/stack/data/venv/lib/python3.12/site-packages/oslo_config/cfg.py:3253}}
Jul 10 15:59:44.006712 np0000005024 nova-scheduler[96409]: DEBUG cotyledon.oslo_config_glue [-] oslo_messaging_rabbit.rabbit_transient_queues_ttl = 1800 {{(pid=96409) log_opt_values /opt/stack/data/venv/lib/python3.12/site-packages/oslo_config/cfg.py:3253}}
Jul 10 15:59:44.006712 np0000005024 nova-scheduler[96409]: DEBUG cotyledon.oslo_config_glue [-] oslo_messaging_rabbit.rabbit_transient_quorum_queue = False {{(pid=96409) log_opt_values /opt/stack/data/venv/lib/python3.12/site-packages/oslo_config/cfg.py:3253}}
Jul 10 15:59:44.006890 np0000005024 nova-scheduler[96409]: DEBUG cotyledon.oslo_config_glue [-] oslo_messaging_rabbit.rpc_conn_pool_size = 30 {{(pid=96409) log_opt_values /opt/stack/data/venv/lib/python3.12/site-packages/oslo_config/cfg.py:3253}}
Jul 10 15:59:44.006890 np0000005024 nova-scheduler[96409]: DEBUG cotyledon.oslo_config_glue [-] oslo_messaging_rabbit.ssl = False {{(pid=96409) log_opt_values /opt/stack/data/venv/lib/python3.12/site-packages/oslo_config/cfg.py:3253}}
Jul 10 15:59:44.006890 np0000005024 nova-scheduler[96409]: DEBUG cotyledon.oslo_config_glue [-] oslo_messaging_rabbit.ssl_ca_file = {{(pid=96409) log_opt_values /opt/stack/data/venv/lib/python3.12/site-packages/oslo_config/cfg.py:3253}}
Jul 10 15:59:44.006890 np0000005024 nova-scheduler[96409]: DEBUG cotyledon.oslo_config_glue [-] oslo_messaging_rabbit.ssl_cert_file = {{(pid=96409) log_opt_values /opt/stack/data/venv/lib/python3.12/site-packages/oslo_config/cfg.py:3253}}
Jul 10 15:59:44.006890 np0000005024 nova-scheduler[96409]: DEBUG cotyledon.oslo_config_glue [-] oslo_messaging_rabbit.ssl_enforce_fips_mode = False {{(pid=96409) log_opt_values /opt/stack/data/venv/lib/python3.12/site-packages/oslo_config/cfg.py:3253}}
Jul 10 15:59:44.006890 np0000005024 nova-scheduler[96409]: DEBUG cotyledon.oslo_config_glue [-] oslo_messaging_rabbit.ssl_enforce_hostname_verification = True {{(pid=96409) log_opt_values /opt/stack/data/venv/lib/python3.12/site-packages/oslo_config/cfg.py:3253}}
Jul 10 15:59:44.006890 np0000005024 nova-scheduler[96409]: DEBUG cotyledon.oslo_config_glue [-] oslo_messaging_rabbit.ssl_key_file = {{(pid=96409) log_opt_values /opt/stack/data/venv/lib/python3.12/site-packages/oslo_config/cfg.py:3253}}
Jul 10 15:59:44.006890 np0000005024 nova-scheduler[96409]: DEBUG cotyledon.oslo_config_glue [-] oslo_messaging_rabbit.ssl_version = {{(pid=96409) log_opt_values /opt/stack/data/venv/lib/python3.12/site-packages/oslo_config/cfg.py:3253}}
Jul 10 15:59:44.006890 np0000005024 nova-scheduler[96409]: DEBUG cotyledon.oslo_config_glue [-] oslo_messaging_rabbit.use_queue_manager = False {{(pid=96409) log_opt_values /opt/stack/data/venv/lib/python3.12/site-packages/oslo_config/cfg.py:3253}}
Jul 10 15:59:44.007068 np0000005024 nova-scheduler[96409]: DEBUG cotyledon.oslo_config_glue [-] oslo_messaging_notifications.driver = ['messagingv2'] {{(pid=96409) log_opt_values /opt/stack/data/venv/lib/python3.12/site-packages/oslo_config/cfg.py:3253}}
Jul 10 15:59:44.007068 np0000005024 nova-scheduler[96409]: DEBUG cotyledon.oslo_config_glue [-] oslo_messaging_notifications.retry = -1 {{(pid=96409) log_opt_values /opt/stack/data/venv/lib/python3.12/site-packages/oslo_config/cfg.py:3253}}
Jul 10 15:59:44.007068 np0000005024 nova-scheduler[96409]: DEBUG cotyledon.oslo_config_glue [-] oslo_messaging_notifications.topics = ['notifications'] {{(pid=96409) log_opt_values /opt/stack/data/venv/lib/python3.12/site-packages/oslo_config/cfg.py:3253}}
Jul 10 15:59:44.007068 np0000005024 nova-scheduler[96409]: DEBUG cotyledon.oslo_config_glue [-] oslo_messaging_notifications.transport_url = **** {{(pid=96409) log_opt_values /opt/stack/data/venv/lib/python3.12/site-packages/oslo_config/cfg.py:3253}}
Jul 10 15:59:44.007068 np0000005024 nova-scheduler[96409]: DEBUG cotyledon.oslo_config_glue [-] oslo_limit.auth_section = None {{(pid=96409) log_opt_values /opt/stack/data/venv/lib/python3.12/site-packages/oslo_config/cfg.py:3253}}
Jul 10 15:59:44.007068 np0000005024 nova-scheduler[96409]: DEBUG cotyledon.oslo_config_glue [-] oslo_limit.auth_type = None {{(pid=96409) log_opt_values /opt/stack/data/venv/lib/python3.12/site-packages/oslo_config/cfg.py:3253}}
Jul 10 15:59:44.007068 np0000005024 nova-scheduler[96409]: DEBUG cotyledon.oslo_config_glue [-] oslo_limit.cafile = None {{(pid=96409) log_opt_values /opt/stack/data/venv/lib/python3.12/site-packages/oslo_config/cfg.py:3253}}
Jul 10 15:59:44.007068 np0000005024 nova-scheduler[96409]: DEBUG cotyledon.oslo_config_glue [-] oslo_limit.certfile = None {{(pid=96409) log_opt_values /opt/stack/data/venv/lib/python3.12/site-packages/oslo_config/cfg.py:3253}}
Jul 10 15:59:44.007068 np0000005024 nova-scheduler[96409]: DEBUG cotyledon.oslo_config_glue [-] oslo_limit.collect_timing = False {{(pid=96409) log_opt_values /opt/stack/data/venv/lib/python3.12/site-packages/oslo_config/cfg.py:3253}}
Jul 10 15:59:44.007274 np0000005024 nova-scheduler[96409]: DEBUG cotyledon.oslo_config_glue [-] oslo_limit.connect_retries = None {{(pid=96409) log_opt_values /opt/stack/data/venv/lib/python3.12/site-packages/oslo_config/cfg.py:3253}}
Jul 10 15:59:44.007274 np0000005024 nova-scheduler[96409]: DEBUG cotyledon.oslo_config_glue [-] oslo_limit.connect_retry_delay = None {{(pid=96409) log_opt_values /opt/stack/data/venv/lib/python3.12/site-packages/oslo_config/cfg.py:3253}}
Jul 10 15:59:44.007274 np0000005024 nova-scheduler[96409]: DEBUG cotyledon.oslo_config_glue [-] oslo_limit.endpoint_id = None {{(pid=96409) log_opt_values /opt/stack/data/venv/lib/python3.12/site-packages/oslo_config/cfg.py:3253}}
Jul 10 15:59:44.007274 np0000005024 nova-scheduler[96409]: DEBUG cotyledon.oslo_config_glue [-] oslo_limit.endpoint_interface = public {{(pid=96409) log_opt_values /opt/stack/data/venv/lib/python3.12/site-packages/oslo_config/cfg.py:3253}}
Jul 10 15:59:44.007274 np0000005024 nova-scheduler[96409]: DEBUG cotyledon.oslo_config_glue [-] oslo_limit.endpoint_override = None {{(pid=96409) log_opt_values /opt/stack/data/venv/lib/python3.12/site-packages/oslo_config/cfg.py:3253}}
Jul 10 15:59:44.007274 np0000005024 nova-scheduler[96409]: DEBUG cotyledon.oslo_config_glue [-] oslo_limit.endpoint_region_name = None {{(pid=96409) log_opt_values /opt/stack/data/venv/lib/python3.12/site-packages/oslo_config/cfg.py:3253}}
Jul 10 15:59:44.007274 np0000005024 nova-scheduler[96409]: DEBUG cotyledon.oslo_config_glue [-] oslo_limit.endpoint_service_name = None {{(pid=96409) log_opt_values /opt/stack/data/venv/lib/python3.12/site-packages/oslo_config/cfg.py:3253}}
Jul 10 15:59:44.007274 np0000005024 nova-scheduler[96409]: DEBUG cotyledon.oslo_config_glue [-] oslo_limit.endpoint_service_type = None {{(pid=96409) log_opt_values /opt/stack/data/venv/lib/python3.12/site-packages/oslo_config/cfg.py:3253}}
Jul 10 15:59:44.007274 np0000005024 nova-scheduler[96409]: DEBUG cotyledon.oslo_config_glue [-] oslo_limit.insecure = False {{(pid=96409) log_opt_values /opt/stack/data/venv/lib/python3.12/site-packages/oslo_config/cfg.py:3253}}
Jul 10 15:59:44.007494 np0000005024 nova-scheduler[96409]: DEBUG cotyledon.oslo_config_glue [-] oslo_limit.keyfile = None {{(pid=96409) log_opt_values /opt/stack/data/venv/lib/python3.12/site-packages/oslo_config/cfg.py:3253}}
Jul 10 15:59:44.007494 np0000005024 nova-scheduler[96409]: DEBUG cotyledon.oslo_config_glue [-] oslo_limit.max_version = None {{(pid=96409) log_opt_values /opt/stack/data/venv/lib/python3.12/site-packages/oslo_config/cfg.py:3253}}
Jul 10 15:59:44.007494 np0000005024 nova-scheduler[96409]: DEBUG cotyledon.oslo_config_glue [-] oslo_limit.min_version = None {{(pid=96409) log_opt_values /opt/stack/data/venv/lib/python3.12/site-packages/oslo_config/cfg.py:3253}}
Jul 10 15:59:44.007494 np0000005024 nova-scheduler[96409]: DEBUG cotyledon.oslo_config_glue [-] oslo_limit.region_name = None {{(pid=96409) log_opt_values /opt/stack/data/venv/lib/python3.12/site-packages/oslo_config/cfg.py:3253}}
Jul 10 15:59:44.007494 np0000005024 nova-scheduler[96409]: DEBUG cotyledon.oslo_config_glue [-] oslo_limit.retriable_status_codes = None {{(pid=96409) log_opt_values /opt/stack/data/venv/lib/python3.12/site-packages/oslo_config/cfg.py:3253}}
Jul 10 15:59:44.007494 np0000005024 nova-scheduler[96409]: DEBUG cotyledon.oslo_config_glue [-] oslo_limit.service_name = None {{(pid=96409) log_opt_values /opt/stack/data/venv/lib/python3.12/site-packages/oslo_config/cfg.py:3253}}
Jul 10 15:59:44.007494 np0000005024 nova-scheduler[96409]: DEBUG cotyledon.oslo_config_glue [-] oslo_limit.service_type = None {{(pid=96409) log_opt_values /opt/stack/data/venv/lib/python3.12/site-packages/oslo_config/cfg.py:3253}}
Jul 10 15:59:44.007494 np0000005024 nova-scheduler[96409]: DEBUG cotyledon.oslo_config_glue [-] oslo_limit.split_loggers = False {{(pid=96409) log_opt_values /opt/stack/data/venv/lib/python3.12/site-packages/oslo_config/cfg.py:3253}}
Jul 10 15:59:44.007494 np0000005024 nova-scheduler[96409]: DEBUG cotyledon.oslo_config_glue [-] oslo_limit.status_code_retries = None {{(pid=96409) log_opt_values /opt/stack/data/venv/lib/python3.12/site-packages/oslo_config/cfg.py:3253}}
Jul 10 15:59:44.007685 np0000005024 nova-scheduler[96409]: DEBUG cotyledon.oslo_config_glue [-] oslo_limit.status_code_retry_delay = None {{(pid=96409) log_opt_values /opt/stack/data/venv/lib/python3.12/site-packages/oslo_config/cfg.py:3253}}
Jul 10 15:59:44.007685 np0000005024 nova-scheduler[96409]: DEBUG cotyledon.oslo_config_glue [-] oslo_limit.timeout = None {{(pid=96409) log_opt_values /opt/stack/data/venv/lib/python3.12/site-packages/oslo_config/cfg.py:3253}}
Jul 10 15:59:44.007685 np0000005024 nova-scheduler[96409]: DEBUG cotyledon.oslo_config_glue [-] oslo_limit.valid_interfaces = None {{(pid=96409) log_opt_values /opt/stack/data/venv/lib/python3.12/site-packages/oslo_config/cfg.py:3253}}
Jul 10 15:59:44.007685 np0000005024 nova-scheduler[96409]: DEBUG cotyledon.oslo_config_glue [-] oslo_limit.version = None {{(pid=96409) log_opt_values /opt/stack/data/venv/lib/python3.12/site-packages/oslo_config/cfg.py:3253}}
Jul 10 15:59:44.007685 np0000005024 nova-scheduler[96409]: DEBUG cotyledon.oslo_config_glue [-] oslo_reports.file_event_handler = None {{(pid=96409) log_opt_values /opt/stack/data/venv/lib/python3.12/site-packages/oslo_config/cfg.py:3253}}
Jul 10 15:59:44.007685 np0000005024 nova-scheduler[96409]: DEBUG cotyledon.oslo_config_glue [-] oslo_reports.file_event_handler_interval = 1 {{(pid=96409) log_opt_values /opt/stack/data/venv/lib/python3.12/site-packages/oslo_config/cfg.py:3253}}
Jul 10 15:59:44.007685 np0000005024 nova-scheduler[96409]: DEBUG cotyledon.oslo_config_glue [-] oslo_reports.log_dir = None {{(pid=96409) log_opt_values /opt/stack/data/venv/lib/python3.12/site-packages/oslo_config/cfg.py:3253}}
Jul 10 15:59:44.007685 np0000005024 nova-scheduler[96409]: DEBUG cotyledon.oslo_config_glue [-] ******************************************************************************** {{(pid=96409) log_opt_values /opt/stack/data/venv/lib/python3.12/site-packages/oslo_config/cfg.py:3260}}
Jul 10 15:59:44.007685 np0000005024 nova-scheduler[96409]: DEBUG cotyledon._service_worker [-] Run service ServiceWrapper(3) [96409] {{(pid=96409) wait_forever /opt/stack/data/venv/lib/python3.12/site-packages/cotyledon/_service_worker.py:218}}
Jul 10 15:59:44.007875 np0000005024 nova-scheduler[96409]: INFO nova.service [-] Starting scheduler node (version 33.1.0)
Jul 10 15:59:44.008695 np0000005024 nova-scheduler[96409]: INFO dbcounter [None req-4aeee08c-033c-4877-80a6-918e080dd9cc None None] Registered counter for database nova_cell0
Jul 10 15:59:44.012906 np0000005024 nova-scheduler[96407]: DEBUG oslo_db.sqlalchemy.engines [None req-b21b65fc-f227-4078-a2db-0e478f0c40ee None None] MySQL server mode set to STRICT_TRANS_TABLES,STRICT_ALL_TABLES,NO_ZERO_IN_DATE,NO_ZERO_DATE,ERROR_FOR_DIVISION_BY_ZERO,TRADITIONAL,NO_ENGINE_SUBSTITUTION {{(pid=96407) _check_effective_sql_mode /opt/stack/data/venv/lib/python3.12/site-packages/oslo_db/sqlalchemy/engines.py:325}}
Jul 10 15:59:44.015865 np0000005024 nova-scheduler[96405]: DEBUG oslo_db.sqlalchemy.engines [None req-3eec35ce-92d3-4747-a8bc-1f864cb70de3 None None] MySQL server mode set to STRICT_TRANS_TABLES,STRICT_ALL_TABLES,NO_ZERO_IN_DATE,NO_ZERO_DATE,ERROR_FOR_DIVISION_BY_ZERO,TRADITIONAL,NO_ENGINE_SUBSTITUTION {{(pid=96405) _check_effective_sql_mode /opt/stack/data/venv/lib/python3.12/site-packages/oslo_db/sqlalchemy/engines.py:325}}
Jul 10 15:59:44.023137 np0000005024 nova-scheduler[96407]: DEBUG dbcounter [-] [96407] Writer thread running {{(pid=96407) stat_writer /opt/stack/data/venv/lib/python3.12/site-packages/dbcounter.py:102}}
Jul 10 15:59:44.027025 np0000005024 nova-scheduler[96405]: DEBUG dbcounter [-] [96405] Writer thread running {{(pid=96405) stat_writer /opt/stack/data/venv/lib/python3.12/site-packages/dbcounter.py:102}}
Jul 10 15:59:44.029988 np0000005024 nova-scheduler[96403]: DEBUG oslo_db.sqlalchemy.engines [None req-b56c7786-b35b-46ce-9818-e2dde9750618 None None] MySQL server mode set to STRICT_TRANS_TABLES,STRICT_ALL_TABLES,NO_ZERO_IN_DATE,NO_ZERO_DATE,ERROR_FOR_DIVISION_BY_ZERO,TRADITIONAL,NO_ENGINE_SUBSTITUTION {{(pid=96403) _check_effective_sql_mode /opt/stack/data/venv/lib/python3.12/site-packages/oslo_db/sqlalchemy/engines.py:325}}
Jul 10 15:59:44.041974 np0000005024 nova-scheduler[96403]: DEBUG dbcounter [-] [96403] Writer thread running {{(pid=96403) stat_writer /opt/stack/data/venv/lib/python3.12/site-packages/dbcounter.py:102}}
Jul 10 15:59:44.044155 np0000005024 nova-scheduler[96407]: DEBUG nova.service [None req-b21b65fc-f227-4078-a2db-0e478f0c40ee None None] Creating RPC server for service: nova-scheduler on topic: scheduler {{(pid=96407) start /opt/stack/nova/nova/service.py:196}}
Jul 10 15:59:44.045328 np0000005024 nova-scheduler[96403]: DEBUG nova.service [None req-b56c7786-b35b-46ce-9818-e2dde9750618 None None] Creating RPC server for service: nova-scheduler on topic: scheduler {{(pid=96403) start /opt/stack/nova/nova/service.py:196}}
Jul 10 15:59:44.057239 np0000005024 nova-scheduler[96409]: DEBUG oslo_db.sqlalchemy.engines [None req-4aeee08c-033c-4877-80a6-918e080dd9cc None None] MySQL server mode set to STRICT_TRANS_TABLES,STRICT_ALL_TABLES,NO_ZERO_IN_DATE,NO_ZERO_DATE,ERROR_FOR_DIVISION_BY_ZERO,TRADITIONAL,NO_ENGINE_SUBSTITUTION {{(pid=96409) _check_effective_sql_mode /opt/stack/data/venv/lib/python3.12/site-packages/oslo_db/sqlalchemy/engines.py:325}}
Jul 10 15:59:44.057974 np0000005024 nova-scheduler[96405]: DEBUG nova.service [None req-3eec35ce-92d3-4747-a8bc-1f864cb70de3 None None] Creating RPC server for service: nova-scheduler on topic: scheduler {{(pid=96405) start /opt/stack/nova/nova/service.py:196}}
Jul 10 15:59:44.067568 np0000005024 nova-scheduler[96409]: DEBUG dbcounter [-] [96409] Writer thread running {{(pid=96409) stat_writer /opt/stack/data/venv/lib/python3.12/site-packages/dbcounter.py:102}}
Jul 10 15:59:44.071142 np0000005024 nova-scheduler[96409]: DEBUG nova.service [None req-4aeee08c-033c-4877-80a6-918e080dd9cc None None] Creating RPC server for service: nova-scheduler on topic: scheduler {{(pid=96409) start /opt/stack/nova/nova/service.py:196}}
Jul 10 15:59:44.074940 np0000005024 nova-scheduler[96407]: DEBUG nova.service [None req-b21b65fc-f227-4078-a2db-0e478f0c40ee None None] Join ServiceGroup membership for this service scheduler {{(pid=96407) start /opt/stack/nova/nova/service.py:222}}
Jul 10 15:59:44.075113 np0000005024 nova-scheduler[96407]: DEBUG nova.servicegroup.drivers.db [None req-b21b65fc-f227-4078-a2db-0e478f0c40ee None None] DB_Driver: join new ServiceGroup member np0000005024 to the scheduler group, service = {{(pid=96407) join /opt/stack/nova/nova/servicegroup/drivers/db.py:44}}
Jul 10 15:59:44.076250 np0000005024 nova-scheduler[96403]: DEBUG nova.service [None req-b56c7786-b35b-46ce-9818-e2dde9750618 None None] Join ServiceGroup membership for this service scheduler {{(pid=96403) start /opt/stack/nova/nova/service.py:222}}
Jul 10 15:59:44.076471 np0000005024 nova-scheduler[96403]: DEBUG nova.servicegroup.drivers.db [None req-b56c7786-b35b-46ce-9818-e2dde9750618 None None] DB_Driver: join new ServiceGroup member np0000005024 to the scheduler group, service = {{(pid=96403) join /opt/stack/nova/nova/servicegroup/drivers/db.py:44}}
Jul 10 15:59:44.086120 np0000005024 nova-scheduler[96405]: DEBUG nova.service [None req-3eec35ce-92d3-4747-a8bc-1f864cb70de3 None None] Join ServiceGroup membership for this service scheduler {{(pid=96405) start /opt/stack/nova/nova/service.py:222}}
Jul 10 15:59:44.086642 np0000005024 nova-scheduler[96405]: DEBUG nova.servicegroup.drivers.db [None req-3eec35ce-92d3-4747-a8bc-1f864cb70de3 None None] DB_Driver: join new ServiceGroup member np0000005024 to the scheduler group, service = {{(pid=96405) join /opt/stack/nova/nova/servicegroup/drivers/db.py:44}}
Jul 10 15:59:44.089810 np0000005024 nova-scheduler[96409]: DEBUG nova.service [None req-4aeee08c-033c-4877-80a6-918e080dd9cc None None] Join ServiceGroup membership for this service scheduler {{(pid=96409) start /opt/stack/nova/nova/service.py:222}}
Jul 10 15:59:44.090023 np0000005024 nova-scheduler[96409]: DEBUG nova.servicegroup.drivers.db [None req-4aeee08c-033c-4877-80a6-918e080dd9cc None None] DB_Driver: join new ServiceGroup member np0000005024 to the scheduler group, service = {{(pid=96409) join /opt/stack/nova/nova/servicegroup/drivers/db.py:44}}
Jul 10 15:59:49.088268 np0000005024 nova-scheduler[96407]: DEBUG oslo.service.backend._threading.loopingcall [-] Fixed interval looping call 'nova.servicegroup.drivers.db.DbDriver._report_state' sleeping for 119.99 seconds {{(pid=96407) _run_loop /opt/stack/data/venv/lib/python3.12/site-packages/oslo_service/backend/_threading/loopingcall.py:125}}
Jul 10 15:59:49.089439 np0000005024 nova-scheduler[96403]: DEBUG oslo.service.backend._threading.loopingcall [-] Fixed interval looping call 'nova.servicegroup.drivers.db.DbDriver._report_state' sleeping for 119.99 seconds {{(pid=96403) _run_loop /opt/stack/data/venv/lib/python3.12/site-packages/oslo_service/backend/_threading/loopingcall.py:125}}
Jul 10 15:59:49.100821 np0000005024 nova-scheduler[96405]: DEBUG oslo.service.backend._threading.loopingcall [-] Fixed interval looping call 'nova.servicegroup.drivers.db.DbDriver._report_state' sleeping for 119.99 seconds {{(pid=96405) _run_loop /opt/stack/data/venv/lib/python3.12/site-packages/oslo_service/backend/_threading/loopingcall.py:125}}
Jul 10 15:59:49.103502 np0000005024 nova-scheduler[96409]: DEBUG oslo.service.backend._threading.loopingcall [-] Fixed interval looping call 'nova.servicegroup.drivers.db.DbDriver._report_state' sleeping for 119.99 seconds {{(pid=96409) _run_loop /opt/stack/data/venv/lib/python3.12/site-packages/oslo_service/backend/_threading/loopingcall.py:125}}
Jul 10 15:59:52.613686 np0000005024 nova-scheduler[95207]: DEBUG dbcounter [-] [95207] Writing DB stats nova_api:SELECT=3 {{(pid=95207) stat_writer /opt/stack/data/venv/lib/python3.12/site-packages/dbcounter.py:115}}
Jul 10 15:59:52.767100 np0000005024 nova-scheduler[95207]: DEBUG dbcounter [-] [95207] Writing DB stats nova_cell0:SELECT=1 {{(pid=95207) stat_writer /opt/stack/data/venv/lib/python3.12/site-packages/dbcounter.py:115}}
Jul 10 15:59:52.771464 np0000005024 nova-scheduler[95207]: DEBUG dbcounter [-] [95207] Writing DB stats nova_cell1:SELECT=1 {{(pid=95207) stat_writer /opt/stack/data/venv/lib/python3.12/site-packages/dbcounter.py:115}}
Jul 10 15:59:57.089459 np0000005024 nova-scheduler[96405]: DEBUG oslo.service.backend._threading.loopingcall [None req-4ad78590-af8b-4319-bae9-559ccb937985 None None] Dynamic interval looping call 'nova.service.Service.periodic_tasks' sleeping for 60.00 seconds {{(pid=96405) _run_loop /opt/stack/data/venv/lib/python3.12/site-packages/oslo_service/backend/_threading/loopingcall.py:125}}
Jul 10 15:59:59.084830 np0000005024 nova-scheduler[96407]: DEBUG dbcounter [-] [96407] Writing DB stats nova_cell0:SELECT=4,nova_cell0:INSERT=1,nova_cell0:UPDATE=1 {{(pid=96407) stat_writer /opt/stack/data/venv/lib/python3.12/site-packages/dbcounter.py:115}}
Jul 10 15:59:59.088177 np0000005024 nova-scheduler[96403]: DEBUG dbcounter [-] [96403] Writing DB stats nova_cell0:SELECT=3,nova_cell0:UPDATE=1 {{(pid=96403) stat_writer /opt/stack/data/venv/lib/python3.12/site-packages/dbcounter.py:115}}
Jul 10 15:59:59.099746 np0000005024 nova-scheduler[96405]: DEBUG dbcounter [-] [96405] Writing DB stats nova_cell0:SELECT=5,nova_cell0:INSERT=1 {{(pid=96405) stat_writer /opt/stack/data/venv/lib/python3.12/site-packages/dbcounter.py:115}}
Jul 10 15:59:59.101343 np0000005024 nova-scheduler[96409]: DEBUG dbcounter [-] [96409] Writing DB stats nova_cell0:SELECT=3 {{(pid=96409) stat_writer /opt/stack/data/venv/lib/python3.12/site-packages/dbcounter.py:115}}
Jul 10 16:00:10.092074 np0000005024 nova-scheduler[96409]: DEBUG oslo.service.backend._threading.loopingcall [None req-246ab92c-3073-4c05-95ab-3267f71be612 None None] Dynamic interval looping call 'nova.service.Service.periodic_tasks' sleeping for 60.00 seconds {{(pid=96409) _run_loop /opt/stack/data/venv/lib/python3.12/site-packages/oslo_service/backend/_threading/loopingcall.py:125}}
Jul 10 16:00:13.078964 np0000005024 nova-scheduler[96403]: DEBUG oslo.service.backend._threading.loopingcall [None req-5a8b7700-e7e2-42b2-8a5d-0a60ca01dfce None None] Dynamic interval looping call 'nova.service.Service.periodic_tasks' sleeping for 60.00 seconds {{(pid=96403) _run_loop /opt/stack/data/venv/lib/python3.12/site-packages/oslo_service/backend/_threading/loopingcall.py:125}}
Jul 10 16:00:34.077113 np0000005024 nova-scheduler[96407]: DEBUG oslo.service.backend._threading.loopingcall [None req-e3d88b52-1990-41a2-b183-7cea7ab1a77f None None] Dynamic interval looping call 'nova.service.Service.periodic_tasks' sleeping for 60.00 seconds {{(pid=96407) _run_loop /opt/stack/data/venv/lib/python3.12/site-packages/oslo_service/backend/_threading/loopingcall.py:125}}
Jul 10 16:00:57.089914 np0000005024 nova-scheduler[96405]: DEBUG oslo.service.backend._threading.loopingcall [None req-4ad78590-af8b-4319-bae9-559ccb937985 None None] Dynamic interval looping call 'nova.service.Service.periodic_tasks' sleeping for 60.00 seconds {{(pid=96405) _run_loop /opt/stack/data/venv/lib/python3.12/site-packages/oslo_service/backend/_threading/loopingcall.py:125}}
Jul 10 16:01:10.092621 np0000005024 nova-scheduler[96409]: DEBUG oslo.service.backend._threading.loopingcall [None req-246ab92c-3073-4c05-95ab-3267f71be612 None None] Dynamic interval looping call 'nova.service.Service.periodic_tasks' sleeping for 60.00 seconds {{(pid=96409) _run_loop /opt/stack/data/venv/lib/python3.12/site-packages/oslo_service/backend/_threading/loopingcall.py:125}}
Jul 10 16:01:13.079708 np0000005024 nova-scheduler[96403]: DEBUG oslo.service.backend._threading.loopingcall [None req-5a8b7700-e7e2-42b2-8a5d-0a60ca01dfce None None] Dynamic interval looping call 'nova.service.Service.periodic_tasks' sleeping for 60.00 seconds {{(pid=96403) _run_loop /opt/stack/data/venv/lib/python3.12/site-packages/oslo_service/backend/_threading/loopingcall.py:125}}
Jul 10 16:01:34.077579 np0000005024 nova-scheduler[96407]: DEBUG oslo.service.backend._threading.loopingcall [None req-e3d88b52-1990-41a2-b183-7cea7ab1a77f None None] Dynamic interval looping call 'nova.service.Service.periodic_tasks' sleeping for 60.00 seconds {{(pid=96407) _run_loop /opt/stack/data/venv/lib/python3.12/site-packages/oslo_service/backend/_threading/loopingcall.py:125}}
Jul 10 16:01:49.095496 np0000005024 nova-scheduler[96407]: DEBUG oslo.service.backend._threading.loopingcall [-] Fixed interval looping call 'nova.servicegroup.drivers.db.DbDriver._report_state' sleeping for 119.98 seconds {{(pid=96407) _run_loop /opt/stack/data/venv/lib/python3.12/site-packages/oslo_service/backend/_threading/loopingcall.py:125}}
Jul 10 16:01:49.096041 np0000005024 nova-scheduler[96403]: DEBUG oslo.service.backend._threading.loopingcall [-] Fixed interval looping call 'nova.servicegroup.drivers.db.DbDriver._report_state' sleeping for 119.98 seconds {{(pid=96403) _run_loop /opt/stack/data/venv/lib/python3.12/site-packages/oslo_service/backend/_threading/loopingcall.py:125}}
Jul 10 16:01:49.097636 np0000005024 nova-scheduler[96405]: DEBUG oslo.service.backend._threading.loopingcall [-] Fixed interval looping call 'nova.servicegroup.drivers.db.DbDriver._report_state' sleeping for 119.99 seconds {{(pid=96405) _run_loop /opt/stack/data/venv/lib/python3.12/site-packages/oslo_service/backend/_threading/loopingcall.py:125}}
Jul 10 16:01:49.099138 np0000005024 nova-scheduler[96409]: DEBUG oslo.service.backend._threading.loopingcall [-] Fixed interval looping call 'nova.servicegroup.drivers.db.DbDriver._report_state' sleeping for 120.00 seconds {{(pid=96409) _run_loop /opt/stack/data/venv/lib/python3.12/site-packages/oslo_service/backend/_threading/loopingcall.py:125}}
Jul 10 16:01:57.090996 np0000005024 nova-scheduler[96405]: DEBUG oslo.service.backend._threading.loopingcall [None req-4ad78590-af8b-4319-bae9-559ccb937985 None None] Dynamic interval looping call 'nova.service.Service.periodic_tasks' sleeping for 60.00 seconds {{(pid=96405) _run_loop /opt/stack/data/venv/lib/python3.12/site-packages/oslo_service/backend/_threading/loopingcall.py:125}}
Jul 10 16:01:59.086500 np0000005024 nova-scheduler[96407]: DEBUG dbcounter [-] [96407] Writing DB stats nova_cell0:SELECT=1,nova_cell0:UPDATE=1 {{(pid=96407) stat_writer /opt/stack/data/venv/lib/python3.12/site-packages/dbcounter.py:115}}
Jul 10 16:01:59.086796 np0000005024 nova-scheduler[96403]: DEBUG dbcounter [-] [96403] Writing DB stats nova_cell0:SELECT=1,nova_cell0:UPDATE=1 {{(pid=96403) stat_writer /opt/stack/data/venv/lib/python3.12/site-packages/dbcounter.py:115}}
Jul 10 16:01:59.096688 np0000005024 nova-scheduler[96405]: DEBUG dbcounter [-] [96405] Writing DB stats nova_cell0:SELECT=1,nova_cell0:UPDATE=1 {{(pid=96405) stat_writer /opt/stack/data/venv/lib/python3.12/site-packages/dbcounter.py:115}}
Jul 10 16:01:59.097181 np0000005024 nova-scheduler[96409]: DEBUG dbcounter [-] [96409] Writing DB stats nova_cell0:SELECT=1 {{(pid=96409) stat_writer /opt/stack/data/venv/lib/python3.12/site-packages/dbcounter.py:115}}
Jul 10 16:02:01.245083 np0000005024 nova-scheduler[96407]: DEBUG nova.scheduler.manager [None req-0f975c5a-28fc-49e8-951c-ac4a33503358 tempest-AttachVolumeShelveTestJSON-2132288438 tempest-AttachVolumeShelveTestJSON-2132288438-project-member] Starting to schedule for instances: ['ac489609-bdf6-46e3-8e42-38d4ee549946'] {{(pid=96407) select_destinations /opt/stack/nova/nova/scheduler/manager.py:209}}
Jul 10 16:02:01.246272 np0000005024 nova-scheduler[96407]: DEBUG nova.scheduler.request_filter [None req-0f975c5a-28fc-49e8-951c-ac4a33503358 tempest-AttachVolumeShelveTestJSON-2132288438 tempest-AttachVolumeShelveTestJSON-2132288438-project-member] compute_status_filter request filter added forbidden trait COMPUTE_STATUS_DISABLED {{(pid=96407) compute_status_filter /opt/stack/nova/nova/scheduler/request_filter.py:253}}
Jul 10 16:02:01.246272 np0000005024 nova-scheduler[96407]: DEBUG nova.scheduler.request_filter [None req-0f975c5a-28fc-49e8-951c-ac4a33503358 tempest-AttachVolumeShelveTestJSON-2132288438 tempest-AttachVolumeShelveTestJSON-2132288438-project-member] Request filter 'compute_status_filter' took 0.0 seconds {{(pid=96407) wrapper /opt/stack/nova/nova/scheduler/request_filter.py:46}}
Jul 10 16:02:01.246569 np0000005024 nova-scheduler[96407]: DEBUG nova.scheduler.request_filter [None req-0f975c5a-28fc-49e8-951c-ac4a33503358 tempest-AttachVolumeShelveTestJSON-2132288438 tempest-AttachVolumeShelveTestJSON-2132288438-project-member] Request filter 'accelerators_filter' took 0.0 seconds {{(pid=96407) wrapper /opt/stack/nova/nova/scheduler/request_filter.py:46}}
Jul 10 16:02:01.246801 np0000005024 nova-scheduler[96407]: DEBUG nova.scheduler.request_filter [None req-0f975c5a-28fc-49e8-951c-ac4a33503358 tempest-AttachVolumeShelveTestJSON-2132288438 tempest-AttachVolumeShelveTestJSON-2132288438-project-member] Request filter 'packed_virtqueue_filter' took 0.0 seconds {{(pid=96407) wrapper /opt/stack/nova/nova/scheduler/request_filter.py:46}}
Jul 10 16:02:01.247115 np0000005024 nova-scheduler[96407]: DEBUG nova.scheduler.request_filter [None req-0f975c5a-28fc-49e8-951c-ac4a33503358 tempest-AttachVolumeShelveTestJSON-2132288438 tempest-AttachVolumeShelveTestJSON-2132288438-project-member] Request filter 'remote_managed_ports_filter' took 0.0 seconds {{(pid=96407) wrapper /opt/stack/nova/nova/scheduler/request_filter.py:46}}
Jul 10 16:02:01.247308 np0000005024 nova-scheduler[96407]: DEBUG nova.scheduler.request_filter [None req-0f975c5a-28fc-49e8-951c-ac4a33503358 tempest-AttachVolumeShelveTestJSON-2132288438 tempest-AttachVolumeShelveTestJSON-2132288438-project-member] ephemeral_encryption_filter skipped {{(pid=96407) ephemeral_encryption_filter /opt/stack/nova/nova/scheduler/request_filter.py:426}}
Jul 10 16:02:01.248129 np0000005024 nova-scheduler[96407]: DEBUG nova.scheduler.request_filter [None req-0f975c5a-28fc-49e8-951c-ac4a33503358 tempest-AttachVolumeShelveTestJSON-2132288438 tempest-AttachVolumeShelveTestJSON-2132288438-project-member] virtio_sound_filter skipped {{(pid=96407) virtio_sound_filter /opt/stack/nova/nova/scheduler/request_filter.py:460}}
Jul 10 16:02:01.248129 np0000005024 nova-scheduler[96407]: DEBUG nova.scheduler.request_filter [None req-0f975c5a-28fc-49e8-951c-ac4a33503358 tempest-AttachVolumeShelveTestJSON-2132288438 tempest-AttachVolumeShelveTestJSON-2132288438-project-member] tpm_secret_security_filter skipped {{(pid=96407) tpm_secret_security_filter /opt/stack/nova/nova/scheduler/request_filter.py:477}}
Jul 10 16:02:01.981169 np0000005024 nova-scheduler[96407]: INFO nova.utils [None req-0f975c5a-28fc-49e8-951c-ac4a33503358 tempest-AttachVolumeShelveTestJSON-2132288438 tempest-AttachVolumeShelveTestJSON-2132288438-project-member] The cell worker thread pool ForkProcess-3.cell_worker is initialized
Jul 10 16:02:01.981649 np0000005024 nova-scheduler[96407]: DEBUG oslo_concurrency.lockutils [None req-0f975c5a-28fc-49e8-951c-ac4a33503358 tempest-AttachVolumeShelveTestJSON-2132288438 tempest-AttachVolumeShelveTestJSON-2132288438-project-member] Acquiring lock "8250f7c9-39c6-47f8-a79e-b784ca6cc311" by "nova.context.set_target_cell..get_or_set_cached_cell_and_set_connections" {{(pid=96407) inner /opt/stack/data/venv/lib/python3.12/site-packages/oslo_concurrency/lockutils.py:511}}
Jul 10 16:02:01.981884 np0000005024 nova-scheduler[96407]: DEBUG oslo_concurrency.lockutils [None req-0f975c5a-28fc-49e8-951c-ac4a33503358 tempest-AttachVolumeShelveTestJSON-2132288438 tempest-AttachVolumeShelveTestJSON-2132288438-project-member] Lock "8250f7c9-39c6-47f8-a79e-b784ca6cc311" acquired by "nova.context.set_target_cell..get_or_set_cached_cell_and_set_connections" :: waited 0.000s {{(pid=96407) inner /opt/stack/data/venv/lib/python3.12/site-packages/oslo_concurrency/lockutils.py:524}}
Jul 10 16:02:01.983571 np0000005024 nova-scheduler[96407]: DEBUG oslo_concurrency.lockutils [None req-0f975c5a-28fc-49e8-951c-ac4a33503358 tempest-AttachVolumeShelveTestJSON-2132288438 tempest-AttachVolumeShelveTestJSON-2132288438-project-member] Lock "8250f7c9-39c6-47f8-a79e-b784ca6cc311" "released" by "nova.context.set_target_cell..get_or_set_cached_cell_and_set_connections" :: held 0.002s {{(pid=96407) inner /opt/stack/data/venv/lib/python3.12/site-packages/oslo_concurrency/lockutils.py:543}}
Jul 10 16:02:01.985834 np0000005024 nova-scheduler[96407]: INFO dbcounter [None req-0f975c5a-28fc-49e8-951c-ac4a33503358 tempest-AttachVolumeShelveTestJSON-2132288438 tempest-AttachVolumeShelveTestJSON-2132288438-project-member] Registered counter for database nova_cell1
Jul 10 16:02:02.033197 np0000005024 nova-scheduler[96407]: DEBUG oslo_db.sqlalchemy.engines [None req-0f975c5a-28fc-49e8-951c-ac4a33503358 tempest-AttachVolumeShelveTestJSON-2132288438 tempest-AttachVolumeShelveTestJSON-2132288438-project-member] MySQL server mode set to STRICT_TRANS_TABLES,STRICT_ALL_TABLES,NO_ZERO_IN_DATE,NO_ZERO_DATE,ERROR_FOR_DIVISION_BY_ZERO,TRADITIONAL,NO_ENGINE_SUBSTITUTION {{(pid=96407) _check_effective_sql_mode /opt/stack/data/venv/lib/python3.12/site-packages/oslo_db/sqlalchemy/engines.py:325}}
Jul 10 16:02:02.039114 np0000005024 nova-scheduler[96407]: DEBUG dbcounter [-] [96407] Writer thread running {{(pid=96407) stat_writer /opt/stack/data/venv/lib/python3.12/site-packages/dbcounter.py:102}}
Jul 10 16:02:02.062172 np0000005024 nova-scheduler[96407]: DEBUG oslo_db.sqlalchemy.engines [None req-0f975c5a-28fc-49e8-951c-ac4a33503358 tempest-AttachVolumeShelveTestJSON-2132288438 tempest-AttachVolumeShelveTestJSON-2132288438-project-member] Parent process 95207 forked (96407) with an open database connection, which is being discarded and recreated. {{(pid=96407) checkout /opt/stack/data/venv/lib/python3.12/site-packages/oslo_db/sqlalchemy/engines.py:402}}
Jul 10 16:02:02.118682 np0000005024 nova-scheduler[96407]: DEBUG dbcounter [-] [96407] Writer thread running {{(pid=96407) stat_writer /opt/stack/data/venv/lib/python3.12/site-packages/dbcounter.py:102}}
Jul 10 16:02:02.122309 np0000005024 nova-scheduler[96407]: DEBUG oslo_concurrency.lockutils [None req-0f975c5a-28fc-49e8-951c-ac4a33503358 tempest-AttachVolumeShelveTestJSON-2132288438 tempest-AttachVolumeShelveTestJSON-2132288438-project-member] Acquiring lock "8250f7c9-39c6-47f8-a79e-b784ca6cc311" by "nova.context.set_target_cell..get_or_set_cached_cell_and_set_connections" {{(pid=96407) inner /opt/stack/data/venv/lib/python3.12/site-packages/oslo_concurrency/lockutils.py:511}}
Jul 10 16:02:02.122309 np0000005024 nova-scheduler[96407]: DEBUG oslo_concurrency.lockutils [None req-0f975c5a-28fc-49e8-951c-ac4a33503358 tempest-AttachVolumeShelveTestJSON-2132288438 tempest-AttachVolumeShelveTestJSON-2132288438-project-member] Lock "8250f7c9-39c6-47f8-a79e-b784ca6cc311" acquired by "nova.context.set_target_cell..get_or_set_cached_cell_and_set_connections" :: waited 0.000s {{(pid=96407) inner /opt/stack/data/venv/lib/python3.12/site-packages/oslo_concurrency/lockutils.py:524}}
Jul 10 16:02:02.122562 np0000005024 nova-scheduler[96407]: DEBUG oslo_concurrency.lockutils [None req-0f975c5a-28fc-49e8-951c-ac4a33503358 tempest-AttachVolumeShelveTestJSON-2132288438 tempest-AttachVolumeShelveTestJSON-2132288438-project-member] Lock "8250f7c9-39c6-47f8-a79e-b784ca6cc311" "released" by "nova.context.set_target_cell..get_or_set_cached_cell_and_set_connections" :: held 0.000s {{(pid=96407) inner /opt/stack/data/venv/lib/python3.12/site-packages/oslo_concurrency/lockutils.py:543}}
Jul 10 16:02:02.126376 np0000005024 nova-scheduler[96407]: DEBUG oslo_concurrency.lockutils [None req-0f975c5a-28fc-49e8-951c-ac4a33503358 tempest-AttachVolumeShelveTestJSON-2132288438 tempest-AttachVolumeShelveTestJSON-2132288438-project-member] Acquiring lock "np0000005024-np0000005024" by "nova.scheduler.host_manager.HostState.update.._locked_update" {{(pid=96407) inner /opt/stack/data/venv/lib/python3.12/site-packages/oslo_concurrency/lockutils.py:511}}
Jul 10 16:02:02.126586 np0000005024 nova-scheduler[96407]: DEBUG oslo_concurrency.lockutils [None req-0f975c5a-28fc-49e8-951c-ac4a33503358 tempest-AttachVolumeShelveTestJSON-2132288438 tempest-AttachVolumeShelveTestJSON-2132288438-project-member] Lock "np0000005024-np0000005024" acquired by "nova.scheduler.host_manager.HostState.update.._locked_update" :: waited 0.000s {{(pid=96407) inner /opt/stack/data/venv/lib/python3.12/site-packages/oslo_concurrency/lockutils.py:524}}
