Jul 10 15:59:49.382857 np0000005024 nova-conductor[98838]: DEBUG cotyledon.oslo_config_glue [-] workarounds.skip_hypervisor_version_check_on_lm = False {{(pid=98838) log_opt_values /opt/stack/data/venv/lib/python3.12/site-packages/oslo_config/cfg.py:3253}}
Jul 10 15:59:49.383032 np0000005024 nova-conductor[98838]: DEBUG cotyledon.oslo_config_glue [-] workarounds.skip_reserve_in_use_ironic_nodes = False {{(pid=98838) log_opt_values /opt/stack/data/venv/lib/python3.12/site-packages/oslo_config/cfg.py:3253}}
Jul 10 15:59:49.383053 np0000005024 nova-conductor[98826]: DEBUG oslo_db.sqlalchemy.engines [None req-34bb4b4e-5f5c-4cc7-a531-bba22ef1246d None None] MySQL server mode set to STRICT_TRANS_TABLES,STRICT_ALL_TABLES,NO_ZERO_IN_DATE,NO_ZERO_DATE,ERROR_FOR_DIVISION_BY_ZERO,TRADITIONAL,NO_ENGINE_SUBSTITUTION {{(pid=98826) _check_effective_sql_mode /opt/stack/data/venv/lib/python3.12/site-packages/oslo_db/sqlalchemy/engines.py:325}}
Jul 10 15:59:49.383081 np0000005024 nova-conductor[98838]: DEBUG cotyledon.oslo_config_glue [-] workarounds.unified_limits_count_pcpu_as_vcpu = False {{(pid=98838) log_opt_values /opt/stack/data/venv/lib/python3.12/site-packages/oslo_config/cfg.py:3253}}
Jul 10 15:59:49.383081 np0000005024 nova-conductor[98838]: DEBUG cotyledon.oslo_config_glue [-] workarounds.wait_for_vif_plugged_event_during_hard_reboot = [] {{(pid=98838) log_opt_values /opt/stack/data/venv/lib/python3.12/site-packages/oslo_config/cfg.py:3253}}
Jul 10 15:59:49.383081 np0000005024 nova-conductor[98838]: DEBUG cotyledon.oslo_config_glue [-] wsgi.api_paste_config = /etc/nova/api-paste.ini {{(pid=98838) log_opt_values /opt/stack/data/venv/lib/python3.12/site-packages/oslo_config/cfg.py:3253}}
Jul 10 15:59:49.383081 np0000005024 nova-conductor[98838]: DEBUG cotyledon.oslo_config_glue [-] wsgi.secure_proxy_ssl_header = None {{(pid=98838) log_opt_values /opt/stack/data/venv/lib/python3.12/site-packages/oslo_config/cfg.py:3253}}
Jul 10 15:59:49.383081 np0000005024 nova-conductor[98838]: DEBUG cotyledon.oslo_config_glue [-] zvm.ca_file = None {{(pid=98838) log_opt_values /opt/stack/data/venv/lib/python3.12/site-packages/oslo_config/cfg.py:3253}}
Jul 10 15:59:49.383081 np0000005024 nova-conductor[98838]: DEBUG cotyledon.oslo_config_glue [-] zvm.cloud_connector_url = None {{(pid=98838) log_opt_values /opt/stack/data/venv/lib/python3.12/site-packages/oslo_config/cfg.py:3253}}
Jul 10 15:59:49.383081 np0000005024 nova-conductor[98838]: DEBUG cotyledon.oslo_config_glue [-] zvm.image_tmp_path = /opt/stack/data/nova/images {{(pid=98838) log_opt_values /opt/stack/data/venv/lib/python3.12/site-packages/oslo_config/cfg.py:3253}}
Jul 10 15:59:49.383081 np0000005024 nova-conductor[98838]: DEBUG cotyledon.oslo_config_glue [-] zvm.reachable_timeout = 300 {{(pid=98838) log_opt_values /opt/stack/data/venv/lib/python3.12/site-packages/oslo_config/cfg.py:3253}}
Jul 10 15:59:49.383081 np0000005024 nova-conductor[98838]: DEBUG cotyledon.oslo_config_glue [-] oslo_versionedobjects.fatal_exception_format_errors = False {{(pid=98838) log_opt_values /opt/stack/data/venv/lib/python3.12/site-packages/oslo_config/cfg.py:3253}}
Jul 10 15:59:49.383259 np0000005024 nova-conductor[98838]: DEBUG cotyledon.oslo_config_glue [-] oslo_middleware.http_basic_auth_user_file = /etc/htpasswd {{(pid=98838) log_opt_values /opt/stack/data/venv/lib/python3.12/site-packages/oslo_config/cfg.py:3253}}
Jul 10 15:59:49.383259 np0000005024 nova-conductor[98838]: DEBUG cotyledon.oslo_config_glue [-] profiler.connection_string = messaging:// {{(pid=98838) log_opt_values /opt/stack/data/venv/lib/python3.12/site-packages/oslo_config/cfg.py:3253}}
Jul 10 15:59:49.383259 np0000005024 nova-conductor[98838]: DEBUG cotyledon.oslo_config_glue [-] profiler.enabled = False {{(pid=98838) log_opt_values /opt/stack/data/venv/lib/python3.12/site-packages/oslo_config/cfg.py:3253}}
Jul 10 15:59:49.383259 np0000005024 nova-conductor[98838]: DEBUG cotyledon.oslo_config_glue [-] profiler.es_doc_type = notification {{(pid=98838) log_opt_values /opt/stack/data/venv/lib/python3.12/site-packages/oslo_config/cfg.py:3253}}
Jul 10 15:59:49.383259 np0000005024 nova-conductor[98838]: DEBUG cotyledon.oslo_config_glue [-] profiler.es_scroll_size = 10000 {{(pid=98838) log_opt_values /opt/stack/data/venv/lib/python3.12/site-packages/oslo_config/cfg.py:3253}}
Jul 10 15:59:49.383259 np0000005024 nova-conductor[98838]: DEBUG cotyledon.oslo_config_glue [-] profiler.es_scroll_time = 2m {{(pid=98838) log_opt_values /opt/stack/data/venv/lib/python3.12/site-packages/oslo_config/cfg.py:3253}}
Jul 10 15:59:49.383259 np0000005024 nova-conductor[98838]: DEBUG cotyledon.oslo_config_glue [-] profiler.filter_error_trace = False {{(pid=98838) log_opt_values /opt/stack/data/venv/lib/python3.12/site-packages/oslo_config/cfg.py:3253}}
Jul 10 15:59:49.383259 np0000005024 nova-conductor[98838]: DEBUG cotyledon.oslo_config_glue [-] profiler.hmac_keys = **** {{(pid=98838) log_opt_values /opt/stack/data/venv/lib/python3.12/site-packages/oslo_config/cfg.py:3253}}
Jul 10 15:59:49.383259 np0000005024 nova-conductor[98838]: DEBUG cotyledon.oslo_config_glue [-] profiler.sentinel_service_name = mymaster {{(pid=98838) log_opt_values /opt/stack/data/venv/lib/python3.12/site-packages/oslo_config/cfg.py:3253}}
Jul 10 15:59:49.383431 np0000005024 nova-conductor[98838]: DEBUG cotyledon.oslo_config_glue [-] profiler.socket_timeout = 0.1 {{(pid=98838) log_opt_values /opt/stack/data/venv/lib/python3.12/site-packages/oslo_config/cfg.py:3253}}
Jul 10 15:59:49.383431 np0000005024 nova-conductor[98838]: DEBUG cotyledon.oslo_config_glue [-] profiler.trace_requests = False {{(pid=98838) log_opt_values /opt/stack/data/venv/lib/python3.12/site-packages/oslo_config/cfg.py:3253}}
Jul 10 15:59:49.383431 np0000005024 nova-conductor[98838]: DEBUG cotyledon.oslo_config_glue [-] profiler.trace_sqlalchemy = False {{(pid=98838) log_opt_values /opt/stack/data/venv/lib/python3.12/site-packages/oslo_config/cfg.py:3253}}
Jul 10 15:59:49.383431 np0000005024 nova-conductor[98838]: DEBUG cotyledon.oslo_config_glue [-] profiler_jaeger.process_tags = {} {{(pid=98838) log_opt_values /opt/stack/data/venv/lib/python3.12/site-packages/oslo_config/cfg.py:3253}}
Jul 10 15:59:49.383431 np0000005024 nova-conductor[98838]: DEBUG cotyledon.oslo_config_glue [-] profiler_jaeger.service_name_prefix = None {{(pid=98838) log_opt_values /opt/stack/data/venv/lib/python3.12/site-packages/oslo_config/cfg.py:3253}}
Jul 10 15:59:49.383431 np0000005024 nova-conductor[98838]: DEBUG cotyledon.oslo_config_glue [-] profiler_otlp.service_name_prefix = None {{(pid=98838) log_opt_values /opt/stack/data/venv/lib/python3.12/site-packages/oslo_config/cfg.py:3253}}
Jul 10 15:59:49.383431 np0000005024 nova-conductor[98838]: DEBUG cotyledon.oslo_config_glue [-] oslo_messaging_rabbit.amqp_auto_delete = False {{(pid=98838) log_opt_values /opt/stack/data/venv/lib/python3.12/site-packages/oslo_config/cfg.py:3253}}
Jul 10 15:59:49.383431 np0000005024 nova-conductor[98838]: DEBUG cotyledon.oslo_config_glue [-] oslo_messaging_rabbit.amqp_durable_queues = False {{(pid=98838) log_opt_values /opt/stack/data/venv/lib/python3.12/site-packages/oslo_config/cfg.py:3253}}
Jul 10 15:59:49.383431 np0000005024 nova-conductor[98838]: DEBUG cotyledon.oslo_config_glue [-] oslo_messaging_rabbit.conn_pool_min_size = 2 {{(pid=98838) log_opt_values /opt/stack/data/venv/lib/python3.12/site-packages/oslo_config/cfg.py:3253}}
Jul 10 15:59:49.383614 np0000005024 nova-conductor[98838]: DEBUG cotyledon.oslo_config_glue [-] oslo_messaging_rabbit.conn_pool_ttl = 1200 {{(pid=98838) log_opt_values /opt/stack/data/venv/lib/python3.12/site-packages/oslo_config/cfg.py:3253}}
Jul 10 15:59:49.383614 np0000005024 nova-conductor[98838]: DEBUG cotyledon.oslo_config_glue [-] oslo_messaging_rabbit.direct_mandatory_flag = True {{(pid=98838) log_opt_values /opt/stack/data/venv/lib/python3.12/site-packages/oslo_config/cfg.py:3253}}
Jul 10 15:59:49.383614 np0000005024 nova-conductor[98838]: DEBUG cotyledon.oslo_config_glue [-] oslo_messaging_rabbit.enable_cancel_on_failover = False {{(pid=98838) log_opt_values /opt/stack/data/venv/lib/python3.12/site-packages/oslo_config/cfg.py:3253}}
Jul 10 15:59:49.383614 np0000005024 nova-conductor[98838]: DEBUG cotyledon.oslo_config_glue [-] oslo_messaging_rabbit.heartbeat_rate = 3 {{(pid=98838) log_opt_values /opt/stack/data/venv/lib/python3.12/site-packages/oslo_config/cfg.py:3253}}
Jul 10 15:59:49.383614 np0000005024 nova-conductor[98838]: DEBUG cotyledon.oslo_config_glue [-] oslo_messaging_rabbit.heartbeat_timeout_threshold = 60 {{(pid=98838) log_opt_values /opt/stack/data/venv/lib/python3.12/site-packages/oslo_config/cfg.py:3253}}
Jul 10 15:59:49.383614 np0000005024 nova-conductor[98838]: DEBUG cotyledon.oslo_config_glue [-] oslo_messaging_rabbit.hostname = np0000005024 {{(pid=98838) log_opt_values /opt/stack/data/venv/lib/python3.12/site-packages/oslo_config/cfg.py:3253}}
Jul 10 15:59:49.383614 np0000005024 nova-conductor[98838]: DEBUG cotyledon.oslo_config_glue [-] oslo_messaging_rabbit.kombu_compression = None {{(pid=98838) log_opt_values /opt/stack/data/venv/lib/python3.12/site-packages/oslo_config/cfg.py:3253}}
Jul 10 15:59:49.383614 np0000005024 nova-conductor[98838]: DEBUG cotyledon.oslo_config_glue [-] oslo_messaging_rabbit.kombu_failover_strategy = round-robin {{(pid=98838) log_opt_values /opt/stack/data/venv/lib/python3.12/site-packages/oslo_config/cfg.py:3253}}
Jul 10 15:59:49.383614 np0000005024 nova-conductor[98838]: DEBUG cotyledon.oslo_config_glue [-] oslo_messaging_rabbit.kombu_missing_consumer_retry_timeout = 60 {{(pid=98838) log_opt_values /opt/stack/data/venv/lib/python3.12/site-packages/oslo_config/cfg.py:3253}}
Jul 10 15:59:49.383784 np0000005024 nova-conductor[98838]: DEBUG cotyledon.oslo_config_glue [-] oslo_messaging_rabbit.kombu_reconnect_delay = 1.0 {{(pid=98838) log_opt_values /opt/stack/data/venv/lib/python3.12/site-packages/oslo_config/cfg.py:3253}}
Jul 10 15:59:49.383784 np0000005024 nova-conductor[98838]: DEBUG cotyledon.oslo_config_glue [-] oslo_messaging_rabbit.kombu_reconnect_splay = 0.0 {{(pid=98838) log_opt_values /opt/stack/data/venv/lib/python3.12/site-packages/oslo_config/cfg.py:3253}}
Jul 10 15:59:49.383784 np0000005024 nova-conductor[98838]: DEBUG cotyledon.oslo_config_glue [-] oslo_messaging_rabbit.processname = nova-conductor {{(pid=98838) log_opt_values /opt/stack/data/venv/lib/python3.12/site-packages/oslo_config/cfg.py:3253}}
Jul 10 15:59:49.383784 np0000005024 nova-conductor[98838]: DEBUG cotyledon.oslo_config_glue [-] oslo_messaging_rabbit.rabbit_ha_queues = False {{(pid=98838) log_opt_values /opt/stack/data/venv/lib/python3.12/site-packages/oslo_config/cfg.py:3253}}
Jul 10 15:59:49.383784 np0000005024 nova-conductor[98838]: DEBUG cotyledon.oslo_config_glue [-] oslo_messaging_rabbit.rabbit_interval_max = 30 {{(pid=98838) log_opt_values /opt/stack/data/venv/lib/python3.12/site-packages/oslo_config/cfg.py:3253}}
Jul 10 15:59:49.383784 np0000005024 nova-conductor[98838]: DEBUG cotyledon.oslo_config_glue [-] oslo_messaging_rabbit.rabbit_login_method = AMQPLAIN {{(pid=98838) log_opt_values /opt/stack/data/venv/lib/python3.12/site-packages/oslo_config/cfg.py:3253}}
Jul 10 15:59:49.383784 np0000005024 nova-conductor[98838]: DEBUG cotyledon.oslo_config_glue [-] oslo_messaging_rabbit.rabbit_qos_prefetch_count = 0 {{(pid=98838) log_opt_values /opt/stack/data/venv/lib/python3.12/site-packages/oslo_config/cfg.py:3253}}
Jul 10 15:59:49.383784 np0000005024 nova-conductor[98838]: DEBUG cotyledon.oslo_config_glue [-] oslo_messaging_rabbit.rabbit_quorum_delivery_limit = 0 {{(pid=98838) log_opt_values /opt/stack/data/venv/lib/python3.12/site-packages/oslo_config/cfg.py:3253}}
Jul 10 15:59:49.383784 np0000005024 nova-conductor[98838]: DEBUG cotyledon.oslo_config_glue [-] oslo_messaging_rabbit.rabbit_quorum_max_memory_bytes = 0 {{(pid=98838) log_opt_values /opt/stack/data/venv/lib/python3.12/site-packages/oslo_config/cfg.py:3253}}
Jul 10 15:59:49.383949 np0000005024 nova-conductor[98838]: DEBUG cotyledon.oslo_config_glue [-] oslo_messaging_rabbit.rabbit_quorum_max_memory_length = 0 {{(pid=98838) log_opt_values /opt/stack/data/venv/lib/python3.12/site-packages/oslo_config/cfg.py:3253}}
Jul 10 15:59:49.383949 np0000005024 nova-conductor[98838]: DEBUG cotyledon.oslo_config_glue [-] oslo_messaging_rabbit.rabbit_quorum_queue = False {{(pid=98838) log_opt_values /opt/stack/data/venv/lib/python3.12/site-packages/oslo_config/cfg.py:3253}}
Jul 10 15:59:49.383949 np0000005024 nova-conductor[98838]: DEBUG cotyledon.oslo_config_glue [-] oslo_messaging_rabbit.rabbit_retry_backoff = 2 {{(pid=98838) log_opt_values /opt/stack/data/venv/lib/python3.12/site-packages/oslo_config/cfg.py:3253}}
Jul 10 15:59:49.383949 np0000005024 nova-conductor[98838]: DEBUG cotyledon.oslo_config_glue [-] oslo_messaging_rabbit.rabbit_retry_interval = 1 {{(pid=98838) log_opt_values /opt/stack/data/venv/lib/python3.12/site-packages/oslo_config/cfg.py:3253}}
Jul 10 15:59:49.383949 np0000005024 nova-conductor[98838]: DEBUG cotyledon.oslo_config_glue [-] oslo_messaging_rabbit.rabbit_stream_fanout = False {{(pid=98838) log_opt_values /opt/stack/data/venv/lib/python3.12/site-packages/oslo_config/cfg.py:3253}}
Jul 10 15:59:49.383949 np0000005024 nova-conductor[98838]: DEBUG cotyledon.oslo_config_glue [-] oslo_messaging_rabbit.rabbit_transient_queues_ttl = 1800 {{(pid=98838) log_opt_values /opt/stack/data/venv/lib/python3.12/site-packages/oslo_config/cfg.py:3253}}
Jul 10 15:59:49.383949 np0000005024 nova-conductor[98838]: DEBUG cotyledon.oslo_config_glue [-] oslo_messaging_rabbit.rabbit_transient_quorum_queue = False {{(pid=98838) log_opt_values /opt/stack/data/venv/lib/python3.12/site-packages/oslo_config/cfg.py:3253}}
Jul 10 15:59:49.383949 np0000005024 nova-conductor[98838]: DEBUG cotyledon.oslo_config_glue [-] oslo_messaging_rabbit.rpc_conn_pool_size = 30 {{(pid=98838) log_opt_values /opt/stack/data/venv/lib/python3.12/site-packages/oslo_config/cfg.py:3253}}
Jul 10 15:59:49.383949 np0000005024 nova-conductor[98838]: DEBUG cotyledon.oslo_config_glue [-] oslo_messaging_rabbit.ssl = False {{(pid=98838) log_opt_values /opt/stack/data/venv/lib/python3.12/site-packages/oslo_config/cfg.py:3253}}
Jul 10 15:59:49.384123 np0000005024 nova-conductor[98838]: DEBUG cotyledon.oslo_config_glue [-] oslo_messaging_rabbit.ssl_ca_file = {{(pid=98838) log_opt_values /opt/stack/data/venv/lib/python3.12/site-packages/oslo_config/cfg.py:3253}}
Jul 10 15:59:49.384123 np0000005024 nova-conductor[98838]: DEBUG cotyledon.oslo_config_glue [-] oslo_messaging_rabbit.ssl_cert_file = {{(pid=98838) log_opt_values /opt/stack/data/venv/lib/python3.12/site-packages/oslo_config/cfg.py:3253}}
Jul 10 15:59:49.384123 np0000005024 nova-conductor[98838]: DEBUG cotyledon.oslo_config_glue [-] oslo_messaging_rabbit.ssl_enforce_fips_mode = False {{(pid=98838) log_opt_values /opt/stack/data/venv/lib/python3.12/site-packages/oslo_config/cfg.py:3253}}
Jul 10 15:59:49.384123 np0000005024 nova-conductor[98838]: DEBUG cotyledon.oslo_config_glue [-] oslo_messaging_rabbit.ssl_enforce_hostname_verification = True {{(pid=98838) log_opt_values /opt/stack/data/venv/lib/python3.12/site-packages/oslo_config/cfg.py:3253}}
Jul 10 15:59:49.384123 np0000005024 nova-conductor[98838]: DEBUG cotyledon.oslo_config_glue [-] oslo_messaging_rabbit.ssl_key_file = {{(pid=98838) log_opt_values /opt/stack/data/venv/lib/python3.12/site-packages/oslo_config/cfg.py:3253}}
Jul 10 15:59:49.384123 np0000005024 nova-conductor[98838]: DEBUG cotyledon.oslo_config_glue [-] oslo_messaging_rabbit.ssl_version = {{(pid=98838) log_opt_values /opt/stack/data/venv/lib/python3.12/site-packages/oslo_config/cfg.py:3253}}
Jul 10 15:59:49.384123 np0000005024 nova-conductor[98838]: DEBUG cotyledon.oslo_config_glue [-] oslo_messaging_rabbit.use_queue_manager = False {{(pid=98838) log_opt_values /opt/stack/data/venv/lib/python3.12/site-packages/oslo_config/cfg.py:3253}}
Jul 10 15:59:49.384123 np0000005024 nova-conductor[98838]: DEBUG cotyledon.oslo_config_glue [-] oslo_messaging_notifications.driver = ['messagingv2'] {{(pid=98838) log_opt_values /opt/stack/data/venv/lib/python3.12/site-packages/oslo_config/cfg.py:3253}}
Jul 10 15:59:49.384123 np0000005024 nova-conductor[98838]: DEBUG cotyledon.oslo_config_glue [-] oslo_messaging_notifications.retry = -1 {{(pid=98838) log_opt_values /opt/stack/data/venv/lib/python3.12/site-packages/oslo_config/cfg.py:3253}}
Jul 10 15:59:49.384281 np0000005024 nova-conductor[98838]: DEBUG cotyledon.oslo_config_glue [-] oslo_messaging_notifications.topics = ['notifications'] {{(pid=98838) log_opt_values /opt/stack/data/venv/lib/python3.12/site-packages/oslo_config/cfg.py:3253}}
Jul 10 15:59:49.384281 np0000005024 nova-conductor[98838]: DEBUG cotyledon.oslo_config_glue [-] oslo_messaging_notifications.transport_url = **** {{(pid=98838) log_opt_values /opt/stack/data/venv/lib/python3.12/site-packages/oslo_config/cfg.py:3253}}
Jul 10 15:59:49.384281 np0000005024 nova-conductor[98838]: DEBUG cotyledon.oslo_config_glue [-] oslo_limit.auth_section = None {{(pid=98838) log_opt_values /opt/stack/data/venv/lib/python3.12/site-packages/oslo_config/cfg.py:3253}}
Jul 10 15:59:49.384281 np0000005024 nova-conductor[98838]: DEBUG cotyledon.oslo_config_glue [-] oslo_limit.auth_type = None {{(pid=98838) log_opt_values /opt/stack/data/venv/lib/python3.12/site-packages/oslo_config/cfg.py:3253}}
Jul 10 15:59:49.384281 np0000005024 nova-conductor[98838]: DEBUG cotyledon.oslo_config_glue [-] oslo_limit.cafile = None {{(pid=98838) log_opt_values /opt/stack/data/venv/lib/python3.12/site-packages/oslo_config/cfg.py:3253}}
Jul 10 15:59:49.384281 np0000005024 nova-conductor[98838]: DEBUG cotyledon.oslo_config_glue [-] oslo_limit.certfile = None {{(pid=98838) log_opt_values /opt/stack/data/venv/lib/python3.12/site-packages/oslo_config/cfg.py:3253}}
Jul 10 15:59:49.384281 np0000005024 nova-conductor[98838]: DEBUG cotyledon.oslo_config_glue [-] oslo_limit.collect_timing = False {{(pid=98838) log_opt_values /opt/stack/data/venv/lib/python3.12/site-packages/oslo_config/cfg.py:3253}}
Jul 10 15:59:49.384281 np0000005024 nova-conductor[98838]: DEBUG cotyledon.oslo_config_glue [-] oslo_limit.connect_retries = None {{(pid=98838) log_opt_values /opt/stack/data/venv/lib/python3.12/site-packages/oslo_config/cfg.py:3253}}
Jul 10 15:59:49.384281 np0000005024 nova-conductor[98838]: DEBUG cotyledon.oslo_config_glue [-] oslo_limit.connect_retry_delay = None {{(pid=98838) log_opt_values /opt/stack/data/venv/lib/python3.12/site-packages/oslo_config/cfg.py:3253}}
Jul 10 15:59:49.384490 np0000005024 nova-conductor[98838]: DEBUG cotyledon.oslo_config_glue [-] oslo_limit.endpoint_id = None {{(pid=98838) log_opt_values /opt/stack/data/venv/lib/python3.12/site-packages/oslo_config/cfg.py:3253}}
Jul 10 15:59:49.384490 np0000005024 nova-conductor[98838]: DEBUG cotyledon.oslo_config_glue [-] oslo_limit.endpoint_interface = public {{(pid=98838) log_opt_values /opt/stack/data/venv/lib/python3.12/site-packages/oslo_config/cfg.py:3253}}
Jul 10 15:59:49.384490 np0000005024 nova-conductor[98838]: DEBUG cotyledon.oslo_config_glue [-] oslo_limit.endpoint_override = None {{(pid=98838) log_opt_values /opt/stack/data/venv/lib/python3.12/site-packages/oslo_config/cfg.py:3253}}
Jul 10 15:59:49.384490 np0000005024 nova-conductor[98838]: DEBUG cotyledon.oslo_config_glue [-] oslo_limit.endpoint_region_name = None {{(pid=98838) log_opt_values /opt/stack/data/venv/lib/python3.12/site-packages/oslo_config/cfg.py:3253}}
Jul 10 15:59:49.384490 np0000005024 nova-conductor[98838]: DEBUG cotyledon.oslo_config_glue [-] oslo_limit.endpoint_service_name = None {{(pid=98838) log_opt_values /opt/stack/data/venv/lib/python3.12/site-packages/oslo_config/cfg.py:3253}}
Jul 10 15:59:49.384490 np0000005024 nova-conductor[98838]: DEBUG cotyledon.oslo_config_glue [-] oslo_limit.endpoint_service_type = None {{(pid=98838) log_opt_values /opt/stack/data/venv/lib/python3.12/site-packages/oslo_config/cfg.py:3253}}
Jul 10 15:59:49.384490 np0000005024 nova-conductor[98838]: DEBUG cotyledon.oslo_config_glue [-] oslo_limit.insecure = False {{(pid=98838) log_opt_values /opt/stack/data/venv/lib/python3.12/site-packages/oslo_config/cfg.py:3253}}
Jul 10 15:59:49.384490 np0000005024 nova-conductor[98838]: DEBUG cotyledon.oslo_config_glue [-] oslo_limit.keyfile = None {{(pid=98838) log_opt_values /opt/stack/data/venv/lib/python3.12/site-packages/oslo_config/cfg.py:3253}}
Jul 10 15:59:49.384490 np0000005024 nova-conductor[98838]: DEBUG cotyledon.oslo_config_glue [-] oslo_limit.max_version = None {{(pid=98838) log_opt_values /opt/stack/data/venv/lib/python3.12/site-packages/oslo_config/cfg.py:3253}}
Jul 10 15:59:49.384672 np0000005024 nova-conductor[98838]: DEBUG cotyledon.oslo_config_glue [-] oslo_limit.min_version = None {{(pid=98838) log_opt_values /opt/stack/data/venv/lib/python3.12/site-packages/oslo_config/cfg.py:3253}}
Jul 10 15:59:49.384672 np0000005024 nova-conductor[98838]: DEBUG cotyledon.oslo_config_glue [-] oslo_limit.region_name = None {{(pid=98838) log_opt_values /opt/stack/data/venv/lib/python3.12/site-packages/oslo_config/cfg.py:3253}}
Jul 10 15:59:49.384672 np0000005024 nova-conductor[98838]: DEBUG cotyledon.oslo_config_glue [-] oslo_limit.retriable_status_codes = None {{(pid=98838) log_opt_values /opt/stack/data/venv/lib/python3.12/site-packages/oslo_config/cfg.py:3253}}
Jul 10 15:59:49.384672 np0000005024 nova-conductor[98838]: DEBUG cotyledon.oslo_config_glue [-] oslo_limit.service_name = None {{(pid=98838) log_opt_values /opt/stack/data/venv/lib/python3.12/site-packages/oslo_config/cfg.py:3253}}
Jul 10 15:59:49.384672 np0000005024 nova-conductor[98838]: DEBUG cotyledon.oslo_config_glue [-] oslo_limit.service_type = None {{(pid=98838) log_opt_values /opt/stack/data/venv/lib/python3.12/site-packages/oslo_config/cfg.py:3253}}
Jul 10 15:59:49.384672 np0000005024 nova-conductor[98838]: DEBUG cotyledon.oslo_config_glue [-] oslo_limit.split_loggers = False {{(pid=98838) log_opt_values /opt/stack/data/venv/lib/python3.12/site-packages/oslo_config/cfg.py:3253}}
Jul 10 15:59:49.384672 np0000005024 nova-conductor[98838]: DEBUG cotyledon.oslo_config_glue [-] oslo_limit.status_code_retries = None {{(pid=98838) log_opt_values /opt/stack/data/venv/lib/python3.12/site-packages/oslo_config/cfg.py:3253}}
Jul 10 15:59:49.384672 np0000005024 nova-conductor[98838]: DEBUG cotyledon.oslo_config_glue [-] oslo_limit.status_code_retry_delay = None {{(pid=98838) log_opt_values /opt/stack/data/venv/lib/python3.12/site-packages/oslo_config/cfg.py:3253}}
Jul 10 15:59:49.384672 np0000005024 nova-conductor[98838]: DEBUG cotyledon.oslo_config_glue [-] oslo_limit.timeout = None {{(pid=98838) log_opt_values /opt/stack/data/venv/lib/python3.12/site-packages/oslo_config/cfg.py:3253}}
Jul 10 15:59:49.384881 np0000005024 nova-conductor[98838]: DEBUG cotyledon.oslo_config_glue [-] oslo_limit.valid_interfaces = None {{(pid=98838) log_opt_values /opt/stack/data/venv/lib/python3.12/site-packages/oslo_config/cfg.py:3253}}
Jul 10 15:59:49.384881 np0000005024 nova-conductor[98838]: DEBUG cotyledon.oslo_config_glue [-] oslo_limit.version = None {{(pid=98838) log_opt_values /opt/stack/data/venv/lib/python3.12/site-packages/oslo_config/cfg.py:3253}}
Jul 10 15:59:49.384881 np0000005024 nova-conductor[98838]: DEBUG cotyledon.oslo_config_glue [-] oslo_reports.file_event_handler = None {{(pid=98838) log_opt_values /opt/stack/data/venv/lib/python3.12/site-packages/oslo_config/cfg.py:3253}}
Jul 10 15:59:49.384881 np0000005024 nova-conductor[98838]: DEBUG cotyledon.oslo_config_glue [-] oslo_reports.file_event_handler_interval = 1 {{(pid=98838) log_opt_values /opt/stack/data/venv/lib/python3.12/site-packages/oslo_config/cfg.py:3253}}
Jul 10 15:59:49.384881 np0000005024 nova-conductor[98838]: DEBUG cotyledon.oslo_config_glue [-] oslo_reports.log_dir = None {{(pid=98838) log_opt_values /opt/stack/data/venv/lib/python3.12/site-packages/oslo_config/cfg.py:3253}}
Jul 10 15:59:49.384881 np0000005024 nova-conductor[98838]: DEBUG cotyledon.oslo_config_glue [-] ******************************************************************************** {{(pid=98838) log_opt_values /opt/stack/data/venv/lib/python3.12/site-packages/oslo_config/cfg.py:3260}}
Jul 10 15:59:49.384881 np0000005024 nova-conductor[98838]: DEBUG cotyledon._service_worker [-] Run service ServiceWrapper(3) [98838] {{(pid=98838) wait_forever /opt/stack/data/venv/lib/python3.12/site-packages/cotyledon/_service_worker.py:218}}
Jul 10 15:59:49.385621 np0000005024 nova-conductor[98838]: INFO nova.service [-] Starting conductor node (version 33.1.0)
Jul 10 15:59:49.388529 np0000005024 nova-conductor[98826]: DEBUG dbcounter [-] [98826] Writer thread running {{(pid=98826) stat_writer /opt/stack/data/venv/lib/python3.12/site-packages/dbcounter.py:102}}
Jul 10 15:59:49.391222 np0000005024 nova-conductor[98838]: INFO dbcounter [None req-b9d7bbe4-28ac-4aef-91a7-1784c6145890 None None] Registered counter for database nova_cell0
Jul 10 15:59:49.398834 np0000005024 nova-conductor[98833]: DEBUG oslo_db.sqlalchemy.engines [None req-7b0a64ab-a8be-423e-896b-3a60caf77bf5 None None] MySQL server mode set to STRICT_TRANS_TABLES,STRICT_ALL_TABLES,NO_ZERO_IN_DATE,NO_ZERO_DATE,ERROR_FOR_DIVISION_BY_ZERO,TRADITIONAL,NO_ENGINE_SUBSTITUTION {{(pid=98833) _check_effective_sql_mode /opt/stack/data/venv/lib/python3.12/site-packages/oslo_db/sqlalchemy/engines.py:325}}
Jul 10 15:59:49.402473 np0000005024 nova-conductor[98820]: DEBUG oslo_db.sqlalchemy.engines [None req-8f5a7ca0-396e-47a2-8ad9-3500c9f4ca5c None None] MySQL server mode set to STRICT_TRANS_TABLES,STRICT_ALL_TABLES,NO_ZERO_IN_DATE,NO_ZERO_DATE,ERROR_FOR_DIVISION_BY_ZERO,TRADITIONAL,NO_ENGINE_SUBSTITUTION {{(pid=98820) _check_effective_sql_mode /opt/stack/data/venv/lib/python3.12/site-packages/oslo_db/sqlalchemy/engines.py:325}}
Jul 10 15:59:49.404874 np0000005024 nova-conductor[98826]: DEBUG nova.service [None req-34bb4b4e-5f5c-4cc7-a531-bba22ef1246d None None] Creating RPC server for service: nova-conductor on topic: conductor {{(pid=98826) start /opt/stack/nova/nova/service.py:196}}
Jul 10 15:59:49.408298 np0000005024 nova-conductor[98833]: DEBUG dbcounter [-] [98833] Writer thread running {{(pid=98833) stat_writer /opt/stack/data/venv/lib/python3.12/site-packages/dbcounter.py:102}}
Jul 10 15:59:49.410813 np0000005024 nova-conductor[98833]: DEBUG nova.service [None req-7b0a64ab-a8be-423e-896b-3a60caf77bf5 None None] Creating RPC server for service: nova-conductor on topic: conductor {{(pid=98833) start /opt/stack/nova/nova/service.py:196}}
Jul 10 15:59:49.414084 np0000005024 nova-conductor[98820]: DEBUG dbcounter [-] [98820] Writer thread running {{(pid=98820) stat_writer /opt/stack/data/venv/lib/python3.12/site-packages/dbcounter.py:102}}
Jul 10 15:59:49.417648 np0000005024 nova-conductor[98820]: DEBUG nova.service [None req-8f5a7ca0-396e-47a2-8ad9-3500c9f4ca5c None None] Creating RPC server for service: nova-conductor on topic: conductor {{(pid=98820) start /opt/stack/nova/nova/service.py:196}}
Jul 10 15:59:49.438097 np0000005024 nova-conductor[98833]: DEBUG nova.service [None req-7b0a64ab-a8be-423e-896b-3a60caf77bf5 None None] Join ServiceGroup membership for this service conductor {{(pid=98833) start /opt/stack/nova/nova/service.py:222}}
Jul 10 15:59:49.438344 np0000005024 nova-conductor[98833]: DEBUG nova.servicegroup.drivers.db [None req-7b0a64ab-a8be-423e-896b-3a60caf77bf5 None None] DB_Driver: join new ServiceGroup member np0000005024 to the conductor group, service = {{(pid=98833) join /opt/stack/nova/nova/servicegroup/drivers/db.py:44}}
Jul 10 15:59:49.438745 np0000005024 nova-conductor[98838]: DEBUG oslo_db.sqlalchemy.engines [None req-b9d7bbe4-28ac-4aef-91a7-1784c6145890 None None] MySQL server mode set to STRICT_TRANS_TABLES,STRICT_ALL_TABLES,NO_ZERO_IN_DATE,NO_ZERO_DATE,ERROR_FOR_DIVISION_BY_ZERO,TRADITIONAL,NO_ENGINE_SUBSTITUTION {{(pid=98838) _check_effective_sql_mode /opt/stack/data/venv/lib/python3.12/site-packages/oslo_db/sqlalchemy/engines.py:325}}
Jul 10 15:59:49.439550 np0000005024 nova-conductor[98820]: DEBUG nova.service [None req-8f5a7ca0-396e-47a2-8ad9-3500c9f4ca5c None None] Join ServiceGroup membership for this service conductor {{(pid=98820) start /opt/stack/nova/nova/service.py:222}}
Jul 10 15:59:49.439635 np0000005024 nova-conductor[98826]: DEBUG nova.service [None req-34bb4b4e-5f5c-4cc7-a531-bba22ef1246d None None] Join ServiceGroup membership for this service conductor {{(pid=98826) start /opt/stack/nova/nova/service.py:222}}
Jul 10 15:59:49.439898 np0000005024 nova-conductor[98820]: DEBUG nova.servicegroup.drivers.db [None req-8f5a7ca0-396e-47a2-8ad9-3500c9f4ca5c None None] DB_Driver: join new ServiceGroup member np0000005024 to the conductor group, service = {{(pid=98820) join /opt/stack/nova/nova/servicegroup/drivers/db.py:44}}
Jul 10 15:59:49.439951 np0000005024 nova-conductor[98826]: DEBUG nova.servicegroup.drivers.db [None req-34bb4b4e-5f5c-4cc7-a531-bba22ef1246d None None] DB_Driver: join new ServiceGroup member np0000005024 to the conductor group, service = {{(pid=98826) join /opt/stack/nova/nova/servicegroup/drivers/db.py:44}}
Jul 10 15:59:49.448274 np0000005024 nova-conductor[98838]: DEBUG dbcounter [-] [98838] Writer thread running {{(pid=98838) stat_writer /opt/stack/data/venv/lib/python3.12/site-packages/dbcounter.py:102}}
Jul 10 15:59:49.452207 np0000005024 nova-conductor[98838]: DEBUG nova.service [None req-b9d7bbe4-28ac-4aef-91a7-1784c6145890 None None] Creating RPC server for service: nova-conductor on topic: conductor {{(pid=98838) start /opt/stack/nova/nova/service.py:196}}
Jul 10 15:59:49.467783 np0000005024 nova-conductor[98838]: DEBUG nova.service [None req-b9d7bbe4-28ac-4aef-91a7-1784c6145890 None None] Join ServiceGroup membership for this service conductor {{(pid=98838) start /opt/stack/nova/nova/service.py:222}}
Jul 10 15:59:49.467967 np0000005024 nova-conductor[98838]: DEBUG nova.servicegroup.drivers.db [None req-b9d7bbe4-28ac-4aef-91a7-1784c6145890 None None] DB_Driver: join new ServiceGroup member np0000005024 to the conductor group, service = {{(pid=98838) join /opt/stack/nova/nova/servicegroup/drivers/db.py:44}}
Jul 10 15:59:53.440737 np0000005024 nova-conductor[98833]: DEBUG oslo.service.backend._threading.loopingcall [None req-401c3f65-e2b1-45b6-93fa-4a16304a99b5 None None] Dynamic interval looping call 'nova.service.Service.periodic_tasks' sleeping for 60.00 seconds {{(pid=98833) _run_loop /opt/stack/data/venv/lib/python3.12/site-packages/oslo_service/backend/_threading/loopingcall.py:125}}
Jul 10 15:59:53.442446 np0000005024 nova-conductor[98826]: DEBUG oslo.service.backend._threading.loopingcall [None req-c57882ab-ac25-4267-93d8-720ea3320764 None None] Dynamic interval looping call 'nova.service.Service.periodic_tasks' sleeping for 60.00 seconds {{(pid=98826) _run_loop /opt/stack/data/venv/lib/python3.12/site-packages/oslo_service/backend/_threading/loopingcall.py:125}}
Jul 10 15:59:54.453051 np0000005024 nova-conductor[98833]: DEBUG oslo.service.backend._threading.loopingcall [-] Fixed interval looping call 'nova.servicegroup.drivers.db.DbDriver._report_state' sleeping for 119.99 seconds {{(pid=98833) _run_loop /opt/stack/data/venv/lib/python3.12/site-packages/oslo_service/backend/_threading/loopingcall.py:125}}
Jul 10 15:59:54.454470 np0000005024 nova-conductor[98826]: DEBUG oslo.service.backend._threading.loopingcall [-] Fixed interval looping call 'nova.servicegroup.drivers.db.DbDriver._report_state' sleeping for 119.99 seconds {{(pid=98826) _run_loop /opt/stack/data/venv/lib/python3.12/site-packages/oslo_service/backend/_threading/loopingcall.py:125}}
Jul 10 15:59:54.454860 np0000005024 nova-conductor[98820]: DEBUG oslo.service.backend._threading.loopingcall [-] Fixed interval looping call 'nova.servicegroup.drivers.db.DbDriver._report_state' sleeping for 119.99 seconds {{(pid=98820) _run_loop /opt/stack/data/venv/lib/python3.12/site-packages/oslo_service/backend/_threading/loopingcall.py:125}}
Jul 10 15:59:54.476974 np0000005024 nova-conductor[98838]: DEBUG oslo.service.backend._threading.loopingcall [-] Fixed interval looping call 'nova.servicegroup.drivers.db.DbDriver._report_state' sleeping for 119.99 seconds {{(pid=98838) _run_loop /opt/stack/data/venv/lib/python3.12/site-packages/oslo_service/backend/_threading/loopingcall.py:125}}
Jul 10 15:59:58.021171 np0000005024 nova-conductor[97350]: DEBUG dbcounter [-] [97350] Writing DB stats nova_api:SELECT=1 {{(pid=97350) stat_writer /opt/stack/data/venv/lib/python3.12/site-packages/dbcounter.py:115}}
Jul 10 15:59:58.152376 np0000005024 nova-conductor[97350]: DEBUG dbcounter [-] [97350] Writing DB stats nova_cell1:SELECT=1 {{(pid=97350) stat_writer /opt/stack/data/venv/lib/python3.12/site-packages/dbcounter.py:115}}
Jul 10 15:59:58.158738 np0000005024 nova-conductor[97350]: DEBUG dbcounter [-] [97350] Writing DB stats nova_cell0:SELECT=1 {{(pid=97350) stat_writer /opt/stack/data/venv/lib/python3.12/site-packages/dbcounter.py:115}}
Jul 10 16:00:00.445066 np0000005024 nova-conductor[98820]: DEBUG oslo.service.backend._threading.loopingcall [None req-04fe3f7b-7cc9-433d-845d-6b117d655d4e None None] Dynamic interval looping call 'nova.service.Service.periodic_tasks' sleeping for 60.00 seconds {{(pid=98820) _run_loop /opt/stack/data/venv/lib/python3.12/site-packages/oslo_service/backend/_threading/loopingcall.py:125}}
Jul 10 16:00:04.449296 np0000005024 nova-conductor[98833]: DEBUG dbcounter [-] [98833] Writing DB stats nova_cell0:SELECT=3,nova_cell0:UPDATE=1 {{(pid=98833) stat_writer /opt/stack/data/venv/lib/python3.12/site-packages/dbcounter.py:115}}
Jul 10 16:00:04.449555 np0000005024 nova-conductor[98826]: DEBUG dbcounter [-] [98826] Writing DB stats nova_cell0:SELECT=4,nova_cell0:INSERT=1,nova_cell0:UPDATE=1 {{(pid=98826) stat_writer /opt/stack/data/venv/lib/python3.12/site-packages/dbcounter.py:115}}
Jul 10 16:00:04.450268 np0000005024 nova-conductor[98820]: DEBUG dbcounter [-] [98820] Writing DB stats nova_cell0:SELECT=3,nova_cell0:UPDATE=1 {{(pid=98820) stat_writer /opt/stack/data/venv/lib/python3.12/site-packages/dbcounter.py:115}}
Jul 10 16:00:04.474575 np0000005024 nova-conductor[98838]: DEBUG dbcounter [-] [98838] Writing DB stats nova_cell0:SELECT=3 {{(pid=98838) stat_writer /opt/stack/data/venv/lib/python3.12/site-packages/dbcounter.py:115}}
Jul 10 16:00:41.469916 np0000005024 nova-conductor[98838]: DEBUG oslo.service.backend._threading.loopingcall [None req-42bb0491-adf1-419e-bca5-990a3421735d None None] Dynamic interval looping call 'nova.service.Service.periodic_tasks' sleeping for 60.00 seconds {{(pid=98838) _run_loop /opt/stack/data/venv/lib/python3.12/site-packages/oslo_service/backend/_threading/loopingcall.py:125}}
Jul 10 16:00:53.441222 np0000005024 nova-conductor[98833]: DEBUG oslo.service.backend._threading.loopingcall [None req-401c3f65-e2b1-45b6-93fa-4a16304a99b5 None None] Dynamic interval looping call 'nova.service.Service.periodic_tasks' sleeping for 60.00 seconds {{(pid=98833) _run_loop /opt/stack/data/venv/lib/python3.12/site-packages/oslo_service/backend/_threading/loopingcall.py:125}}
Jul 10 16:00:53.442542 np0000005024 nova-conductor[98826]: DEBUG oslo.service.backend._threading.loopingcall [None req-c57882ab-ac25-4267-93d8-720ea3320764 None None] Dynamic interval looping call 'nova.service.Service.periodic_tasks' sleeping for 60.00 seconds {{(pid=98826) _run_loop /opt/stack/data/venv/lib/python3.12/site-packages/oslo_service/backend/_threading/loopingcall.py:125}}
Jul 10 16:01:00.445557 np0000005024 nova-conductor[98820]: DEBUG oslo.service.backend._threading.loopingcall [None req-04fe3f7b-7cc9-433d-845d-6b117d655d4e None None] Dynamic interval looping call 'nova.service.Service.periodic_tasks' sleeping for 60.00 seconds {{(pid=98820) _run_loop /opt/stack/data/venv/lib/python3.12/site-packages/oslo_service/backend/_threading/loopingcall.py:125}}
Jul 10 16:01:41.470013 np0000005024 nova-conductor[98838]: DEBUG oslo.service.backend._threading.loopingcall [None req-42bb0491-adf1-419e-bca5-990a3421735d None None] Dynamic interval looping call 'nova.service.Service.periodic_tasks' sleeping for 60.00 seconds {{(pid=98838) _run_loop /opt/stack/data/venv/lib/python3.12/site-packages/oslo_service/backend/_threading/loopingcall.py:125}}
Jul 10 16:01:53.441721 np0000005024 nova-conductor[98833]: DEBUG oslo.service.backend._threading.loopingcall [None req-401c3f65-e2b1-45b6-93fa-4a16304a99b5 None None] Dynamic interval looping call 'nova.service.Service.periodic_tasks' sleeping for 60.00 seconds {{(pid=98833) _run_loop /opt/stack/data/venv/lib/python3.12/site-packages/oslo_service/backend/_threading/loopingcall.py:125}}
Jul 10 16:01:53.443041 np0000005024 nova-conductor[98826]: DEBUG oslo.service.backend._threading.loopingcall [None req-c57882ab-ac25-4267-93d8-720ea3320764 None None] Dynamic interval looping call 'nova.service.Service.periodic_tasks' sleeping for 60.00 seconds {{(pid=98826) _run_loop /opt/stack/data/venv/lib/python3.12/site-packages/oslo_service/backend/_threading/loopingcall.py:125}}
Jul 10 16:01:54.455261 np0000005024 nova-conductor[98833]: DEBUG oslo.service.backend._threading.loopingcall [-] Fixed interval looping call 'nova.servicegroup.drivers.db.DbDriver._report_state' sleeping for 119.99 seconds {{(pid=98833) _run_loop /opt/stack/data/venv/lib/python3.12/site-packages/oslo_service/backend/_threading/loopingcall.py:125}}
Jul 10 16:01:54.456075 np0000005024 nova-conductor[98826]: DEBUG oslo.service.backend._threading.loopingcall [-] Fixed interval looping call 'nova.servicegroup.drivers.db.DbDriver._report_state' sleeping for 119.99 seconds {{(pid=98826) _run_loop /opt/stack/data/venv/lib/python3.12/site-packages/oslo_service/backend/_threading/loopingcall.py:125}}
Jul 10 16:01:54.457624 np0000005024 nova-conductor[98820]: DEBUG oslo.service.backend._threading.loopingcall [-] Fixed interval looping call 'nova.servicegroup.drivers.db.DbDriver._report_state' sleeping for 119.99 seconds {{(pid=98820) _run_loop /opt/stack/data/venv/lib/python3.12/site-packages/oslo_service/backend/_threading/loopingcall.py:125}}
Jul 10 16:01:54.471415 np0000005024 nova-conductor[98838]: DEBUG oslo.service.backend._threading.loopingcall [-] Fixed interval looping call 'nova.servicegroup.drivers.db.DbDriver._report_state' sleeping for 120.00 seconds {{(pid=98838) _run_loop /opt/stack/data/venv/lib/python3.12/site-packages/oslo_service/backend/_threading/loopingcall.py:125}}
Jul 10 16:02:00.446495 np0000005024 nova-conductor[98820]: DEBUG oslo.service.backend._threading.loopingcall [None req-04fe3f7b-7cc9-433d-845d-6b117d655d4e None None] Dynamic interval looping call 'nova.service.Service.periodic_tasks' sleeping for 60.00 seconds {{(pid=98820) _run_loop /opt/stack/data/venv/lib/python3.12/site-packages/oslo_service/backend/_threading/loopingcall.py:125}}
Jul 10 16:02:01.141908 np0000005024 nova-conductor[98833]: DEBUG oslo_db.sqlalchemy.engines [None req-0f975c5a-28fc-49e8-951c-ac4a33503358 tempest-AttachVolumeShelveTestJSON-2132288438 tempest-AttachVolumeShelveTestJSON-2132288438-project-member] Parent process 97350 forked (98833) with an open database connection, which is being discarded and recreated. {{(pid=98833) checkout /opt/stack/data/venv/lib/python3.12/site-packages/oslo_db/sqlalchemy/engines.py:402}}
Jul 10 16:02:01.201041 np0000005024 nova-conductor[98833]: DEBUG dbcounter [-] [98833] Writer thread running {{(pid=98833) stat_writer /opt/stack/data/venv/lib/python3.12/site-packages/dbcounter.py:102}}
Jul 10 16:02:02.741834 np0000005024 nova-conductor[98833]: DEBUG nova.conductor.manager [None req-0f975c5a-28fc-49e8-951c-ac4a33503358 tempest-AttachVolumeShelveTestJSON-2132288438 tempest-AttachVolumeShelveTestJSON-2132288438-project-member] Took 1.54 seconds to select destinations for 1 instance(s). {{(pid=98833) _schedule_instances /opt/stack/nova/nova/conductor/manager.py:968}}
Jul 10 16:02:02.768810 np0000005024 nova-conductor[98833]: DEBUG oslo_concurrency.lockutils [None req-0f975c5a-28fc-49e8-951c-ac4a33503358 tempest-AttachVolumeShelveTestJSON-2132288438 tempest-AttachVolumeShelveTestJSON-2132288438-project-member] Acquiring lock "8250f7c9-39c6-47f8-a79e-b784ca6cc311" by "nova.context.set_target_cell..get_or_set_cached_cell_and_set_connections" {{(pid=98833) inner /opt/stack/data/venv/lib/python3.12/site-packages/oslo_concurrency/lockutils.py:511}}
Jul 10 16:02:02.769016 np0000005024 nova-conductor[98833]: DEBUG oslo_concurrency.lockutils [None req-0f975c5a-28fc-49e8-951c-ac4a33503358 tempest-AttachVolumeShelveTestJSON-2132288438 tempest-AttachVolumeShelveTestJSON-2132288438-project-member] Lock "8250f7c9-39c6-47f8-a79e-b784ca6cc311" acquired by "nova.context.set_target_cell..get_or_set_cached_cell_and_set_connections" :: waited 0.000s {{(pid=98833) inner /opt/stack/data/venv/lib/python3.12/site-packages/oslo_concurrency/lockutils.py:524}}
Jul 10 16:02:02.770760 np0000005024 nova-conductor[98833]: DEBUG oslo_concurrency.lockutils [None req-0f975c5a-28fc-49e8-951c-ac4a33503358 tempest-AttachVolumeShelveTestJSON-2132288438 tempest-AttachVolumeShelveTestJSON-2132288438-project-member] Lock "8250f7c9-39c6-47f8-a79e-b784ca6cc311" "released" by "nova.context.set_target_cell..get_or_set_cached_cell_and_set_connections" :: held 0.001s {{(pid=98833) inner /opt/stack/data/venv/lib/python3.12/site-packages/oslo_concurrency/lockutils.py:543}}
Jul 10 16:02:02.771732 np0000005024 nova-conductor[98820]: DEBUG dbcounter [-] [98820] Writer thread running {{(pid=98820) stat_writer /opt/stack/data/venv/lib/python3.12/site-packages/dbcounter.py:102}}
Jul 10 16:02:02.772495 np0000005024 nova-conductor[98833]: INFO dbcounter [None req-0f975c5a-28fc-49e8-951c-ac4a33503358 tempest-AttachVolumeShelveTestJSON-2132288438 tempest-AttachVolumeShelveTestJSON-2132288438-project-member] Registered counter for database nova_cell1
Jul 10 16:02:02.818379 np0000005024 nova-conductor[98833]: DEBUG oslo_db.sqlalchemy.engines [None req-0f975c5a-28fc-49e8-951c-ac4a33503358 tempest-AttachVolumeShelveTestJSON-2132288438 tempest-AttachVolumeShelveTestJSON-2132288438-project-member] MySQL server mode set to STRICT_TRANS_TABLES,STRICT_ALL_TABLES,NO_ZERO_IN_DATE,NO_ZERO_DATE,ERROR_FOR_DIVISION_BY_ZERO,TRADITIONAL,NO_ENGINE_SUBSTITUTION {{(pid=98833) _check_effective_sql_mode /opt/stack/data/venv/lib/python3.12/site-packages/oslo_db/sqlalchemy/engines.py:325}}
Jul 10 16:02:02.825141 np0000005024 nova-conductor[98833]: DEBUG dbcounter [-] [98833] Writer thread running {{(pid=98833) stat_writer /opt/stack/data/venv/lib/python3.12/site-packages/dbcounter.py:102}}
Jul 10 16:02:02.900951 np0000005024 nova-conductor[98833]: INFO nova.utils [None req-0f975c5a-28fc-49e8-951c-ac4a33503358 tempest-AttachVolumeShelveTestJSON-2132288438 tempest-AttachVolumeShelveTestJSON-2132288438-project-member] The cell worker thread pool ForkProcess-3.cell_worker is initialized
Jul 10 16:02:02.901281 np0000005024 nova-conductor[98833]: DEBUG oslo_concurrency.lockutils [None req-0f975c5a-28fc-49e8-951c-ac4a33503358 tempest-AttachVolumeShelveTestJSON-2132288438 tempest-AttachVolumeShelveTestJSON-2132288438-project-member] Acquiring lock "00000000-0000-0000-0000-000000000000" by "nova.context.set_target_cell..get_or_set_cached_cell_and_set_connections" {{(pid=98833) inner /opt/stack/data/venv/lib/python3.12/site-packages/oslo_concurrency/lockutils.py:511}}
Jul 10 16:02:02.901374 np0000005024 nova-conductor[98833]: DEBUG oslo_concurrency.lockutils [None req-0f975c5a-28fc-49e8-951c-ac4a33503358 tempest-AttachVolumeShelveTestJSON-2132288438 tempest-AttachVolumeShelveTestJSON-2132288438-project-member] Lock "00000000-0000-0000-0000-000000000000" acquired by "nova.context.set_target_cell..get_or_set_cached_cell_and_set_connections" :: waited 0.000s {{(pid=98833) inner /opt/stack/data/venv/lib/python3.12/site-packages/oslo_concurrency/lockutils.py:524}}
Jul 10 16:02:02.901711 np0000005024 nova-conductor[98833]: DEBUG oslo_concurrency.lockutils [None req-0f975c5a-28fc-49e8-951c-ac4a33503358 tempest-AttachVolumeShelveTestJSON-2132288438 tempest-AttachVolumeShelveTestJSON-2132288438-project-member] Lock "00000000-0000-0000-0000-000000000000" "released" by "nova.context.set_target_cell..get_or_set_cached_cell_and_set_connections" :: held 0.000s {{(pid=98833) inner /opt/stack/data/venv/lib/python3.12/site-packages/oslo_concurrency/lockutils.py:543}}
Jul 10 16:02:02.902581 np0000005024 nova-conductor[98833]: DEBUG oslo_concurrency.lockutils [None req-0f975c5a-28fc-49e8-951c-ac4a33503358 tempest-AttachVolumeShelveTestJSON-2132288438 tempest-AttachVolumeShelveTestJSON-2132288438-project-member] Acquiring lock "8250f7c9-39c6-47f8-a79e-b784ca6cc311" by "nova.context.set_target_cell..get_or_set_cached_cell_and_set_connections" {{(pid=98833) inner /opt/stack/data/venv/lib/python3.12/site-packages/oslo_concurrency/lockutils.py:511}}
Jul 10 16:02:02.902688 np0000005024 nova-conductor[98833]: DEBUG oslo_concurrency.lockutils [None req-0f975c5a-28fc-49e8-951c-ac4a33503358 tempest-AttachVolumeShelveTestJSON-2132288438 tempest-AttachVolumeShelveTestJSON-2132288438-project-member] Lock "8250f7c9-39c6-47f8-a79e-b784ca6cc311" acquired by "nova.context.set_target_cell..get_or_set_cached_cell_and_set_connections" :: waited 0.000s {{(pid=98833) inner /opt/stack/data/venv/lib/python3.12/site-packages/oslo_concurrency/lockutils.py:524}}
Jul 10 16:02:02.902797 np0000005024 nova-conductor[98833]: DEBUG oslo_concurrency.lockutils [None req-0f975c5a-28fc-49e8-951c-ac4a33503358 tempest-AttachVolumeShelveTestJSON-2132288438 tempest-AttachVolumeShelveTestJSON-2132288438-project-member] Lock "8250f7c9-39c6-47f8-a79e-b784ca6cc311" "released" by "nova.context.set_target_cell..get_or_set_cached_cell_and_set_connections" :: held 0.000s {{(pid=98833) inner /opt/stack/data/venv/lib/python3.12/site-packages/oslo_concurrency/lockutils.py:543}}
Jul 10 16:02:02.904939 np0000005024 nova-conductor[98833]: INFO dbcounter [None req-0f975c5a-28fc-49e8-951c-ac4a33503358 tempest-AttachVolumeShelveTestJSON-2132288438 tempest-AttachVolumeShelveTestJSON-2132288438-project-member] Registered counter for database nova_cell0
Jul 10 16:02:02.977491 np0000005024 nova-conductor[98833]: DEBUG oslo_db.sqlalchemy.engines [None req-0f975c5a-28fc-49e8-951c-ac4a33503358 tempest-AttachVolumeShelveTestJSON-2132288438 tempest-AttachVolumeShelveTestJSON-2132288438-project-member] MySQL server mode set to STRICT_TRANS_TABLES,STRICT_ALL_TABLES,NO_ZERO_IN_DATE,NO_ZERO_DATE,ERROR_FOR_DIVISION_BY_ZERO,TRADITIONAL,NO_ENGINE_SUBSTITUTION {{(pid=98833) _check_effective_sql_mode /opt/stack/data/venv/lib/python3.12/site-packages/oslo_db/sqlalchemy/engines.py:325}}
Jul 10 16:02:02.983159 np0000005024 nova-conductor[98833]: DEBUG dbcounter [-] [98833] Writer thread running {{(pid=98833) stat_writer /opt/stack/data/venv/lib/python3.12/site-packages/dbcounter.py:102}}
Jul 10 16:02:03.001292 np0000005024 nova-conductor[98833]: DEBUG nova.quota [None req-0f975c5a-28fc-49e8-951c-ac4a33503358 tempest-AttachVolumeShelveTestJSON-2132288438 tempest-AttachVolumeShelveTestJSON-2132288438-project-member] Getting quotas for project d4da8ab2c8184bb8b4d0f54b3e750b28. Resources: {'cores', 'ram', 'instances'} {{(pid=98833) _get_quotas /opt/stack/nova/nova/quota.py:389}}
Jul 10 16:02:03.006499 np0000005024 nova-conductor[98833]: DEBUG nova.quota [None req-0f975c5a-28fc-49e8-951c-ac4a33503358 tempest-AttachVolumeShelveTestJSON-2132288438 tempest-AttachVolumeShelveTestJSON-2132288438-project-member] Getting quotas for user 9e42fad71fb44eb18bf73e3dab6778ec and project d4da8ab2c8184bb8b4d0f54b3e750b28. Resources: {'cores', 'ram', 'instances'} {{(pid=98833) _get_quotas /opt/stack/nova/nova/quota.py:379}}
Jul 10 16:02:03.013992 np0000005024 nova-conductor[98833]: DEBUG nova.conductor.manager [None req-0f975c5a-28fc-49e8-951c-ac4a33503358 tempest-AttachVolumeShelveTestJSON-2132288438 tempest-AttachVolumeShelveTestJSON-2132288438-project-member] [instance: ac489609-bdf6-46e3-8e42-38d4ee549946] Selected host: np0000005024; Selected node: np0000005024; Alternates: [] {{(pid=98833) schedule_and_build_instances /opt/stack/nova/nova/conductor/manager.py:1784}}
Jul 10 16:02:03.014643 np0000005024 nova-conductor[98833]: DEBUG oslo_concurrency.lockutils [None req-0f975c5a-28fc-49e8-951c-ac4a33503358 tempest-AttachVolumeShelveTestJSON-2132288438 tempest-AttachVolumeShelveTestJSON-2132288438-project-member] Acquiring lock "8250f7c9-39c6-47f8-a79e-b784ca6cc311" by "nova.context.set_target_cell..get_or_set_cached_cell_and_set_connections" {{(pid=98833) inner /opt/stack/data/venv/lib/python3.12/site-packages/oslo_concurrency/lockutils.py:511}}
Jul 10 16:02:03.014884 np0000005024 nova-conductor[98833]: DEBUG oslo_concurrency.lockutils [None req-0f975c5a-28fc-49e8-951c-ac4a33503358 tempest-AttachVolumeShelveTestJSON-2132288438 tempest-AttachVolumeShelveTestJSON-2132288438-project-member] Lock "8250f7c9-39c6-47f8-a79e-b784ca6cc311" acquired by "nova.context.set_target_cell..get_or_set_cached_cell_and_set_connections" :: waited 0.000s {{(pid=98833) inner /opt/stack/data/venv/lib/python3.12/site-packages/oslo_concurrency/lockutils.py:524}}
Jul 10 16:02:03.015123 np0000005024 nova-conductor[98833]: DEBUG oslo_concurrency.lockutils [None req-0f975c5a-28fc-49e8-951c-ac4a33503358 tempest-AttachVolumeShelveTestJSON-2132288438 tempest-AttachVolumeShelveTestJSON-2132288438-project-member] Lock "8250f7c9-39c6-47f8-a79e-b784ca6cc311" "released" by "nova.context.set_target_cell..get_or_set_cached_cell_and_set_connections" :: held 0.000s {{(pid=98833) inner /opt/stack/data/venv/lib/python3.12/site-packages/oslo_concurrency/lockutils.py:543}}
