Aug 24 15:09:14.812864 np0000007973 devstack@g-api.service[99858]: DEBUG glance.api.middleware.version_negotiation [None req-87579893-7123-4d7e-ba4a-56d478763fbf tempest-TaggedBootDevicesTest_v242-323359075 tempest-TaggedBootDevicesTest_v242-323359075-project-member] Determining version of request: GET /v2/images/81628b85-cf18-4908-8d4f-08f1ed63698b Accept: */* {{(pid=99858) process_request /opt/stack/glance/glance/api/middleware/version_negotiation.py:44}}
Aug 24 15:09:14.813022 np0000007973 devstack@g-api.service[99858]: DEBUG glance.api.middleware.version_negotiation [None req-87579893-7123-4d7e-ba4a-56d478763fbf tempest-TaggedBootDevicesTest_v242-323359075 tempest-TaggedBootDevicesTest_v242-323359075-project-member] Using url versioning {{(pid=99858) process_request /opt/stack/glance/glance/api/middleware/version_negotiation.py:57}}
Aug 24 15:09:14.813092 np0000007973 devstack@g-api.service[99858]: DEBUG glance.api.middleware.version_negotiation [None req-87579893-7123-4d7e-ba4a-56d478763fbf tempest-TaggedBootDevicesTest_v242-323359075 tempest-TaggedBootDevicesTest_v242-323359075-project-member] Matched version: v2 {{(pid=99858) process_request /opt/stack/glance/glance/api/middleware/version_negotiation.py:69}}
Aug 24 15:09:14.813164 np0000007973 devstack@g-api.service[99858]: DEBUG glance.api.middleware.version_negotiation [None req-87579893-7123-4d7e-ba4a-56d478763fbf tempest-TaggedBootDevicesTest_v242-323359075 tempest-TaggedBootDevicesTest_v242-323359075-project-member] new path /v2/images/81628b85-cf18-4908-8d4f-08f1ed63698b {{(pid=99858) process_request /opt/stack/glance/glance/api/middleware/version_negotiation.py:70}}
Aug 24 15:09:14.825257 np0000007973 devstack@g-api.service[99861]: [pid: 99861|app: 0|req: 134/407] 127.0.0.1 () {44 vars in 1111 bytes} [Mon Aug 24 15:09:14 2026] GET /v2/images/60add537-2216-48db-87dd-412d25e512d6 => generated 1044 bytes in 16 msecs (HTTP/1.1 200) 4 headers in 158 bytes (1 switches on core 0)
Aug 24 15:09:14.834530 np0000007973 devstack@g-api.service[99858]: [pid: 99858|app: 0|req: 141/408] 127.0.0.1 () {44 vars in 1111 bytes} [Mon Aug 24 15:09:14 2026] GET /v2/images/81628b85-cf18-4908-8d4f-08f1ed63698b => generated 898 bytes in 22 msecs (HTTP/1.1 200) 4 headers in 157 bytes (1 switches on core 0)
Aug 24 15:09:14.834656 np0000007973 devstack@g-api.service[99859]: DEBUG glance.api.middleware.version_negotiation [None req-87579893-7123-4d7e-ba4a-56d478763fbf tempest-TaggedBootDevicesTest_v242-323359075 tempest-TaggedBootDevicesTest_v242-323359075-project-member] Determining version of request: GET /v2/schemas/image Accept: */* {{(pid=99859) process_request /opt/stack/glance/glance/api/middleware/version_negotiation.py:44}}
Aug 24 15:09:14.835651 np0000007973 devstack@g-api.service[99859]: DEBUG glance.api.middleware.version_negotiation [None req-87579893-7123-4d7e-ba4a-56d478763fbf tempest-TaggedBootDevicesTest_v242-323359075 tempest-TaggedBootDevicesTest_v242-323359075-project-member] Using url versioning {{(pid=99859) process_request /opt/stack/glance/glance/api/middleware/version_negotiation.py:57}}
Aug 24 15:09:14.835651 np0000007973 devstack@g-api.service[99859]: DEBUG glance.api.middleware.version_negotiation [None req-87579893-7123-4d7e-ba4a-56d478763fbf tempest-TaggedBootDevicesTest_v242-323359075 tempest-TaggedBootDevicesTest_v242-323359075-project-member] Matched version: v2 {{(pid=99859) process_request /opt/stack/glance/glance/api/middleware/version_negotiation.py:69}}
Aug 24 15:09:14.835651 np0000007973 devstack@g-api.service[99859]: DEBUG glance.api.middleware.version_negotiation [None req-87579893-7123-4d7e-ba4a-56d478763fbf tempest-TaggedBootDevicesTest_v242-323359075 tempest-TaggedBootDevicesTest_v242-323359075-project-member] new path /v2/schemas/image {{(pid=99859) process_request /opt/stack/glance/glance/api/middleware/version_negotiation.py:70}}
Aug 24 15:09:14.837769 np0000007973 devstack@g-api.service[99859]: [pid: 99859|app: 0|req: 134/409] 127.0.0.1 () {44 vars in 1051 bytes} [Mon Aug 24 15:09:14 2026] GET /v2/schemas/image => generated 6083 bytes in 3 msecs (HTTP/1.1 200) 4 headers in 158 bytes (1 switches on core 0)
Aug 24 15:09:14.845633 np0000007973 devstack@g-api.service[99861]: DEBUG glance.api.middleware.version_negotiation [None req-87579893-7123-4d7e-ba4a-56d478763fbf tempest-TaggedBootDevicesTest_v242-323359075 tempest-TaggedBootDevicesTest_v242-323359075-project-member] Determining version of request: GET /v2/schemas/image Accept: */* {{(pid=99861) process_request /opt/stack/glance/glance/api/middleware/version_negotiation.py:44}}
Aug 24 15:09:14.846549 np0000007973 devstack@g-api.service[99861]: DEBUG glance.api.middleware.version_negotiation [None req-87579893-7123-4d7e-ba4a-56d478763fbf tempest-TaggedBootDevicesTest_v242-323359075 tempest-TaggedBootDevicesTest_v242-323359075-project-member] Using url versioning {{(pid=99861) process_request /opt/stack/glance/glance/api/middleware/version_negotiation.py:57}}
Aug 24 15:09:14.846760 np0000007973 devstack@g-api.service[99861]: DEBUG glance.api.middleware.version_negotiation [None req-87579893-7123-4d7e-ba4a-56d478763fbf tempest-TaggedBootDevicesTest_v242-323359075 tempest-TaggedBootDevicesTest_v242-323359075-project-member] Matched version: v2 {{(pid=99861) process_request /opt/stack/glance/glance/api/middleware/version_negotiation.py:69}}
Aug 24 15:09:14.847054 np0000007973 devstack@g-api.service[99861]: DEBUG glance.api.middleware.version_negotiation [None req-87579893-7123-4d7e-ba4a-56d478763fbf tempest-TaggedBootDevicesTest_v242-323359075 tempest-TaggedBootDevicesTest_v242-323359075-project-member] new path /v2/schemas/image {{(pid=99861) process_request /opt/stack/glance/glance/api/middleware/version_negotiation.py:70}}
Aug 24 15:09:14.851936 np0000007973 devstack@g-api.service[99858]: DEBUG glance.api.middleware.version_negotiation [None req-1bf23a14-f3f7-4e4e-8c92-a2cb7bba86f6 tempest-VolumeAndVolumeTypeFromImageTest-197151068 tempest-VolumeAndVolumeTypeFromImageTest-197151068-project-member] Determining version of request: GET /v2/schemas/image Accept: */* {{(pid=99858) process_request /opt/stack/glance/glance/api/middleware/version_negotiation.py:44}}
Aug 24 15:09:14.852110 np0000007973 devstack@g-api.service[99858]: DEBUG glance.api.middleware.version_negotiation [None req-1bf23a14-f3f7-4e4e-8c92-a2cb7bba86f6 tempest-VolumeAndVolumeTypeFromImageTest-197151068 tempest-VolumeAndVolumeTypeFromImageTest-197151068-project-member] Using url versioning {{(pid=99858) process_request /opt/stack/glance/glance/api/middleware/version_negotiation.py:57}}
Aug 24 15:09:14.852253 np0000007973 devstack@g-api.service[99861]: [pid: 99861|app: 0|req: 135/410] 127.0.0.1 () {44 vars in 1051 bytes} [Mon Aug 24 15:09:14 2026] GET /v2/schemas/image => generated 6083 bytes in 7 msecs (HTTP/1.1 200) 4 headers in 158 bytes (1 switches on core 0)
Aug 24 15:09:14.852371 np0000007973 devstack@g-api.service[99858]: DEBUG glance.api.middleware.version_negotiation [None req-1bf23a14-f3f7-4e4e-8c92-a2cb7bba86f6 tempest-VolumeAndVolumeTypeFromImageTest-197151068 tempest-VolumeAndVolumeTypeFromImageTest-197151068-project-member] Matched version: v2 {{(pid=99858) process_request /opt/stack/glance/glance/api/middleware/version_negotiation.py:69}}
Aug 24 15:09:14.852371 np0000007973 devstack@g-api.service[99858]: DEBUG glance.api.middleware.version_negotiation [None req-1bf23a14-f3f7-4e4e-8c92-a2cb7bba86f6 tempest-VolumeAndVolumeTypeFromImageTest-197151068 tempest-VolumeAndVolumeTypeFromImageTest-197151068-project-member] new path /v2/schemas/image {{(pid=99858) process_request /opt/stack/glance/glance/api/middleware/version_negotiation.py:70}}
Aug 24 15:09:14.858001 np0000007973 devstack@g-api.service[99858]: [pid: 99858|app: 0|req: 142/411] 127.0.0.1 () {44 vars in 1051 bytes} [Mon Aug 24 15:09:14 2026] GET /v2/schemas/image => generated 6083 bytes in 6 msecs (HTTP/1.1 200) 4 headers in 158 bytes (1 switches on core 0)
Aug 24 15:09:14.914001 np0000007973 devstack@g-api.service[99859]: DEBUG glance.api.middleware.version_negotiation [None req-87579893-7123-4d7e-ba4a-56d478763fbf tempest-TaggedBootDevicesTest_v242-323359075 tempest-TaggedBootDevicesTest_v242-323359075-project-member] Determining version of request: GET /v2/images/60add537-2216-48db-87dd-412d25e512d6 Accept: */* {{(pid=99859) process_request /opt/stack/glance/glance/api/middleware/version_negotiation.py:44}}
Aug 24 15:09:14.914507 np0000007973 devstack@g-api.service[99859]: DEBUG glance.api.middleware.version_negotiation [None req-87579893-7123-4d7e-ba4a-56d478763fbf tempest-TaggedBootDevicesTest_v242-323359075 tempest-TaggedBootDevicesTest_v242-323359075-project-member] Using url versioning {{(pid=99859) process_request /opt/stack/glance/glance/api/middleware/version_negotiation.py:57}}
Aug 24 15:09:14.914507 np0000007973 devstack@g-api.service[99859]: DEBUG glance.api.middleware.version_negotiation [None req-87579893-7123-4d7e-ba4a-56d478763fbf tempest-TaggedBootDevicesTest_v242-323359075 tempest-TaggedBootDevicesTest_v242-323359075-project-member] Matched version: v2 {{(pid=99859) process_request /opt/stack/glance/glance/api/middleware/version_negotiation.py:69}}
Aug 24 15:09:14.914710 np0000007973 devstack@g-api.service[99859]: DEBUG glance.api.middleware.version_negotiation [None req-87579893-7123-4d7e-ba4a-56d478763fbf tempest-TaggedBootDevicesTest_v242-323359075 tempest-TaggedBootDevicesTest_v242-323359075-project-member] new path /v2/images/60add537-2216-48db-87dd-412d25e512d6 {{(pid=99859) process_request /opt/stack/glance/glance/api/middleware/version_negotiation.py:70}}
Aug 24 15:09:14.929446 np0000007973 devstack@g-api.service[99859]: [pid: 99859|app: 0|req: 135/412] 127.0.0.1 () {44 vars in 1111 bytes} [Mon Aug 24 15:09:14 2026] GET /v2/images/60add537-2216-48db-87dd-412d25e512d6 => generated 1044 bytes in 16 msecs (HTTP/1.1 200) 4 headers in 158 bytes (1 switches on core 0)
Aug 24 15:09:14.940987 np0000007973 devstack@g-api.service[99861]: DEBUG glance.api.middleware.version_negotiation [None req-1bf23a14-f3f7-4e4e-8c92-a2cb7bba86f6 tempest-VolumeAndVolumeTypeFromImageTest-197151068 tempest-VolumeAndVolumeTypeFromImageTest-197151068-project-member] Determining version of request: GET /v2/schemas/image Accept: */* {{(pid=99861) process_request /opt/stack/glance/glance/api/middleware/version_negotiation.py:44}}
Aug 24 15:09:14.940987 np0000007973 devstack@g-api.service[99861]: DEBUG glance.api.middleware.version_negotiation [None req-1bf23a14-f3f7-4e4e-8c92-a2cb7bba86f6 tempest-VolumeAndVolumeTypeFromImageTest-197151068 tempest-VolumeAndVolumeTypeFromImageTest-197151068-project-member] Using url versioning {{(pid=99861) process_request /opt/stack/glance/glance/api/middleware/version_negotiation.py:57}}
Aug 24 15:09:14.940987 np0000007973 devstack@g-api.service[99861]: DEBUG glance.api.middleware.version_negotiation [None req-1bf23a14-f3f7-4e4e-8c92-a2cb7bba86f6 tempest-VolumeAndVolumeTypeFromImageTest-197151068 tempest-VolumeAndVolumeTypeFromImageTest-197151068-project-member] Matched version: v2 {{(pid=99861) process_request /opt/stack/glance/glance/api/middleware/version_negotiation.py:69}}
Aug 24 15:09:14.940987 np0000007973 devstack@g-api.service[99861]: DEBUG glance.api.middleware.version_negotiation [None req-1bf23a14-f3f7-4e4e-8c92-a2cb7bba86f6 tempest-VolumeAndVolumeTypeFromImageTest-197151068 tempest-VolumeAndVolumeTypeFromImageTest-197151068-project-member] new path /v2/schemas/image {{(pid=99861) process_request /opt/stack/glance/glance/api/middleware/version_negotiation.py:70}}
Aug 24 15:09:14.946870 np0000007973 devstack@g-api.service[99861]: [pid: 99861|app: 0|req: 136/413] 127.0.0.1 () {44 vars in 1051 bytes} [Mon Aug 24 15:09:14 2026] GET /v2/schemas/image => generated 6083 bytes in 6 msecs (HTTP/1.1 200) 4 headers in 158 bytes (1 switches on core 0)
Aug 24 15:09:15.641280 np0000007973 devstack@g-api.service[99858]: DEBUG glance.api.middleware.version_negotiation [None req-87579893-7123-4d7e-ba4a-56d478763fbf tempest-TaggedBootDevicesTest_v242-323359075 tempest-TaggedBootDevicesTest_v242-323359075-project-member] Determining version of request: GET /versions Accept: */* {{(pid=99858) process_request /opt/stack/glance/glance/api/middleware/version_negotiation.py:44}}
Aug 24 15:09:15.641949 np0000007973 devstack@g-api.service[99858]: [pid: 99858|app: 0|req: 143/414] 127.0.0.1 () {44 vars in 1035 bytes} [Mon Aug 24 15:09:15 2026] GET /versions => generated 1501 bytes in 1 msecs (HTTP/1.1 200) 3 headers in 92 bytes (1 switches on core 0)
Aug 24 15:09:15.650171 np0000007973 devstack@g-api.service[99859]: DEBUG glance.api.middleware.version_negotiation [None req-87579893-7123-4d7e-ba4a-56d478763fbf tempest-TaggedBootDevicesTest_v242-323359075 tempest-TaggedBootDevicesTest_v242-323359075-project-member] Determining version of request: GET /v2/images/60add537-2216-48db-87dd-412d25e512d6/locations Accept: */* {{(pid=99859) process_request /opt/stack/glance/glance/api/middleware/version_negotiation.py:44}}
Aug 24 15:09:15.650399 np0000007973 devstack@g-api.service[99859]: DEBUG glance.api.middleware.version_negotiation [None req-87579893-7123-4d7e-ba4a-56d478763fbf tempest-TaggedBootDevicesTest_v242-323359075 tempest-TaggedBootDevicesTest_v242-323359075-project-member] Using url versioning {{(pid=99859) process_request /opt/stack/glance/glance/api/middleware/version_negotiation.py:57}}
Aug 24 15:09:15.650593 np0000007973 devstack@g-api.service[99859]: DEBUG glance.api.middleware.version_negotiation [None req-87579893-7123-4d7e-ba4a-56d478763fbf tempest-TaggedBootDevicesTest_v242-323359075 tempest-TaggedBootDevicesTest_v242-323359075-project-member] Matched version: v2 {{(pid=99859) process_request /opt/stack/glance/glance/api/middleware/version_negotiation.py:69}}
Aug 24 15:09:15.650811 np0000007973 devstack@g-api.service[99859]: DEBUG glance.api.middleware.version_negotiation [None req-87579893-7123-4d7e-ba4a-56d478763fbf tempest-TaggedBootDevicesTest_v242-323359075 tempest-TaggedBootDevicesTest_v242-323359075-project-member] new path /v2/images/60add537-2216-48db-87dd-412d25e512d6/locations {{(pid=99859) process_request /opt/stack/glance/glance/api/middleware/version_negotiation.py:70}}
Aug 24 15:09:15.660991 np0000007973 devstack@g-api.service[99861]: DEBUG glance.api.middleware.version_negotiation [None req-87579893-7123-4d7e-ba4a-56d478763fbf tempest-TaggedBootDevicesTest_v242-323359075 tempest-TaggedBootDevicesTest_v242-323359075-project-member] Determining version of request: GET /v2/images/81628b85-cf18-4908-8d4f-08f1ed63698b Accept: */* {{(pid=99861) process_request /opt/stack/glance/glance/api/middleware/version_negotiation.py:44}}
Aug 24 15:09:15.661193 np0000007973 devstack@g-api.service[99861]: DEBUG glance.api.middleware.version_negotiation [None req-87579893-7123-4d7e-ba4a-56d478763fbf tempest-TaggedBootDevicesTest_v242-323359075 tempest-TaggedBootDevicesTest_v242-323359075-project-member] Using url versioning {{(pid=99861) process_request /opt/stack/glance/glance/api/middleware/version_negotiation.py:57}}
Aug 24 15:09:15.663049 np0000007973 devstack@g-api.service[99861]: DEBUG glance.api.middleware.version_negotiation [None req-87579893-7123-4d7e-ba4a-56d478763fbf tempest-TaggedBootDevicesTest_v242-323359075 tempest-TaggedBootDevicesTest_v242-323359075-project-member] Matched version: v2 {{(pid=99861) process_request /opt/stack/glance/glance/api/middleware/version_negotiation.py:69}}
Aug 24 15:09:15.663212 np0000007973 devstack@g-api.service[99861]: DEBUG glance.api.middleware.version_negotiation [None req-87579893-7123-4d7e-ba4a-56d478763fbf tempest-TaggedBootDevicesTest_v242-323359075 tempest-TaggedBootDevicesTest_v242-323359075-project-member] new path /v2/images/81628b85-cf18-4908-8d4f-08f1ed63698b {{(pid=99861) process_request /opt/stack/glance/glance/api/middleware/version_negotiation.py:70}}
Aug 24 15:09:15.679798 np0000007973 devstack@g-api.service[99861]: [pid: 99861|app: 0|req: 137/415] 127.0.0.1 () {44 vars in 1111 bytes} [Mon Aug 24 15:09:15 2026] GET /v2/images/81628b85-cf18-4908-8d4f-08f1ed63698b => generated 898 bytes in 19 msecs (HTTP/1.1 200) 4 headers in 157 bytes (1 switches on core 0)
Aug 24 15:09:15.692735 np0000007973 devstack@g-api.service[99858]: DEBUG glance.api.middleware.version_negotiation [None req-87579893-7123-4d7e-ba4a-56d478763fbf tempest-TaggedBootDevicesTest_v242-323359075 tempest-TaggedBootDevicesTest_v242-323359075-project-member] Determining version of request: GET /v2/schemas/image Accept: */* {{(pid=99858) process_request /opt/stack/glance/glance/api/middleware/version_negotiation.py:44}}
Aug 24 15:09:15.692735 np0000007973 devstack@g-api.service[99858]: DEBUG glance.api.middleware.version_negotiation [None req-87579893-7123-4d7e-ba4a-56d478763fbf tempest-TaggedBootDevicesTest_v242-323359075 tempest-TaggedBootDevicesTest_v242-323359075-project-member] Using url versioning {{(pid=99858) process_request /opt/stack/glance/glance/api/middleware/version_negotiation.py:57}}
Aug 24 15:09:15.692735 np0000007973 devstack@g-api.service[99858]: DEBUG glance.api.middleware.version_negotiation [None req-87579893-7123-4d7e-ba4a-56d478763fbf tempest-TaggedBootDevicesTest_v242-323359075 tempest-TaggedBootDevicesTest_v242-323359075-project-member] Matched version: v2 {{(pid=99858) process_request /opt/stack/glance/glance/api/middleware/version_negotiation.py:69}}
Aug 24 15:09:15.692735 np0000007973 devstack@g-api.service[99858]: DEBUG glance.api.middleware.version_negotiation [None req-87579893-7123-4d7e-ba4a-56d478763fbf tempest-TaggedBootDevicesTest_v242-323359075 tempest-TaggedBootDevicesTest_v242-323359075-project-member] new path /v2/schemas/image {{(pid=99858) process_request /opt/stack/glance/glance/api/middleware/version_negotiation.py:70}}
Aug 24 15:09:15.697029 np0000007973 devstack@g-api.service[99858]: [pid: 99858|app: 0|req: 144/416] 127.0.0.1 () {44 vars in 1051 bytes} [Mon Aug 24 15:09:15 2026] GET /v2/schemas/image => generated 6083 bytes in 4 msecs (HTTP/1.1 200) 4 headers in 158 bytes (1 switches on core 0)
Aug 24 15:09:15.702078 np0000007973 devstack@g-api.service[99861]: DEBUG glance.api.middleware.version_negotiation [None req-1bf23a14-f3f7-4e4e-8c92-a2cb7bba86f6 tempest-VolumeAndVolumeTypeFromImageTest-197151068 tempest-VolumeAndVolumeTypeFromImageTest-197151068-project-member] Determining version of request: GET /v2/images/ee5e3534-d5ba-43f6-a5a4-878a579ffde4 Accept: */* {{(pid=99861) process_request /opt/stack/glance/glance/api/middleware/version_negotiation.py:44}}
Aug 24 15:09:15.702407 np0000007973 devstack@g-api.service[99861]: DEBUG glance.api.middleware.version_negotiation [None req-1bf23a14-f3f7-4e4e-8c92-a2cb7bba86f6 tempest-VolumeAndVolumeTypeFromImageTest-197151068 tempest-VolumeAndVolumeTypeFromImageTest-197151068-project-member] Using url versioning {{(pid=99861) process_request /opt/stack/glance/glance/api/middleware/version_negotiation.py:57}}
Aug 24 15:09:15.702637 np0000007973 devstack@g-api.service[99861]: DEBUG glance.api.middleware.version_negotiation [None req-1bf23a14-f3f7-4e4e-8c92-a2cb7bba86f6 tempest-VolumeAndVolumeTypeFromImageTest-197151068 tempest-VolumeAndVolumeTypeFromImageTest-197151068-project-member] Matched version: v2 {{(pid=99861) process_request /opt/stack/glance/glance/api/middleware/version_negotiation.py:69}}
Aug 24 15:09:15.702939 np0000007973 devstack@g-api.service[99861]: DEBUG glance.api.middleware.version_negotiation [None req-1bf23a14-f3f7-4e4e-8c92-a2cb7bba86f6 tempest-VolumeAndVolumeTypeFromImageTest-197151068 tempest-VolumeAndVolumeTypeFromImageTest-197151068-project-member] new path /v2/images/ee5e3534-d5ba-43f6-a5a4-878a579ffde4 {{(pid=99861) process_request /opt/stack/glance/glance/api/middleware/version_negotiation.py:70}}
Aug 24 15:09:15.718984 np0000007973 devstack@g-api.service[99861]: [pid: 99861|app: 0|req: 138/417] 127.0.0.1 () {44 vars in 1111 bytes} [Mon Aug 24 15:09:15 2026] GET /v2/images/ee5e3534-d5ba-43f6-a5a4-878a579ffde4 => generated 1619 bytes in 23 msecs (HTTP/1.1 200) 4 headers in 158 bytes (1 switches on core 0)
Aug 24 15:09:15.724635 np0000007973 devstack@g-api.service[99859]: [pid: 99859|app: 0|req: 136/418] 127.0.0.1 () {44 vars in 1131 bytes} [Mon Aug 24 15:09:15 2026] GET /v2/images/60add537-2216-48db-87dd-412d25e512d6/locations => generated 92 bytes in 75 msecs (HTTP/1.1 200) 4 headers in 156 bytes (1 switches on core 0)
Aug 24 15:09:15.748715 np0000007973 devstack@g-api.service[99858]: DEBUG glance.api.middleware.version_negotiation [None req-1bf23a14-f3f7-4e4e-8c92-a2cb7bba86f6 tempest-VolumeAndVolumeTypeFromImageTest-197151068 tempest-VolumeAndVolumeTypeFromImageTest-197151068-project-member] Determining version of request: GET /v2/images/60add537-2216-48db-87dd-412d25e512d6 Accept: */* {{(pid=99858) process_request /opt/stack/glance/glance/api/middleware/version_negotiation.py:44}}
Aug 24 15:09:15.748715 np0000007973 devstack@g-api.service[99858]: DEBUG glance.api.middleware.version_negotiation [None req-1bf23a14-f3f7-4e4e-8c92-a2cb7bba86f6 tempest-VolumeAndVolumeTypeFromImageTest-197151068 tempest-VolumeAndVolumeTypeFromImageTest-197151068-project-member] Using url versioning {{(pid=99858) process_request /opt/stack/glance/glance/api/middleware/version_negotiation.py:57}}
Aug 24 15:09:15.748715 np0000007973 devstack@g-api.service[99858]: DEBUG glance.api.middleware.version_negotiation [None req-1bf23a14-f3f7-4e4e-8c92-a2cb7bba86f6 tempest-VolumeAndVolumeTypeFromImageTest-197151068 tempest-VolumeAndVolumeTypeFromImageTest-197151068-project-member] Matched version: v2 {{(pid=99858) process_request /opt/stack/glance/glance/api/middleware/version_negotiation.py:69}}
Aug 24 15:09:15.748715 np0000007973 devstack@g-api.service[99858]: DEBUG glance.api.middleware.version_negotiation [None req-1bf23a14-f3f7-4e4e-8c92-a2cb7bba86f6 tempest-VolumeAndVolumeTypeFromImageTest-197151068 tempest-VolumeAndVolumeTypeFromImageTest-197151068-project-member] new path /v2/images/60add537-2216-48db-87dd-412d25e512d6 {{(pid=99858) process_request /opt/stack/glance/glance/api/middleware/version_negotiation.py:70}}
Aug 24 15:09:15.771825 np0000007973 devstack@g-api.service[99861]: DEBUG glance.api.middleware.version_negotiation [None req-0fb89e57-13fd-4ff8-8acb-1bcce5f2e12a tempest-AttachVolumeShelveTestJSON-1835540614 tempest-AttachVolumeShelveTestJSON-1835540614-project-member] Determining version of request: GET /v2/images/ee5e3534-d5ba-43f6-a5a4-878a579ffde4/file Accept: */* {{(pid=99861) process_request /opt/stack/glance/glance/api/middleware/version_negotiation.py:44}}
Aug 24 15:09:15.771825 np0000007973 devstack@g-api.service[99861]: DEBUG glance.api.middleware.version_negotiation [None req-0fb89e57-13fd-4ff8-8acb-1bcce5f2e12a tempest-AttachVolumeShelveTestJSON-1835540614 tempest-AttachVolumeShelveTestJSON-1835540614-project-member] Using url versioning {{(pid=99861) process_request /opt/stack/glance/glance/api/middleware/version_negotiation.py:57}}
Aug 24 15:09:15.772016 np0000007973 devstack@g-api.service[99861]: DEBUG glance.api.middleware.version_negotiation [None req-0fb89e57-13fd-4ff8-8acb-1bcce5f2e12a tempest-AttachVolumeShelveTestJSON-1835540614 tempest-AttachVolumeShelveTestJSON-1835540614-project-member] Matched version: v2 {{(pid=99861) process_request /opt/stack/glance/glance/api/middleware/version_negotiation.py:69}}
Aug 24 15:09:15.772149 np0000007973 devstack@g-api.service[99861]: DEBUG glance.api.middleware.version_negotiation [None req-0fb89e57-13fd-4ff8-8acb-1bcce5f2e12a tempest-AttachVolumeShelveTestJSON-1835540614 tempest-AttachVolumeShelveTestJSON-1835540614-project-member] new path /v2/images/ee5e3534-d5ba-43f6-a5a4-878a579ffde4/file {{(pid=99861) process_request /opt/stack/glance/glance/api/middleware/version_negotiation.py:70}}
Aug 24 15:09:15.772766 np0000007973 devstack@g-api.service[99858]: [pid: 99858|app: 0|req: 145/419] 127.0.0.1 () {44 vars in 1111 bytes} [Mon Aug 24 15:09:15 2026] GET /v2/images/60add537-2216-48db-87dd-412d25e512d6 => generated 1044 bytes in 29 msecs (HTTP/1.1 200) 4 headers in 158 bytes (1 switches on core 0)
Aug 24 15:09:15.791094 np0000007973 devstack@g-api.service[99859]: DEBUG glance.api.middleware.version_negotiation [None req-87579893-7123-4d7e-ba4a-56d478763fbf service glance] Determining version of request: GET /v2/schemas/image Accept: */* {{(pid=99859) process_request /opt/stack/glance/glance/api/middleware/version_negotiation.py:44}}
Aug 24 15:09:15.791238 np0000007973 devstack@g-api.service[99859]: DEBUG glance.api.middleware.version_negotiation [None req-87579893-7123-4d7e-ba4a-56d478763fbf service glance] Using url versioning {{(pid=99859) process_request /opt/stack/glance/glance/api/middleware/version_negotiation.py:57}}
Aug 24 15:09:15.791349 np0000007973 devstack@g-api.service[99859]: DEBUG glance.api.middleware.version_negotiation [None req-87579893-7123-4d7e-ba4a-56d478763fbf service glance] Matched version: v2 {{(pid=99859) process_request /opt/stack/glance/glance/api/middleware/version_negotiation.py:69}}
Aug 24 15:09:15.791453 np0000007973 devstack@g-api.service[99859]: DEBUG glance.api.middleware.version_negotiation [None req-87579893-7123-4d7e-ba4a-56d478763fbf service glance] new path /v2/schemas/image {{(pid=99859) process_request /opt/stack/glance/glance/api/middleware/version_negotiation.py:70}}
Aug 24 15:09:15.797144 np0000007973 devstack@g-api.service[99859]: [pid: 99859|app: 0|req: 137/420] 127.0.0.1 () {44 vars in 1051 bytes} [Mon Aug 24 15:09:15 2026] GET /v2/schemas/image => generated 6083 bytes in 6 msecs (HTTP/1.1 200) 4 headers in 158 bytes (1 switches on core 0)
Aug 24 15:09:15.799763 np0000007973 devstack@g-api.service[99861]: DEBUG glance_store.backend [None req-0fb89e57-13fd-4ff8-8acb-1bcce5f2e12a tempest-AttachVolumeShelveTestJSON-1835540614 tempest-AttachVolumeShelveTestJSON-1835540614-project-member] Attempting to import store swift {{(pid=99861) _load_store /opt/stack/data/venv/lib/python3.12/site-packages/glance_store/backend.py:215}}
Aug 24 15:09:15.803091 np0000007973 devstack@g-api.service[99861]: DEBUG glance_store.capabilities [None req-0fb89e57-13fd-4ff8-8acb-1bcce5f2e12a tempest-AttachVolumeShelveTestJSON-1835540614 tempest-AttachVolumeShelveTestJSON-1835540614-project-member] Store glance_store._drivers.swift.store.SingleTenantStore doesn't support updating dynamic storage capabilities. Please overwrite 'update_capabilities' method of the store to implement updating logics if needed. {{(pid=99861) update_capabilities /opt/stack/data/venv/lib/python3.12/site-packages/glance_store/capabilities.py:91}}
Aug 24 15:09:15.803262 np0000007973 devstack@g-api.service[99861]: DEBUG glance_store.driver [None req-0fb89e57-13fd-4ff8-8acb-1bcce5f2e12a tempest-AttachVolumeShelveTestJSON-1835540614 tempest-AttachVolumeShelveTestJSON-1835540614-project-member] Late loading location class glance_store._drivers.swift.store.StoreLocation {{(pid=99861) get_store_location_class /opt/stack/data/venv/lib/python3.12/site-packages/glance_store/driver.py:134}}
Aug 24 15:09:15.803322 np0000007973 devstack@g-api.service[99861]: DEBUG glance_store.location [None req-0fb89e57-13fd-4ff8-8acb-1bcce5f2e12a tempest-AttachVolumeShelveTestJSON-1835540614 tempest-AttachVolumeShelveTestJSON-1835540614-project-member] Registering scheme swift+https with {'store': , 'location_class': , 'store_entry': 'swift'} {{(pid=99861) register_scheme_map /opt/stack/data/venv/lib/python3.12/site-packages/glance_store/location.py:146}}
Aug 24 15:09:15.804100 np0000007973 devstack@g-api.service[99861]: DEBUG glance_store.location [None req-0fb89e57-13fd-4ff8-8acb-1bcce5f2e12a tempest-AttachVolumeShelveTestJSON-1835540614 tempest-AttachVolumeShelveTestJSON-1835540614-project-member] Registering scheme swift+https with {'store': , 'location_class': , 'store_entry': 'swift'} {{(pid=99861) register_scheme_map /opt/stack/data/venv/lib/python3.12/site-packages/glance_store/location.py:146}}
Aug 24 15:09:15.804100 np0000007973 devstack@g-api.service[99861]: DEBUG glance_store.location [None req-0fb89e57-13fd-4ff8-8acb-1bcce5f2e12a tempest-AttachVolumeShelveTestJSON-1835540614 tempest-AttachVolumeShelveTestJSON-1835540614-project-member] Registering scheme swift with {'store': , 'location_class': , 'store_entry': 'swift'} {{(pid=99861) register_scheme_map /opt/stack/data/venv/lib/python3.12/site-packages/glance_store/location.py:146}}
Aug 24 15:09:15.804100 np0000007973 devstack@g-api.service[99861]: DEBUG glance_store.location [None req-0fb89e57-13fd-4ff8-8acb-1bcce5f2e12a tempest-AttachVolumeShelveTestJSON-1835540614 tempest-AttachVolumeShelveTestJSON-1835540614-project-member] Registering scheme swift+https with {'store': , 'location_class': , 'store_entry': 'swift'} {{(pid=99861) register_scheme_map /opt/stack/data/venv/lib/python3.12/site-packages/glance_store/location.py:146}}
Aug 24 15:09:15.804100 np0000007973 devstack@g-api.service[99861]: DEBUG glance_store.location [None req-0fb89e57-13fd-4ff8-8acb-1bcce5f2e12a tempest-AttachVolumeShelveTestJSON-1835540614 tempest-AttachVolumeShelveTestJSON-1835540614-project-member] Registering scheme swift with {'store': , 'location_class': , 'store_entry': 'swift'} {{(pid=99861) register_scheme_map /opt/stack/data/venv/lib/python3.12/site-packages/glance_store/location.py:146}}
Aug 24 15:09:15.804345 np0000007973 devstack@g-api.service[99861]: DEBUG glance_store.location [None req-0fb89e57-13fd-4ff8-8acb-1bcce5f2e12a tempest-AttachVolumeShelveTestJSON-1835540614 tempest-AttachVolumeShelveTestJSON-1835540614-project-member] Registering scheme swift+http with {'store': , 'location_class': , 'store_entry': 'swift'} {{(pid=99861) register_scheme_map /opt/stack/data/venv/lib/python3.12/site-packages/glance_store/location.py:146}}
Aug 24 15:09:15.804680 np0000007973 devstack@g-api.service[99861]: DEBUG glance_store.location [None req-0fb89e57-13fd-4ff8-8acb-1bcce5f2e12a tempest-AttachVolumeShelveTestJSON-1835540614 tempest-AttachVolumeShelveTestJSON-1835540614-project-member] Registering scheme swift+https with {'store': , 'location_class': , 'store_entry': 'swift'} {{(pid=99861) register_scheme_map /opt/stack/data/venv/lib/python3.12/site-packages/glance_store/location.py:146}}
Aug 24 15:09:15.804820 np0000007973 devstack@g-api.service[99861]: DEBUG glance_store.location [None req-0fb89e57-13fd-4ff8-8acb-1bcce5f2e12a tempest-AttachVolumeShelveTestJSON-1835540614 tempest-AttachVolumeShelveTestJSON-1835540614-project-member] Registering scheme swift with {'store': , 'location_class': , 'store_entry': 'swift'} {{(pid=99861) register_scheme_map /opt/stack/data/venv/lib/python3.12/site-packages/glance_store/location.py:146}}
Aug 24 15:09:15.804951 np0000007973 devstack@g-api.service[99861]: DEBUG glance_store.location [None req-0fb89e57-13fd-4ff8-8acb-1bcce5f2e12a tempest-AttachVolumeShelveTestJSON-1835540614 tempest-AttachVolumeShelveTestJSON-1835540614-project-member] Registering scheme swift+http with {'store': , 'location_class': , 'store_entry': 'swift'} {{(pid=99861) register_scheme_map /opt/stack/data/venv/lib/python3.12/site-packages/glance_store/location.py:146}}
Aug 24 15:09:15.805094 np0000007973 devstack@g-api.service[99861]: DEBUG glance_store.location [None req-0fb89e57-13fd-4ff8-8acb-1bcce5f2e12a tempest-AttachVolumeShelveTestJSON-1835540614 tempest-AttachVolumeShelveTestJSON-1835540614-project-member] Registering scheme swift+config with {'store': , 'location_class': , 'store_entry': 'swift'} {{(pid=99861) register_scheme_map /opt/stack/data/venv/lib/python3.12/site-packages/glance_store/location.py:146}}
Aug 24 15:09:15.807855 np0000007973 devstack@g-api.service[99858]: DEBUG glance.api.middleware.version_negotiation [None req-87579893-7123-4d7e-ba4a-56d478763fbf tempest-TaggedBootDevicesTest_v242-323359075 tempest-TaggedBootDevicesTest_v242-323359075-project-member] Determining version of request: GET /v2/schemas/image Accept: */* {{(pid=99858) process_request /opt/stack/glance/glance/api/middleware/version_negotiation.py:44}}
Aug 24 15:09:15.808188 np0000007973 devstack@g-api.service[99858]: DEBUG glance.api.middleware.version_negotiation [None req-87579893-7123-4d7e-ba4a-56d478763fbf tempest-TaggedBootDevicesTest_v242-323359075 tempest-TaggedBootDevicesTest_v242-323359075-project-member] Using url versioning {{(pid=99858) process_request /opt/stack/glance/glance/api/middleware/version_negotiation.py:57}}
Aug 24 15:09:15.808644 np0000007973 devstack@g-api.service[99858]: DEBUG glance.api.middleware.version_negotiation [None req-87579893-7123-4d7e-ba4a-56d478763fbf tempest-TaggedBootDevicesTest_v242-323359075 tempest-TaggedBootDevicesTest_v242-323359075-project-member] Matched version: v2 {{(pid=99858) process_request /opt/stack/glance/glance/api/middleware/version_negotiation.py:69}}
Aug 24 15:09:15.809868 np0000007973 devstack@g-api.service[99858]: DEBUG glance.api.middleware.version_negotiation [None req-87579893-7123-4d7e-ba4a-56d478763fbf tempest-TaggedBootDevicesTest_v242-323359075 tempest-TaggedBootDevicesTest_v242-323359075-project-member] new path /v2/schemas/image {{(pid=99858) process_request /opt/stack/glance/glance/api/middleware/version_negotiation.py:70}}
Aug 24 15:09:15.816218 np0000007973 devstack@g-api.service[99858]: [pid: 99858|app: 0|req: 146/421] 127.0.0.1 () {44 vars in 1051 bytes} [Mon Aug 24 15:09:15 2026] GET /v2/schemas/image => generated 6083 bytes in 8 msecs (HTTP/1.1 200) 4 headers in 158 bytes (1 switches on core 0)
Aug 24 15:09:16.186695 np0000007973 devstack@g-api.service[99861]: DEBUG swiftclient [None req-0fb89e57-13fd-4ff8-8acb-1bcce5f2e12a tempest-AttachVolumeShelveTestJSON-1835540614 tempest-AttachVolumeShelveTestJSON-1835540614-project-member] REQ: curl -i https://10.4.3.77:8080/v1/AUTH_29b3ee00b0d043a99e6c5ec7e24c7a45/glance/ee5e3534-d5ba-43f6-a5a4-878a579ffde4 -X GET -H "X-Auth-Token: gAAAAABqjF6bm0-U..." {{(pid=99861) http_log /opt/stack/data/venv/lib/python3.12/site-packages/swiftclient/client.py:160}}
Aug 24 15:09:16.187631 np0000007973 devstack@g-api.service[99861]: DEBUG swiftclient [None req-0fb89e57-13fd-4ff8-8acb-1bcce5f2e12a tempest-AttachVolumeShelveTestJSON-1835540614 tempest-AttachVolumeShelveTestJSON-1835540614-project-member] RESP STATUS: 200 OK {{(pid=99861) http_log /opt/stack/data/venv/lib/python3.12/site-packages/swiftclient/client.py:161}}
Aug 24 15:09:16.188492 np0000007973 devstack@g-api.service[99861]: DEBUG swiftclient [None req-0fb89e57-13fd-4ff8-8acb-1bcce5f2e12a tempest-AttachVolumeShelveTestJSON-1835540614 tempest-AttachVolumeShelveTestJSON-1835540614-project-member] RESP HEADERS: {'Date': 'Mon, 24 Aug 2026 15:09:16 GMT', 'Server': 'Apache/2.4.58 (Ubuntu)', 'Content-Type': 'application/octet-stream', 'X-Object-Manifest': 'glance/ee5e3534-d5ba-43f6-a5a4-878a579ffde4-', 'Last-Modified': 'Mon, 24 Aug 2026 15:09:02 GMT', 'X-Timestamp': '1787584141.39822', 'Accept-Ranges': 'bytes', 'Content-Length': '53936128', 'Etag': '"87005813fafe28cffe845f912ed89418"', 'X-Trans-Id': 'txaf26d2cc549b455191331-006a8c5e9b', 'X-Openstack-Request-Id': 'txaf26d2cc549b455191331-006a8c5e9b', 'Connection': 'close'} {{(pid=99861) http_log /opt/stack/data/venv/lib/python3.12/site-packages/swiftclient/client.py:162}}
Aug 24 15:09:16.211243 np0000007973 devstack@g-api.service[99861]: DEBUG glance.image_cache [None req-0fb89e57-13fd-4ff8-8acb-1bcce5f2e12a tempest-AttachVolumeShelveTestJSON-1835540614 tempest-AttachVolumeShelveTestJSON-1835540614-project-member] Tee'ing image 'ee5e3534-d5ba-43f6-a5a4-878a579ffde4' into cache {{(pid=99861) get_caching_iter /opt/stack/glance/glance/image_cache/__init__.py:356}}
Aug 24 15:09:16.766667 np0000007973 devstack@g-api.service[99861]: DEBUG glance.image_cache.drivers.centralized_db [None req-0fb89e57-13fd-4ff8-8acb-1bcce5f2e12a tempest-AttachVolumeShelveTestJSON-1835540614 tempest-AttachVolumeShelveTestJSON-1835540614-project-member] Fetch finished, moving '/opt/stack/data/glance/cache/incomplete/ee5e3534-d5ba-43f6-a5a4-878a579ffde4' to '/opt/stack/data/glance/cache/ee5e3534-d5ba-43f6-a5a4-878a579ffde4' {{(pid=99861) commit /opt/stack/glance/glance/image_cache/drivers/centralized_db.py:243}}
Aug 24 15:09:16.791329 np0000007973 devstack@g-api.service[99861]: DEBUG glance.image_cache.drivers.centralized_db [None req-0fb89e57-13fd-4ff8-8acb-1bcce5f2e12a tempest-AttachVolumeShelveTestJSON-1835540614 tempest-AttachVolumeShelveTestJSON-1835540614-project-member] Image cached successfully. {{(pid=99861) commit /opt/stack/glance/glance/image_cache/drivers/centralized_db.py:258}}
Aug 24 15:09:16.791527 np0000007973 devstack@g-api.service[99861]: [pid: 99861|app: 0|req: 139/422] 127.0.0.1 () {44 vars in 1121 bytes} [Mon Aug 24 15:09:15 2026] GET /v2/images/ee5e3534-d5ba-43f6-a5a4-878a579ffde4/file => generated 53936128 bytes in 1020 msecs (HTTP/1.1 200) 4 headers in 191 bytes (826 switches on core 0)
Aug 24 15:09:17.359919 np0000007973 devstack@g-api.service[99859]: DEBUG glance.api.middleware.version_negotiation [None req-87579893-7123-4d7e-ba4a-56d478763fbf tempest-TaggedBootDevicesTest_v242-323359075 tempest-TaggedBootDevicesTest_v242-323359075-project-member] Determining version of request: GET /v2/images/ee5e3534-d5ba-43f6-a5a4-878a579ffde4 Accept: */* {{(pid=99859) process_request /opt/stack/glance/glance/api/middleware/version_negotiation.py:44}}
Aug 24 15:09:17.360491 np0000007973 devstack@g-api.service[99859]: DEBUG glance.api.middleware.version_negotiation [None req-87579893-7123-4d7e-ba4a-56d478763fbf tempest-TaggedBootDevicesTest_v242-323359075 tempest-TaggedBootDevicesTest_v242-323359075-project-member] Using url versioning {{(pid=99859) process_request /opt/stack/glance/glance/api/middleware/version_negotiation.py:57}}
Aug 24 15:09:17.360642 np0000007973 devstack@g-api.service[99859]: DEBUG glance.api.middleware.version_negotiation [None req-87579893-7123-4d7e-ba4a-56d478763fbf tempest-TaggedBootDevicesTest_v242-323359075 tempest-TaggedBootDevicesTest_v242-323359075-project-member] Matched version: v2 {{(pid=99859) process_request /opt/stack/glance/glance/api/middleware/version_negotiation.py:69}}
Aug 24 15:09:17.360812 np0000007973 devstack@g-api.service[99859]: DEBUG glance.api.middleware.version_negotiation [None req-87579893-7123-4d7e-ba4a-56d478763fbf tempest-TaggedBootDevicesTest_v242-323359075 tempest-TaggedBootDevicesTest_v242-323359075-project-member] new path /v2/images/ee5e3534-d5ba-43f6-a5a4-878a579ffde4 {{(pid=99859) process_request /opt/stack/glance/glance/api/middleware/version_negotiation.py:70}}
Aug 24 15:09:17.379905 np0000007973 devstack@g-api.service[99859]: [pid: 99859|app: 0|req: 138/423] 127.0.0.1 () {44 vars in 1111 bytes} [Mon Aug 24 15:09:17 2026] GET /v2/images/ee5e3534-d5ba-43f6-a5a4-878a579ffde4 => generated 1619 bytes in 20 msecs (HTTP/1.1 200) 4 headers in 158 bytes (1 switches on core 0)
Aug 24 15:09:17.470715 np0000007973 devstack@g-api.service[99858]: DEBUG glance.api.middleware.version_negotiation [None req-87579893-7123-4d7e-ba4a-56d478763fbf tempest-TaggedBootDevicesTest_v242-323359075 tempest-TaggedBootDevicesTest_v242-323359075-project-member] Determining version of request: GET /v2/schemas/image Accept: */* {{(pid=99858) process_request /opt/stack/glance/glance/api/middleware/version_negotiation.py:44}}
Aug 24 15:09:17.471113 np0000007973 devstack@g-api.service[99858]: DEBUG glance.api.middleware.version_negotiation [None req-87579893-7123-4d7e-ba4a-56d478763fbf tempest-TaggedBootDevicesTest_v242-323359075 tempest-TaggedBootDevicesTest_v242-323359075-project-member] Using url versioning {{(pid=99858) process_request /opt/stack/glance/glance/api/middleware/version_negotiation.py:57}}
Aug 24 15:09:17.471211 np0000007973 devstack@g-api.service[99858]: DEBUG glance.api.middleware.version_negotiation [None req-87579893-7123-4d7e-ba4a-56d478763fbf tempest-TaggedBootDevicesTest_v242-323359075 tempest-TaggedBootDevicesTest_v242-323359075-project-member] Matched version: v2 {{(pid=99858) process_request /opt/stack/glance/glance/api/middleware/version_negotiation.py:69}}
Aug 24 15:09:17.471430 np0000007973 devstack@g-api.service[99858]: DEBUG glance.api.middleware.version_negotiation [None req-87579893-7123-4d7e-ba4a-56d478763fbf tempest-TaggedBootDevicesTest_v242-323359075 tempest-TaggedBootDevicesTest_v242-323359075-project-member] new path /v2/schemas/image {{(pid=99858) process_request /opt/stack/glance/glance/api/middleware/version_negotiation.py:70}}
Aug 24 15:09:17.477805 np0000007973 devstack@g-api.service[99858]: [pid: 99858|app: 0|req: 147/424] 127.0.0.1 () {44 vars in 1051 bytes} [Mon Aug 24 15:09:17 2026] GET /v2/schemas/image => generated 6083 bytes in 7 msecs (HTTP/1.1 200) 4 headers in 158 bytes (1 switches on core 0)
Aug 24 15:09:18.772516 np0000007973 devstack@g-api.service[99861]: DEBUG glance.api.middleware.version_negotiation [None req-0fb89e57-13fd-4ff8-8acb-1bcce5f2e12a tempest-AttachVolumeShelveTestJSON-1835540614 tempest-AttachVolumeShelveTestJSON-1835540614-project-member] Determining version of request: DELETE /v2/images/81628b85-cf18-4908-8d4f-08f1ed63698b Accept: application/json {{(pid=99861) process_request /opt/stack/glance/glance/api/middleware/version_negotiation.py:44}}
Aug 24 15:09:18.773092 np0000007973 devstack@g-api.service[99861]: DEBUG glance.api.middleware.version_negotiation [None req-0fb89e57-13fd-4ff8-8acb-1bcce5f2e12a tempest-AttachVolumeShelveTestJSON-1835540614 tempest-AttachVolumeShelveTestJSON-1835540614-project-member] Using url versioning {{(pid=99861) process_request /opt/stack/glance/glance/api/middleware/version_negotiation.py:57}}
Aug 24 15:09:18.774183 np0000007973 devstack@g-api.service[99861]: DEBUG glance.api.middleware.version_negotiation [None req-0fb89e57-13fd-4ff8-8acb-1bcce5f2e12a tempest-AttachVolumeShelveTestJSON-1835540614 tempest-AttachVolumeShelveTestJSON-1835540614-project-member] Matched version: v2 {{(pid=99861) process_request /opt/stack/glance/glance/api/middleware/version_negotiation.py:69}}
Aug 24 15:09:18.774183 np0000007973 devstack@g-api.service[99861]: DEBUG glance.api.middleware.version_negotiation [None req-0fb89e57-13fd-4ff8-8acb-1bcce5f2e12a tempest-AttachVolumeShelveTestJSON-1835540614 tempest-AttachVolumeShelveTestJSON-1835540614-project-member] new path /v2/images/81628b85-cf18-4908-8d4f-08f1ed63698b {{(pid=99861) process_request /opt/stack/glance/glance/api/middleware/version_negotiation.py:70}}
Aug 24 15:09:18.788089 np0000007973 devstack@g-api.service[99861]: WARNING glance.api.v2.images [None req-6f24b8c3-924b-47aa-b54e-cc23ccad2bc4 tempest-VolumeAndVolumeTypeFromImageTest-197151068 tempest-VolumeAndVolumeTypeFromImageTest-197151068-project-member] After upload to backend, deletion of staged image data has failed because it cannot be found at /tmp/staging//81628b85-cf18-4908-8d4f-08f1ed63698b
Aug 24 15:09:18.788483 np0000007973 devstack@g-api.service[99861]: DEBUG glance_store.backend [None req-6f24b8c3-924b-47aa-b54e-cc23ccad2bc4 tempest-VolumeAndVolumeTypeFromImageTest-197151068 tempest-VolumeAndVolumeTypeFromImageTest-197151068-project-member] Attempting to import store swift {{(pid=99861) _load_store /opt/stack/data/venv/lib/python3.12/site-packages/glance_store/backend.py:215}}
Aug 24 15:09:18.790937 np0000007973 devstack@g-api.service[99861]: DEBUG glance_store.capabilities [None req-6f24b8c3-924b-47aa-b54e-cc23ccad2bc4 tempest-VolumeAndVolumeTypeFromImageTest-197151068 tempest-VolumeAndVolumeTypeFromImageTest-197151068-project-member] Store glance_store._drivers.swift.store.SingleTenantStore doesn't support updating dynamic storage capabilities. Please overwrite 'update_capabilities' method of the store to implement updating logics if needed. {{(pid=99861) update_capabilities /opt/stack/data/venv/lib/python3.12/site-packages/glance_store/capabilities.py:91}}
Aug 24 15:09:18.791519 np0000007973 devstack@g-api.service[99861]: DEBUG glance_store.driver [None req-6f24b8c3-924b-47aa-b54e-cc23ccad2bc4 tempest-VolumeAndVolumeTypeFromImageTest-197151068 tempest-VolumeAndVolumeTypeFromImageTest-197151068-project-member] Late loading location class glance_store._drivers.swift.store.StoreLocation {{(pid=99861) get_store_location_class /opt/stack/data/venv/lib/python3.12/site-packages/glance_store/driver.py:134}}
Aug 24 15:09:18.791760 np0000007973 devstack@g-api.service[99861]: DEBUG glance_store.location [None req-6f24b8c3-924b-47aa-b54e-cc23ccad2bc4 tempest-VolumeAndVolumeTypeFromImageTest-197151068 tempest-VolumeAndVolumeTypeFromImageTest-197151068-project-member] Registering scheme swift+https with {'store': , 'location_class': , 'store_entry': 'swift'} {{(pid=99861) register_scheme_map /opt/stack/data/venv/lib/python3.12/site-packages/glance_store/location.py:146}}
Aug 24 15:09:18.791899 np0000007973 devstack@g-api.service[99861]: DEBUG glance_store.location [None req-6f24b8c3-924b-47aa-b54e-cc23ccad2bc4 tempest-VolumeAndVolumeTypeFromImageTest-197151068 tempest-VolumeAndVolumeTypeFromImageTest-197151068-project-member] Registering scheme swift+https with {'store': , 'location_class': , 'store_entry': 'swift'} {{(pid=99861) register_scheme_map /opt/stack/data/venv/lib/python3.12/site-packages/glance_store/location.py:146}}
Aug 24 15:09:18.792094 np0000007973 devstack@g-api.service[99861]: DEBUG glance_store.location [None req-6f24b8c3-924b-47aa-b54e-cc23ccad2bc4 tempest-VolumeAndVolumeTypeFromImageTest-197151068 tempest-VolumeAndVolumeTypeFromImageTest-197151068-project-member] Registering scheme swift with {'store': , 'location_class': , 'store_entry': 'swift'} {{(pid=99861) register_scheme_map /opt/stack/data/venv/lib/python3.12/site-packages/glance_store/location.py:146}}
Aug 24 15:09:18.792207 np0000007973 devstack@g-api.service[99861]: DEBUG glance_store.location [None req-6f24b8c3-924b-47aa-b54e-cc23ccad2bc4 tempest-VolumeAndVolumeTypeFromImageTest-197151068 tempest-VolumeAndVolumeTypeFromImageTest-197151068-project-member] Registering scheme swift+https with {'store': , 'location_class': , 'store_entry': 'swift'} {{(pid=99861) register_scheme_map /opt/stack/data/venv/lib/python3.12/site-packages/glance_store/location.py:146}}
Aug 24 15:09:18.792311 np0000007973 devstack@g-api.service[99861]: DEBUG glance_store.location [None req-6f24b8c3-924b-47aa-b54e-cc23ccad2bc4 tempest-VolumeAndVolumeTypeFromImageTest-197151068 tempest-VolumeAndVolumeTypeFromImageTest-197151068-project-member] Registering scheme swift with {'store': , 'location_class': , 'store_entry': 'swift'} {{(pid=99861) register_scheme_map /opt/stack/data/venv/lib/python3.12/site-packages/glance_store/location.py:146}}
Aug 24 15:09:18.792411 np0000007973 devstack@g-api.service[99861]: DEBUG glance_store.location [None req-6f24b8c3-924b-47aa-b54e-cc23ccad2bc4 tempest-VolumeAndVolumeTypeFromImageTest-197151068 tempest-VolumeAndVolumeTypeFromImageTest-197151068-project-member] Registering scheme swift+http with {'store': , 'location_class': , 'store_entry': 'swift'} {{(pid=99861) register_scheme_map /opt/stack/data/venv/lib/python3.12/site-packages/glance_store/location.py:146}}
Aug 24 15:09:18.792525 np0000007973 devstack@g-api.service[99861]: DEBUG glance_store.location [None req-6f24b8c3-924b-47aa-b54e-cc23ccad2bc4 tempest-VolumeAndVolumeTypeFromImageTest-197151068 tempest-VolumeAndVolumeTypeFromImageTest-197151068-project-member] Registering scheme swift+https with {'store': , 'location_class': , 'store_entry': 'swift'} {{(pid=99861) register_scheme_map /opt/stack/data/venv/lib/python3.12/site-packages/glance_store/location.py:146}}
Aug 24 15:09:18.792623 np0000007973 devstack@g-api.service[99861]: DEBUG glance_store.location [None req-6f24b8c3-924b-47aa-b54e-cc23ccad2bc4 tempest-VolumeAndVolumeTypeFromImageTest-197151068 tempest-VolumeAndVolumeTypeFromImageTest-197151068-project-member] Registering scheme swift with {'store': , 'location_class': , 'store_entry': 'swift'} {{(pid=99861) register_scheme_map /opt/stack/data/venv/lib/python3.12/site-packages/glance_store/location.py:146}}
Aug 24 15:09:18.792740 np0000007973 devstack@g-api.service[99861]: DEBUG glance_store.location [None req-6f24b8c3-924b-47aa-b54e-cc23ccad2bc4 tempest-VolumeAndVolumeTypeFromImageTest-197151068 tempest-VolumeAndVolumeTypeFromImageTest-197151068-project-member] Registering scheme swift+http with {'store': , 'location_class': , 'store_entry': 'swift'} {{(pid=99861) register_scheme_map /opt/stack/data/venv/lib/python3.12/site-packages/glance_store/location.py:146}}
Aug 24 15:09:18.792839 np0000007973 devstack@g-api.service[99861]: DEBUG glance_store.location [None req-6f24b8c3-924b-47aa-b54e-cc23ccad2bc4 tempest-VolumeAndVolumeTypeFromImageTest-197151068 tempest-VolumeAndVolumeTypeFromImageTest-197151068-project-member] Registering scheme swift+config with {'store': , 'location_class': , 'store_entry': 'swift'} {{(pid=99861) register_scheme_map /opt/stack/data/venv/lib/python3.12/site-packages/glance_store/location.py:146}}
Aug 24 15:09:18.793559 np0000007973 devstack@g-api.service[99861]: DEBUG keystoneclient.auth.identity.v3.base [None req-6f24b8c3-924b-47aa-b54e-cc23ccad2bc4 tempest-VolumeAndVolumeTypeFromImageTest-197151068 tempest-VolumeAndVolumeTypeFromImageTest-197151068-project-member] Making authentication request to https://10.4.3.77/identity/v3/auth/tokens {{(pid=99861) get_auth_ref /opt/stack/data/venv/lib/python3.12/site-packages/keystoneclient/auth/identity/v3/base.py:185}}
