Aug 24 15:01:56.781594 np0000007973 devstack@neutron-api.service[87675]: DEBUG ovsdbapp.backend.ovs_idl.transaction [None req-79ae8f3d-75ff-45e9-820c-771f124a1214 None None] Running txn 279ad8d4 n=1 command(idx=0): CheckRevisionNumberCommand(_result=None, name=43239c55-0a76-4599-9d46-623c87a0ab52, resource={'id': '43239c55-0a76-4599-9d46-623c87a0ab52', 'name': '', 'network_id': '46f6527d-3d17-4473-a775-955c245e130a', 'project_id': '', 'mac_address': 'fa:16:3e:f7:61:d3', 'admin_state_up': True, 'status': 'ACTIVE', 'device_id': '8b1029a3-2412-45b4-8502-5fa770fc3cf2', 'device_owner': 'network:router_gateway', 'standard_attr_id': 23, 'fixed_ips': [{'subnet_id': '327251e4-9715-475d-bfc0-15b9e1c79d27', 'ip_address': '172.24.5.218'}, {'subnet_id': '0a4493b0-4a1b-4ad9-bd0b-91e2b69927d8', 'ip_address': '2001:db8::eb'}], 'allowed_address_pairs': [], 'extra_dhcp_opts': [], 'security_groups': [], 'description': '', 'binding:vnic_type': 'normal', 'binding:profile': {}, 'binding:host_id': 'np0000007973', 'binding:vif_type': 'ovs', 'binding:vif_details': {'port_filter': True, 'connectivity': 'l2', 'ovs_create_tap': True, 'bridge_name': 'br-int', 'datapath_type': 'system'}, 'port_security_enabled': False, 'tags': [], 'created_at': '2026-08-24T15:01:51Z', 'updated_at': '2026-08-24T15:01:55Z', 'revision_number': 6, 'tenant_id': '', 'network': {'id': '46f6527d-3d17-4473-a775-955c245e130a', 'name': 'public', 'tenant_id': '31900794768e44aa8f437a712a254b69', 'project_id': '31900794768e44aa8f437a712a254b69', 'admin_state_up': True, 'mtu': 1430, 'status': 'ACTIVE', 'subnets': ['0a4493b0-4a1b-4ad9-bd0b-91e2b69927d8', '327251e4-9715-475d-bfc0-15b9e1c79d27'], 'standard_attr_id': 18, 'shared': False, 'availability_zone_hints': [], 'availability_zones': [], 'ipv4_address_scope': None, 'ipv6_address_scope': None, 'router:external': True, 'qinq': False, 'vlan_transparent': False, 'description': '', 'port_security_enabled': True, 'is_default': True, 'tags': [], 'created_at': '2026-08-24T15:01:47Z', 'updated_at': '2026-08-24T15:01:55Z', 'revision_number': 3, 'provider:network_type': 'flat', 'provider:physical_network': 'public', 'provider:segmentation_id': None}}, resource_type=ports, if_exists=True) {{(pid=87675) do_commit /opt/stack/data/venv/lib/python3.12/site-packages/ovsdbapp/backend/ovs_idl/transaction.py:91}}
Aug 24 15:01:56.781850 np0000007973 devstack@neutron-api.service[87675]: DEBUG ovsdbapp.backend.ovs_idl.transaction [None req-79ae8f3d-75ff-45e9-820c-771f124a1214 None None] Running txn 279ad8d4 n=1 command(idx=1): SetLSwitchPortCommand(_result=None, lport=43239c55-0a76-4599-9d46-623c87a0ab52, external_ids_update=None, columns={'external_ids': {'neutron:port_name': '', 'neutron:device_id': '8b1029a3-2412-45b4-8502-5fa770fc3cf2', 'neutron:project_id': '', 'neutron:cidrs': '172.24.5.218/24 2001:db8::eb/64', 'neutron:device_owner': 'network:router_gateway', 'neutron:subnet_pool_addr_scope4': '', 'neutron:subnet_pool_addr_scope6': '', 'neutron:network_name': 'neutron-46f6527d-3d17-4473-a775-955c245e130a', 'neutron:security_group_ids': '', 'neutron:revision_number': '6', 'neutron:vnic_type': 'normal', 'neutron:port_capabilities': '', 'neutron:mtu': '', 'neutron:host_id': 'np0000007973'}, 'parent_name': [], 'options': {'requested-chassis': 'np0000007973', 'exclude-lb-vips-from-garp': 'true', 'nat-addresses': 'router', 'router-port': 'lrp-43239c55-0a76-4599-9d46-623c87a0ab52'}, 'enabled': True, 'port_security': [], 'dhcpv4_options': [], 'dhcpv6_options': [], 'type': 'router', 'ha_chassis_group': [], 'tag_request': []}, if_exists=False) {{(pid=87675) do_commit /opt/stack/data/venv/lib/python3.12/site-packages/ovsdbapp/backend/ovs_idl/transaction.py:91}}
Aug 24 15:01:56.782429 np0000007973 devstack@neutron-api.service[87675]: DEBUG ovsdbapp.backend.ovs_idl.transaction [None req-79ae8f3d-75ff-45e9-820c-771f124a1214 None None] Running txn 279ad8d4 n=1 command(idx=2): PgDelPortCommand(_result=None, port_group=neutron_pg_drop, lsp=['43239c55-0a76-4599-9d46-623c87a0ab52'], if_exists=False) {{(pid=87675) do_commit /opt/stack/data/venv/lib/python3.12/site-packages/ovsdbapp/backend/ovs_idl/transaction.py:91}}
Aug 24 15:01:56.784241 np0000007973 devstack@neutron-api.service[87675]: DEBUG ovsdbapp.backend.ovs_idl.transaction [None req-79ae8f3d-75ff-45e9-820c-771f124a1214 None None] txn 279ad8d4 succeeded {{(pid=87675) do_commit /opt/stack/data/venv/lib/python3.12/site-packages/ovsdbapp/backend/ovs_idl/transaction.py:137}}
Aug 24 15:01:56.812005 np0000007973 devstack@neutron-api.service[87675]: DEBUG ovsdbapp.backend.ovs_idl.transaction [None req-79ae8f3d-75ff-45e9-820c-771f124a1214 None None] Running txn 6919bf74 n=1 command(idx=0): DbSetCommand(_result=None, table=Logical_Switch_Port, record=43239c55-0a76-4599-9d46-623c87a0ab52, col_values=(('external_ids', {'neutron:host_id': 'np0000007973'}),), if_exists=True) {{(pid=87675) do_commit /opt/stack/data/venv/lib/python3.12/site-packages/ovsdbapp/backend/ovs_idl/transaction.py:91}}
Aug 24 15:01:56.812603 np0000007973 devstack@neutron-api.service[87675]: DEBUG ovsdbapp.backend.ovs_idl.transaction [None req-79ae8f3d-75ff-45e9-820c-771f124a1214 None None] txn 6919bf74 caused no change {{(pid=87675) do_commit /opt/stack/data/venv/lib/python3.12/site-packages/ovsdbapp/backend/ovs_idl/transaction.py:135}}
Aug 24 15:01:57.049890 np0000007973 devstack@neutron-api.service[87674]: DEBUG neutron.api.wsgi [None req-60fe8632-9bf7-43ca-8963-c93cbe7a4c96 admin admin] Missing Content-Type {{(pid=87674) get_content_type /opt/stack/neutron/neutron/api/wsgi.py:80}}
Aug 24 15:01:57.092222 np0000007973 devstack@neutron-api.service[87674]: [pid: 87674|app: 0|req: 12/32] 10.4.3.77 () {64 vars in 1374 bytes} [Mon Aug 24 15:01:57 2026] GET /networking/v2.0/routers/8b1029a3-2412-45b4-8502-5fa770fc3cf2 => generated 1112 bytes in 44 msecs (HTTP/1.1 200) 4 headers in 158 bytes (1 switches on core 0)
Aug 24 15:01:57.144416 np0000007973 devstack@neutron-api.service[87676]: DEBUG neutron.pecan_wsgi.hooks.policy_enforcement [None req-fb7ae2dc-6b40-4749-9b3a-b9f7a2114fb9 admin admin] Attributes excluded by policy engine: ['standard_attr_id'] {{(pid=87676) _exclude_attributes_by_policy /opt/stack/neutron/neutron/pecan_wsgi/hooks/policy_enforcement.py:259}}
Aug 24 15:01:57.146623 np0000007973 devstack@neutron-api.service[87676]: [pid: 87676|app: 0|req: 11/33] 10.4.3.77 () {64 vars in 1363 bytes} [Mon Aug 24 15:01:57 2026] GET /networking/v2.0/ports?device_id=8b1029a3-2412-45b4-8502-5fa770fc3cf2 => generated 2595 bytes in 47 msecs (HTTP/1.1 200) 4 headers in 158 bytes (1 switches on core 0)
Aug 24 15:01:58.516188 np0000007973 devstack@neutron-api.service[87674]: DEBUG neutron.plugins.ml2.drivers.ovn.mech_driver.ovsdb.ovsdb_monitor [None req-e31d4ff1-fadb-478c-bfd2-0746dedd7d13 None None] Touching Hash Ring node "a9d7a76529205751b9324f886006a713" from IDL notify handler {{(pid=87674) notify /opt/stack/neutron/neutron/plugins/ml2/drivers/ovn/mech_driver/ovsdb/ovsdb_monitor.py:1091}}
Aug 24 15:01:58.522209 np0000007973 devstack@neutron-api.service[87674]: DEBUG neutron.plugins.ml2.drivers.ovn.mech_driver.ovsdb.ovsdb_monitor [None req-e31d4ff1-fadb-478c-bfd2-0746dedd7d13 None None] Hash Ring: Node a9d7a76529205751b9324f886006a713 (host: np0000007973) handling event "update" for row 0025ee68-f97c-43c1-888a-bb604642cd7d (table: NB_Global) {{(pid=87674) notify /opt/stack/neutron/neutron/plugins/ml2/drivers/ovn/mech_driver/ovsdb/ovsdb_monitor.py:1099}}
Aug 24 15:01:58.908040 np0000007973 devstack@neutron-api.service[87674]: DEBUG neutron.plugins.ml2.drivers.ovn.mech_driver.ovsdb.ovsdb_monitor [None req-e31d4ff1-fadb-478c-bfd2-0746dedd7d13 None None] Touching Hash Ring node "a9d7a76529205751b9324f886006a713" from IDL notify handler {{(pid=87674) notify /opt/stack/neutron/neutron/plugins/ml2/drivers/ovn/mech_driver/ovsdb/ovsdb_monitor.py:1091}}
Aug 24 15:01:58.909311 np0000007973 devstack@neutron-api.service[87675]: DEBUG neutron.plugins.ml2.drivers.ovn.mech_driver.ovsdb.ovsdb_monitor [None req-79ae8f3d-75ff-45e9-820c-771f124a1214 None None] Touching Hash Ring node "869ab072487b59bba4f17516117c3b32" from IDL notify handler {{(pid=87675) notify /opt/stack/neutron/neutron/plugins/ml2/drivers/ovn/mech_driver/ovsdb/ovsdb_monitor.py:1091}}
Aug 24 15:01:58.910819 np0000007973 devstack@neutron-api.service[87674]: DEBUG neutron.plugins.ml2.drivers.ovn.mech_driver.ovsdb.ovsdb_monitor [None req-e31d4ff1-fadb-478c-bfd2-0746dedd7d13 None None] Hash Ring: Node a9d7a76529205751b9324f886006a713 (host: np0000007973) handling event "delete" for row d9fffb12-42db-48c0-a88d-6c62d9dca929 (table: ACL) {{(pid=87674) notify /opt/stack/neutron/neutron/plugins/ml2/drivers/ovn/mech_driver/ovsdb/ovsdb_monitor.py:1099}}
Aug 24 15:01:58.911750 np0000007973 devstack@neutron-api.service[87674]: DEBUG neutron.plugins.ml2.drivers.ovn.mech_driver.ovsdb.ovsdb_monitor [None req-e31d4ff1-fadb-478c-bfd2-0746dedd7d13 None None] Touching Hash Ring node "a9d7a76529205751b9324f886006a713" from IDL notify handler {{(pid=87674) notify /opt/stack/neutron/neutron/plugins/ml2/drivers/ovn/mech_driver/ovsdb/ovsdb_monitor.py:1091}}
Aug 24 15:01:58.913131 np0000007973 devstack@neutron-api.service[87676]: DEBUG neutron.plugins.ml2.drivers.ovn.mech_driver.ovsdb.ovsdb_monitor [None req-e4eab784-8a4a-4b69-9bb6-9589b049b453 None None] Touching Hash Ring node "55d6cce4bb605d35a3450c845ba67873" from IDL notify handler {{(pid=87676) notify /opt/stack/neutron/neutron/plugins/ml2/drivers/ovn/mech_driver/ovsdb/ovsdb_monitor.py:1091}}
Aug 24 15:01:58.914641 np0000007973 devstack@neutron-api.service[87675]: DEBUG neutron.plugins.ml2.drivers.ovn.mech_driver.ovsdb.ovsdb_monitor [None req-79ae8f3d-75ff-45e9-820c-771f124a1214 None None] Hash Ring: Node 869ab072487b59bba4f17516117c3b32 (host: np0000007973) handling event "delete" for row 13a4ee6b-b97c-48db-8bfb-19105a6f0cd0 (table: Port_Group) {{(pid=87675) notify /opt/stack/neutron/neutron/plugins/ml2/drivers/ovn/mech_driver/ovsdb/ovsdb_monitor.py:1099}}
Aug 24 15:01:58.915596 np0000007973 devstack@neutron-api.service[87674]: DEBUG neutron.plugins.ml2.drivers.ovn.mech_driver.ovsdb.ovsdb_monitor [None req-e31d4ff1-fadb-478c-bfd2-0746dedd7d13 None None] Hash Ring: Node a9d7a76529205751b9324f886006a713 (host: np0000007973) handling event "delete" for row db33f881-cb53-4626-ab4c-444fe95e3e83 (table: ACL) {{(pid=87674) notify /opt/stack/neutron/neutron/plugins/ml2/drivers/ovn/mech_driver/ovsdb/ovsdb_monitor.py:1099}}
Aug 24 15:01:58.916395 np0000007973 devstack@neutron-api.service[87674]: DEBUG neutron.plugins.ml2.drivers.ovn.mech_driver.ovsdb.ovsdb_monitor [None req-e31d4ff1-fadb-478c-bfd2-0746dedd7d13 None None] Touching Hash Ring node "a9d7a76529205751b9324f886006a713" from IDL notify handler {{(pid=87674) notify /opt/stack/neutron/neutron/plugins/ml2/drivers/ovn/mech_driver/ovsdb/ovsdb_monitor.py:1091}}
Aug 24 15:01:58.919660 np0000007973 devstack@neutron-api.service[87674]: DEBUG neutron.plugins.ml2.drivers.ovn.mech_driver.ovsdb.ovsdb_monitor [None req-e31d4ff1-fadb-478c-bfd2-0746dedd7d13 None None] Hash Ring: Node a9d7a76529205751b9324f886006a713 (host: np0000007973) handling event "delete" for row 13a4ee6b-b97c-48db-8bfb-19105a6f0cd0 (table: Port_Group) {{(pid=87674) notify /opt/stack/neutron/neutron/plugins/ml2/drivers/ovn/mech_driver/ovsdb/ovsdb_monitor.py:1099}}
Aug 24 15:01:58.922086 np0000007973 devstack@neutron-api.service[87676]: DEBUG neutron.plugins.ml2.drivers.ovn.mech_driver.ovsdb.ovsdb_monitor [None req-e4eab784-8a4a-4b69-9bb6-9589b049b453 None None] Hash Ring: Node 55d6cce4bb605d35a3450c845ba67873 (host: np0000007973) handling event "delete" for row db33f881-cb53-4626-ab4c-444fe95e3e83 (table: ACL) {{(pid=87676) notify /opt/stack/neutron/neutron/plugins/ml2/drivers/ovn/mech_driver/ovsdb/ovsdb_monitor.py:1099}}
Aug 24 15:01:59.012521 np0000007973 devstack@neutron-api.service[87674]: DEBUG neutron.plugins.ml2.drivers.ovn.mech_driver.ovsdb.ovsdb_monitor [None req-e31d4ff1-fadb-478c-bfd2-0746dedd7d13 None None] Touching Hash Ring node "a9d7a76529205751b9324f886006a713" from IDL notify handler {{(pid=87674) notify /opt/stack/neutron/neutron/plugins/ml2/drivers/ovn/mech_driver/ovsdb/ovsdb_monitor.py:1091}}
Aug 24 15:01:59.016018 np0000007973 devstack@neutron-api.service[87674]: DEBUG neutron.plugins.ml2.drivers.ovn.mech_driver.ovsdb.ovsdb_monitor [None req-e31d4ff1-fadb-478c-bfd2-0746dedd7d13 None None] Hash Ring: Node a9d7a76529205751b9324f886006a713 (host: np0000007973) handling event "update" for row 0025ee68-f97c-43c1-888a-bb604642cd7d (table: NB_Global) {{(pid=87674) notify /opt/stack/neutron/neutron/plugins/ml2/drivers/ovn/mech_driver/ovsdb/ovsdb_monitor.py:1099}}
Aug 24 15:01:59.018053 np0000007973 devstack@neutron-api.service[87674]: DEBUG neutron.plugins.ml2.drivers.ovn.mech_driver.ovsdb.ovsdb_monitor [None req-e31d4ff1-fadb-478c-bfd2-0746dedd7d13 None None] Touching Hash Ring node "a9d7a76529205751b9324f886006a713" from IDL notify handler {{(pid=87674) notify /opt/stack/neutron/neutron/plugins/ml2/drivers/ovn/mech_driver/ovsdb/ovsdb_monitor.py:1091}}
Aug 24 15:01:59.020495 np0000007973 devstack@neutron-api.service[87674]: DEBUG neutron.plugins.ml2.drivers.ovn.mech_driver.ovsdb.ovsdb_monitor [None req-e31d4ff1-fadb-478c-bfd2-0746dedd7d13 None None] Hash Ring: Node a9d7a76529205751b9324f886006a713 (host: np0000007973) handling event "update" for row 0025ee68-f97c-43c1-888a-bb604642cd7d (table: NB_Global) {{(pid=87674) notify /opt/stack/neutron/neutron/plugins/ml2/drivers/ovn/mech_driver/ovsdb/ovsdb_monitor.py:1099}}
Aug 24 15:01:59.032090 np0000007973 devstack@neutron-api.service[87674]: DEBUG neutron.plugins.ml2.drivers.ovn.mech_driver.ovsdb.ovsdb_monitor [None req-e31d4ff1-fadb-478c-bfd2-0746dedd7d13 None None] Touching Hash Ring node "a9d7a76529205751b9324f886006a713" from IDL notify handler {{(pid=87674) notify /opt/stack/neutron/neutron/plugins/ml2/drivers/ovn/mech_driver/ovsdb/ovsdb_monitor.py:1091}}
Aug 24 15:01:59.036580 np0000007973 devstack@neutron-api.service[87674]: DEBUG neutron.plugins.ml2.drivers.ovn.mech_driver.ovsdb.ovsdb_monitor [None req-e31d4ff1-fadb-478c-bfd2-0746dedd7d13 None None] Hash Ring: Node a9d7a76529205751b9324f886006a713 (host: np0000007973) handling event "update" for row 0025ee68-f97c-43c1-888a-bb604642cd7d (table: NB_Global) {{(pid=87674) notify /opt/stack/neutron/neutron/plugins/ml2/drivers/ovn/mech_driver/ovsdb/ovsdb_monitor.py:1099}}
Aug 24 15:02:05.690841 np0000007973 devstack@neutron-api.service[87674]: DEBUG futurist.periodics [-] Submitting periodic callback 'neutron.plugins.ml2.drivers.ovn.mech_driver.ovsdb.maintenance.HashRingHealthCheckPeriodics.touch_hash_ring_node' {{(pid=87674) _process_scheduled /opt/stack/data/venv/lib/python3.12/site-packages/futurist/periodics.py:784}}
Aug 24 15:02:05.691458 np0000007973 devstack@neutron-api.service[87674]: DEBUG neutron.plugins.ml2.drivers.ovn.mech_driver.ovsdb.maintenance [-] Touching Hash Ring node "a9d7a76529205751b9324f886006a713" from periodic health check thread {{(pid=87674) touch_hash_ring_node /opt/stack/neutron/neutron/plugins/ml2/drivers/ovn/mech_driver/ovsdb/maintenance.py:1532}}
Aug 24 15:02:06.769193 np0000007973 devstack@neutron-api.service[87675]: DEBUG futurist.periodics [-] Submitting periodic callback 'neutron.plugins.ml2.drivers.ovn.mech_driver.ovsdb.maintenance.HashRingHealthCheckPeriodics.touch_hash_ring_node' {{(pid=87675) _process_scheduled /opt/stack/data/venv/lib/python3.12/site-packages/futurist/periodics.py:784}}
Aug 24 15:02:06.769756 np0000007973 devstack@neutron-api.service[87675]: DEBUG neutron.plugins.ml2.drivers.ovn.mech_driver.ovsdb.maintenance [-] Touching Hash Ring node "869ab072487b59bba4f17516117c3b32" from periodic health check thread {{(pid=87675) touch_hash_ring_node /opt/stack/neutron/neutron/plugins/ml2/drivers/ovn/mech_driver/ovsdb/maintenance.py:1532}}
Aug 24 15:02:06.778507 np0000007973 devstack@neutron-api.service[87676]: DEBUG futurist.periodics [-] Submitting periodic callback 'neutron.plugins.ml2.drivers.ovn.mech_driver.ovsdb.maintenance.HashRingHealthCheckPeriodics.touch_hash_ring_node' {{(pid=87676) _process_scheduled /opt/stack/data/venv/lib/python3.12/site-packages/futurist/periodics.py:784}}
Aug 24 15:02:06.779058 np0000007973 devstack@neutron-api.service[87676]: DEBUG neutron.plugins.ml2.drivers.ovn.mech_driver.ovsdb.maintenance [-] Touching Hash Ring node "55d6cce4bb605d35a3450c845ba67873" from periodic health check thread {{(pid=87676) touch_hash_ring_node /opt/stack/neutron/neutron/plugins/ml2/drivers/ovn/mech_driver/ovsdb/maintenance.py:1532}}
Aug 24 15:02:15.699335 np0000007973 devstack@neutron-api.service[87674]: DEBUG dbcounter [-] [87674] Writing DB stats neutron:SELECT=2489,neutron:INSERT=726,neutron:DELETE=10,neutron:UPDATE=109 {{(pid=87674) stat_writer /opt/stack/data/venv/lib/python3.12/site-packages/dbcounter.py:115}}
Aug 24 15:02:16.779189 np0000007973 devstack@neutron-api.service[87675]: DEBUG dbcounter [-] [87675] Writing DB stats neutron:SELECT=2442,neutron:INSERT=57,neutron:DELETE=10,neutron:UPDATE=56 {{(pid=87675) stat_writer /opt/stack/data/venv/lib/python3.12/site-packages/dbcounter.py:115}}
Aug 24 15:02:16.785525 np0000007973 devstack@neutron-api.service[87676]: DEBUG dbcounter [-] [87676] Writing DB stats neutron:SELECT=587,neutron:INSERT=20,neutron:DELETE=7,neutron:UPDATE=33 {{(pid=87676) stat_writer /opt/stack/data/venv/lib/python3.12/site-packages/dbcounter.py:115}}
Aug 24 15:02:20.691555 np0000007973 devstack@neutron-api.service[87674]: DEBUG futurist.periodics [-] Submitting periodic callback 'neutron.plugins.ml2.drivers.ovn.mech_driver.ovsdb.maintenance.HashRingHealthCheckPeriodics.touch_hash_ring_node' {{(pid=87674) _process_scheduled /opt/stack/data/venv/lib/python3.12/site-packages/futurist/periodics.py:784}}
Aug 24 15:02:20.692068 np0000007973 devstack@neutron-api.service[87674]: DEBUG neutron.plugins.ml2.drivers.ovn.mech_driver.ovsdb.maintenance [-] Touching Hash Ring node "a9d7a76529205751b9324f886006a713" from periodic health check thread {{(pid=87674) touch_hash_ring_node /opt/stack/neutron/neutron/plugins/ml2/drivers/ovn/mech_driver/ovsdb/maintenance.py:1532}}
Aug 24 15:02:21.769867 np0000007973 devstack@neutron-api.service[87675]: DEBUG futurist.periodics [-] Submitting periodic callback 'neutron.plugins.ml2.drivers.ovn.mech_driver.ovsdb.maintenance.HashRingHealthCheckPeriodics.touch_hash_ring_node' {{(pid=87675) _process_scheduled /opt/stack/data/venv/lib/python3.12/site-packages/futurist/periodics.py:784}}
Aug 24 15:02:21.771782 np0000007973 devstack@neutron-api.service[87675]: DEBUG neutron.plugins.ml2.drivers.ovn.mech_driver.ovsdb.maintenance [-] Touching Hash Ring node "869ab072487b59bba4f17516117c3b32" from periodic health check thread {{(pid=87675) touch_hash_ring_node /opt/stack/neutron/neutron/plugins/ml2/drivers/ovn/mech_driver/ovsdb/maintenance.py:1532}}
Aug 24 15:02:21.779125 np0000007973 devstack@neutron-api.service[87676]: DEBUG futurist.periodics [-] Submitting periodic callback 'neutron.plugins.ml2.drivers.ovn.mech_driver.ovsdb.maintenance.HashRingHealthCheckPeriodics.touch_hash_ring_node' {{(pid=87676) _process_scheduled /opt/stack/data/venv/lib/python3.12/site-packages/futurist/periodics.py:784}}
Aug 24 15:02:21.779547 np0000007973 devstack@neutron-api.service[87676]: DEBUG neutron.plugins.ml2.drivers.ovn.mech_driver.ovsdb.maintenance [-] Touching Hash Ring node "55d6cce4bb605d35a3450c845ba67873" from periodic health check thread {{(pid=87676) touch_hash_ring_node /opt/stack/neutron/neutron/plugins/ml2/drivers/ovn/mech_driver/ovsdb/maintenance.py:1532}}
Aug 24 15:02:30.697991 np0000007973 devstack@neutron-api.service[87674]: DEBUG dbcounter [-] [87674] Writing DB stats neutron:UPDATE=1,neutron:SELECT=1 {{(pid=87674) stat_writer /opt/stack/data/venv/lib/python3.12/site-packages/dbcounter.py:115}}
Aug 24 15:02:31.777925 np0000007973 devstack@neutron-api.service[87675]: DEBUG dbcounter [-] [87675] Writing DB stats neutron:UPDATE=1,neutron:SELECT=1 {{(pid=87675) stat_writer /opt/stack/data/venv/lib/python3.12/site-packages/dbcounter.py:115}}
Aug 24 15:02:31.785291 np0000007973 devstack@neutron-api.service[87676]: DEBUG dbcounter [-] [87676] Writing DB stats neutron:UPDATE=1,neutron:SELECT=1 {{(pid=87676) stat_writer /opt/stack/data/venv/lib/python3.12/site-packages/dbcounter.py:115}}
Aug 24 15:02:35.692192 np0000007973 devstack@neutron-api.service[87674]: DEBUG futurist.periodics [-] Submitting periodic callback 'neutron.plugins.ml2.drivers.ovn.mech_driver.ovsdb.maintenance.HashRingHealthCheckPeriodics.touch_hash_ring_node' {{(pid=87674) _process_scheduled /opt/stack/data/venv/lib/python3.12/site-packages/futurist/periodics.py:784}}
Aug 24 15:02:35.693035 np0000007973 devstack@neutron-api.service[87674]: DEBUG neutron.plugins.ml2.drivers.ovn.mech_driver.ovsdb.maintenance [-] Touching Hash Ring node "a9d7a76529205751b9324f886006a713" from periodic health check thread {{(pid=87674) touch_hash_ring_node /opt/stack/neutron/neutron/plugins/ml2/drivers/ovn/mech_driver/ovsdb/maintenance.py:1532}}
Aug 24 15:02:36.770771 np0000007973 devstack@neutron-api.service[87675]: DEBUG futurist.periodics [-] Submitting periodic callback 'neutron.plugins.ml2.drivers.ovn.mech_driver.ovsdb.maintenance.HashRingHealthCheckPeriodics.touch_hash_ring_node' {{(pid=87675) _process_scheduled /opt/stack/data/venv/lib/python3.12/site-packages/futurist/periodics.py:784}}
Aug 24 15:02:36.771274 np0000007973 devstack@neutron-api.service[87675]: DEBUG neutron.plugins.ml2.drivers.ovn.mech_driver.ovsdb.maintenance [-] Touching Hash Ring node "869ab072487b59bba4f17516117c3b32" from periodic health check thread {{(pid=87675) touch_hash_ring_node /opt/stack/neutron/neutron/plugins/ml2/drivers/ovn/mech_driver/ovsdb/maintenance.py:1532}}
Aug 24 15:02:36.779543 np0000007973 devstack@neutron-api.service[87676]: DEBUG futurist.periodics [-] Submitting periodic callback 'neutron.plugins.ml2.drivers.ovn.mech_driver.ovsdb.maintenance.HashRingHealthCheckPeriodics.touch_hash_ring_node' {{(pid=87676) _process_scheduled /opt/stack/data/venv/lib/python3.12/site-packages/futurist/periodics.py:784}}
Aug 24 15:02:36.779944 np0000007973 devstack@neutron-api.service[87676]: DEBUG neutron.plugins.ml2.drivers.ovn.mech_driver.ovsdb.maintenance [-] Touching Hash Ring node "55d6cce4bb605d35a3450c845ba67873" from periodic health check thread {{(pid=87676) touch_hash_ring_node /opt/stack/neutron/neutron/plugins/ml2/drivers/ovn/mech_driver/ovsdb/maintenance.py:1532}}
Aug 24 15:02:45.701231 np0000007973 devstack@neutron-api.service[87674]: DEBUG dbcounter [-] [87674] Writing DB stats neutron:UPDATE=1,neutron:SELECT=1 {{(pid=87674) stat_writer /opt/stack/data/venv/lib/python3.12/site-packages/dbcounter.py:115}}
Aug 24 15:02:46.777573 np0000007973 devstack@neutron-api.service[87675]: DEBUG dbcounter [-] [87675] Writing DB stats neutron:UPDATE=1,neutron:SELECT=1 {{(pid=87675) stat_writer /opt/stack/data/venv/lib/python3.12/site-packages/dbcounter.py:115}}
Aug 24 15:02:46.787675 np0000007973 devstack@neutron-api.service[87676]: DEBUG dbcounter [-] [87676] Writing DB stats neutron:UPDATE=1,neutron:SELECT=1 {{(pid=87676) stat_writer /opt/stack/data/venv/lib/python3.12/site-packages/dbcounter.py:115}}
Aug 24 15:02:50.692606 np0000007973 devstack@neutron-api.service[87674]: DEBUG futurist.periodics [-] Submitting periodic callback 'neutron.plugins.ml2.drivers.ovn.mech_driver.ovsdb.maintenance.HashRingHealthCheckPeriodics.touch_hash_ring_node' {{(pid=87674) _process_scheduled /opt/stack/data/venv/lib/python3.12/site-packages/futurist/periodics.py:784}}
Aug 24 15:02:50.693114 np0000007973 devstack@neutron-api.service[87674]: DEBUG neutron.plugins.ml2.drivers.ovn.mech_driver.ovsdb.maintenance [-] Touching Hash Ring node "a9d7a76529205751b9324f886006a713" from periodic health check thread {{(pid=87674) touch_hash_ring_node /opt/stack/neutron/neutron/plugins/ml2/drivers/ovn/mech_driver/ovsdb/maintenance.py:1532}}
Aug 24 15:02:51.771317 np0000007973 devstack@neutron-api.service[87675]: DEBUG futurist.periodics [-] Submitting periodic callback 'neutron.plugins.ml2.drivers.ovn.mech_driver.ovsdb.maintenance.HashRingHealthCheckPeriodics.touch_hash_ring_node' {{(pid=87675) _process_scheduled /opt/stack/data/venv/lib/python3.12/site-packages/futurist/periodics.py:784}}
Aug 24 15:02:51.771756 np0000007973 devstack@neutron-api.service[87675]: DEBUG neutron.plugins.ml2.drivers.ovn.mech_driver.ovsdb.maintenance [-] Touching Hash Ring node "869ab072487b59bba4f17516117c3b32" from periodic health check thread {{(pid=87675) touch_hash_ring_node /opt/stack/neutron/neutron/plugins/ml2/drivers/ovn/mech_driver/ovsdb/maintenance.py:1532}}
Aug 24 15:02:51.779958 np0000007973 devstack@neutron-api.service[87676]: DEBUG futurist.periodics [-] Submitting periodic callback 'neutron.plugins.ml2.drivers.ovn.mech_driver.ovsdb.maintenance.HashRingHealthCheckPeriodics.touch_hash_ring_node' {{(pid=87676) _process_scheduled /opt/stack/data/venv/lib/python3.12/site-packages/futurist/periodics.py:784}}
Aug 24 15:02:51.780419 np0000007973 devstack@neutron-api.service[87676]: DEBUG neutron.plugins.ml2.drivers.ovn.mech_driver.ovsdb.maintenance [-] Touching Hash Ring node "55d6cce4bb605d35a3450c845ba67873" from periodic health check thread {{(pid=87676) touch_hash_ring_node /opt/stack/neutron/neutron/plugins/ml2/drivers/ovn/mech_driver/ovsdb/maintenance.py:1532}}
Aug 24 15:02:57.465386 np0000007973 devstack@neutron-api.service[87675]: DEBUG neutron.api.wsgi [None req-9047ccd5-9f93-45e7-ac6f-4427ff5736e6 admin admin] Missing Content-Type {{(pid=87675) get_content_type /opt/stack/neutron/neutron/api/wsgi.py:80}}
Aug 24 15:02:57.465804 np0000007973 devstack@neutron-api.service[87675]: DEBUG neutron.api.wsgi [None req-9047ccd5-9f93-45e7-ac6f-4427ff5736e6 admin admin] https://10.4.3.77/networking/v2.0/extensions returned with HTTP 200 {{(pid=87675) __call__ /opt/stack/neutron/neutron/api/wsgi.py:540}}
Aug 24 15:02:57.466167 np0000007973 devstack@neutron-api.service[87675]: [pid: 87675|app: 0|req: 11/34] 10.4.3.77 () {64 vars in 1285 bytes} [Mon Aug 24 15:02:57 2026] GET /networking/v2.0/extensions => generated 16171 bytes in 3 msecs (HTTP/1.1 200) 4 headers in 159 bytes (1 switches on core 0)
Aug 24 15:02:57.718679 np0000007973 devstack@neutron-api.service[87674]: INFO neutron.pecan_wsgi.hooks.translation [None req-e5eb556e-00da-4670-b8ac-4336711bfba1 admin admin] GET failed (client error): The resource could not be found.
Aug 24 15:02:57.719464 np0000007973 devstack@neutron-api.service[87674]: [pid: 87674|app: 0|req: 13/35] 10.4.3.77 () {64 vars in 1287 bytes} [Mon Aug 24 15:02:57 2026] GET /networking/v2.0/networks/public => generated 108 bytes in 8 msecs (HTTP/1.1 404) 4 headers in 164 bytes (1 switches on core 0)
Aug 24 15:02:57.761330 np0000007973 devstack@neutron-api.service[87676]: DEBUG neutron.pecan_wsgi.hooks.policy_enforcement [None req-e69516e5-a68b-43e1-8245-f1ac94dc1a2a admin admin] Attributes excluded by policy engine: ['standard_attr_id'] {{(pid=87676) _exclude_attributes_by_policy /opt/stack/neutron/neutron/pecan_wsgi/hooks/policy_enforcement.py:259}}
Aug 24 15:02:57.762460 np0000007973 devstack@neutron-api.service[87676]: [pid: 87676|app: 0|req: 12/36] 10.4.3.77 () {64 vars in 1302 bytes} [Mon Aug 24 15:02:57 2026] GET /networking/v2.0/networks?name=public => generated 759 bytes in 38 msecs (HTTP/1.1 200) 4 headers in 157 bytes (1 switches on core 0)
Aug 24 15:02:57.956818 np0000007973 devstack@neutron-api.service[87675]: DEBUG neutron.api.v2.base [None req-3b8054d6-fcbe-429d-9300-d58b29d91e69 admin admin] Request body: {'network': {'shared': True, 'name': 'shared', 'admin_state_up': True}} {{(pid=87675) prepare_request_body /opt/stack/neutron/neutron/api/v2/base.py:727}}
Aug 24 15:02:57.967850 np0000007973 devstack@neutron-api.service[87675]: DEBUG neutron.pecan_wsgi.hooks.quota_enforcement [None req-3b8054d6-fcbe-429d-9300-d58b29d91e69 admin admin] Made reservation on behalf of 31900794768e44aa8f437a712a254b69 for: {'network': 1} {{(pid=87675) before /opt/stack/neutron/neutron/pecan_wsgi/hooks/quota_enforcement.py:66}}
Aug 24 15:02:57.970180 np0000007973 devstack@neutron-api.service[87675]: DEBUG neutron_lib.callbacks.manager [None req-3b8054d6-fcbe-429d-9300-d58b29d91e69 admin admin] Publish callbacks ['neutron.plugins.ml2.plugin.SecurityGroupDbMixin._ensure_default_security_group_handler-338272'] for network (None), before_create {{(pid=87675) _notify_loop /opt/stack/data/venv/lib/python3.12/site-packages/neutron_lib/callbacks/manager.py:184}}
Aug 24 15:02:57.992965 np0000007973 devstack@neutron-api.service[87675]: WARNING neutron.services.revisions.revision_plugin [None req-3b8054d6-fcbe-429d-9300-d58b29d91e69 admin admin] Could not find related network for resource to bump revision.
Aug 24 15:02:58.019018 np0000007973 devstack@neutron-api.service[87675]: DEBUG neutron.plugins.ml2.drivers.helpers [None req-3b8054d6-fcbe-429d-9300-d58b29d91e69 admin admin] geneve segment allocate from pool success with {'geneve_vni': 9497} {{(pid=87675) allocate_partially_specified_segment /opt/stack/neutron/neutron/plugins/ml2/drivers/helpers.py:142}}
Aug 24 15:02:58.025048 np0000007973 devstack@neutron-api.service[87675]: DEBUG neutron_lib.callbacks.manager [None req-3b8054d6-fcbe-429d-9300-d58b29d91e69 admin admin] Publish callbacks ['neutron.plugins.ml2.plugin.Ml2Plugin._handle_segment_change-80214'] for segment (5bb2875f-a8f3-47f0-b044-2f8746038f0b), precommit_create {{(pid=87675) _notify_loop /opt/stack/data/venv/lib/python3.12/site-packages/neutron_lib/callbacks/manager.py:184}}
Aug 24 15:02:58.025213 np0000007973 devstack@neutron-api.service[87675]: INFO neutron.db.segments_db [None req-3b8054d6-fcbe-429d-9300-d58b29d91e69 admin admin] Added segment 5bb2875f-a8f3-47f0-b044-2f8746038f0b of type geneve for network c32c40af-4935-466c-b7cf-8a53daf03709
Aug 24 15:02:58.037992 np0000007973 devstack@neutron-api.service[87675]: DEBUG neutron_lib.callbacks.manager [None req-3b8054d6-fcbe-429d-9300-d58b29d91e69 admin admin] Publish callbacks ['neutron.services.auto_allocate.db._ensure_external_network_default_value_callback-7793104569294'] for network (c32c40af-4935-466c-b7cf-8a53daf03709), precommit_create {{(pid=87675) _notify_loop /opt/stack/data/venv/lib/python3.12/site-packages/neutron_lib/callbacks/manager.py:184}}
Aug 24 15:02:58.047800 np0000007973 devstack@neutron-api.service[87675]: DEBUG neutron.plugins.ml2.drivers.ovn.mech_driver.mech_driver [None req-3b8054d6-fcbe-429d-9300-d58b29d91e69 admin admin] Validating network segment with type geneve, segmentation ID 9497, physical network None {{(pid=87675) _validate_network_segments /opt/stack/neutron/neutron/plugins/ml2/drivers/ovn/mech_driver/mech_driver.py:624}}
Aug 24 15:02:58.047919 np0000007973 devstack@neutron-api.service[87675]: DEBUG neutron.db.ovn_revision_numbers_db [None req-3b8054d6-fcbe-429d-9300-d58b29d91e69 admin admin] create_initial_revision uuid=c32c40af-4935-466c-b7cf-8a53daf03709, type=networks, rev=-1 {{(pid=87675) create_initial_revision /opt/stack/neutron/neutron/db/ovn_revision_numbers_db.py:98}}
Aug 24 15:02:58.054773 np0000007973 devstack@neutron-api.service[87675]: DEBUG neutron_lib.callbacks.manager [None req-3b8054d6-fcbe-429d-9300-d58b29d91e69 admin admin] Publish callbacks ['neutron.plugins.ml2.ovo_rpc._ObjectChangeHandler.handle_event-7899936'] for network (c32c40af-4935-466c-b7cf-8a53daf03709), after_create {{(pid=87675) _notify_loop /opt/stack/data/venv/lib/python3.12/site-packages/neutron_lib/callbacks/manager.py:184}}
Aug 24 15:02:58.066412 np0000007973 devstack@neutron-api.service[87675]: DEBUG neutron.api.rpc.handlers.resources_rpc [None req-3b8054d6-fcbe-429d-9300-d58b29d91e69 admin admin] Pushing event updated for resources: {'Network': ['ID=c32c40af-4935-466c-b7cf-8a53daf03709,revision_number=1']} {{(pid=87675) push /opt/stack/neutron/neutron/api/rpc/handlers/resources_rpc.py:237}}
Aug 24 15:02:58.070032 np0000007973 devstack@neutron-api.service[87675]: DEBUG ovsdbapp.backend.ovs_idl.transaction [None req-79ae8f3d-75ff-45e9-820c-771f124a1214 None None] Running txn 3f009213 n=1 command(idx=0): CheckLivenessCommand(_result=None) {{(pid=87675) do_commit /opt/stack/data/venv/lib/python3.12/site-packages/ovsdbapp/backend/ovs_idl/transaction.py:91}}
Aug 24 15:02:58.076439 np0000007973 devstack@neutron-api.service[87676]: DEBUG ovsdbapp.backend.ovs_idl.event [None req-bb2107f9-a9ee-4e71-b4d9-9122eeb71429 None None] Matched UPDATE: ChassisAgentWriteEvent(events=('create', 'update'), table='Chassis_Private', conditions=None, old_conditions=None), priority=20 to row=Chassis_Private(uuid=45b1f9c1-689c-4bb9-a874-051480c9cfe6, chassis=d96a7609-9acc-4910-ab59-95282330efaa, external_ids={'neutron:ovn-bridge': 'br-int', 'neutron:ovn-neutron-agent-id': '72daee7d-eb74-5919-ab77-0089a8e19051', 'neutron:ovn-neutron-agent-sb-cfg': '1'}, name='959a6cba-c5c0-42ee-a8c3-e51afdb47dc0', nb_cfg=2, nb_cfg_timestamp=1787583778072) old=Chassis_Private(uuid=45b1f9c1-689c-4bb9-a874-051480c9cfe6, nb_cfg=1, nb_cfg_timestamp=1787583703057) {{(pid=87676) matches /opt/stack/data/venv/lib/python3.12/site-packages/ovsdbapp/backend/ovs_idl/event.py:55}}
Aug 24 15:02:58.076939 np0000007973 devstack@neutron-api.service[87675]: DEBUG ovsdbapp.backend.ovs_idl.event [None req-3e47a76b-bed8-4100-a321-9c7df0e36cab None None] Matched UPDATE: ChassisAgentWriteEvent(events=('create', 'update'), table='Chassis_Private', conditions=None, old_conditions=None), priority=20 to row=Chassis_Private(uuid=45b1f9c1-689c-4bb9-a874-051480c9cfe6, chassis=d96a7609-9acc-4910-ab59-95282330efaa, external_ids={'neutron:ovn-bridge': 'br-int', 'neutron:ovn-neutron-agent-id': '72daee7d-eb74-5919-ab77-0089a8e19051', 'neutron:ovn-neutron-agent-sb-cfg': '1'}, name='959a6cba-c5c0-42ee-a8c3-e51afdb47dc0', nb_cfg=2, nb_cfg_timestamp=1787583778072) old=Chassis_Private(uuid=45b1f9c1-689c-4bb9-a874-051480c9cfe6, nb_cfg=1, nb_cfg_timestamp=1787583703057) {{(pid=87675) matches /opt/stack/data/venv/lib/python3.12/site-packages/ovsdbapp/backend/ovs_idl/event.py:55}}
Aug 24 15:02:58.077791 np0000007973 devstack@neutron-api.service[87674]: DEBUG ovsdbapp.backend.ovs_idl.event [None req-b2e8b1a3-9088-40ed-85fa-6bf4b86644ba None None] Matched UPDATE: ChassisAgentWriteEvent(events=('create', 'update'), table='Chassis_Private', conditions=None, old_conditions=None), priority=20 to row=Chassis_Private(uuid=45b1f9c1-689c-4bb9-a874-051480c9cfe6, chassis=d96a7609-9acc-4910-ab59-95282330efaa, external_ids={'neutron:ovn-bridge': 'br-int', 'neutron:ovn-neutron-agent-id': '72daee7d-eb74-5919-ab77-0089a8e19051', 'neutron:ovn-neutron-agent-sb-cfg': '1'}, name='959a6cba-c5c0-42ee-a8c3-e51afdb47dc0', nb_cfg=2, nb_cfg_timestamp=1787583778072) old=Chassis_Private(uuid=45b1f9c1-689c-4bb9-a874-051480c9cfe6, nb_cfg=1, nb_cfg_timestamp=1787583703057) {{(pid=87674) matches /opt/stack/data/venv/lib/python3.12/site-packages/ovsdbapp/backend/ovs_idl/event.py:55}}
Aug 24 15:02:58.081511 np0000007973 devstack@neutron-api.service[87676]: DEBUG neutron.common.ovn.hash_ring_manager [None req-e4eab784-8a4a-4b69-9bb6-9589b049b453 None None] Hash Ring loaded. 3 active nodes. 0 offline nodes {{(pid=87676) _load_hash_ring /opt/stack/neutron/neutron/common/ovn/hash_ring_manager.py:110}}
Aug 24 15:02:58.082755 np0000007973 devstack@neutron-api.service[87674]: DEBUG neutron.common.ovn.hash_ring_manager [None req-e31d4ff1-fadb-478c-bfd2-0746dedd7d13 None None] Hash Ring loaded. 3 active nodes. 0 offline nodes {{(pid=87674) _load_hash_ring /opt/stack/neutron/neutron/common/ovn/hash_ring_manager.py:110}}
Aug 24 15:02:58.082914 np0000007973 devstack@neutron-api.service[87674]: DEBUG neutron.plugins.ml2.drivers.ovn.mech_driver.ovsdb.ovsdb_monitor [None req-e31d4ff1-fadb-478c-bfd2-0746dedd7d13 None None] Hash Ring: Node a9d7a76529205751b9324f886006a713 (host: np0000007973) handling event "update" for row 0025ee68-f97c-43c1-888a-bb604642cd7d (table: NB_Global) {{(pid=87674) notify /opt/stack/neutron/neutron/plugins/ml2/drivers/ovn/mech_driver/ovsdb/ovsdb_monitor.py:1099}}
Aug 24 15:02:58.083592 np0000007973 devstack@neutron-api.service[87674]: DEBUG neutron.plugins.ml2.drivers.ovn.mech_driver.ovsdb.ovsdb_monitor [None req-e31d4ff1-fadb-478c-bfd2-0746dedd7d13 None None] Hash Ring: Node a9d7a76529205751b9324f886006a713 (host: np0000007973) handling event "update" for row 0025ee68-f97c-43c1-888a-bb604642cd7d (table: NB_Global) {{(pid=87674) notify /opt/stack/neutron/neutron/plugins/ml2/drivers/ovn/mech_driver/ovsdb/ovsdb_monitor.py:1099}}
Aug 24 15:02:58.084456 np0000007973 devstack@neutron-api.service[87674]: DEBUG neutron.plugins.ml2.drivers.ovn.mech_driver.ovsdb.ovsdb_monitor [None req-e31d4ff1-fadb-478c-bfd2-0746dedd7d13 None None] Hash Ring: Node a9d7a76529205751b9324f886006a713 (host: np0000007973) handling event "update" for row 0025ee68-f97c-43c1-888a-bb604642cd7d (table: NB_Global) {{(pid=87674) notify /opt/stack/neutron/neutron/plugins/ml2/drivers/ovn/mech_driver/ovsdb/ovsdb_monitor.py:1099}}
Aug 24 15:02:58.084564 np0000007973 devstack@neutron-api.service[87676]: DEBUG neutron.common.ovn.hash_ring_manager [None req-bb2107f9-a9ee-4e71-b4d9-9122eeb71429 None None] Hash Ring loaded. 3 active nodes. 0 offline nodes {{(pid=87676) _load_hash_ring /opt/stack/neutron/neutron/common/ovn/hash_ring_manager.py:110}}
Aug 24 15:02:58.084931 np0000007973 devstack@neutron-api.service[87674]: DEBUG neutron.plugins.ml2.drivers.ovn.mech_driver.ovsdb.ovsdb_monitor [None req-e31d4ff1-fadb-478c-bfd2-0746dedd7d13 None None] Hash Ring: Node a9d7a76529205751b9324f886006a713 (host: np0000007973) handling event "update" for row 0025ee68-f97c-43c1-888a-bb604642cd7d (table: NB_Global) {{(pid=87674) notify /opt/stack/neutron/neutron/plugins/ml2/drivers/ovn/mech_driver/ovsdb/ovsdb_monitor.py:1099}}
Aug 24 15:02:58.085604 np0000007973 devstack@neutron-api.service[87675]: DEBUG neutron.common.ovn.hash_ring_manager [None req-79ae8f3d-75ff-45e9-820c-771f124a1214 None None] Hash Ring loaded. 3 active nodes. 0 offline nodes {{(pid=87675) _load_hash_ring /opt/stack/neutron/neutron/common/ovn/hash_ring_manager.py:110}}
Aug 24 15:02:58.085700 np0000007973 devstack@neutron-api.service[87676]: DEBUG ovsdbapp.backend.ovs_idl.event [None req-bb2107f9-a9ee-4e71-b4d9-9122eeb71429 None None] Matched UPDATE: ChassisOVNAgentWriteEvent(events=('create', 'update'), table='Chassis_Private', conditions=None, old_conditions=None), priority=20 to row=Chassis_Private(uuid=45b1f9c1-689c-4bb9-a874-051480c9cfe6, chassis=d96a7609-9acc-4910-ab59-95282330efaa, external_ids={'neutron:ovn-bridge': 'br-int', 'neutron:ovn-neutron-agent-id': '72daee7d-eb74-5919-ab77-0089a8e19051', 'neutron:ovn-neutron-agent-sb-cfg': '2'}, name='959a6cba-c5c0-42ee-a8c3-e51afdb47dc0', nb_cfg=2, nb_cfg_timestamp=1787583778072) old=Chassis_Private(uuid=45b1f9c1-689c-4bb9-a874-051480c9cfe6, external_ids={'neutron:ovn-bridge': 'br-int', 'neutron:ovn-neutron-agent-id': '72daee7d-eb74-5919-ab77-0089a8e19051', 'neutron:ovn-neutron-agent-sb-cfg': '1'}) {{(pid=87676) matches /opt/stack/data/venv/lib/python3.12/site-packages/ovsdbapp/backend/ovs_idl/event.py:55}}
Aug 24 15:02:58.087181 np0000007973 devstack@neutron-api.service[87674]: DEBUG neutron.common.ovn.hash_ring_manager [None req-b2e8b1a3-9088-40ed-85fa-6bf4b86644ba None None] Hash Ring loaded. 3 active nodes. 0 offline nodes {{(pid=87674) _load_hash_ring /opt/stack/neutron/neutron/common/ovn/hash_ring_manager.py:110}}
Aug 24 15:02:58.087935 np0000007973 devstack@neutron-api.service[87675]: DEBUG neutron.common.ovn.hash_ring_manager [None req-3e47a76b-bed8-4100-a321-9c7df0e36cab None None] Hash Ring loaded. 3 active nodes. 0 offline nodes {{(pid=87675) _load_hash_ring /opt/stack/neutron/neutron/common/ovn/hash_ring_manager.py:110}}
Aug 24 15:02:58.088088 np0000007973 devstack@neutron-api.service[87674]: DEBUG ovsdbapp.backend.ovs_idl.event [None req-b2e8b1a3-9088-40ed-85fa-6bf4b86644ba None None] Matched UPDATE: ChassisOVNAgentWriteEvent(events=('create', 'update'), table='Chassis_Private', conditions=None, old_conditions=None), priority=20 to row=Chassis_Private(uuid=45b1f9c1-689c-4bb9-a874-051480c9cfe6, chassis=d96a7609-9acc-4910-ab59-95282330efaa, external_ids={'neutron:ovn-bridge': 'br-int', 'neutron:ovn-neutron-agent-id': '72daee7d-eb74-5919-ab77-0089a8e19051', 'neutron:ovn-neutron-agent-sb-cfg': '2'}, name='959a6cba-c5c0-42ee-a8c3-e51afdb47dc0', nb_cfg=2, nb_cfg_timestamp=1787583778072) old=Chassis_Private(uuid=45b1f9c1-689c-4bb9-a874-051480c9cfe6, external_ids={'neutron:ovn-bridge': 'br-int', 'neutron:ovn-neutron-agent-id': '72daee7d-eb74-5919-ab77-0089a8e19051', 'neutron:ovn-neutron-agent-sb-cfg': '1'}) {{(pid=87674) matches /opt/stack/data/venv/lib/python3.12/site-packages/ovsdbapp/backend/ovs_idl/event.py:55}}
Aug 24 15:02:58.088411 np0000007973 devstack@neutron-api.service[87675]: DEBUG neutron.plugins.ml2.drivers.ovn.mech_driver.ovsdb.ovsdb_monitor [None req-3e47a76b-bed8-4100-a321-9c7df0e36cab None None] Hash Ring: Node 869ab072487b59bba4f17516117c3b32 (host: np0000007973) handling event "update" for row 45b1f9c1-689c-4bb9-a874-051480c9cfe6 (table: Chassis_Private) {{(pid=87675) notify /opt/stack/neutron/neutron/plugins/ml2/drivers/ovn/mech_driver/ovsdb/ovsdb_monitor.py:1099}}
Aug 24 15:02:58.089725 np0000007973 devstack@neutron-api.service[87675]: DEBUG ovsdbapp.backend.ovs_idl.event [None req-3e47a76b-bed8-4100-a321-9c7df0e36cab None None] Matched UPDATE: ChassisOVNAgentWriteEvent(events=('create', 'update'), table='Chassis_Private', conditions=None, old_conditions=None), priority=20 to row=Chassis_Private(uuid=45b1f9c1-689c-4bb9-a874-051480c9cfe6, chassis=d96a7609-9acc-4910-ab59-95282330efaa, external_ids={'neutron:ovn-bridge': 'br-int', 'neutron:ovn-neutron-agent-id': '72daee7d-eb74-5919-ab77-0089a8e19051', 'neutron:ovn-neutron-agent-sb-cfg': '2'}, name='959a6cba-c5c0-42ee-a8c3-e51afdb47dc0', nb_cfg=2, nb_cfg_timestamp=1787583778072) old=Chassis_Private(uuid=45b1f9c1-689c-4bb9-a874-051480c9cfe6, external_ids={'neutron:ovn-bridge': 'br-int', 'neutron:ovn-neutron-agent-id': '72daee7d-eb74-5919-ab77-0089a8e19051', 'neutron:ovn-neutron-agent-sb-cfg': '1'}) {{(pid=87675) matches /opt/stack/data/venv/lib/python3.12/site-packages/ovsdbapp/backend/ovs_idl/event.py:55}}
Aug 24 15:02:58.090087 np0000007973 devstack@neutron-api.service[87675]: DEBUG neutron.plugins.ml2.drivers.ovn.mech_driver.ovsdb.ovsdb_monitor [None req-3e47a76b-bed8-4100-a321-9c7df0e36cab None None] Hash Ring: Node 869ab072487b59bba4f17516117c3b32 (host: np0000007973) handling event "update" for row 45b1f9c1-689c-4bb9-a874-051480c9cfe6 (table: Chassis_Private) {{(pid=87675) notify /opt/stack/neutron/neutron/plugins/ml2/drivers/ovn/mech_driver/ovsdb/ovsdb_monitor.py:1099}}
Aug 24 15:02:58.090782 np0000007973 devstack@neutron-api.service[87675]: DEBUG ovsdbapp.backend.ovs_idl.transaction [None req-79ae8f3d-75ff-45e9-820c-771f124a1214 None None] txn 3f009213 succeeded {{(pid=87675) do_commit /opt/stack/data/venv/lib/python3.12/site-packages/ovsdbapp/backend/ovs_idl/transaction.py:137}}
Aug 24 15:02:58.092445 np0000007973 devstack@neutron-api.service[87675]: DEBUG neutron.api.rpc.callbacks.version_manager [None req-3b8054d6-fcbe-429d-9300-d58b29d91e69 admin admin] Tracked resource versions report:
Aug 24 15:02:58.092445 np0000007973 devstack@neutron-api.service[87675]: pushed versions:
Aug 24 15:02:58.092445 np0000007973 devstack@neutron-api.service[87675]: { 'AddressGroup': {'1.2'},
Aug 24 15:02:58.092445 np0000007973 devstack@neutron-api.service[87675]: 'Agent': {'1.1'},
Aug 24 15:02:58.092445 np0000007973 devstack@neutron-api.service[87675]: 'ConntrackHelper': {'1.0'},
Aug 24 15:02:58.092445 np0000007973 devstack@neutron-api.service[87675]: 'LocalIPAssociation': {'1.0'},
Aug 24 15:02:58.092445 np0000007973 devstack@neutron-api.service[87675]: 'Log': {'1.0'},
Aug 24 15:02:58.092445 np0000007973 devstack@neutron-api.service[87675]: 'NDPProxy': {'1.0'},
Aug 24 15:02:58.092445 np0000007973 devstack@neutron-api.service[87675]: 'Network': {'1.3'},
Aug 24 15:02:58.092445 np0000007973 devstack@neutron-api.service[87675]: 'Port': {'1.11'},
Aug 24 15:02:58.092445 np0000007973 devstack@neutron-api.service[87675]: 'PortForwarding': {'1.3'},
Aug 24 15:02:58.092445 np0000007973 devstack@neutron-api.service[87675]: 'QosPolicy': {'1.10'},
Aug 24 15:02:58.092445 np0000007973 devstack@neutron-api.service[87675]: 'SecurityGroup': {'1.6'},
Aug 24 15:02:58.092445 np0000007973 devstack@neutron-api.service[87675]: 'SecurityGroupRule': {'1.3'},
Aug 24 15:02:58.092445 np0000007973 devstack@neutron-api.service[87675]: 'SubPort': {'1.0'},
Aug 24 15:02:58.092445 np0000007973 devstack@neutron-api.service[87675]: 'Subnet': {'1.2'},
Aug 24 15:02:58.092445 np0000007973 devstack@neutron-api.service[87675]: 'Trunk': {'1.1'}}
Aug 24 15:02:58.092445 np0000007973 devstack@neutron-api.service[87675]: consumer versions:
Aug 24 15:02:58.092445 np0000007973 devstack@neutron-api.service[87675]: { OVN Neutron agent@np0000007973: {},
Aug 24 15:02:58.092445 np0000007973 devstack@neutron-api.service[87675]: OVN Controller Gateway agent@np0000007973: {}}
Aug 24 15:02:58.092445 np0000007973 devstack@neutron-api.service[87675]: {{(pid=87675) report /opt/stack/neutron/neutron/api/rpc/callbacks/version_manager.py:183}}
Aug 24 15:02:58.099536 np0000007973 devstack@neutron-api.service[87675]: DEBUG ovsdbapp.backend.ovs_idl.transaction [None req-79ae8f3d-75ff-45e9-820c-771f124a1214 None None] Running txn 60165c72 n=1 command(idx=0): AddNetworkCommand(_result=None, network_uuid=c32c40af-4935-466c-b7cf-8a53daf03709, may_exist=True, columns={'external_ids': {'neutron:network_name': 'shared', 'neutron:mtu': '1372', 'neutron:revision_number': '1', 'neutron:availability_zone_hints': '', 'neutron:provnet-network-type': 'geneve'}, 'other_config': {'mcast_snoop': 'false', 'mcast_flood_unregistered': 'false', 'vlan-passthru': 'false'}}) {{(pid=87675) do_commit /opt/stack/data/venv/lib/python3.12/site-packages/ovsdbapp/backend/ovs_idl/transaction.py:91}}
Aug 24 15:02:58.101523 np0000007973 devstack@neutron-api.service[87676]: DEBUG neutron.plugins.ml2.drivers.ovn.mech_driver.ovsdb.ovsdb_monitor [None req-e4eab784-8a4a-4b69-9bb6-9589b049b453 None None] Hash Ring: Node 55d6cce4bb605d35a3450c845ba67873 (host: np0000007973) handling event "create" for row c32c40af-4935-466c-b7cf-8a53daf03709 (table: Logical_Switch) {{(pid=87676) notify /opt/stack/neutron/neutron/plugins/ml2/drivers/ovn/mech_driver/ovsdb/ovsdb_monitor.py:1099}}
Aug 24 15:02:58.102303 np0000007973 devstack@neutron-api.service[87675]: DEBUG ovsdbapp.backend.ovs_idl.transaction [None req-79ae8f3d-75ff-45e9-820c-771f124a1214 None None] txn 60165c72 succeeded {{(pid=87675) do_commit /opt/stack/data/venv/lib/python3.12/site-packages/ovsdbapp/backend/ovs_idl/transaction.py:137}}
Aug 24 15:02:58.106689 np0000007973 devstack@neutron-api.service[87676]: DEBUG neutron.plugins.ml2.drivers.ovn.mech_driver.ovsdb.ovsdb_monitor [None req-bb2107f9-a9ee-4e71-b4d9-9122eeb71429 None None] Hash Ring: Node 55d6cce4bb605d35a3450c845ba67873 (host: np0000007973) handling event "create" for row b3b01152-1f1c-4ac3-9615-e14b4e265f46 (table: Datapath_Binding) {{(pid=87676) notify /opt/stack/neutron/neutron/plugins/ml2/drivers/ovn/mech_driver/ovsdb/ovsdb_monitor.py:1099}}
Aug 24 15:02:58.120044 np0000007973 devstack@neutron-api.service[87675]: INFO neutron.db.ovn_revision_numbers_db [None req-3b8054d6-fcbe-429d-9300-d58b29d91e69 admin admin] Successfully bumped revision number for resource c32c40af-4935-466c-b7cf-8a53daf03709 (type: networks) to 1
Aug 24 15:02:58.129596 np0000007973 devstack@neutron-api.service[87675]: DEBUG neutron_lib.callbacks.manager [None req-3b8054d6-fcbe-429d-9300-d58b29d91e69 admin admin] Publish callbacks ['neutron.plugins.ml2.plugin.SecurityGroupDbMixin._ensure_default_security_group_handler-338272'] for port (None), before_create {{(pid=87675) _notify_loop /opt/stack/data/venv/lib/python3.12/site-packages/neutron_lib/callbacks/manager.py:184}}
Aug 24 15:02:58.181361 np0000007973 devstack@neutron-api.service[87675]: DEBUG neutron_lib.callbacks.manager [None req-3b8054d6-fcbe-429d-9300-d58b29d91e69 admin admin] Publish callbacks ['neutron.plugins.ml2.drivers.ovn.mech_driver.mech_driver.OVNMechanismDriver._validate_allowed_address_pairs-872096'] for allowed_address_pair (a29c1839-790b-4b5d-8bbb-e9687a1bb147), before_create {{(pid=87675) _notify_loop /opt/stack/data/venv/lib/python3.12/site-packages/neutron_lib/callbacks/manager.py:184}}
Aug 24 15:02:58.181916 np0000007973 devstack@neutron-api.service[87675]: DEBUG neutron_lib.callbacks.manager [None req-3b8054d6-fcbe-429d-9300-d58b29d91e69 admin admin] Publish callbacks [] for port (a29c1839-790b-4b5d-8bbb-e9687a1bb147), precommit_create {{(pid=87675) _notify_loop /opt/stack/data/venv/lib/python3.12/site-packages/neutron_lib/callbacks/manager.py:184}}
Aug 24 15:02:58.182064 np0000007973 devstack@neutron-api.service[87675]: DEBUG neutron.plugins.ml2.drivers.ovn.mech_driver.mech_driver [None req-3b8054d6-fcbe-429d-9300-d58b29d91e69 admin admin] No provisioning block for port a29c1839-790b-4b5d-8bbb-e9687a1bb147 since it does not have a host {{(pid=87675) _is_port_provisioning_required /opt/stack/neutron/neutron/plugins/ml2/drivers/ovn/mech_driver/mech_driver.py:877}}
Aug 24 15:02:58.182173 np0000007973 devstack@neutron-api.service[87675]: DEBUG neutron.db.ovn_revision_numbers_db [None req-3b8054d6-fcbe-429d-9300-d58b29d91e69 admin admin] create_initial_revision uuid=a29c1839-790b-4b5d-8bbb-e9687a1bb147, type=ports, rev=-1 {{(pid=87675) create_initial_revision /opt/stack/neutron/neutron/db/ovn_revision_numbers_db.py:98}}
