Aug 24 15:04:16.362921 np0000007973 devstack@neutron-api.service[87674]: DEBUG neutron.plugins.ml2.drivers.ovn.mech_driver.ovsdb.ovsdb_monitor [None req-e31d4ff1-fadb-478c-bfd2-0746dedd7d13 None None] Hash Ring: Node a9d7a76529205751b9324f886006a713 (host: np0000007973) handling event "update" for row d385b5f5-f0fc-4e78-8e4b-06d7b6729ce6 (table: Logical_Switch_Port) {{(pid=87674) notify /opt/stack/neutron/neutron/plugins/ml2/drivers/ovn/mech_driver/ovsdb/ovsdb_monitor.py:1099}}
Aug 24 15:04:16.365852 np0000007973 devstack@neutron-api.service[87674]: DEBUG neutron.plugins.ml2.drivers.ovn.mech_driver.ovsdb.ovsdb_monitor [None req-e31d4ff1-fadb-478c-bfd2-0746dedd7d13 None None] Hash Ring: Node a9d7a76529205751b9324f886006a713 (host: np0000007973) handling event "update" for row d385b5f5-f0fc-4e78-8e4b-06d7b6729ce6 (table: Logical_Switch_Port) {{(pid=87674) notify /opt/stack/neutron/neutron/plugins/ml2/drivers/ovn/mech_driver/ovsdb/ovsdb_monitor.py:1099}}
Aug 24 15:04:16.367230 np0000007973 devstack@neutron-api.service[87674]: DEBUG ovsdbapp.backend.ovs_idl.event [None req-e31d4ff1-fadb-478c-bfd2-0746dedd7d13 None None] Matched UPDATE: LogicalSwitchPortUpdateUpEvent(events=('update',), table='Logical_Switch_Port', conditions=None, old_conditions=None), priority=20 to row=Logical_Switch_Port(uuid=d385b5f5-f0fc-4e78-8e4b-06d7b6729ce6, addresses=['router'], dhcpv4_options=[], dhcpv6_options=[], dynamic_addresses=[], enabled=True, external_ids={'neutron:cidrs': '172.24.5.112/24 2001:db8::2ea/64', 'neutron:device_id': '9b2885ef-7af2-4c0b-8b8c-1ceb8348e02a', 'neutron:device_owner': 'network:router_gateway', 'neutron:mtu': '', 'neutron:network_name': 'neutron-46f6527d-3d17-4473-a775-955c245e130a', 'neutron:port_capabilities': '', 'neutron:port_name': '', 'neutron:project_id': '', 'neutron:revision_number': '1', 'neutron:security_group_ids': '', 'neutron:subnet_pool_addr_scope4': '', 'neutron:subnet_pool_addr_scope6': '', 'neutron:vnic_type': 'normal'}, ha_chassis_group=[], mirror_rules=[], name='e261bc07-53e8-4b3e-bcb2-3490f6115a7c', options={'exclude-lb-vips-from-garp': 'true', 'nat-addresses': 'router', 'router-port': 'lrp-e261bc07-53e8-4b3e-bcb2-3490f6115a7c'}, parent_name=[], port_security=[], tag=[], tag_request=[], type='router', up=True) old=Logical_Switch_Port(uuid=d385b5f5-f0fc-4e78-8e4b-06d7b6729ce6, up=False) {{(pid=87674) matches /opt/stack/data/venv/lib/python3.12/site-packages/ovsdbapp/backend/ovs_idl/event.py:55}}
Aug 24 15:04:16.376832 np0000007973 devstack@neutron-api.service[87674]: DEBUG neutron.plugins.ml2.drivers.ovn.mech_driver.ovsdb.ovsdb_monitor [None req-e31d4ff1-fadb-478c-bfd2-0746dedd7d13 None None] Hash Ring: Node a9d7a76529205751b9324f886006a713 (host: np0000007973) handling event "update" for row f2bbb678-3697-4697-b7f9-c43f7e7c0023 (table: Logical_Router_Port) {{(pid=87674) notify /opt/stack/neutron/neutron/plugins/ml2/drivers/ovn/mech_driver/ovsdb/ovsdb_monitor.py:1099}}
Aug 24 15:04:16.378888 np0000007973 devstack@neutron-api.service[87675]: DEBUG neutron.plugins.ml2.drivers.ovn.mech_driver.ovsdb.ovsdb_monitor [None req-79ae8f3d-75ff-45e9-820c-771f124a1214 None None] Hash Ring: Node 869ab072487b59bba4f17516117c3b32 (host: np0000007973) handling event "create" for row 20e394e4-6dc8-4359-9c6f-36afd6864f63 (table: Logical_Router) {{(pid=87675) notify /opt/stack/neutron/neutron/plugins/ml2/drivers/ovn/mech_driver/ovsdb/ovsdb_monitor.py:1099}}
Aug 24 15:04:16.379586 np0000007973 devstack@neutron-api.service[87675]: DEBUG neutron.plugins.ml2.drivers.ovn.mech_driver.ovsdb.ovsdb_monitor [None req-79ae8f3d-75ff-45e9-820c-771f124a1214 None None] Hash Ring: Node 869ab072487b59bba4f17516117c3b32 (host: np0000007973) handling event "create" for row 85c551b4-7a1d-4c8d-acc6-ae10e57e19e4 (table: Logical_Router_Static_Route) {{(pid=87675) notify /opt/stack/neutron/neutron/plugins/ml2/drivers/ovn/mech_driver/ovsdb/ovsdb_monitor.py:1099}}
Aug 24 15:04:16.379832 np0000007973 devstack@neutron-api.service[87675]: DEBUG neutron.plugins.ml2.drivers.ovn.mech_driver.ovsdb.ovsdb_monitor [None req-79ae8f3d-75ff-45e9-820c-771f124a1214 None None] Hash Ring: Node 869ab072487b59bba4f17516117c3b32 (host: np0000007973) handling event "create" for row 86b194e2-183a-4e5d-b1a5-dd0b51d3b7ea (table: Logical_Router_Static_Route) {{(pid=87675) notify /opt/stack/neutron/neutron/plugins/ml2/drivers/ovn/mech_driver/ovsdb/ovsdb_monitor.py:1099}}
Aug 24 15:04:16.386752 np0000007973 devstack@neutron-api.service[87676]: DEBUG ovsdbapp.backend.ovs_idl.transaction [None req-e4eab784-8a4a-4b69-9bb6-9589b049b453 None None] txn d93b089b succeeded {{(pid=87676) do_commit /opt/stack/data/venv/lib/python3.12/site-packages/ovsdbapp/backend/ovs_idl/transaction.py:137}}
Aug 24 15:04:16.397077 np0000007973 devstack@neutron-api.service[87675]: DEBUG neutron.plugins.ml2.plugin [None req-6a1434e3-9073-46c9-927e-8b5175ef7f41 None None] Current status of the port e2b7c0a4-335d-42eb-9dab-f4cc793c39e9 is: DOWN; New status is: DOWN {{(pid=87675) _update_individual_port_db_status /opt/stack/neutron/neutron/plugins/ml2/plugin.py:2473}}
Aug 24 15:04:16.398091 np0000007973 devstack@neutron-api.service[87675]: DEBUG ovsdbapp.backend.ovs_idl.transaction [None req-79ae8f3d-75ff-45e9-820c-771f124a1214 None None] Running txn 8480da66 n=1 command(idx=0): DbRemoveCommand(_result=None, table=Logical_Switch_Port, record=e2b7c0a4-335d-42eb-9dab-f4cc793c39e9, column=external_ids, values=('neutron:host_id',), keyvalues={}, if_exists=True) {{(pid=87675) do_commit /opt/stack/data/venv/lib/python3.12/site-packages/ovsdbapp/backend/ovs_idl/transaction.py:91}}
Aug 24 15:04:16.400887 np0000007973 devstack@neutron-api.service[87675]: DEBUG ovsdbapp.backend.ovs_idl.transaction [None req-79ae8f3d-75ff-45e9-820c-771f124a1214 None None] txn 8480da66 succeeded {{(pid=87675) do_commit /opt/stack/data/venv/lib/python3.12/site-packages/ovsdbapp/backend/ovs_idl/transaction.py:137}}
Aug 24 15:04:16.402392 np0000007973 devstack@neutron-api.service[87675]: DEBUG ovsdbapp.backend.ovs_idl.transaction [None req-79ae8f3d-75ff-45e9-820c-771f124a1214 None None] Running txn d3140679 n=1 command(idx=0): LrAddCommand(_result=None, router=neutron-7608b91a-5490-4cd3-be9a-c437dc11625a, may_exist=True, columns={'external_ids': {'neutron:router_name': 'tempest-TaggedAttachmentsTest-1869507113-router', 'neutron:revision_number': '2', 'neutron:availability_zone_hints': ''}, 'enabled': True, 'options': {'always_learn_from_arp_request': 'false', 'dynamic_neigh_routers': 'true', 'mac_binding_age_threshold': '300'}}) {{(pid=87675) do_commit /opt/stack/data/venv/lib/python3.12/site-packages/ovsdbapp/backend/ovs_idl/transaction.py:91}}
Aug 24 15:04:16.403495 np0000007973 devstack@neutron-api.service[87675]: DEBUG ovsdbapp.backend.ovs_idl.transaction [None req-79ae8f3d-75ff-45e9-820c-771f124a1214 None None] Running txn d3140679 n=1 command(idx=1): AddLRouterPortCommand(_result=None, name=lrp-eadc4918-81f9-4573-b00b-40e18aa94649, lrouter=neutron-7608b91a-5490-4cd3-be9a-c437dc11625a, may_exist=True, columns={'mac': 'fa:16:3e:c3:50:54', 'networks': ['172.24.5.254/24', '2001:db8::326/64'], 'external_ids': {'neutron:revision_number': '1', 'neutron:subnet_ids': '327251e4-9715-475d-bfc0-15b9e1c79d27 0a4493b0-4a1b-4ad9-bd0b-91e2b69927d8', 'neutron:network_name': 'neutron-46f6527d-3d17-4473-a775-955c245e130a', 'neutron:is_ext_gw': 'True', 'neutron:router_name': 'neutron-7608b91a-5490-4cd3-be9a-c437dc11625a'}, 'options': {'reside-on-redirect-chassis': 'true', 'gateway_mtu': '1430'}}) {{(pid=87675) do_commit /opt/stack/data/venv/lib/python3.12/site-packages/ovsdbapp/backend/ovs_idl/transaction.py:91}}
Aug 24 15:04:16.403825 np0000007973 devstack@neutron-api.service[87675]: DEBUG ovsdbapp.backend.ovs_idl.transaction [None req-79ae8f3d-75ff-45e9-820c-771f124a1214 None None] Running txn d3140679 n=1 command(idx=2): ScheduleNewGatewayCommand(_result=None, g_name=lrp-eadc4918-81f9-4573-b00b-40e18aa94649, sb_api=, lrouter_name=neutron-7608b91a-5490-4cd3-be9a-c437dc11625a, ovn_client=, scheduler=, physnet=public, az_hints=[]) {{(pid=87675) do_commit /opt/stack/data/venv/lib/python3.12/site-packages/ovsdbapp/backend/ovs_idl/transaction.py:91}}
Aug 24 15:04:16.404417 np0000007973 devstack@neutron-api.service[87675]: DEBUG neutron.plugins.ml2.drivers.ovn.mech_driver.ovsdb.ovn_client [None req-79ae8f3d-75ff-45e9-820c-771f124a1214 None None] Chassis candidates for scheduling gateway router ports for "public" physical network: ['959a6cba-c5c0-42ee-a8c3-e51afdb47dc0'] {{(pid=87675) get_candidates_for_scheduling /opt/stack/neutron/neutron/plugins/ml2/drivers/ovn/mech_driver/ovsdb/ovn_client.py:1785}}
Aug 24 15:04:16.404944 np0000007973 devstack@neutron-api.service[87675]: DEBUG neutron.scheduler.l3_ovn_scheduler [None req-79ae8f3d-75ff-45e9-820c-771f124a1214 None None] Gateway lrp-eadc4918-81f9-4573-b00b-40e18aa94649 scheduled on chassis ['959a6cba-c5c0-42ee-a8c3-e51afdb47dc0'] {{(pid=87675) _schedule_gateway /opt/stack/neutron/neutron/scheduler/l3_ovn_scheduler.py:88}}
Aug 24 15:04:16.405375 np0000007973 devstack@neutron-api.service[87675]: DEBUG ovsdbapp.backend.ovs_idl.transaction [None req-79ae8f3d-75ff-45e9-820c-771f124a1214 None None] Running txn d3140679 n=1 command(idx=3): SetLRouterPortInLSwitchPortCommand(_result=None, lswitch_port=eadc4918-81f9-4573-b00b-40e18aa94649, lrouter_port=lrp-eadc4918-81f9-4573-b00b-40e18aa94649, is_gw_port=True, if_exists=True, lsp_address=router) {{(pid=87675) do_commit /opt/stack/data/venv/lib/python3.12/site-packages/ovsdbapp/backend/ovs_idl/transaction.py:91}}
Aug 24 15:04:16.405722 np0000007973 devstack@neutron-api.service[87675]: DEBUG ovsdbapp.backend.ovs_idl.transaction [None req-79ae8f3d-75ff-45e9-820c-771f124a1214 None None] Running txn d3140679 n=1 command(idx=4): AddStaticRouteCommand(_result=None, lrouter=neutron-7608b91a-5490-4cd3-be9a-c437dc11625a, maintain_bfd=False, columns={'ip_prefix': '0.0.0.0/0', 'nexthop': '172.24.5.1', 'external_ids': {'neutron:is_ext_gw': 'true', 'neutron:subnet_id': '327251e4-9715-475d-bfc0-15b9e1c79d27', 'neutron:is_static_route': 'true'}}) {{(pid=87675) do_commit /opt/stack/data/venv/lib/python3.12/site-packages/ovsdbapp/backend/ovs_idl/transaction.py:91}}
Aug 24 15:04:16.406231 np0000007973 devstack@neutron-api.service[87675]: DEBUG ovsdbapp.backend.ovs_idl.transaction [None req-79ae8f3d-75ff-45e9-820c-771f124a1214 None None] Running txn d3140679 n=1 command(idx=5): AddStaticRouteCommand(_result=None, lrouter=neutron-7608b91a-5490-4cd3-be9a-c437dc11625a, maintain_bfd=False, columns={'ip_prefix': '::/0', 'nexthop': '2001:db8::2', 'external_ids': {'neutron:is_ext_gw': 'true', 'neutron:subnet_id': '0a4493b0-4a1b-4ad9-bd0b-91e2b69927d8', 'neutron:is_static_route': 'true'}}) {{(pid=87675) do_commit /opt/stack/data/venv/lib/python3.12/site-packages/ovsdbapp/backend/ovs_idl/transaction.py:91}}
Aug 24 15:04:16.406513 np0000007973 devstack@neutron-api.service[87675]: DEBUG ovsdbapp.backend.ovs_idl.transaction [None req-79ae8f3d-75ff-45e9-820c-771f124a1214 None None] Running txn d3140679 n=1 command(idx=6): AddNATRuleInLRouterCommand(_result=None, lrouter=neutron-7608b91a-5490-4cd3-be9a-c437dc11625a, nat_uuid=None, columns={'type': 'snat', 'logical_ip': '0.0.0.0/0', 'external_ip': '172.24.5.254'}) {{(pid=87675) do_commit /opt/stack/data/venv/lib/python3.12/site-packages/ovsdbapp/backend/ovs_idl/transaction.py:91}}
Aug 24 15:04:16.406784 np0000007973 devstack@neutron-api.service[87675]: DEBUG ovsdbapp.backend.ovs_idl.transaction [None req-79ae8f3d-75ff-45e9-820c-771f124a1214 None None] Running txn d3140679 n=1 command(idx=7): QoSDelCommand(_result=None, switch=neutron-46f6527d-3d17-4473-a775-955c245e130a, conditions=[('direction', '=', 'from-lport'), ('priority', '=', 2002), ('match', '=', 'inport == "eadc4918-81f9-4573-b00b-40e18aa94649"')], if_exists=True) {{(pid=87675) do_commit /opt/stack/data/venv/lib/python3.12/site-packages/ovsdbapp/backend/ovs_idl/transaction.py:91}}
Aug 24 15:04:16.407016 np0000007973 devstack@neutron-api.service[87675]: DEBUG ovsdbapp.backend.ovs_idl.transaction [None req-79ae8f3d-75ff-45e9-820c-771f124a1214 None None] Running txn d3140679 n=1 command(idx=8): QoSDelCommand(_result=None, switch=neutron-46f6527d-3d17-4473-a775-955c245e130a, conditions=[('direction', '=', 'to-lport'), ('priority', '=', 2002), ('match', '=', 'outport == "eadc4918-81f9-4573-b00b-40e18aa94649"')], if_exists=True) {{(pid=87675) do_commit /opt/stack/data/venv/lib/python3.12/site-packages/ovsdbapp/backend/ovs_idl/transaction.py:91}}
Aug 24 15:04:16.423747 np0000007973 devstack@neutron-api.service[87676]: DEBUG neutron.plugins.ml2.drivers.ovn.mech_driver.ovsdb.ovsdb_monitor [None req-e4eab784-8a4a-4b69-9bb6-9589b049b453 None None] Hash Ring: Node 55d6cce4bb605d35a3450c845ba67873 (host: np0000007973) handling event "create" for row 01427c1b-042a-47b2-b2b1-bf990b7c79e6 (table: HA_Chassis) {{(pid=87676) notify /opt/stack/neutron/neutron/plugins/ml2/drivers/ovn/mech_driver/ovsdb/ovsdb_monitor.py:1099}}
Aug 24 15:04:16.424491 np0000007973 devstack@neutron-api.service[87676]: DEBUG neutron.plugins.ml2.drivers.ovn.mech_driver.ovsdb.ovsdb_monitor [None req-e4eab784-8a4a-4b69-9bb6-9589b049b453 None None] Hash Ring: Node 55d6cce4bb605d35a3450c845ba67873 (host: np0000007973) handling event "create" for row 0ace698b-a24c-4416-b9a0-da25c411939d (table: Logical_Router_Static_Route) {{(pid=87676) notify /opt/stack/neutron/neutron/plugins/ml2/drivers/ovn/mech_driver/ovsdb/ovsdb_monitor.py:1099}}
Aug 24 15:04:16.424727 np0000007973 devstack@neutron-api.service[87676]: DEBUG neutron.plugins.ml2.drivers.ovn.mech_driver.ovsdb.ovsdb_monitor [None req-e4eab784-8a4a-4b69-9bb6-9589b049b453 None None] Hash Ring: Node 55d6cce4bb605d35a3450c845ba67873 (host: np0000007973) handling event "create" for row 75cab1a1-8f0c-436e-90fe-cdecedc10734 (table: Logical_Router_Static_Route) {{(pid=87676) notify /opt/stack/neutron/neutron/plugins/ml2/drivers/ovn/mech_driver/ovsdb/ovsdb_monitor.py:1099}}
Aug 24 15:04:16.425203 np0000007973 devstack@neutron-api.service[87676]: DEBUG neutron.plugins.ml2.drivers.ovn.mech_driver.ovsdb.ovsdb_monitor [None req-e4eab784-8a4a-4b69-9bb6-9589b049b453 None None] Hash Ring: Node 55d6cce4bb605d35a3450c845ba67873 (host: np0000007973) handling event "update" for row b9843bad-2dc8-4a12-8bf7-1d849563f664 (table: Logical_Switch_Port) {{(pid=87676) notify /opt/stack/neutron/neutron/plugins/ml2/drivers/ovn/mech_driver/ovsdb/ovsdb_monitor.py:1099}}
Aug 24 15:04:16.427169 np0000007973 devstack@neutron-api.service[87675]: DEBUG neutron.plugins.ml2.drivers.ovn.mech_driver.ovsdb.ovsdb_monitor [None req-79ae8f3d-75ff-45e9-820c-771f124a1214 None None] Hash Ring: Node 869ab072487b59bba4f17516117c3b32 (host: np0000007973) handling event "create" for row 8958ef70-0bc3-4957-a191-bdf0ae6ca945 (table: HA_Chassis_Group) {{(pid=87675) notify /opt/stack/neutron/neutron/plugins/ml2/drivers/ovn/mech_driver/ovsdb/ovsdb_monitor.py:1099}}
Aug 24 15:04:16.427526 np0000007973 devstack@neutron-api.service[87675]: DEBUG neutron.plugins.ml2.drivers.ovn.mech_driver.ovsdb.ovsdb_monitor [None req-79ae8f3d-75ff-45e9-820c-771f124a1214 None None] Hash Ring: Node 869ab072487b59bba4f17516117c3b32 (host: np0000007973) handling event "create" for row 7984dbbf-11a3-43b0-8566-42f36686e8bb (table: Logical_Router_Port) {{(pid=87675) notify /opt/stack/neutron/neutron/plugins/ml2/drivers/ovn/mech_driver/ovsdb/ovsdb_monitor.py:1099}}
Aug 24 15:04:16.428255 np0000007973 devstack@neutron-api.service[87674]: DEBUG neutron.plugins.ml2.drivers.ovn.mech_driver.ovsdb.ovsdb_monitor [None req-b2e8b1a3-9088-40ed-85fa-6bf4b86644ba None None] Hash Ring: Node a9d7a76529205751b9324f886006a713 (host: np0000007973) handling event "create" for row 65a96efe-866a-40ab-bb35-185781e6a515 (table: Port_Binding) {{(pid=87674) notify /opt/stack/neutron/neutron/plugins/ml2/drivers/ovn/mech_driver/ovsdb/ovsdb_monitor.py:1099}}
Aug 24 15:04:16.428592 np0000007973 devstack@neutron-api.service[87674]: DEBUG neutron.plugins.ml2.drivers.ovn.mech_driver.ovsdb.ovsdb_monitor [None req-b2e8b1a3-9088-40ed-85fa-6bf4b86644ba None None] Hash Ring: Node a9d7a76529205751b9324f886006a713 (host: np0000007973) handling event "create" for row e6e2db8b-4ab4-4586-b1e4-6d13fdc3189d (table: Port_Binding) {{(pid=87674) notify /opt/stack/neutron/neutron/plugins/ml2/drivers/ovn/mech_driver/ovsdb/ovsdb_monitor.py:1099}}
Aug 24 15:04:16.428693 np0000007973 devstack@neutron-api.service[87675]: DEBUG ovsdbapp.backend.ovs_idl.event [None req-79ae8f3d-75ff-45e9-820c-771f124a1214 None None] Matched CREATE: LogicalRouterPortEvent(events=('create', 'delete'), table='Logical_Router_Port', conditions=None, old_conditions=None), priority=20 to row=Logical_Router_Port(uuid=7984dbbf-11a3-43b0-8566-42f36686e8bb, enabled=[], external_ids={'neutron:is_ext_gw': 'True', 'neutron:network_name': 'neutron-46f6527d-3d17-4473-a775-955c245e130a', 'neutron:revision_number': '1', 'neutron:router_name': 'neutron-7608b91a-5490-4cd3-be9a-c437dc11625a', 'neutron:subnet_ids': '327251e4-9715-475d-bfc0-15b9e1c79d27 0a4493b0-4a1b-4ad9-bd0b-91e2b69927d8'}, gateway_chassis=[], ha_chassis_group=8958ef70-0bc3-4957-a191-bdf0ae6ca945, ipv6_prefix=[], ipv6_ra_configs={}, mac='fa:16:3e:c3:50:54', name='lrp-eadc4918-81f9-4573-b00b-40e18aa94649', networks=['172.24.5.254/24', '2001:db8::326/64'], options={'gateway_mtu': '1430', 'reside-on-redirect-chassis': 'true'}, peer=[], status={}) old= {{(pid=87675) matches /opt/stack/data/venv/lib/python3.12/site-packages/ovsdbapp/backend/ovs_idl/event.py:55}}
Aug 24 15:04:16.429513 np0000007973 devstack@neutron-api.service[87675]: DEBUG neutron.plugins.ml2.drivers.ovn.mech_driver.ovsdb.ovsdb_monitor [None req-79ae8f3d-75ff-45e9-820c-771f124a1214 None None] Hash Ring: Node 869ab072487b59bba4f17516117c3b32 (host: np0000007973) handling event "create" for row 94fa9136-8363-48f7-a0d4-366a2dee8557 (table: NAT) {{(pid=87675) notify /opt/stack/neutron/neutron/plugins/ml2/drivers/ovn/mech_driver/ovsdb/ovsdb_monitor.py:1099}}
Aug 24 15:04:16.430335 np0000007973 devstack@neutron-api.service[87676]: DEBUG neutron.plugins.ml2.drivers.ovn.mech_driver.ovsdb.ovsdb_monitor [None req-bb2107f9-a9ee-4e71-b4d9-9122eeb71429 None None] Hash Ring: Node 55d6cce4bb605d35a3450c845ba67873 (host: np0000007973) handling event "update" for row 72b57c01-8a0c-406c-bdf2-a63efbeda0c4 (table: Port_Binding) {{(pid=87676) notify /opt/stack/neutron/neutron/plugins/ml2/drivers/ovn/mech_driver/ovsdb/ovsdb_monitor.py:1099}}
Aug 24 15:04:16.431631 np0000007973 devstack@neutron-api.service[87674]: DEBUG neutron.plugins.ml2.drivers.ovn.mech_driver.ovsdb.ovsdb_monitor [None req-e31d4ff1-fadb-478c-bfd2-0746dedd7d13 None None] Hash Ring: Node a9d7a76529205751b9324f886006a713 (host: np0000007973) handling event "create" for row 1e640158-2dcf-46d4-956b-2fcf3111bd2f (table: Logical_Router) {{(pid=87674) notify /opt/stack/neutron/neutron/plugins/ml2/drivers/ovn/mech_driver/ovsdb/ovsdb_monitor.py:1099}}
Aug 24 15:04:16.433581 np0000007973 devstack@neutron-api.service[87674]: DEBUG neutron.plugins.ml2.drivers.ovn.mech_driver.ovsdb.ovsdb_monitor [None req-b2e8b1a3-9088-40ed-85fa-6bf4b86644ba None None] Hash Ring: Node a9d7a76529205751b9324f886006a713 (host: np0000007973) handling event "update" for row 65a96efe-866a-40ab-bb35-185781e6a515 (table: Port_Binding) {{(pid=87674) notify /opt/stack/neutron/neutron/plugins/ml2/drivers/ovn/mech_driver/ovsdb/ovsdb_monitor.py:1099}}
Aug 24 15:04:16.435176 np0000007973 devstack@neutron-api.service[87676]: DEBUG neutron.plugins.ml2.drivers.ovn.mech_driver.ovsdb.ovsdb_monitor [None req-e4eab784-8a4a-4b69-9bb6-9589b049b453 None None] Hash Ring: Node 55d6cce4bb605d35a3450c845ba67873 (host: np0000007973) handling event "update" for row b9843bad-2dc8-4a12-8bf7-1d849563f664 (table: Logical_Switch_Port) {{(pid=87676) notify /opt/stack/neutron/neutron/plugins/ml2/drivers/ovn/mech_driver/ovsdb/ovsdb_monitor.py:1099}}
Aug 24 15:04:16.435506 np0000007973 devstack@neutron-api.service[87675]: DEBUG neutron.plugins.ml2.drivers.ovn.mech_driver.ovsdb.ovsdb_monitor [None req-79ae8f3d-75ff-45e9-820c-771f124a1214 None None] Hash Ring: Node 869ab072487b59bba4f17516117c3b32 (host: np0000007973) handling event "update" for row 7984dbbf-11a3-43b0-8566-42f36686e8bb (table: Logical_Router_Port) {{(pid=87675) notify /opt/stack/neutron/neutron/plugins/ml2/drivers/ovn/mech_driver/ovsdb/ovsdb_monitor.py:1099}}
Aug 24 15:04:16.435688 np0000007973 devstack@neutron-api.service[87674]: DEBUG ovsdbapp.backend.ovs_idl.event [None req-b2e8b1a3-9088-40ed-85fa-6bf4b86644ba None None] Matched UPDATE: PortBindingChassisEvent(events=('update',), table='Port_Binding', conditions=None, old_conditions=None), priority=20 to row=Port_Binding(uuid=65a96efe-866a-40ab-bb35-185781e6a515, additional_chassis=[], additional_encap=[], chassis=d96a7609-9acc-4910-ab59-95282330efaa, datapath=d52f51ef-1ca1-468e-ab08-2e08b7800efc, encap=[], external_ids={'neutron:is_ext_gw': 'True', 'neutron:network_name': 'neutron-46f6527d-3d17-4473-a775-955c245e130a', 'neutron:revision_number': '1', 'neutron:router_name': 'neutron-7608b91a-5490-4cd3-be9a-c437dc11625a', 'neutron:subnet_ids': '327251e4-9715-475d-bfc0-15b9e1c79d27 0a4493b0-4a1b-4ad9-bd0b-91e2b69927d8'}, gateway_chassis=[], logical_port='cr-lrp-eadc4918-81f9-4573-b00b-40e18aa94649', mac=['fa:16:3e:c3:50:54 172.24.5.254/24 2001:db8::326/64'], mirror_rules=[], nat_addresses=[], options={'always-redirect': 'true', 'distributed-port': 'lrp-eadc4918-81f9-4573-b00b-40e18aa94649'}, parent_port=[], port_security=[], requested_additional_chassis=[], requested_chassis=[], tag=[], tunnel_key=2, type='chassisredirect', up=True, virtual_parent=[]) old=Port_Binding(uuid=65a96efe-866a-40ab-bb35-185781e6a515, chassis=[], up=False) {{(pid=87674) matches /opt/stack/data/venv/lib/python3.12/site-packages/ovsdbapp/backend/ovs_idl/event.py:55}}
Aug 24 15:04:16.436115 np0000007973 devstack@neutron-api.service[87675]: DEBUG ovsdbapp.backend.ovs_idl.transaction [None req-79ae8f3d-75ff-45e9-820c-771f124a1214 None None] txn d3140679 succeeded {{(pid=87675) do_commit /opt/stack/data/venv/lib/python3.12/site-packages/ovsdbapp/backend/ovs_idl/transaction.py:137}}
Aug 24 15:04:16.437075 np0000007973 devstack@neutron-api.service[87676]: DEBUG ovsdbapp.backend.ovs_idl.event [None req-e4eab784-8a4a-4b69-9bb6-9589b049b453 None None] Matched UPDATE: LogicalSwitchPortUpdateUpEvent(events=('update',), table='Logical_Switch_Port', conditions=None, old_conditions=None), priority=20 to row=Logical_Switch_Port(uuid=b9843bad-2dc8-4a12-8bf7-1d849563f664, addresses=['router'], dhcpv4_options=[], dhcpv6_options=[], dynamic_addresses=[], enabled=True, external_ids={'neutron:cidrs': '172.24.5.254/24 2001:db8::326/64', 'neutron:device_id': '7608b91a-5490-4cd3-be9a-c437dc11625a', 'neutron:device_owner': 'network:router_gateway', 'neutron:mtu': '', 'neutron:network_name': 'neutron-46f6527d-3d17-4473-a775-955c245e130a', 'neutron:port_capabilities': '', 'neutron:port_name': '', 'neutron:project_id': '', 'neutron:revision_number': '1', 'neutron:security_group_ids': '', 'neutron:subnet_pool_addr_scope4': '', 'neutron:subnet_pool_addr_scope6': '', 'neutron:vnic_type': 'normal'}, ha_chassis_group=[], mirror_rules=[], name='eadc4918-81f9-4573-b00b-40e18aa94649', options={'exclude-lb-vips-from-garp': 'true', 'nat-addresses': 'router', 'router-port': 'lrp-eadc4918-81f9-4573-b00b-40e18aa94649'}, parent_name=[], port_security=[], tag=[], tag_request=[], type='router', up=True) old=Logical_Switch_Port(uuid=b9843bad-2dc8-4a12-8bf7-1d849563f664, up=False) {{(pid=87676) matches /opt/stack/data/venv/lib/python3.12/site-packages/ovsdbapp/backend/ovs_idl/event.py:55}}
Aug 24 15:04:16.438434 np0000007973 devstack@neutron-api.service[87675]: DEBUG neutron.plugins.ml2.drivers.ovn.mech_driver.ovsdb.ovsdb_monitor [None req-3e47a76b-bed8-4100-a321-9c7df0e36cab None None] Hash Ring: Node 869ab072487b59bba4f17516117c3b32 (host: np0000007973) handling event "create" for row d52f51ef-1ca1-468e-ab08-2e08b7800efc (table: Datapath_Binding) {{(pid=87675) notify /opt/stack/neutron/neutron/plugins/ml2/drivers/ovn/mech_driver/ovsdb/ovsdb_monitor.py:1099}}
Aug 24 15:04:16.438941 np0000007973 devstack@neutron-api.service[87674]: INFO neutron.plugins.ml2.drivers.ovn.mech_driver.ovsdb.ovsdb_monitor [None req-934c57fe-a02d-4d0a-b951-efa56d7d6ba8 None None] Router 7608b91a-5490-4cd3-be9a-c437dc11625a is bound to host np0000007973
Aug 24 15:04:16.439566 np0000007973 devstack@neutron-api.service[87676]: INFO neutron.plugins.ml2.drivers.ovn.mech_driver.mech_driver [None req-ac608c3a-11ed-4a86-b9f1-318b9ec53c47 None None] OVN reports status up for port: eadc4918-81f9-4573-b00b-40e18aa94649
Aug 24 15:04:16.444662 np0000007973 devstack@neutron-api.service[87675]: DEBUG neutron.plugins.ml2.managers [None req-d87cf72a-25e8-4d29-b4a2-eb1aed60b1d0 None None] Attempting to bind port 33d87341-92fa-4745-8acd-0a839857a186 on host np0000007973 for vnic_type normal with profile {{(pid=87675) bind_port /opt/stack/neutron/neutron/plugins/ml2/managers.py:865}}
Aug 24 15:04:16.449505 np0000007973 devstack@neutron-api.service[87675]: DEBUG neutron.plugins.ml2.managers [None req-d87cf72a-25e8-4d29-b4a2-eb1aed60b1d0 None None] Attempting to bind port 33d87341-92fa-4745-8acd-0a839857a186 by drivers ovn on host np0000007973 at level 0 using segments [{'id': '25b616c0-3a09-47c5-8eab-a95799f58285', 'network_type': 'flat', 'physical_network': 'public', 'segmentation_id': None, 'network_id': '46f6527d-3d17-4473-a775-955c245e130a'}] {{(pid=87675) _bind_port_level /opt/stack/neutron/neutron/plugins/ml2/managers.py:890}}
Aug 24 15:04:16.450753 np0000007973 devstack@neutron-api.service[87675]: DEBUG neutron.plugins.ml2.drivers.ovn.mech_driver.mech_driver [None req-d87cf72a-25e8-4d29-b4a2-eb1aed60b1d0 None None] Attempting to bind port 33d87341-92fa-4745-8acd-0a839857a186 on host np0000007973 for network segment with type flat, segmentation ID None, physical network public {{(pid=87675) bind_port /opt/stack/neutron/neutron/plugins/ml2/drivers/ovn/mech_driver/mech_driver.py:1187}}
Aug 24 15:04:16.452730 np0000007973 devstack@neutron-api.service[87675]: DEBUG neutron.plugins.ml2.managers [None req-d87cf72a-25e8-4d29-b4a2-eb1aed60b1d0 None None] Bound port: 33d87341-92fa-4745-8acd-0a839857a186, host: np0000007973, vif_type: ovs, vif_details: {"port_filter": true, "connectivity": "l2", "ovs_create_tap": true, "bridge_name": "br-int", "datapath_type": "system"}, binding_levels: [{'bound_driver': 'ovn', 'bound_segment': {'id': '25b616c0-3a09-47c5-8eab-a95799f58285', 'network_type': 'flat', 'physical_network': 'public', 'segmentation_id': None, 'network_id': '46f6527d-3d17-4473-a775-955c245e130a'}}] {{(pid=87675) _bind_port_level /opt/stack/neutron/neutron/plugins/ml2/managers.py:1001}}
Aug 24 15:04:16.453103 np0000007973 devstack@neutron-api.service[87675]: DEBUG neutron_lib.callbacks.manager [None req-d87cf72a-25e8-4d29-b4a2-eb1aed60b1d0 None None] Publish callbacks ['neutron.plugins.ml2.plugin.SecurityGroupDbMixin._ensure_default_security_group_handler-338272', 'neutron.services.ovn_l3.plugin.OVNL3RouterPlugin._port_update-7793104568664', 'neutron.db.l3_db.L3_NAT_dbonly_mixin._prevent_internal_ip_change_for_fip-7793105506498'] for port (33d87341-92fa-4745-8acd-0a839857a186), before_update {{(pid=87675) _notify_loop /opt/stack/data/venv/lib/python3.12/site-packages/neutron_lib/callbacks/manager.py:184}}
Aug 24 15:04:16.467317 np0000007973 devstack@neutron-api.service[87676]: DEBUG neutron.db.provisioning_blocks [None req-ac608c3a-11ed-4a86-b9f1-318b9ec53c47 None None] Provisioning for port eadc4918-81f9-4573-b00b-40e18aa94649 completed by entity L2. {{(pid=87676) provisioning_complete /opt/stack/neutron/neutron/db/provisioning_blocks.py:133}}
Aug 24 15:04:16.476851 np0000007973 devstack@neutron-api.service[87676]: DEBUG neutron.db.provisioning_blocks [None req-ac608c3a-11ed-4a86-b9f1-318b9ec53c47 None None] Provisioning complete for port eadc4918-81f9-4573-b00b-40e18aa94649 triggered by entity L2. {{(pid=87676) provisioning_complete /opt/stack/neutron/neutron/db/provisioning_blocks.py:141}}
Aug 24 15:04:16.477089 np0000007973 devstack@neutron-api.service[87676]: DEBUG neutron_lib.callbacks.manager [None req-ac608c3a-11ed-4a86-b9f1-318b9ec53c47 None None] Publish callbacks ['neutron.plugins.ml2.plugin.Ml2Plugin._port_provisioned-411616'] for port (eadc4918-81f9-4573-b00b-40e18aa94649), provisioning_complete {{(pid=87676) _notify_loop /opt/stack/data/venv/lib/python3.12/site-packages/neutron_lib/callbacks/manager.py:184}}
Aug 24 15:04:16.477270 np0000007973 devstack@neutron-api.service[87676]: INFO neutron.plugins.ml2.plugin [None req-ac608c3a-11ed-4a86-b9f1-318b9ec53c47 None None] Attempt 1 to provision port eadc4918-81f9-4573-b00b-40e18aa94649
Aug 24 15:04:16.479870 np0000007973 devstack@neutron-api.service[87676]: INFO neutron.db.ovn_revision_numbers_db [None req-1e0c417c-e175-41bb-b84c-9f33b8494482 admin admin] Successfully bumped revision number for resource e261bc07-53e8-4b3e-bcb2-3490f6115a7c (type: router_ports) to 1
Aug 24 15:04:16.481103 np0000007973 devstack@neutron-api.service[87675]: INFO neutron.db.ovn_revision_numbers_db [None req-95e4d84e-53d1-4f38-9744-5cffad3324f8 admin admin] Successfully bumped revision number for resource eadc4918-81f9-4573-b00b-40e18aa94649 (type: router_ports) to 1
Aug 24 15:04:16.519319 np0000007973 devstack@neutron-api.service[87675]: DEBUG neutron.plugins.ml2.db [None req-d87cf72a-25e8-4d29-b4a2-eb1aed60b1d0 None None] For port 33d87341-92fa-4745-8acd-0a839857a186, host np0000007973, cleared binding levels {{(pid=87675) clear_binding_levels /opt/stack/neutron/neutron/plugins/ml2/db.py:87}}
Aug 24 15:04:16.521595 np0000007973 devstack@neutron-api.service[87674]: DEBUG neutron_lib.callbacks.manager [None req-934c57fe-a02d-4d0a-b951-efa56d7d6ba8 None None] Publish callbacks ['neutron.plugins.ml2.plugin.SecurityGroupDbMixin._ensure_default_security_group_handler-60266', 'neutron.services.ovn_l3.plugin.OVNL3RouterPlugin._port_update-7793104579134', 'neutron.db.l3_db.L3_NAT_dbonly_mixin._prevent_internal_ip_change_for_fip-7793105506478'] for port (eadc4918-81f9-4573-b00b-40e18aa94649), before_update {{(pid=87674) _notify_loop /opt/stack/data/venv/lib/python3.12/site-packages/neutron_lib/callbacks/manager.py:184}}
Aug 24 15:04:16.542903 np0000007973 devstack@neutron-api.service[87675]: DEBUG neutron.plugins.ml2.db [None req-d87cf72a-25e8-4d29-b4a2-eb1aed60b1d0 None None] For port 33d87341-92fa-4745-8acd-0a839857a186, host np0000007973, set binding levels [PortBindingLevel(driver='ovn',host='np0000007973',level=0,port_id=33d87341-92fa-4745-8acd-0a839857a186,segment=NetworkSegment(25b616c0-3a09-47c5-8eab-a95799f58285),segment_id=25b616c0-3a09-47c5-8eab-a95799f58285)] {{(pid=87675) set_binding_levels /opt/stack/neutron/neutron/plugins/ml2/db.py:59}}
Aug 24 15:04:16.546758 np0000007973 devstack@neutron-api.service[87675]: DEBUG neutron.plugins.ml2.drivers.ovn.mech_driver.mech_driver [None req-d87cf72a-25e8-4d29-b4a2-eb1aed60b1d0 None None] No provisioning block for port 33d87341-92fa-4745-8acd-0a839857a186 since host unchanged {{(pid=87675) _is_port_provisioning_required /opt/stack/neutron/neutron/plugins/ml2/drivers/ovn/mech_driver/mech_driver.py:882}}
Aug 24 15:04:16.558779 np0000007973 devstack@neutron-api.service[87676]: DEBUG neutron_lib.callbacks.manager [None req-82c911cc-acbe-4786-988d-eda5b4a8c646 None None] Publish callbacks ['neutron.plugins.ml2.plugin.SecurityGroupDbMixin._ensure_default_security_group_handler-240458', 'neutron.services.ovn_l3.plugin.OVNL3RouterPlugin._port_update-7793104566606', 'neutron.db.l3_db.L3_NAT_dbonly_mixin._prevent_internal_ip_change_for_fip-7793105507502'] for port (e261bc07-53e8-4b3e-bcb2-3490f6115a7c), before_update {{(pid=87676) _notify_loop /opt/stack/data/venv/lib/python3.12/site-packages/neutron_lib/callbacks/manager.py:184}}
Aug 24 15:04:16.568253 np0000007973 devstack@neutron-api.service[87676]: DEBUG neutron.plugins.ml2.plugin [None req-ac608c3a-11ed-4a86-b9f1-318b9ec53c47 None None] Port eadc4918-81f9-4573-b00b-40e18aa94649 cannot update to ACTIVE because it is not bound. {{(pid=87676) _port_provisioned /opt/stack/neutron/neutron/plugins/ml2/plugin.py:393}}
Aug 24 15:04:16.573775 np0000007973 devstack@neutron-api.service[87674]: DEBUG neutron_lib.callbacks.manager [None req-23ab518b-2241-479f-9c00-8605877db98a admin admin] Publish callbacks ['neutron.services.ovn_l3.service_providers.ovn.OvnDriver._process_router_create-26525'] for router (de87ce32-c78e-4c16-b191-94bbcc96458b), after_create {{(pid=87674) _notify_loop /opt/stack/data/venv/lib/python3.12/site-packages/neutron_lib/callbacks/manager.py:184}}
Aug 24 15:04:16.618664 np0000007973 devstack@neutron-api.service[87675]: INFO neutron.db.ovn_revision_numbers_db [None req-95e4d84e-53d1-4f38-9744-5cffad3324f8 admin admin] Successfully bumped revision number for resource 7608b91a-5490-4cd3-be9a-c437dc11625a (type: routers) to 2
Aug 24 15:04:16.637150 np0000007973 devstack@neutron-api.service[87675]: DEBUG neutron_lib.callbacks.manager [None req-95e4d84e-53d1-4f38-9744-5cffad3324f8 admin admin] Publish callbacks [] for router (None), before_response {{(pid=87675) _notify_loop /opt/stack/data/venv/lib/python3.12/site-packages/neutron_lib/callbacks/manager.py:184}}
Aug 24 15:04:16.637670 np0000007973 devstack@neutron-api.service[87675]: [pid: 87675|app: 0|req: 20/59] 10.4.3.77 () {68 vars in 1267 bytes} [Mon Aug 24 15:04:14 2026] POST /networking/v2.0/routers => generated 1154 bytes in 1900 msecs (HTTP/1.1 201) 4 headers in 163 bytes (1 switches on core 0)
Aug 24 15:04:16.648789 np0000007973 devstack@neutron-api.service[87675]: DEBUG neutron.api.v2.base [None req-38b4972a-866a-44aa-b2e4-7dee46905041 admin admin] Request body: {'router': {'name': 'tempest-AttachSCSIVolumeTestJSON-1963117311-router', 'project_id': 'ff944da4ab6141b0a7a6d27524d88f2b', 'external_gateway_info': {'network_id': '46f6527d-3d17-4473-a775-955c245e130a'}}} {{(pid=87675) prepare_request_body /opt/stack/neutron/neutron/api/v2/base.py:727}}
Aug 24 15:04:16.654374 np0000007973 devstack@neutron-api.service[87675]: DEBUG neutron_lib.callbacks.manager [None req-d87cf72a-25e8-4d29-b4a2-eb1aed60b1d0 None None] Publish callbacks ['neutron.plugins.ml2.ovo_rpc._ObjectChangeHandler.handle_event-7899960', 'neutron.services.ovn_l3.plugin.OVNL3RouterPlugin._port_update-7793104568664'] for port (33d87341-92fa-4745-8acd-0a839857a186), after_update {{(pid=87675) _notify_loop /opt/stack/data/venv/lib/python3.12/site-packages/neutron_lib/callbacks/manager.py:184}}
Aug 24 15:04:16.677788 np0000007973 devstack@neutron-api.service[87676]: INFO neutron.db.ovn_revision_numbers_db [None req-1e0c417c-e175-41bb-b84c-9f33b8494482 admin admin] Successfully bumped revision number for resource 9b2885ef-7af2-4c0b-8b8c-1ceb8348e02a (type: routers) to 2
Aug 24 15:04:16.679494 np0000007973 devstack@neutron-api.service[87675]: DEBUG neutron_lib.callbacks.manager [None req-38b4972a-866a-44aa-b2e4-7dee46905041 admin admin] Publish callbacks ['neutron.services.ovn_l3.service_providers.driver_controller.DriverController._check_router_request-759788'] for router (9380871d-717f-4d25-bb60-9a6d6a8c894a), before_create {{(pid=87675) _notify_loop /opt/stack/data/venv/lib/python3.12/site-packages/neutron_lib/callbacks/manager.py:184}}
Aug 24 15:04:16.680322 np0000007973 devstack@neutron-api.service[87675]: DEBUG neutron_lib.callbacks.manager [None req-38b4972a-866a-44aa-b2e4-7dee46905041 admin admin] Publish callbacks ['neutron.services.ovn_l3.service_providers.ovn.OVN_L3_HA_db_mixin._precommit_router_create-23408', 'neutron.services.ovn_l3.plugin.RouterAvailabilityZoneMixin._process_az_request-7942651', 'neutron.services.ovn_l3.plugin.ExtraGatewaysDbOnlyMixin._process_bfd_ecmp_create-588419', 'neutron.services.ovn_l3.service_providers.ovn.OvnDriver._process_router_create_precommit-23402', 'neutron.services.ovn_l3.service_providers.driver_controller.DriverController._set_router_provider-759762'] for router (9380871d-717f-4d25-bb60-9a6d6a8c894a), precommit_create {{(pid=87675) _notify_loop /opt/stack/data/venv/lib/python3.12/site-packages/neutron_lib/callbacks/manager.py:184}}
Aug 24 15:04:16.697790 np0000007973 devstack@neutron-api.service[87675]: DEBUG neutron.db.ovn_revision_numbers_db [None req-38b4972a-866a-44aa-b2e4-7dee46905041 admin admin] create_initial_revision uuid=9380871d-717f-4d25-bb60-9a6d6a8c894a, type=routers, rev=-1 {{(pid=87675) create_initial_revision /opt/stack/neutron/neutron/db/ovn_revision_numbers_db.py:98}}
Aug 24 15:04:16.704858 np0000007973 devstack@neutron-api.service[87676]: DEBUG neutron_lib.callbacks.manager [None req-1e0c417c-e175-41bb-b84c-9f33b8494482 admin admin] Publish callbacks [] for router (None), before_response {{(pid=87676) _notify_loop /opt/stack/data/venv/lib/python3.12/site-packages/neutron_lib/callbacks/manager.py:184}}
Aug 24 15:04:16.708546 np0000007973 devstack@neutron-api.service[87676]: [pid: 87676|app: 0|req: 20/60] 10.4.3.77 () {68 vars in 1267 bytes} [Mon Aug 24 15:04:15 2026] POST /networking/v2.0/routers => generated 1157 bytes in 1699 msecs (HTTP/1.1 201) 4 headers in 163 bytes (1 switches on core 0)
Aug 24 15:04:16.710316 np0000007973 devstack@neutron-api.service[87675]: DEBUG neutron.api.rpc.handlers.resources_rpc [None req-d87cf72a-25e8-4d29-b4a2-eb1aed60b1d0 None None] Pushing event updated for resources: {'Port': ['ID=33d87341-92fa-4745-8acd-0a839857a186,revision_number=4']} {{(pid=87675) push /opt/stack/neutron/neutron/api/rpc/handlers/resources_rpc.py:237}}
Aug 24 15:04:16.720829 np0000007973 devstack@neutron-api.service[87676]: DEBUG neutron.api.v2.base [None req-af851312-694d-4002-a379-42e96db2e88e admin admin] Request body: {'router': {'name': 'tempest-ServerActionsTestOtherB-1150314989-router', 'project_id': 'd8eb2f1962fa46e4908d50f00c908141', 'external_gateway_info': {'network_id': '46f6527d-3d17-4473-a775-955c245e130a'}}} {{(pid=87676) prepare_request_body /opt/stack/neutron/neutron/api/v2/base.py:727}}
Aug 24 15:04:16.744810 np0000007973 devstack@neutron-api.service[87675]: DEBUG neutron_lib.callbacks.manager [None req-38b4972a-866a-44aa-b2e4-7dee46905041 admin admin] Publish callbacks [] for router_controller (9380871d-717f-4d25-bb60-9a6d6a8c894a), precommit_add_association {{(pid=87675) _notify_loop /opt/stack/data/venv/lib/python3.12/site-packages/neutron_lib/callbacks/manager.py:184}}
Aug 24 15:04:16.748001 np0000007973 devstack@neutron-api.service[87676]: DEBUG neutron_lib.callbacks.manager [None req-af851312-694d-4002-a379-42e96db2e88e admin admin] Publish callbacks ['neutron.services.ovn_l3.service_providers.driver_controller.DriverController._check_router_request-61141'] for router (8a7529ae-f42d-4ea4-b32b-409ee98af087), before_create {{(pid=87676) _notify_loop /opt/stack/data/venv/lib/python3.12/site-packages/neutron_lib/callbacks/manager.py:184}}
Aug 24 15:04:16.749822 np0000007973 devstack@neutron-api.service[87676]: DEBUG neutron_lib.callbacks.manager [None req-af851312-694d-4002-a379-42e96db2e88e admin admin] Publish callbacks ['neutron.services.ovn_l3.service_providers.ovn.OVN_L3_HA_db_mixin._precommit_router_create-9073', 'neutron.services.ovn_l3.plugin.RouterAvailabilityZoneMixin._process_az_request-6641770', 'neutron.services.ovn_l3.plugin.ExtraGatewaysDbOnlyMixin._process_bfd_ecmp_create-1348336', 'neutron.services.ovn_l3.service_providers.ovn.OvnDriver._process_router_create_precommit-9087', 'neutron.services.ovn_l3.service_providers.driver_controller.DriverController._set_router_provider-61151'] for router (8a7529ae-f42d-4ea4-b32b-409ee98af087), precommit_create {{(pid=87676) _notify_loop /opt/stack/data/venv/lib/python3.12/site-packages/neutron_lib/callbacks/manager.py:184}}
Aug 24 15:04:16.768801 np0000007973 devstack@neutron-api.service[87676]: DEBUG neutron.db.ovn_revision_numbers_db [None req-af851312-694d-4002-a379-42e96db2e88e admin admin] create_initial_revision uuid=8a7529ae-f42d-4ea4-b32b-409ee98af087, type=routers, rev=-1 {{(pid=87676) create_initial_revision /opt/stack/neutron/neutron/db/ovn_revision_numbers_db.py:98}}
Aug 24 15:04:16.774410 np0000007973 devstack@neutron-api.service[87674]: DEBUG neutron_lib.callbacks.manager [None req-934c57fe-a02d-4d0a-b951-efa56d7d6ba8 None None] Publish callbacks [] for port (eadc4918-81f9-4573-b00b-40e18aa94649), precommit_update {{(pid=87674) _notify_loop /opt/stack/data/venv/lib/python3.12/site-packages/neutron_lib/callbacks/manager.py:184}}
Aug 24 15:04:16.789000 np0000007973 devstack@neutron-api.service[87674]: DEBUG neutron.db.provisioning_blocks [None req-934c57fe-a02d-4d0a-b951-efa56d7d6ba8 None None] Transition to ACTIVE for port object eadc4918-81f9-4573-b00b-40e18aa94649 will not be triggered until provisioned by entity L2. {{(pid=87674) add_provisioning_component /opt/stack/neutron/neutron/db/provisioning_blocks.py:74}}
Aug 24 15:04:16.805633 np0000007973 devstack@neutron-api.service[87676]: DEBUG neutron_lib.callbacks.manager [None req-af851312-694d-4002-a379-42e96db2e88e admin admin] Publish callbacks [] for router_controller (8a7529ae-f42d-4ea4-b32b-409ee98af087), precommit_add_association {{(pid=87676) _notify_loop /opt/stack/data/venv/lib/python3.12/site-packages/neutron_lib/callbacks/manager.py:184}}
Aug 24 15:04:16.856962 np0000007973 devstack@neutron-api.service[87675]: DEBUG neutron_lib.callbacks.manager [None req-38b4972a-866a-44aa-b2e4-7dee46905041 admin admin] Publish callbacks [] for router_gateway (9380871d-717f-4d25-bb60-9a6d6a8c894a), precommit_update {{(pid=87675) _notify_loop /opt/stack/data/venv/lib/python3.12/site-packages/neutron_lib/callbacks/manager.py:184}}
Aug 24 15:04:16.867357 np0000007973 devstack@neutron-api.service[87676]: DEBUG neutron_lib.callbacks.manager [None req-82c911cc-acbe-4786-988d-eda5b4a8c646 None None] Publish callbacks [] for port (e261bc07-53e8-4b3e-bcb2-3490f6115a7c), precommit_update {{(pid=87676) _notify_loop /opt/stack/data/venv/lib/python3.12/site-packages/neutron_lib/callbacks/manager.py:184}}
Aug 24 15:04:16.873934 np0000007973 devstack@neutron-api.service[87674]: DEBUG neutron_lib.callbacks.manager [None req-934c57fe-a02d-4d0a-b951-efa56d7d6ba8 None None] Publish callbacks ['neutron.plugins.ml2.ovo_rpc._ObjectChangeHandler.handle_event-7468290', 'neutron.services.ovn_l3.plugin.OVNL3RouterPlugin._port_update-7793104579134'] for port (eadc4918-81f9-4573-b00b-40e18aa94649), after_update {{(pid=87674) _notify_loop /opt/stack/data/venv/lib/python3.12/site-packages/neutron_lib/callbacks/manager.py:184}}
Aug 24 15:04:16.888337 np0000007973 devstack@neutron-api.service[87676]: DEBUG neutron.db.provisioning_blocks [None req-82c911cc-acbe-4786-988d-eda5b4a8c646 None None] Transition to ACTIVE for port object e261bc07-53e8-4b3e-bcb2-3490f6115a7c will not be triggered until provisioned by entity L2. {{(pid=87676) add_provisioning_component /opt/stack/neutron/neutron/db/provisioning_blocks.py:74}}
Aug 24 15:04:16.900025 np0000007973 devstack@neutron-api.service[87675]: DEBUG neutron.plugins.ml2.drivers.ovn.mech_driver.ovsdb.commands [None req-d87cf72a-25e8-4d29-b4a2-eb1aed60b1d0 None None] Converting tag [] to a tag_request {{(pid=87675) _tag_column_to_tag_request /opt/stack/neutron/neutron/plugins/ml2/drivers/ovn/mech_driver/ovsdb/commands.py:227}}
Aug 24 15:04:16.902148 np0000007973 devstack@neutron-api.service[87675]: DEBUG ovsdbapp.backend.ovs_idl.transaction [None req-79ae8f3d-75ff-45e9-820c-771f124a1214 None None] Running txn afe227e5 n=1 command(idx=0): CheckRevisionNumberCommand(_result=None, name=33d87341-92fa-4745-8acd-0a839857a186, resource={'id': '33d87341-92fa-4745-8acd-0a839857a186', 'name': '', 'network_id': '46f6527d-3d17-4473-a775-955c245e130a', 'project_id': '', 'mac_address': 'fa:16:3e:cc:68:76', 'admin_state_up': True, 'status': 'DOWN', 'device_id': 'bee20640-d024-4d7e-8fd8-b52b9b6bfaaa', 'device_owner': 'network:router_gateway', 'standard_attr_id': 98, 'fixed_ips': [{'subnet_id': '327251e4-9715-475d-bfc0-15b9e1c79d27', 'ip_address': '172.24.5.90'}, {'subnet_id': '0a4493b0-4a1b-4ad9-bd0b-91e2b69927d8', 'ip_address': '2001:db8::35d'}], 'allowed_address_pairs': [], 'extra_dhcp_opts': [], 'security_groups': [], 'description': '', 'binding:vnic_type': 'normal', 'binding:profile': {}, 'binding:host_id': 'np0000007973', 'binding:vif_type': 'ovs', 'binding:vif_details': {'port_filter': True, 'connectivity': 'l2', 'ovs_create_tap': True, 'bridge_name': 'br-int', 'datapath_type': 'system', 'bound_drivers': {'0': 'ovn'}}, 'port_security_enabled': False, 'tags': [], 'created_at': '2026-08-24T15:04:14Z', 'updated_at': '2026-08-24T15:04:16Z', 'revision_number': 4, 'tenant_id': '', 'network': {'id': '46f6527d-3d17-4473-a775-955c245e130a', 'name': 'public', 'tenant_id': '31900794768e44aa8f437a712a254b69', 'project_id': '31900794768e44aa8f437a712a254b69', 'admin_state_up': True, 'mtu': 1430, 'status': 'ACTIVE', 'subnets': ['0a4493b0-4a1b-4ad9-bd0b-91e2b69927d8', '327251e4-9715-475d-bfc0-15b9e1c79d27'], 'standard_attr_id': 18, 'shared': False, 'availability_zone_hints': [], 'availability_zones': [], 'ipv4_address_scope': None, 'ipv6_address_scope': None, 'router:external': True, 'qinq': False, 'vlan_transparent': False, 'description': '', 'port_security_enabled': True, 'is_default': True, 'tags': [], 'created_at': '2026-08-24T15:01:47Z', 'updated_at': '2026-08-24T15:01:55Z', 'revision_number': 3, 'provider:network_type': 'flat', 'provider:physical_network': 'public', 'provider:segmentation_id': None}}, resource_type=ports, if_exists=True) {{(pid=87675) do_commit /opt/stack/data/venv/lib/python3.12/site-packages/ovsdbapp/backend/ovs_idl/transaction.py:91}}
Aug 24 15:04:16.902641 np0000007973 devstack@neutron-api.service[87675]: DEBUG ovsdbapp.backend.ovs_idl.transaction [None req-79ae8f3d-75ff-45e9-820c-771f124a1214 None None] Running txn afe227e5 n=1 command(idx=1): SetLSwitchPortCommand(_result=None, lport=33d87341-92fa-4745-8acd-0a839857a186, external_ids_update=None, columns={'external_ids': {'neutron:port_name': '', 'neutron:device_id': 'bee20640-d024-4d7e-8fd8-b52b9b6bfaaa', 'neutron:project_id': '', 'neutron:cidrs': '172.24.5.90/24 2001:db8::35d/64', 'neutron:device_owner': 'network:router_gateway', 'neutron:subnet_pool_addr_scope4': '', 'neutron:subnet_pool_addr_scope6': '', 'neutron:network_name': 'neutron-46f6527d-3d17-4473-a775-955c245e130a', 'neutron:security_group_ids': '', 'neutron:revision_number': '4', 'neutron:vnic_type': 'normal', 'neutron:port_capabilities': '', 'neutron:mtu': ''}, 'parent_name': [], 'options': {'requested-chassis': 'np0000007973', 'exclude-lb-vips-from-garp': 'true', 'nat-addresses': 'router', 'router-port': 'lrp-33d87341-92fa-4745-8acd-0a839857a186'}, 'enabled': True, 'port_security': [], 'dhcpv4_options': [], 'dhcpv6_options': [], 'type': 'router', 'ha_chassis_group': [], 'tag_request': []}, if_exists=False) {{(pid=87675) do_commit /opt/stack/data/venv/lib/python3.12/site-packages/ovsdbapp/backend/ovs_idl/transaction.py:91}}
Aug 24 15:04:16.904084 np0000007973 devstack@neutron-api.service[87675]: DEBUG ovsdbapp.backend.ovs_idl.transaction [None req-79ae8f3d-75ff-45e9-820c-771f124a1214 None None] Running txn afe227e5 n=1 command(idx=2): PgDelPortCommand(_result=None, port_group=neutron_pg_drop, lsp=['33d87341-92fa-4745-8acd-0a839857a186'], if_exists=False) {{(pid=87675) do_commit /opt/stack/data/venv/lib/python3.12/site-packages/ovsdbapp/backend/ovs_idl/transaction.py:91}}
Aug 24 15:04:16.908732 np0000007973 devstack@neutron-api.service[87675]: DEBUG ovsdbapp.backend.ovs_idl.transaction [None req-79ae8f3d-75ff-45e9-820c-771f124a1214 None None] txn afe227e5 succeeded {{(pid=87675) do_commit /opt/stack/data/venv/lib/python3.12/site-packages/ovsdbapp/backend/ovs_idl/transaction.py:137}}
Aug 24 15:04:16.917563 np0000007973 devstack@neutron-api.service[87674]: DEBUG neutron.plugins.ml2.drivers.ovn.mech_driver.ovsdb.ovsdb_monitor [None req-e31d4ff1-fadb-478c-bfd2-0746dedd7d13 None None] Hash Ring: Node a9d7a76529205751b9324f886006a713 (host: np0000007973) handling event "update" for row e8e9b73f-e3fd-4269-82df-41ac77549b0b (table: Logical_Switch_Port) {{(pid=87674) notify /opt/stack/neutron/neutron/plugins/ml2/drivers/ovn/mech_driver/ovsdb/ovsdb_monitor.py:1099}}
Aug 24 15:04:16.922869 np0000007973 devstack@neutron-api.service[87674]: DEBUG neutron.plugins.ml2.drivers.ovn.mech_driver.ovsdb.ovsdb_monitor [None req-b2e8b1a3-9088-40ed-85fa-6bf4b86644ba None None] Hash Ring: Node a9d7a76529205751b9324f886006a713 (host: np0000007973) handling event "update" for row 15e5715a-8895-4a0b-8905-e517f75bcd44 (table: Port_Binding) {{(pid=87674) notify /opt/stack/neutron/neutron/plugins/ml2/drivers/ovn/mech_driver/ovsdb/ovsdb_monitor.py:1099}}
Aug 24 15:04:16.926012 np0000007973 devstack@neutron-api.service[87674]: DEBUG neutron.api.rpc.handlers.resources_rpc [None req-804a339a-1fba-41f8-a757-789beedd6493 None None] Pushing event updated for resources: {'Port': ['ID=eadc4918-81f9-4573-b00b-40e18aa94649,revision_number=2']} {{(pid=87674) push /opt/stack/neutron/neutron/api/rpc/handlers/resources_rpc.py:237}}
Aug 24 15:04:16.927049 np0000007973 devstack@neutron-api.service[87676]: DEBUG neutron_lib.callbacks.manager [None req-af851312-694d-4002-a379-42e96db2e88e admin admin] Publish callbacks [] for router_gateway (8a7529ae-f42d-4ea4-b32b-409ee98af087), precommit_update {{(pid=87676) _notify_loop /opt/stack/data/venv/lib/python3.12/site-packages/neutron_lib/callbacks/manager.py:184}}
Aug 24 15:04:16.981438 np0000007973 devstack@neutron-api.service[87675]: INFO neutron.db.ovn_revision_numbers_db [None req-d87cf72a-25e8-4d29-b4a2-eb1aed60b1d0 None None] Successfully bumped revision number for resource 33d87341-92fa-4745-8acd-0a839857a186 (type: ports) to 4
