Jun 11 21:15:00.947129 np0000002675 nova-scheduler[95696]: DEBUG cotyledon.oslo_config_glue [-] oslo_limit.endpoint_id = None {{(pid=95696) log_opt_values /opt/stack/data/venv/lib/python3.12/site-packages/oslo_config/cfg.py:3256}}
Jun 11 21:15:00.947158 np0000002675 nova-scheduler[95696]: DEBUG cotyledon.oslo_config_glue [-] oslo_limit.endpoint_interface = public {{(pid=95696) log_opt_values /opt/stack/data/venv/lib/python3.12/site-packages/oslo_config/cfg.py:3256}}
Jun 11 21:15:00.947183 np0000002675 nova-scheduler[95696]: DEBUG cotyledon.oslo_config_glue [-] oslo_limit.endpoint_override = None {{(pid=95696) log_opt_values /opt/stack/data/venv/lib/python3.12/site-packages/oslo_config/cfg.py:3256}}
Jun 11 21:15:00.947222 np0000002675 nova-scheduler[95696]: DEBUG cotyledon.oslo_config_glue [-] oslo_limit.endpoint_region_name = None {{(pid=95696) log_opt_values /opt/stack/data/venv/lib/python3.12/site-packages/oslo_config/cfg.py:3256}}
Jun 11 21:15:00.947272 np0000002675 nova-scheduler[95696]: DEBUG cotyledon.oslo_config_glue [-] oslo_limit.endpoint_service_name = None {{(pid=95696) log_opt_values /opt/stack/data/venv/lib/python3.12/site-packages/oslo_config/cfg.py:3256}}
Jun 11 21:15:00.947309 np0000002675 nova-scheduler[95696]: DEBUG cotyledon.oslo_config_glue [-] oslo_limit.endpoint_service_type = None {{(pid=95696) log_opt_values /opt/stack/data/venv/lib/python3.12/site-packages/oslo_config/cfg.py:3256}}
Jun 11 21:15:00.947332 np0000002675 nova-scheduler[95696]: DEBUG cotyledon.oslo_config_glue [-] oslo_limit.insecure = False {{(pid=95696) log_opt_values /opt/stack/data/venv/lib/python3.12/site-packages/oslo_config/cfg.py:3256}}
Jun 11 21:15:00.947356 np0000002675 nova-scheduler[95696]: DEBUG cotyledon.oslo_config_glue [-] oslo_limit.keyfile = None {{(pid=95696) log_opt_values /opt/stack/data/venv/lib/python3.12/site-packages/oslo_config/cfg.py:3256}}
Jun 11 21:15:00.947398 np0000002675 nova-scheduler[95696]: DEBUG cotyledon.oslo_config_glue [-] oslo_limit.max_version = None {{(pid=95696) log_opt_values /opt/stack/data/venv/lib/python3.12/site-packages/oslo_config/cfg.py:3256}}
Jun 11 21:15:00.947433 np0000002675 nova-scheduler[95696]: DEBUG cotyledon.oslo_config_glue [-] oslo_limit.min_version = None {{(pid=95696) log_opt_values /opt/stack/data/venv/lib/python3.12/site-packages/oslo_config/cfg.py:3256}}
Jun 11 21:15:00.947459 np0000002675 nova-scheduler[95696]: DEBUG cotyledon.oslo_config_glue [-] oslo_limit.region_name = None {{(pid=95696) log_opt_values /opt/stack/data/venv/lib/python3.12/site-packages/oslo_config/cfg.py:3256}}
Jun 11 21:15:00.947493 np0000002675 nova-scheduler[95696]: DEBUG cotyledon.oslo_config_glue [-] oslo_limit.retriable_status_codes = None {{(pid=95696) log_opt_values /opt/stack/data/venv/lib/python3.12/site-packages/oslo_config/cfg.py:3256}}
Jun 11 21:15:00.947574 np0000002675 nova-scheduler[95696]: DEBUG cotyledon.oslo_config_glue [-] oslo_limit.service_name = None {{(pid=95696) log_opt_values /opt/stack/data/venv/lib/python3.12/site-packages/oslo_config/cfg.py:3256}}
Jun 11 21:15:00.947648 np0000002675 nova-scheduler[95696]: DEBUG cotyledon.oslo_config_glue [-] oslo_limit.service_type = None {{(pid=95696) log_opt_values /opt/stack/data/venv/lib/python3.12/site-packages/oslo_config/cfg.py:3256}}
Jun 11 21:15:00.947698 np0000002675 nova-scheduler[95696]: DEBUG cotyledon.oslo_config_glue [-] oslo_limit.split_loggers = False {{(pid=95696) log_opt_values /opt/stack/data/venv/lib/python3.12/site-packages/oslo_config/cfg.py:3256}}
Jun 11 21:15:00.947727 np0000002675 nova-scheduler[95696]: DEBUG cotyledon.oslo_config_glue [-] oslo_limit.status_code_retries = None {{(pid=95696) log_opt_values /opt/stack/data/venv/lib/python3.12/site-packages/oslo_config/cfg.py:3256}}
Jun 11 21:15:00.947764 np0000002675 nova-scheduler[95696]: DEBUG cotyledon.oslo_config_glue [-] oslo_limit.status_code_retry_delay = None {{(pid=95696) log_opt_values /opt/stack/data/venv/lib/python3.12/site-packages/oslo_config/cfg.py:3256}}
Jun 11 21:15:00.947792 np0000002675 nova-scheduler[95696]: DEBUG cotyledon.oslo_config_glue [-] oslo_limit.timeout = None {{(pid=95696) log_opt_values /opt/stack/data/venv/lib/python3.12/site-packages/oslo_config/cfg.py:3256}}
Jun 11 21:15:00.947828 np0000002675 nova-scheduler[95696]: DEBUG cotyledon.oslo_config_glue [-] oslo_limit.valid_interfaces = None {{(pid=95696) log_opt_values /opt/stack/data/venv/lib/python3.12/site-packages/oslo_config/cfg.py:3256}}
Jun 11 21:15:00.947855 np0000002675 nova-scheduler[95696]: DEBUG cotyledon.oslo_config_glue [-] oslo_limit.version = None {{(pid=95696) log_opt_values /opt/stack/data/venv/lib/python3.12/site-packages/oslo_config/cfg.py:3256}}
Jun 11 21:15:00.947916 np0000002675 nova-scheduler[95696]: DEBUG cotyledon.oslo_config_glue [-] oslo_reports.file_event_handler = None {{(pid=95696) log_opt_values /opt/stack/data/venv/lib/python3.12/site-packages/oslo_config/cfg.py:3256}}
Jun 11 21:15:00.947966 np0000002675 nova-scheduler[95696]: DEBUG cotyledon.oslo_config_glue [-] oslo_reports.file_event_handler_interval = 1 {{(pid=95696) log_opt_values /opt/stack/data/venv/lib/python3.12/site-packages/oslo_config/cfg.py:3256}}
Jun 11 21:15:00.948003 np0000002675 nova-scheduler[95696]: DEBUG cotyledon.oslo_config_glue [-] oslo_reports.log_dir = None {{(pid=95696) log_opt_values /opt/stack/data/venv/lib/python3.12/site-packages/oslo_config/cfg.py:3256}}
Jun 11 21:15:00.948064 np0000002675 nova-scheduler[95696]: DEBUG cotyledon.oslo_config_glue [-] ******************************************************************************** {{(pid=95696) log_opt_values /opt/stack/data/venv/lib/python3.12/site-packages/oslo_config/cfg.py:3263}}
Jun 11 21:15:00.948221 np0000002675 nova-scheduler[95696]: DEBUG cotyledon._service_worker [-] Run service ServiceWrapper(2) [95696] {{(pid=95696) wait_forever /opt/stack/data/venv/lib/python3.12/site-packages/cotyledon/_service_worker.py:218}}
Jun 11 21:15:00.949467 np0000002675 nova-scheduler[95696]: INFO nova.service [-] Starting scheduler node (version 33.1.0)
Jun 11 21:15:00.954737 np0000002675 nova-scheduler[95696]: INFO dbcounter [None req-9d82209b-04fd-433d-a9a8-e41c4cc9c249 None None] Registered counter for database nova_cell0
Jun 11 21:15:00.958165 np0000002675 nova-scheduler[95692]: DEBUG oslo_db.sqlalchemy.engines [None req-f86e37ac-d545-4a58-9b20-fab46f50ea0a None None] MySQL server mode set to STRICT_TRANS_TABLES,STRICT_ALL_TABLES,NO_ZERO_IN_DATE,NO_ZERO_DATE,ERROR_FOR_DIVISION_BY_ZERO,TRADITIONAL,NO_ENGINE_SUBSTITUTION {{(pid=95692) _check_effective_sql_mode /opt/stack/data/venv/lib/python3.12/site-packages/oslo_db/sqlalchemy/engines.py:325}}
Jun 11 21:15:00.967721 np0000002675 nova-scheduler[95694]: DEBUG oslo_db.sqlalchemy.engines [None req-83ca5d01-fb3b-4e81-9f55-884516e862ea None None] MySQL server mode set to STRICT_TRANS_TABLES,STRICT_ALL_TABLES,NO_ZERO_IN_DATE,NO_ZERO_DATE,ERROR_FOR_DIVISION_BY_ZERO,TRADITIONAL,NO_ENGINE_SUBSTITUTION {{(pid=95694) _check_effective_sql_mode /opt/stack/data/venv/lib/python3.12/site-packages/oslo_db/sqlalchemy/engines.py:325}}
Jun 11 21:15:00.970546 np0000002675 nova-scheduler[95692]: DEBUG dbcounter [-] [95692] Writer thread running {{(pid=95692) stat_writer /opt/stack/data/venv/lib/python3.12/site-packages/dbcounter.py:102}}
Jun 11 21:15:00.979607 np0000002675 nova-scheduler[95694]: DEBUG dbcounter [-] [95694] Writer thread running {{(pid=95694) stat_writer /opt/stack/data/venv/lib/python3.12/site-packages/dbcounter.py:102}}
Jun 11 21:15:00.983912 np0000002675 nova-scheduler[95692]: DEBUG nova.service [None req-f86e37ac-d545-4a58-9b20-fab46f50ea0a None None] Creating RPC server for service: nova-scheduler on topic: scheduler {{(pid=95692) start /opt/stack/nova/nova/service.py:196}}
Jun 11 21:15:00.994202 np0000002675 nova-scheduler[95694]: DEBUG nova.service [None req-83ca5d01-fb3b-4e81-9f55-884516e862ea None None] Creating RPC server for service: nova-scheduler on topic: scheduler {{(pid=95694) start /opt/stack/nova/nova/service.py:196}}
Jun 11 21:15:01.004041 np0000002675 nova-scheduler[95696]: DEBUG oslo_db.sqlalchemy.engines [None req-9d82209b-04fd-433d-a9a8-e41c4cc9c249 None None] MySQL server mode set to STRICT_TRANS_TABLES,STRICT_ALL_TABLES,NO_ZERO_IN_DATE,NO_ZERO_DATE,ERROR_FOR_DIVISION_BY_ZERO,TRADITIONAL,NO_ENGINE_SUBSTITUTION {{(pid=95696) _check_effective_sql_mode /opt/stack/data/venv/lib/python3.12/site-packages/oslo_db/sqlalchemy/engines.py:325}}
Jun 11 21:15:01.013453 np0000002675 nova-scheduler[95696]: DEBUG dbcounter [-] [95696] Writer thread running {{(pid=95696) stat_writer /opt/stack/data/venv/lib/python3.12/site-packages/dbcounter.py:102}}
Jun 11 21:15:01.016802 np0000002675 nova-scheduler[95696]: DEBUG nova.service [None req-9d82209b-04fd-433d-a9a8-e41c4cc9c249 None None] Creating RPC server for service: nova-scheduler on topic: scheduler {{(pid=95696) start /opt/stack/nova/nova/service.py:196}}
Jun 11 21:15:01.019262 np0000002675 nova-scheduler[95692]: DEBUG nova.service [None req-f86e37ac-d545-4a58-9b20-fab46f50ea0a None None] Join ServiceGroup membership for this service scheduler {{(pid=95692) start /opt/stack/nova/nova/service.py:222}}
Jun 11 21:15:01.019424 np0000002675 nova-scheduler[95692]: DEBUG nova.servicegroup.drivers.db [None req-f86e37ac-d545-4a58-9b20-fab46f50ea0a None None] DB_Driver: join new ServiceGroup member np0000002675 to the scheduler group, service = {{(pid=95692) join /opt/stack/nova/nova/servicegroup/drivers/db.py:44}}
Jun 11 21:15:01.026119 np0000002675 nova-scheduler[95694]: DEBUG nova.service [None req-83ca5d01-fb3b-4e81-9f55-884516e862ea None None] Join ServiceGroup membership for this service scheduler {{(pid=95694) start /opt/stack/nova/nova/service.py:222}}
Jun 11 21:15:01.026301 np0000002675 nova-scheduler[95694]: DEBUG nova.servicegroup.drivers.db [None req-83ca5d01-fb3b-4e81-9f55-884516e862ea None None] DB_Driver: join new ServiceGroup member np0000002675 to the scheduler group, service = {{(pid=95694) join /opt/stack/nova/nova/servicegroup/drivers/db.py:44}}
Jun 11 21:15:01.035201 np0000002675 nova-scheduler[95696]: DEBUG nova.service [None req-9d82209b-04fd-433d-a9a8-e41c4cc9c249 None None] Join ServiceGroup membership for this service scheduler {{(pid=95696) start /opt/stack/nova/nova/service.py:222}}
Jun 11 21:15:01.035542 np0000002675 nova-scheduler[95696]: DEBUG nova.servicegroup.drivers.db [None req-9d82209b-04fd-433d-a9a8-e41c4cc9c249 None None] DB_Driver: join new ServiceGroup member np0000002675 to the scheduler group, service = {{(pid=95696) join /opt/stack/nova/nova/servicegroup/drivers/db.py:44}}
Jun 11 21:15:02.037197 np0000002675 nova-scheduler[95696]: DEBUG oslo.service.backend._threading.loopingcall [None req-e59d881f-9403-4dca-91cb-2a8c105d5480 None None] Dynamic interval looping call 'nova.service.Service.periodic_tasks' sleeping for 60.00 seconds {{(pid=95696) _run_loop /opt/stack/data/venv/lib/python3.12/site-packages/oslo_service/backend/_threading/loopingcall.py:125}}
Jun 11 21:15:06.033430 np0000002675 nova-scheduler[95692]: DEBUG oslo.service.backend._threading.loopingcall [-] Fixed interval looping call 'nova.servicegroup.drivers.db.DbDriver._report_state' sleeping for 119.99 seconds {{(pid=95692) _run_loop /opt/stack/data/venv/lib/python3.12/site-packages/oslo_service/backend/_threading/loopingcall.py:125}}
Jun 11 21:15:06.034677 np0000002675 nova-scheduler[95694]: DEBUG oslo.service.backend._threading.loopingcall [-] Fixed interval looping call 'nova.servicegroup.drivers.db.DbDriver._report_state' sleeping for 119.99 seconds {{(pid=95694) _run_loop /opt/stack/data/venv/lib/python3.12/site-packages/oslo_service/backend/_threading/loopingcall.py:125}}
Jun 11 21:15:06.047138 np0000002675 nova-scheduler[95696]: DEBUG oslo.service.backend._threading.loopingcall [-] Fixed interval looping call 'nova.servicegroup.drivers.db.DbDriver._report_state' sleeping for 119.99 seconds {{(pid=95696) _run_loop /opt/stack/data/venv/lib/python3.12/site-packages/oslo_service/backend/_threading/loopingcall.py:125}}
Jun 11 21:15:09.560053 np0000002675 nova-scheduler[94427]: DEBUG dbcounter [-] [94427] Writing DB stats nova_api:SELECT=3 {{(pid=94427) stat_writer /opt/stack/data/venv/lib/python3.12/site-packages/dbcounter.py:115}}
Jun 11 21:15:09.689132 np0000002675 nova-scheduler[94427]: DEBUG dbcounter [-] [94427] Writing DB stats nova_cell0:SELECT=1 {{(pid=94427) stat_writer /opt/stack/data/venv/lib/python3.12/site-packages/dbcounter.py:115}}
Jun 11 21:15:09.693035 np0000002675 nova-scheduler[94427]: DEBUG dbcounter [-] [94427] Writing DB stats nova_cell1:SELECT=1 {{(pid=94427) stat_writer /opt/stack/data/venv/lib/python3.12/site-packages/dbcounter.py:115}}
Jun 11 21:15:16.029105 np0000002675 nova-scheduler[95692]: DEBUG dbcounter [-] [95692] Writing DB stats nova_cell0:SELECT=4,nova_cell0:INSERT=1,nova_cell0:UPDATE=1 {{(pid=95692) stat_writer /opt/stack/data/venv/lib/python3.12/site-packages/dbcounter.py:115}}
Jun 11 21:15:16.037551 np0000002675 nova-scheduler[95694]: DEBUG dbcounter [-] [95694] Writing DB stats nova_cell0:SELECT=4,nova_cell0:INSERT=1,nova_cell0:UPDATE=1 {{(pid=95694) stat_writer /opt/stack/data/venv/lib/python3.12/site-packages/dbcounter.py:115}}
Jun 11 21:15:16.043379 np0000002675 nova-scheduler[95696]: DEBUG dbcounter [-] [95696] Writing DB stats nova_cell0:SELECT=3 {{(pid=95696) stat_writer /opt/stack/data/venv/lib/python3.12/site-packages/dbcounter.py:115}}
Jun 11 21:15:47.021358 np0000002675 nova-scheduler[95692]: DEBUG oslo.service.backend._threading.loopingcall [None req-ee543e14-4aee-4d2c-b7a5-1649a862b337 None None] Dynamic interval looping call 'nova.service.Service.periodic_tasks' sleeping for 60.00 seconds {{(pid=95692) _run_loop /opt/stack/data/venv/lib/python3.12/site-packages/oslo_service/backend/_threading/loopingcall.py:125}}
Jun 11 21:15:56.028766 np0000002675 nova-scheduler[95694]: DEBUG oslo.service.backend._threading.loopingcall [None req-7d24d746-6bea-4da2-a296-80017e319935 None None] Dynamic interval looping call 'nova.service.Service.periodic_tasks' sleeping for 60.00 seconds {{(pid=95694) _run_loop /opt/stack/data/venv/lib/python3.12/site-packages/oslo_service/backend/_threading/loopingcall.py:125}}
Jun 11 21:16:02.037724 np0000002675 nova-scheduler[95696]: DEBUG oslo.service.backend._threading.loopingcall [None req-e59d881f-9403-4dca-91cb-2a8c105d5480 None None] Dynamic interval looping call 'nova.service.Service.periodic_tasks' sleeping for 60.00 seconds {{(pid=95696) _run_loop /opt/stack/data/venv/lib/python3.12/site-packages/oslo_service/backend/_threading/loopingcall.py:125}}
Jun 11 21:16:47.021864 np0000002675 nova-scheduler[95692]: DEBUG oslo.service.backend._threading.loopingcall [None req-ee543e14-4aee-4d2c-b7a5-1649a862b337 None None] Dynamic interval looping call 'nova.service.Service.periodic_tasks' sleeping for 60.00 seconds {{(pid=95692) _run_loop /opt/stack/data/venv/lib/python3.12/site-packages/oslo_service/backend/_threading/loopingcall.py:125}}
Jun 11 21:16:56.029229 np0000002675 nova-scheduler[95694]: DEBUG oslo.service.backend._threading.loopingcall [None req-7d24d746-6bea-4da2-a296-80017e319935 None None] Dynamic interval looping call 'nova.service.Service.periodic_tasks' sleeping for 60.00 seconds {{(pid=95694) _run_loop /opt/stack/data/venv/lib/python3.12/site-packages/oslo_service/backend/_threading/loopingcall.py:125}}
Jun 11 21:17:02.038463 np0000002675 nova-scheduler[95696]: DEBUG oslo.service.backend._threading.loopingcall [None req-e59d881f-9403-4dca-91cb-2a8c105d5480 None None] Dynamic interval looping call 'nova.service.Service.periodic_tasks' sleeping for 60.00 seconds {{(pid=95696) _run_loop /opt/stack/data/venv/lib/python3.12/site-packages/oslo_service/backend/_threading/loopingcall.py:125}}
Jun 11 21:17:06.030578 np0000002675 nova-scheduler[95692]: DEBUG oslo.service.backend._threading.loopingcall [-] Fixed interval looping call 'nova.servicegroup.drivers.db.DbDriver._report_state' sleeping for 119.99 seconds {{(pid=95692) _run_loop /opt/stack/data/venv/lib/python3.12/site-packages/oslo_service/backend/_threading/loopingcall.py:125}}
Jun 11 21:17:06.031004 np0000002675 nova-scheduler[95694]: DEBUG oslo.service.backend._threading.loopingcall [-] Fixed interval looping call 'nova.servicegroup.drivers.db.DbDriver._report_state' sleeping for 119.99 seconds {{(pid=95694) _run_loop /opt/stack/data/venv/lib/python3.12/site-packages/oslo_service/backend/_threading/loopingcall.py:125}}
Jun 11 21:17:06.040974 np0000002675 nova-scheduler[95696]: DEBUG oslo.service.backend._threading.loopingcall [-] Fixed interval looping call 'nova.servicegroup.drivers.db.DbDriver._report_state' sleeping for 120.00 seconds {{(pid=95696) _run_loop /opt/stack/data/venv/lib/python3.12/site-packages/oslo_service/backend/_threading/loopingcall.py:125}}
Jun 11 21:17:16.026925 np0000002675 nova-scheduler[95692]: DEBUG dbcounter [-] [95692] Writing DB stats nova_cell0:SELECT=1,nova_cell0:UPDATE=1 {{(pid=95692) stat_writer /opt/stack/data/venv/lib/python3.12/site-packages/dbcounter.py:115}}
Jun 11 21:17:16.028215 np0000002675 nova-scheduler[95694]: DEBUG dbcounter [-] [95694] Writing DB stats nova_cell0:SELECT=1,nova_cell0:UPDATE=1 {{(pid=95694) stat_writer /opt/stack/data/venv/lib/python3.12/site-packages/dbcounter.py:115}}
Jun 11 21:17:16.039224 np0000002675 nova-scheduler[95696]: DEBUG dbcounter [-] [95696] Writing DB stats nova_cell0:SELECT=1 {{(pid=95696) stat_writer /opt/stack/data/venv/lib/python3.12/site-packages/dbcounter.py:115}}
Jun 11 21:17:36.959738 np0000002675 nova-scheduler[95692]: DEBUG nova.scheduler.manager [None req-2e2ccaba-f93a-4637-8905-12b3283edd5a tempest-DeleteServersTestJSON-320773388 tempest-DeleteServersTestJSON-320773388-project-member] Starting to schedule for instances: ['0e0ee420-bd7f-4f5f-879d-7332b15c26bc'] {{(pid=95692) select_destinations /opt/stack/nova/nova/scheduler/manager.py:210}}
Jun 11 21:17:36.960673 np0000002675 nova-scheduler[95692]: DEBUG nova.scheduler.request_filter [None req-2e2ccaba-f93a-4637-8905-12b3283edd5a tempest-DeleteServersTestJSON-320773388 tempest-DeleteServersTestJSON-320773388-project-member] compute_status_filter request filter added forbidden trait COMPUTE_STATUS_DISABLED {{(pid=95692) compute_status_filter /opt/stack/nova/nova/scheduler/request_filter.py:253}}
Jun 11 21:17:36.960673 np0000002675 nova-scheduler[95692]: DEBUG nova.scheduler.request_filter [None req-2e2ccaba-f93a-4637-8905-12b3283edd5a tempest-DeleteServersTestJSON-320773388 tempest-DeleteServersTestJSON-320773388-project-member] Request filter 'compute_status_filter' took 0.0 seconds {{(pid=95692) wrapper /opt/stack/nova/nova/scheduler/request_filter.py:46}}
Jun 11 21:17:36.960852 np0000002675 nova-scheduler[95692]: DEBUG nova.scheduler.request_filter [None req-2e2ccaba-f93a-4637-8905-12b3283edd5a tempest-DeleteServersTestJSON-320773388 tempest-DeleteServersTestJSON-320773388-project-member] Request filter 'accelerators_filter' took 0.0 seconds {{(pid=95692) wrapper /opt/stack/nova/nova/scheduler/request_filter.py:46}}
Jun 11 21:17:36.961677 np0000002675 nova-scheduler[95692]: DEBUG nova.scheduler.request_filter [None req-2e2ccaba-f93a-4637-8905-12b3283edd5a tempest-DeleteServersTestJSON-320773388 tempest-DeleteServersTestJSON-320773388-project-member] Request filter 'packed_virtqueue_filter' took 0.0 seconds {{(pid=95692) wrapper /opt/stack/nova/nova/scheduler/request_filter.py:46}}
Jun 11 21:17:36.962158 np0000002675 nova-scheduler[95692]: DEBUG nova.scheduler.request_filter [None req-2e2ccaba-f93a-4637-8905-12b3283edd5a tempest-DeleteServersTestJSON-320773388 tempest-DeleteServersTestJSON-320773388-project-member] Request filter 'remote_managed_ports_filter' took 0.0 seconds {{(pid=95692) wrapper /opt/stack/nova/nova/scheduler/request_filter.py:46}}
Jun 11 21:17:36.962354 np0000002675 nova-scheduler[95692]: DEBUG nova.scheduler.request_filter [None req-2e2ccaba-f93a-4637-8905-12b3283edd5a tempest-DeleteServersTestJSON-320773388 tempest-DeleteServersTestJSON-320773388-project-member] ephemeral_encryption_filter skipped {{(pid=95692) ephemeral_encryption_filter /opt/stack/nova/nova/scheduler/request_filter.py:426}}
Jun 11 21:17:36.962544 np0000002675 nova-scheduler[95692]: DEBUG nova.scheduler.request_filter [None req-2e2ccaba-f93a-4637-8905-12b3283edd5a tempest-DeleteServersTestJSON-320773388 tempest-DeleteServersTestJSON-320773388-project-member] virtio_sound_filter skipped {{(pid=95692) virtio_sound_filter /opt/stack/nova/nova/scheduler/request_filter.py:460}}
Jun 11 21:17:36.963730 np0000002675 nova-scheduler[95692]: DEBUG nova.scheduler.request_filter [None req-2e2ccaba-f93a-4637-8905-12b3283edd5a tempest-DeleteServersTestJSON-320773388 tempest-DeleteServersTestJSON-320773388-project-member] tpm_secret_security_filter skipped {{(pid=95692) tpm_secret_security_filter /opt/stack/nova/nova/scheduler/request_filter.py:477}}
Jun 11 21:17:37.509174 np0000002675 nova-scheduler[95692]: INFO nova.utils [None req-2e2ccaba-f93a-4637-8905-12b3283edd5a tempest-DeleteServersTestJSON-320773388 tempest-DeleteServersTestJSON-320773388-project-member] The cell worker thread pool ForkProcess-1.cell_worker is initialized
Jun 11 21:17:37.509573 np0000002675 nova-scheduler[95692]: DEBUG oslo_concurrency.lockutils [None req-2e2ccaba-f93a-4637-8905-12b3283edd5a tempest-DeleteServersTestJSON-320773388 tempest-DeleteServersTestJSON-320773388-project-member] Acquiring lock "9fbf1961-53da-4b54-bc84-0f9d4b29107d" by "nova.context.set_target_cell..get_or_set_cached_cell_and_set_connections" {{(pid=95692) inner /opt/stack/data/venv/lib/python3.12/site-packages/oslo_concurrency/lockutils.py:511}}
Jun 11 21:17:37.510648 np0000002675 nova-scheduler[95692]: DEBUG oslo_concurrency.lockutils [None req-2e2ccaba-f93a-4637-8905-12b3283edd5a tempest-DeleteServersTestJSON-320773388 tempest-DeleteServersTestJSON-320773388-project-member] Lock "9fbf1961-53da-4b54-bc84-0f9d4b29107d" acquired by "nova.context.set_target_cell..get_or_set_cached_cell_and_set_connections" :: waited 0.000s {{(pid=95692) inner /opt/stack/data/venv/lib/python3.12/site-packages/oslo_concurrency/lockutils.py:524}}
Jun 11 21:17:37.512497 np0000002675 nova-scheduler[95692]: DEBUG oslo_concurrency.lockutils [None req-2e2ccaba-f93a-4637-8905-12b3283edd5a tempest-DeleteServersTestJSON-320773388 tempest-DeleteServersTestJSON-320773388-project-member] Lock "9fbf1961-53da-4b54-bc84-0f9d4b29107d" "released" by "nova.context.set_target_cell..get_or_set_cached_cell_and_set_connections" :: held 0.001s {{(pid=95692) inner /opt/stack/data/venv/lib/python3.12/site-packages/oslo_concurrency/lockutils.py:543}}
Jun 11 21:17:37.514652 np0000002675 nova-scheduler[95692]: INFO dbcounter [None req-2e2ccaba-f93a-4637-8905-12b3283edd5a tempest-DeleteServersTestJSON-320773388 tempest-DeleteServersTestJSON-320773388-project-member] Registered counter for database nova_cell1
Jun 11 21:17:37.557983 np0000002675 nova-scheduler[95692]: DEBUG oslo_db.sqlalchemy.engines [None req-2e2ccaba-f93a-4637-8905-12b3283edd5a tempest-DeleteServersTestJSON-320773388 tempest-DeleteServersTestJSON-320773388-project-member] MySQL server mode set to STRICT_TRANS_TABLES,STRICT_ALL_TABLES,NO_ZERO_IN_DATE,NO_ZERO_DATE,ERROR_FOR_DIVISION_BY_ZERO,TRADITIONAL,NO_ENGINE_SUBSTITUTION {{(pid=95692) _check_effective_sql_mode /opt/stack/data/venv/lib/python3.12/site-packages/oslo_db/sqlalchemy/engines.py:325}}
Jun 11 21:17:37.565738 np0000002675 nova-scheduler[95692]: DEBUG dbcounter [-] [95692] Writer thread running {{(pid=95692) stat_writer /opt/stack/data/venv/lib/python3.12/site-packages/dbcounter.py:102}}
Jun 11 21:17:37.574678 np0000002675 nova-scheduler[95692]: DEBUG oslo_db.sqlalchemy.engines [None req-2e2ccaba-f93a-4637-8905-12b3283edd5a tempest-DeleteServersTestJSON-320773388 tempest-DeleteServersTestJSON-320773388-project-member] Parent process 94427 forked (95692) with an open database connection, which is being discarded and recreated. {{(pid=95692) checkout /opt/stack/data/venv/lib/python3.12/site-packages/oslo_db/sqlalchemy/engines.py:402}}
Jun 11 21:17:37.619619 np0000002675 nova-scheduler[95692]: DEBUG dbcounter [-] [95692] Writer thread running {{(pid=95692) stat_writer /opt/stack/data/venv/lib/python3.12/site-packages/dbcounter.py:102}}
Jun 11 21:17:37.622228 np0000002675 nova-scheduler[95692]: DEBUG oslo_concurrency.lockutils [None req-2e2ccaba-f93a-4637-8905-12b3283edd5a tempest-DeleteServersTestJSON-320773388 tempest-DeleteServersTestJSON-320773388-project-member] Acquiring lock "9fbf1961-53da-4b54-bc84-0f9d4b29107d" by "nova.context.set_target_cell..get_or_set_cached_cell_and_set_connections" {{(pid=95692) inner /opt/stack/data/venv/lib/python3.12/site-packages/oslo_concurrency/lockutils.py:511}}
Jun 11 21:17:37.622404 np0000002675 nova-scheduler[95692]: DEBUG oslo_concurrency.lockutils [None req-2e2ccaba-f93a-4637-8905-12b3283edd5a tempest-DeleteServersTestJSON-320773388 tempest-DeleteServersTestJSON-320773388-project-member] Lock "9fbf1961-53da-4b54-bc84-0f9d4b29107d" acquired by "nova.context.set_target_cell..get_or_set_cached_cell_and_set_connections" :: waited 0.000s {{(pid=95692) inner /opt/stack/data/venv/lib/python3.12/site-packages/oslo_concurrency/lockutils.py:524}}
Jun 11 21:17:37.622569 np0000002675 nova-scheduler[95692]: DEBUG oslo_concurrency.lockutils [None req-2e2ccaba-f93a-4637-8905-12b3283edd5a tempest-DeleteServersTestJSON-320773388 tempest-DeleteServersTestJSON-320773388-project-member] Lock "9fbf1961-53da-4b54-bc84-0f9d4b29107d" "released" by "nova.context.set_target_cell..get_or_set_cached_cell_and_set_connections" :: held 0.000s {{(pid=95692) inner /opt/stack/data/venv/lib/python3.12/site-packages/oslo_concurrency/lockutils.py:543}}
Jun 11 21:17:37.625495 np0000002675 nova-scheduler[95692]: DEBUG oslo_concurrency.lockutils [None req-2e2ccaba-f93a-4637-8905-12b3283edd5a tempest-DeleteServersTestJSON-320773388 tempest-DeleteServersTestJSON-320773388-project-member] Acquiring lock "('np0000002675', 'np0000002675')" by "nova.scheduler.host_manager.HostState.update.._locked_update" {{(pid=95692) inner /opt/stack/data/venv/lib/python3.12/site-packages/oslo_concurrency/lockutils.py:511}}
Jun 11 21:17:37.625664 np0000002675 nova-scheduler[95692]: DEBUG oslo_concurrency.lockutils [None req-2e2ccaba-f93a-4637-8905-12b3283edd5a tempest-DeleteServersTestJSON-320773388 tempest-DeleteServersTestJSON-320773388-project-member] Lock "('np0000002675', 'np0000002675')" acquired by "nova.scheduler.host_manager.HostState.update.._locked_update" :: waited 0.000s {{(pid=95692) inner /opt/stack/data/venv/lib/python3.12/site-packages/oslo_concurrency/lockutils.py:524}}
Jun 11 21:17:37.626544 np0000002675 nova-scheduler[95692]: DEBUG nova.scheduler.host_manager [None req-2e2ccaba-f93a-4637-8905-12b3283edd5a tempest-DeleteServersTestJSON-320773388 tempest-DeleteServersTestJSON-320773388-project-member] Update host state from compute node: ComputeNode(cpu_allocation_ratio=4.0,cpu_info='{"arch": "x86_64", "model": "EPYC-Milan", "vendor": "AMD", "topology": {"cells": 1, "sockets": 12, "cores": 1, "threads": 1}, "maxphysaddr": {"mode": "emulate", "bits": 40}, "features": ["amd-psfd", "sse4.1", "vgif", "fpu", "no-nested-data-bp", "nx", "pae", "pclmuldq", "xgetbv1", "mds-no", "sep", "de", "flushbyasid", "nrip-save", "vme", "popcnt", "smap", "msr", "mmx", "cr8legacy", "pdpe1gb", "skip-l1dfl-vmentry", "vpclmulqdq", "sha-ni", "ibpb", "avx", "amd-stibp", "spec-ctrl", "fxsr_opt", "rdrand", "clflushopt", "rdctl-no", "amd-ssbd", "lfence-always-serializing", "rdtscp", "virt-ssbd", "mtrr", "syscall", "mmxext", "lbrv", "smep", "rdpid", "pat", "abm", "fsgsbase", "topoext", "apic", "sse4.2", "vaes", "pse36", "ssse3", "tsc-scale", "cx16", "lm", "adx", "pku", "stibp", "clwb", "vmcb-clean", "v-vmsave-vmload", "movbe", "perfctr_core", "null-sel-clr-base", "tsc", "avx2", "invpcid", "npt", "ibrs", "svm", "arat", "clzero", "cmp_legacy", "sse2", "gds-no", "pause-filter", "bmi1", "hypervisor", "mca", "cx8", "xsaveerptr", "pse", "arch-capabilities", "xsave", "fxsr", "x2apic", "erms", "osvw", "pge", "ssbd", "cmov", "pfthreshold", "clflush", "wbnoinvd", "umip", "svme-addr-chk", "mce", "misalignsse", "tsc_adjust", "lahf_lm", "stibp-always-on", "aes", "tsc-deadline", "xsaves", "f16c", "3dnowprefetch", "sse", "pcid", "rdseed", "xsaveopt", "fma", "pni", "pschange-mc-no", "bmi2", "xsavec", "fsrm", "sse4a"]}',created_at=2026-06-11T21:15:26Z,current_workload=0,deleted=False,deleted_at=None,disk_allocation_ratio=1.0,disk_available_least=74,free_disk_gb=95,free_ram_mb=23518,host='np0000002675',host_ip=10.4.3.228,hypervisor_hostname='np0000002675',hypervisor_type='QEMU',hypervisor_version=8002002,id=1,local_gb=95,local_gb_used=0,mapped=1,memory_mb=24030,memory_mb_used=512,metrics='[]',numa_topology='{"nova_object.name": "NUMATopology", "nova_object.namespace": "nova", "nova_object.version": "1.2", "nova_object.data": {"cells": [{"nova_object.name": "NUMACell", "nova_object.namespace": "nova", "nova_object.version": "1.5", "nova_object.data": {"id": 0, "cpuset": [0, 1, 2, 3, 4, 5, 6, 7, 8, 9, 10, 11], "pcpuset": [0, 1, 2, 3, 4, 5, 6, 7, 8, 9, 10, 11], "memory": 24030, "cpu_usage": 0, "memory_usage": 0, "pinned_cpus": [], "siblings": [[6], [2], [5], [11], [8], [4], [1], [7], [10], [0], [3], [9]], "mempages": [{"nova_object.name": "NUMAPagesTopology", "nova_object.namespace": "nova", "nova_object.version": "1.1", "nova_object.data": {"size_kb": 4, "total": 6151798, "used": 0, "reserved": 0}, "nova_object.changes": ["size_kb", "total", "reserved", "used"]}, {"nova_object.name": "NUMAPagesTopology", "nova_object.namespace": "nova", "nova_object.version": "1.1", "nova_object.data": {"size_kb": 2048, "total": 0, "used": 0, "reserved": 0}, "nova_object.changes": ["size_kb", "total", "reserved", "used"]}, {"nova_object.name": "NUMAPagesTopology", "nova_object.namespace": "nova", "nova_object.version": "1.1", "nova_object.data": {"size_kb": 1048576, "total": 0, "used": 0, "reserved": 0}, "nova_object.changes": ["size_kb", "total", "reserved", "used"]}], "network_metadata": {"nova_object.name": "NetworkMetadata", "nova_object.namespace": "nova", "nova_object.version": "1.0", "nova_object.data": {"physnets": [], "tunneled": false}, "nova_object.changes": ["physnets", "tunneled"]}, "socket": null}, "nova_object.changes": ["memory", "socket", "memory_usage", "pcpuset", "siblings", "cpu_usage", "mempages", "pinned_cpus", "network_metadata", "id", "cpuset"]}]}, "nova_object.changes": ["cells"]}',pci_device_pools=PciDevicePoolList,ram_allocation_ratio=1.0,running_vms=0,service_id=2,stats={failed_builds='0',uptime=' 21:17:11 up 24 min, 2 users, load average: 1.16, 1.26, 0.75
Jun 11 21:17:37.626544 np0000002675 nova-scheduler[95692]: '},supported_hv_specs=[HVSpec,HVSpec,HVSpec,HVSpec,HVSpec,HVSpec,HVSpec,HVSpec,HVSpec,HVSpec,HVSpec,HVSpec,HVSpec,HVSpec,HVSpec,HVSpec,HVSpec,HVSpec,HVSpec,HVSpec,HVSpec,HVSpec,HVSpec,HVSpec,HVSpec],updated_at=2026-06-11T21:17:13Z,uuid=5c778995-1f54-499d-ac4a-fc2650744737,vcpus=12,vcpus_used=0) {{(pid=95692) _locked_update /opt/stack/nova/nova/scheduler/host_manager.py:168}}
Jun 11 21:17:37.627273 np0000002675 nova-scheduler[95692]: DEBUG nova.scheduler.host_manager [None req-2e2ccaba-f93a-4637-8905-12b3283edd5a tempest-DeleteServersTestJSON-320773388 tempest-DeleteServersTestJSON-320773388-project-member] Update host state with aggregates: [] {{(pid=95692) _locked_update /opt/stack/nova/nova/scheduler/host_manager.py:171}}
Jun 11 21:17:37.627414 np0000002675 nova-scheduler[95692]: DEBUG nova.scheduler.host_manager [None req-2e2ccaba-f93a-4637-8905-12b3283edd5a tempest-DeleteServersTestJSON-320773388 tempest-DeleteServersTestJSON-320773388-project-member] Update host state with service dict: {'id': 2, 'uuid': '467ed416-ea3a-406a-b5d6-8e2a0343f4e5', 'host': 'np0000002675', 'binary': 'nova-compute', 'topic': 'compute', 'report_count': 2, 'disabled': False, 'disabled_reason': None, 'last_seen_up': datetime.datetime(2026, 6, 11, 21, 17, 34, tzinfo=datetime.timezone.utc), 'forced_down': False, 'version': 72, 'created_at': datetime.datetime(2026, 6, 11, 21, 15, 24, tzinfo=datetime.timezone.utc), 'updated_at': datetime.datetime(2026, 6, 11, 21, 17, 34, tzinfo=datetime.timezone.utc), 'deleted_at': None, 'deleted': False} {{(pid=95692) _locked_update /opt/stack/nova/nova/scheduler/host_manager.py:174}}
Jun 11 21:17:37.627560 np0000002675 nova-scheduler[95692]: DEBUG nova.scheduler.host_manager [None req-2e2ccaba-f93a-4637-8905-12b3283edd5a tempest-DeleteServersTestJSON-320773388 tempest-DeleteServersTestJSON-320773388-project-member] Update host state with instances: [] {{(pid=95692) _locked_update /opt/stack/nova/nova/scheduler/host_manager.py:177}}
Jun 11 21:17:37.627760 np0000002675 nova-scheduler[95692]: DEBUG oslo_concurrency.lockutils [None req-2e2ccaba-f93a-4637-8905-12b3283edd5a tempest-DeleteServersTestJSON-320773388 tempest-DeleteServersTestJSON-320773388-project-member] Lock "('np0000002675', 'np0000002675')" "released" by "nova.scheduler.host_manager.HostState.update.._locked_update" :: held 0.002s {{(pid=95692) inner /opt/stack/data/venv/lib/python3.12/site-packages/oslo_concurrency/lockutils.py:543}}
Jun 11 21:17:37.628940 np0000002675 nova-scheduler[95692]: DEBUG nova.filters [None req-2e2ccaba-f93a-4637-8905-12b3283edd5a tempest-DeleteServersTestJSON-320773388 tempest-DeleteServersTestJSON-320773388-project-member] Starting with 1 host(s) {{(pid=95692) get_filtered_objects /opt/stack/nova/nova/filters.py:70}}
Jun 11 21:17:37.629356 np0000002675 nova-scheduler[95692]: DEBUG nova.filters [None req-2e2ccaba-f93a-4637-8905-12b3283edd5a tempest-DeleteServersTestJSON-320773388 tempest-DeleteServersTestJSON-320773388-project-member] Filter ComputeFilter returned 1 host(s) {{(pid=95692) get_filtered_objects /opt/stack/nova/nova/filters.py:102}}
Jun 11 21:17:37.629356 np0000002675 nova-scheduler[95692]: DEBUG nova.filters [None req-2e2ccaba-f93a-4637-8905-12b3283edd5a tempest-DeleteServersTestJSON-320773388 tempest-DeleteServersTestJSON-320773388-project-member] Filter ComputeCapabilitiesFilter returned 1 host(s) {{(pid=95692) get_filtered_objects /opt/stack/nova/nova/filters.py:102}}
Jun 11 21:17:37.629490 np0000002675 nova-scheduler[95692]: DEBUG nova.filters [None req-2e2ccaba-f93a-4637-8905-12b3283edd5a tempest-DeleteServersTestJSON-320773388 tempest-DeleteServersTestJSON-320773388-project-member] Filter ImagePropertiesFilter returned 1 host(s) {{(pid=95692) get_filtered_objects /opt/stack/nova/nova/filters.py:102}}
Jun 11 21:17:37.629654 np0000002675 nova-scheduler[95692]: DEBUG nova.filters [None req-2e2ccaba-f93a-4637-8905-12b3283edd5a tempest-DeleteServersTestJSON-320773388 tempest-DeleteServersTestJSON-320773388-project-member] Filter ServerGroupAntiAffinityFilter returned 1 host(s) {{(pid=95692) get_filtered_objects /opt/stack/nova/nova/filters.py:102}}
Jun 11 21:17:37.632545 np0000002675 nova-scheduler[95692]: DEBUG nova.filters [None req-2e2ccaba-f93a-4637-8905-12b3283edd5a tempest-DeleteServersTestJSON-320773388 tempest-DeleteServersTestJSON-320773388-project-member] Filter ServerGroupAffinityFilter returned 1 host(s) {{(pid=95692) get_filtered_objects /opt/stack/nova/nova/filters.py:102}}
Jun 11 21:17:37.632545 np0000002675 nova-scheduler[95692]: DEBUG nova.filters [None req-2e2ccaba-f93a-4637-8905-12b3283edd5a tempest-DeleteServersTestJSON-320773388 tempest-DeleteServersTestJSON-320773388-project-member] Filter SameHostFilter returned 1 host(s) {{(pid=95692) get_filtered_objects /opt/stack/nova/nova/filters.py:102}}
Jun 11 21:17:37.632545 np0000002675 nova-scheduler[95692]: DEBUG nova.filters [None req-2e2ccaba-f93a-4637-8905-12b3283edd5a tempest-DeleteServersTestJSON-320773388 tempest-DeleteServersTestJSON-320773388-project-member] Filter DifferentHostFilter returned 1 host(s) {{(pid=95692) get_filtered_objects /opt/stack/nova/nova/filters.py:102}}
Jun 11 21:17:37.632545 np0000002675 nova-scheduler[95692]: DEBUG nova.scheduler.manager [None req-2e2ccaba-f93a-4637-8905-12b3283edd5a tempest-DeleteServersTestJSON-320773388 tempest-DeleteServersTestJSON-320773388-project-member] Filtered [(np0000002675, np0000002675) ram: 23518MB disk: 75776MB io_ops: 0 instances: 0, allocation_candidates: 1] {{(pid=95692) _get_sorted_hosts /opt/stack/nova/nova/scheduler/manager.py:743}}
Jun 11 21:17:37.632545 np0000002675 nova-scheduler[95692]: DEBUG nova.scheduler.manager [None req-2e2ccaba-f93a-4637-8905-12b3283edd5a tempest-DeleteServersTestJSON-320773388 tempest-DeleteServersTestJSON-320773388-project-member] Weighed [WeighedHost [host: (np0000002675, np0000002675) ram: 23518MB disk: 75776MB io_ops: 0 instances: 0, allocation_candidates: 1, weight: 0.0]] {{(pid=95692) _get_sorted_hosts /opt/stack/nova/nova/scheduler/manager.py:765}}
Jun 11 21:17:37.632545 np0000002675 nova-scheduler[95692]: DEBUG nova.scheduler.utils [None req-2e2ccaba-f93a-4637-8905-12b3283edd5a tempest-DeleteServersTestJSON-320773388 tempest-DeleteServersTestJSON-320773388-project-member] Attempting to claim resources in the placement API for instance 0e0ee420-bd7f-4f5f-879d-7332b15c26bc {{(pid=95692) claim_resources /opt/stack/nova/nova/scheduler/utils.py:1345}}
Jun 11 21:17:37.819630 np0000002675 nova-scheduler[95692]: DEBUG nova.scheduler.manager [None req-2e2ccaba-f93a-4637-8905-12b3283edd5a tempest-DeleteServersTestJSON-320773388 tempest-DeleteServersTestJSON-320773388-project-member] [instance: 0e0ee420-bd7f-4f5f-879d-7332b15c26bc] Selected host: (np0000002675, np0000002675) ram: 23518MB disk: 75776MB io_ops: 0 instances: 0, allocation_candidates: 1 {{(pid=95692) _consume_selected_host /opt/stack/nova/nova/scheduler/manager.py:625}}
Jun 11 21:17:37.821481 np0000002675 nova-scheduler[95692]: DEBUG oslo_concurrency.lockutils [None req-2e2ccaba-f93a-4637-8905-12b3283edd5a tempest-DeleteServersTestJSON-320773388 tempest-DeleteServersTestJSON-320773388-project-member] Acquiring lock "('np0000002675', 'np0000002675')" by "nova.scheduler.host_manager.HostState.consume_from_request.._locked" {{(pid=95692) inner /opt/stack/data/venv/lib/python3.12/site-packages/oslo_concurrency/lockutils.py:511}}
Jun 11 21:17:37.821481 np0000002675 nova-scheduler[95692]: DEBUG oslo_concurrency.lockutils [None req-2e2ccaba-f93a-4637-8905-12b3283edd5a tempest-DeleteServersTestJSON-320773388 tempest-DeleteServersTestJSON-320773388-project-member] Lock "('np0000002675', 'np0000002675')" acquired by "nova.scheduler.host_manager.HostState.consume_from_request.._locked" :: waited 0.000s {{(pid=95692) inner /opt/stack/data/venv/lib/python3.12/site-packages/oslo_concurrency/lockutils.py:524}}
Jun 11 21:17:37.821481 np0000002675 nova-scheduler[95692]: DEBUG oslo_concurrency.lockutils [None req-2e2ccaba-f93a-4637-8905-12b3283edd5a tempest-DeleteServersTestJSON-320773388 tempest-DeleteServersTestJSON-320773388-project-member] Lock "('np0000002675', 'np0000002675')" "released" by "nova.scheduler.host_manager.HostState.consume_from_request.._locked" :: held 0.000s {{(pid=95692) inner /opt/stack/data/venv/lib/python3.12/site-packages/oslo_concurrency/lockutils.py:543}}
Jun 11 21:17:38.915316 np0000002675 nova-scheduler[95694]: DEBUG nova.scheduler.manager [None req-c4c999e8-7a98-4e3a-a735-022d2a769d87 tempest-ServerRescueNegativeTestJSON-914750460 tempest-ServerRescueNegativeTestJSON-914750460-project-member] Starting to schedule for instances: ['cbb1d488-d608-4400-8dfc-6653033dfff2'] {{(pid=95694) select_destinations /opt/stack/nova/nova/scheduler/manager.py:210}}
Jun 11 21:17:38.916429 np0000002675 nova-scheduler[95694]: DEBUG nova.scheduler.request_filter [None req-c4c999e8-7a98-4e3a-a735-022d2a769d87 tempest-ServerRescueNegativeTestJSON-914750460 tempest-ServerRescueNegativeTestJSON-914750460-project-member] compute_status_filter request filter added forbidden trait COMPUTE_STATUS_DISABLED {{(pid=95694) compute_status_filter /opt/stack/nova/nova/scheduler/request_filter.py:253}}
Jun 11 21:17:38.916559 np0000002675 nova-scheduler[95694]: DEBUG nova.scheduler.request_filter [None req-c4c999e8-7a98-4e3a-a735-022d2a769d87 tempest-ServerRescueNegativeTestJSON-914750460 tempest-ServerRescueNegativeTestJSON-914750460-project-member] Request filter 'compute_status_filter' took 0.0 seconds {{(pid=95694) wrapper /opt/stack/nova/nova/scheduler/request_filter.py:46}}
Jun 11 21:17:38.916829 np0000002675 nova-scheduler[95694]: DEBUG nova.scheduler.request_filter [None req-c4c999e8-7a98-4e3a-a735-022d2a769d87 tempest-ServerRescueNegativeTestJSON-914750460 tempest-ServerRescueNegativeTestJSON-914750460-project-member] Request filter 'accelerators_filter' took 0.0 seconds {{(pid=95694) wrapper /opt/stack/nova/nova/scheduler/request_filter.py:46}}
Jun 11 21:17:38.917087 np0000002675 nova-scheduler[95694]: DEBUG nova.scheduler.request_filter [None req-c4c999e8-7a98-4e3a-a735-022d2a769d87 tempest-ServerRescueNegativeTestJSON-914750460 tempest-ServerRescueNegativeTestJSON-914750460-project-member] Request filter 'packed_virtqueue_filter' took 0.0 seconds {{(pid=95694) wrapper /opt/stack/nova/nova/scheduler/request_filter.py:46}}
Jun 11 21:17:38.917588 np0000002675 nova-scheduler[95694]: DEBUG nova.scheduler.request_filter [None req-c4c999e8-7a98-4e3a-a735-022d2a769d87 tempest-ServerRescueNegativeTestJSON-914750460 tempest-ServerRescueNegativeTestJSON-914750460-project-member] Request filter 'remote_managed_ports_filter' took 0.0 seconds {{(pid=95694) wrapper /opt/stack/nova/nova/scheduler/request_filter.py:46}}
Jun 11 21:17:38.918183 np0000002675 nova-scheduler[95694]: DEBUG nova.scheduler.request_filter [None req-c4c999e8-7a98-4e3a-a735-022d2a769d87 tempest-ServerRescueNegativeTestJSON-914750460 tempest-ServerRescueNegativeTestJSON-914750460-project-member] ephemeral_encryption_filter skipped {{(pid=95694) ephemeral_encryption_filter /opt/stack/nova/nova/scheduler/request_filter.py:426}}
Jun 11 21:17:38.918462 np0000002675 nova-scheduler[95694]: DEBUG nova.scheduler.request_filter [None req-c4c999e8-7a98-4e3a-a735-022d2a769d87 tempest-ServerRescueNegativeTestJSON-914750460 tempest-ServerRescueNegativeTestJSON-914750460-project-member] virtio_sound_filter skipped {{(pid=95694) virtio_sound_filter /opt/stack/nova/nova/scheduler/request_filter.py:460}}
Jun 11 21:17:38.918588 np0000002675 nova-scheduler[95694]: DEBUG nova.scheduler.request_filter [None req-c4c999e8-7a98-4e3a-a735-022d2a769d87 tempest-ServerRescueNegativeTestJSON-914750460 tempest-ServerRescueNegativeTestJSON-914750460-project-member] tpm_secret_security_filter skipped {{(pid=95694) tpm_secret_security_filter /opt/stack/nova/nova/scheduler/request_filter.py:477}}
Jun 11 21:17:39.027637 np0000002675 nova-scheduler[95694]: INFO nova.utils [None req-c4c999e8-7a98-4e3a-a735-022d2a769d87 tempest-ServerRescueNegativeTestJSON-914750460 tempest-ServerRescueNegativeTestJSON-914750460-project-member] The cell worker thread pool ForkProcess-2.cell_worker is initialized
Jun 11 21:17:39.027945 np0000002675 nova-scheduler[95694]: DEBUG oslo_concurrency.lockutils [None req-c4c999e8-7a98-4e3a-a735-022d2a769d87 tempest-ServerRescueNegativeTestJSON-914750460 tempest-ServerRescueNegativeTestJSON-914750460-project-member] Acquiring lock "9fbf1961-53da-4b54-bc84-0f9d4b29107d" by "nova.context.set_target_cell..get_or_set_cached_cell_and_set_connections" {{(pid=95694) inner /opt/stack/data/venv/lib/python3.12/site-packages/oslo_concurrency/lockutils.py:511}}
Jun 11 21:17:39.028088 np0000002675 nova-scheduler[95694]: DEBUG oslo_concurrency.lockutils [None req-c4c999e8-7a98-4e3a-a735-022d2a769d87 tempest-ServerRescueNegativeTestJSON-914750460 tempest-ServerRescueNegativeTestJSON-914750460-project-member] Lock "9fbf1961-53da-4b54-bc84-0f9d4b29107d" acquired by "nova.context.set_target_cell..get_or_set_cached_cell_and_set_connections" :: waited 0.000s {{(pid=95694) inner /opt/stack/data/venv/lib/python3.12/site-packages/oslo_concurrency/lockutils.py:524}}
Jun 11 21:17:39.029586 np0000002675 nova-scheduler[95694]: DEBUG oslo_concurrency.lockutils [None req-c4c999e8-7a98-4e3a-a735-022d2a769d87 tempest-ServerRescueNegativeTestJSON-914750460 tempest-ServerRescueNegativeTestJSON-914750460-project-member] Lock "9fbf1961-53da-4b54-bc84-0f9d4b29107d" "released" by "nova.context.set_target_cell..get_or_set_cached_cell_and_set_connections" :: held 0.002s {{(pid=95694) inner /opt/stack/data/venv/lib/python3.12/site-packages/oslo_concurrency/lockutils.py:543}}
Jun 11 21:17:39.031124 np0000002675 nova-scheduler[95694]: INFO dbcounter [None req-c4c999e8-7a98-4e3a-a735-022d2a769d87 tempest-ServerRescueNegativeTestJSON-914750460 tempest-ServerRescueNegativeTestJSON-914750460-project-member] Registered counter for database nova_cell1
Jun 11 21:17:39.093836 np0000002675 nova-scheduler[95694]: DEBUG oslo_db.sqlalchemy.engines [None req-c4c999e8-7a98-4e3a-a735-022d2a769d87 tempest-ServerRescueNegativeTestJSON-914750460 tempest-ServerRescueNegativeTestJSON-914750460-project-member] MySQL server mode set to STRICT_TRANS_TABLES,STRICT_ALL_TABLES,NO_ZERO_IN_DATE,NO_ZERO_DATE,ERROR_FOR_DIVISION_BY_ZERO,TRADITIONAL,NO_ENGINE_SUBSTITUTION {{(pid=95694) _check_effective_sql_mode /opt/stack/data/venv/lib/python3.12/site-packages/oslo_db/sqlalchemy/engines.py:325}}
Jun 11 21:17:39.100829 np0000002675 nova-scheduler[95694]: DEBUG dbcounter [-] [95694] Writer thread running {{(pid=95694) stat_writer /opt/stack/data/venv/lib/python3.12/site-packages/dbcounter.py:102}}
Jun 11 21:17:39.157195 np0000002675 nova-scheduler[95694]: DEBUG dbcounter [-] [95694] Writer thread running {{(pid=95694) stat_writer /opt/stack/data/venv/lib/python3.12/site-packages/dbcounter.py:102}}
Jun 11 21:17:39.160441 np0000002675 nova-scheduler[95694]: DEBUG oslo_concurrency.lockutils [None req-c4c999e8-7a98-4e3a-a735-022d2a769d87 tempest-ServerRescueNegativeTestJSON-914750460 tempest-ServerRescueNegativeTestJSON-914750460-project-member] Acquiring lock "9fbf1961-53da-4b54-bc84-0f9d4b29107d" by "nova.context.set_target_cell..get_or_set_cached_cell_and_set_connections" {{(pid=95694) inner /opt/stack/data/venv/lib/python3.12/site-packages/oslo_concurrency/lockutils.py:511}}
Jun 11 21:17:39.160593 np0000002675 nova-scheduler[95694]: DEBUG oslo_concurrency.lockutils [None req-c4c999e8-7a98-4e3a-a735-022d2a769d87 tempest-ServerRescueNegativeTestJSON-914750460 tempest-ServerRescueNegativeTestJSON-914750460-project-member] Lock "9fbf1961-53da-4b54-bc84-0f9d4b29107d" acquired by "nova.context.set_target_cell..get_or_set_cached_cell_and_set_connections" :: waited 0.000s {{(pid=95694) inner /opt/stack/data/venv/lib/python3.12/site-packages/oslo_concurrency/lockutils.py:524}}
Jun 11 21:17:39.160697 np0000002675 nova-scheduler[95694]: DEBUG oslo_concurrency.lockutils [None req-c4c999e8-7a98-4e3a-a735-022d2a769d87 tempest-ServerRescueNegativeTestJSON-914750460 tempest-ServerRescueNegativeTestJSON-914750460-project-member] Lock "9fbf1961-53da-4b54-bc84-0f9d4b29107d" "released" by "nova.context.set_target_cell..get_or_set_cached_cell_and_set_connections" :: held 0.000s {{(pid=95694) inner /opt/stack/data/venv/lib/python3.12/site-packages/oslo_concurrency/lockutils.py:543}}
Jun 11 21:17:39.163616 np0000002675 nova-scheduler[95694]: DEBUG oslo_concurrency.lockutils [None req-c4c999e8-7a98-4e3a-a735-022d2a769d87 tempest-ServerRescueNegativeTestJSON-914750460 tempest-ServerRescueNegativeTestJSON-914750460-project-member] Acquiring lock "('np0000002675', 'np0000002675')" by "nova.scheduler.host_manager.HostState.update.._locked_update" {{(pid=95694) inner /opt/stack/data/venv/lib/python3.12/site-packages/oslo_concurrency/lockutils.py:511}}
Jun 11 21:17:39.163754 np0000002675 nova-scheduler[95694]: DEBUG oslo_concurrency.lockutils [None req-c4c999e8-7a98-4e3a-a735-022d2a769d87 tempest-ServerRescueNegativeTestJSON-914750460 tempest-ServerRescueNegativeTestJSON-914750460-project-member] Lock "('np0000002675', 'np0000002675')" acquired by "nova.scheduler.host_manager.HostState.update.._locked_update" :: waited 0.000s {{(pid=95694) inner /opt/stack/data/venv/lib/python3.12/site-packages/oslo_concurrency/lockutils.py:524}}
