Aug 19 18:36:25.367819 np0000007799 devstack@g-api.service[99890]: DEBUG glance.api.middleware.version_negotiation [None req-fc19662a-92bb-4419-895c-3472cc00b78d tempest-ServerStableDeviceRescueTest-1267139484 tempest-ServerStableDeviceRescueTest-1267139484-project-member] new path /v2/images {{(pid=99890) process_request /opt/stack/glance/glance/api/middleware/version_negotiation.py:70}}
Aug 19 18:36:25.763778 np0000007799 devstack@g-api.service[99889]: DEBUG glance.api.middleware.version_negotiation [None req-7e5b482a-9f0c-46eb-8b9c-367cc1f31aec tempest-AttachSCSIVolumeTestJSON-1051994569 tempest-AttachSCSIVolumeTestJSON-1051994569-project-reader] Determining version of request: GET /v2/images/9fa8bf01-54c1-48ed-af5a-80f70059bba8 Accept: */* {{(pid=99889) process_request /opt/stack/glance/glance/api/middleware/version_negotiation.py:44}}
Aug 19 18:36:25.764243 np0000007799 devstack@g-api.service[99889]: DEBUG glance.api.middleware.version_negotiation [None req-7e5b482a-9f0c-46eb-8b9c-367cc1f31aec tempest-AttachSCSIVolumeTestJSON-1051994569 tempest-AttachSCSIVolumeTestJSON-1051994569-project-reader] Using url versioning {{(pid=99889) process_request /opt/stack/glance/glance/api/middleware/version_negotiation.py:57}}
Aug 19 18:36:25.764243 np0000007799 devstack@g-api.service[99889]: DEBUG glance.api.middleware.version_negotiation [None req-7e5b482a-9f0c-46eb-8b9c-367cc1f31aec tempest-AttachSCSIVolumeTestJSON-1051994569 tempest-AttachSCSIVolumeTestJSON-1051994569-project-reader] Matched version: v2 {{(pid=99889) process_request /opt/stack/glance/glance/api/middleware/version_negotiation.py:69}}
Aug 19 18:36:25.764243 np0000007799 devstack@g-api.service[99889]: DEBUG glance.api.middleware.version_negotiation [None req-7e5b482a-9f0c-46eb-8b9c-367cc1f31aec tempest-AttachSCSIVolumeTestJSON-1051994569 tempest-AttachSCSIVolumeTestJSON-1051994569-project-reader] new path /v2/images/9fa8bf01-54c1-48ed-af5a-80f70059bba8 {{(pid=99889) process_request /opt/stack/glance/glance/api/middleware/version_negotiation.py:70}}
Aug 19 18:36:25.968462 np0000007799 devstack@g-api.service[99890]: [pid: 99890|app: 0|req: 9/26] 127.0.0.1 () {42 vars in 786 bytes} [Wed Aug 19 18:36:25 2026] POST /v2/images => generated 690 bytes in 602 msecs (HTTP/1.1 201) 6 headers in 315 bytes (1 switches on core 0)
Aug 19 18:36:25.976979 np0000007799 devstack@g-api.service[99890]: DEBUG glance.api.middleware.version_negotiation [None req-34941ba4-b2cb-4501-bcf9-38c4bb2addfb tempest-AttachSCSIVolumeTestJSON-907968116 tempest-AttachSCSIVolumeTestJSON-907968116-project-admin] Determining version of request: PUT /v2/images/54d8f9a5-3618-4a0a-b59a-f71bdd952343/file Accept: {{(pid=99890) process_request /opt/stack/glance/glance/api/middleware/version_negotiation.py:44}}
Aug 19 18:36:25.977243 np0000007799 devstack@g-api.service[99890]: DEBUG glance.api.middleware.version_negotiation [None req-34941ba4-b2cb-4501-bcf9-38c4bb2addfb tempest-AttachSCSIVolumeTestJSON-907968116 tempest-AttachSCSIVolumeTestJSON-907968116-project-admin] Using url versioning {{(pid=99890) process_request /opt/stack/glance/glance/api/middleware/version_negotiation.py:57}}
Aug 19 18:36:25.977243 np0000007799 devstack@g-api.service[99890]: DEBUG glance.api.middleware.version_negotiation [None req-34941ba4-b2cb-4501-bcf9-38c4bb2addfb tempest-AttachSCSIVolumeTestJSON-907968116 tempest-AttachSCSIVolumeTestJSON-907968116-project-admin] Matched version: v2 {{(pid=99890) process_request /opt/stack/glance/glance/api/middleware/version_negotiation.py:69}}
Aug 19 18:36:25.977348 np0000007799 devstack@g-api.service[99890]: DEBUG glance.api.middleware.version_negotiation [None req-34941ba4-b2cb-4501-bcf9-38c4bb2addfb tempest-AttachSCSIVolumeTestJSON-907968116 tempest-AttachSCSIVolumeTestJSON-907968116-project-admin] new path /v2/images/54d8f9a5-3618-4a0a-b59a-f71bdd952343/file {{(pid=99890) process_request /opt/stack/glance/glance/api/middleware/version_negotiation.py:70}}
Aug 19 18:36:26.003017 np0000007799 devstack@g-api.service[99888]: DEBUG glance.image_cache.drivers.centralized_db [None req-d365fae0-452d-4adf-81a0-c279f87ef87c tempest-AttachSCSIVolumeTestJSON-907968116 tempest-AttachSCSIVolumeTestJSON-907968116-project-admin] Fetch finished, moving '/opt/stack/data/glance/cache/incomplete/9fa8bf01-54c1-48ed-af5a-80f70059bba8' to '/opt/stack/data/glance/cache/9fa8bf01-54c1-48ed-af5a-80f70059bba8' {{(pid=99888) commit /opt/stack/glance/glance/image_cache/drivers/centralized_db.py:243}}
Aug 19 18:36:26.014716 np0000007799 devstack@g-api.service[99888]: DEBUG glance.image_cache.drivers.centralized_db [None req-d365fae0-452d-4adf-81a0-c279f87ef87c tempest-AttachSCSIVolumeTestJSON-907968116 tempest-AttachSCSIVolumeTestJSON-907968116-project-admin] Image cached successfully. {{(pid=99888) commit /opt/stack/glance/glance/image_cache/drivers/centralized_db.py:258}}
Aug 19 18:36:26.014981 np0000007799 devstack@g-api.service[99888]: [pid: 99888|app: 0|req: 10/27] 127.0.0.1 () {40 vars in 848 bytes} [Wed Aug 19 18:36:24 2026] GET /v2/images/9fa8bf01-54c1-48ed-af5a-80f70059bba8/file => generated 21692416 bytes in 1415 msecs (HTTP/1.1 200) 4 headers in 191 bytes (334 switches on core 0)
Aug 19 18:36:26.047939 np0000007799 devstack@g-api.service[99889]: [pid: 99889|app: 0|req: 9/28] 127.0.0.1 () {44 vars in 1115 bytes} [Wed Aug 19 18:36:25 2026] GET /v2/images/9fa8bf01-54c1-48ed-af5a-80f70059bba8 => generated 1044 bytes in 284 msecs (HTTP/1.1 200) 4 headers in 158 bytes (1 switches on core 0)
Aug 19 18:36:26.055320 np0000007799 devstack@g-api.service[99888]: DEBUG glance.api.middleware.version_negotiation [None req-d365fae0-452d-4adf-81a0-c279f87ef87c tempest-AttachSCSIVolumeTestJSON-907968116 tempest-AttachSCSIVolumeTestJSON-907968116-project-admin] Determining version of request: GET /v2/schemas/image Accept: */* {{(pid=99888) process_request /opt/stack/glance/glance/api/middleware/version_negotiation.py:44}}
Aug 19 18:36:26.055554 np0000007799 devstack@g-api.service[99888]: DEBUG glance.api.middleware.version_negotiation [None req-d365fae0-452d-4adf-81a0-c279f87ef87c tempest-AttachSCSIVolumeTestJSON-907968116 tempest-AttachSCSIVolumeTestJSON-907968116-project-admin] Using url versioning {{(pid=99888) process_request /opt/stack/glance/glance/api/middleware/version_negotiation.py:57}}
Aug 19 18:36:26.055753 np0000007799 devstack@g-api.service[99888]: DEBUG glance.api.middleware.version_negotiation [None req-d365fae0-452d-4adf-81a0-c279f87ef87c tempest-AttachSCSIVolumeTestJSON-907968116 tempest-AttachSCSIVolumeTestJSON-907968116-project-admin] Matched version: v2 {{(pid=99888) process_request /opt/stack/glance/glance/api/middleware/version_negotiation.py:69}}
Aug 19 18:36:26.055896 np0000007799 devstack@g-api.service[99888]: DEBUG glance.api.middleware.version_negotiation [None req-d365fae0-452d-4adf-81a0-c279f87ef87c tempest-AttachSCSIVolumeTestJSON-907968116 tempest-AttachSCSIVolumeTestJSON-907968116-project-admin] new path /v2/schemas/image {{(pid=99888) process_request /opt/stack/glance/glance/api/middleware/version_negotiation.py:70}}
Aug 19 18:36:26.059054 np0000007799 devstack@g-api.service[99888]: [pid: 99888|app: 0|req: 11/29] 127.0.0.1 () {44 vars in 1055 bytes} [Wed Aug 19 18:36:26 2026] GET /v2/schemas/image => generated 6083 bytes in 4 msecs (HTTP/1.1 200) 4 headers in 158 bytes (1 switches on core 0)
Aug 19 18:36:26.071064 np0000007799 devstack@g-api.service[99889]: DEBUG glance.api.middleware.version_negotiation [None req-2226e3fe-cdcf-426a-96ac-e9152be6be89 tempest-TaggedBootDevicesTest-743377625 tempest-TaggedBootDevicesTest-743377625-project-member] Determining version of request: GET /v2/schemas/image Accept: */* {{(pid=99889) process_request /opt/stack/glance/glance/api/middleware/version_negotiation.py:44}}
Aug 19 18:36:26.071460 np0000007799 devstack@g-api.service[99889]: DEBUG glance.api.middleware.version_negotiation [None req-2226e3fe-cdcf-426a-96ac-e9152be6be89 tempest-TaggedBootDevicesTest-743377625 tempest-TaggedBootDevicesTest-743377625-project-member] Using url versioning {{(pid=99889) process_request /opt/stack/glance/glance/api/middleware/version_negotiation.py:57}}
Aug 19 18:36:26.071460 np0000007799 devstack@g-api.service[99889]: DEBUG glance.api.middleware.version_negotiation [None req-2226e3fe-cdcf-426a-96ac-e9152be6be89 tempest-TaggedBootDevicesTest-743377625 tempest-TaggedBootDevicesTest-743377625-project-member] Matched version: v2 {{(pid=99889) process_request /opt/stack/glance/glance/api/middleware/version_negotiation.py:69}}
Aug 19 18:36:26.071460 np0000007799 devstack@g-api.service[99889]: DEBUG glance.api.middleware.version_negotiation [None req-2226e3fe-cdcf-426a-96ac-e9152be6be89 tempest-TaggedBootDevicesTest-743377625 tempest-TaggedBootDevicesTest-743377625-project-member] new path /v2/schemas/image {{(pid=99889) process_request /opt/stack/glance/glance/api/middleware/version_negotiation.py:70}}
Aug 19 18:36:26.073885 np0000007799 devstack@g-api.service[99889]: [pid: 99889|app: 0|req: 10/30] 127.0.0.1 () {44 vars in 1055 bytes} [Wed Aug 19 18:36:26 2026] GET /v2/schemas/image => generated 6083 bytes in 3 msecs (HTTP/1.1 200) 4 headers in 158 bytes (1 switches on core 0)
Aug 19 18:36:26.083659 np0000007799 devstack@g-api.service[99888]: DEBUG glance.api.middleware.version_negotiation [None req-2226e3fe-cdcf-426a-96ac-e9152be6be89 tempest-TaggedBootDevicesTest-743377625 tempest-TaggedBootDevicesTest-743377625-project-member] Determining version of request: GET /v2/images/9fa8bf01-54c1-48ed-af5a-80f70059bba8 Accept: */* {{(pid=99888) process_request /opt/stack/glance/glance/api/middleware/version_negotiation.py:44}}
Aug 19 18:36:26.083834 np0000007799 devstack@g-api.service[99888]: DEBUG glance.api.middleware.version_negotiation [None req-2226e3fe-cdcf-426a-96ac-e9152be6be89 tempest-TaggedBootDevicesTest-743377625 tempest-TaggedBootDevicesTest-743377625-project-member] Using url versioning {{(pid=99888) process_request /opt/stack/glance/glance/api/middleware/version_negotiation.py:57}}
Aug 19 18:36:26.083982 np0000007799 devstack@g-api.service[99888]: DEBUG glance.api.middleware.version_negotiation [None req-2226e3fe-cdcf-426a-96ac-e9152be6be89 tempest-TaggedBootDevicesTest-743377625 tempest-TaggedBootDevicesTest-743377625-project-member] Matched version: v2 {{(pid=99888) process_request /opt/stack/glance/glance/api/middleware/version_negotiation.py:69}}
Aug 19 18:36:26.084270 np0000007799 devstack@g-api.service[99888]: DEBUG glance.api.middleware.version_negotiation [None req-2226e3fe-cdcf-426a-96ac-e9152be6be89 tempest-TaggedBootDevicesTest-743377625 tempest-TaggedBootDevicesTest-743377625-project-member] new path /v2/images/9fa8bf01-54c1-48ed-af5a-80f70059bba8 {{(pid=99888) process_request /opt/stack/glance/glance/api/middleware/version_negotiation.py:70}}
Aug 19 18:36:26.096203 np0000007799 devstack@g-api.service[99888]: [pid: 99888|app: 0|req: 12/31] 127.0.0.1 () {44 vars in 1115 bytes} [Wed Aug 19 18:36:26 2026] GET /v2/images/9fa8bf01-54c1-48ed-af5a-80f70059bba8 => generated 1044 bytes in 12 msecs (HTTP/1.1 200) 4 headers in 158 bytes (1 switches on core 0)
Aug 19 18:36:26.103038 np0000007799 devstack@g-api.service[99889]: DEBUG glance.api.middleware.version_negotiation [None req-2226e3fe-cdcf-426a-96ac-e9152be6be89 tempest-TaggedBootDevicesTest-743377625 tempest-TaggedBootDevicesTest-743377625-project-member] Determining version of request: GET /v2/schemas/image Accept: */* {{(pid=99889) process_request /opt/stack/glance/glance/api/middleware/version_negotiation.py:44}}
Aug 19 18:36:26.103159 np0000007799 devstack@g-api.service[99889]: DEBUG glance.api.middleware.version_negotiation [None req-2226e3fe-cdcf-426a-96ac-e9152be6be89 tempest-TaggedBootDevicesTest-743377625 tempest-TaggedBootDevicesTest-743377625-project-member] Using url versioning {{(pid=99889) process_request /opt/stack/glance/glance/api/middleware/version_negotiation.py:57}}
Aug 19 18:36:26.103338 np0000007799 devstack@g-api.service[99889]: DEBUG glance.api.middleware.version_negotiation [None req-2226e3fe-cdcf-426a-96ac-e9152be6be89 tempest-TaggedBootDevicesTest-743377625 tempest-TaggedBootDevicesTest-743377625-project-member] Matched version: v2 {{(pid=99889) process_request /opt/stack/glance/glance/api/middleware/version_negotiation.py:69}}
Aug 19 18:36:26.103429 np0000007799 devstack@g-api.service[99889]: DEBUG glance.api.middleware.version_negotiation [None req-2226e3fe-cdcf-426a-96ac-e9152be6be89 tempest-TaggedBootDevicesTest-743377625 tempest-TaggedBootDevicesTest-743377625-project-member] new path /v2/schemas/image {{(pid=99889) process_request /opt/stack/glance/glance/api/middleware/version_negotiation.py:70}}
Aug 19 18:36:26.105429 np0000007799 devstack@g-api.service[99889]: [pid: 99889|app: 0|req: 11/32] 127.0.0.1 () {44 vars in 1055 bytes} [Wed Aug 19 18:36:26 2026] GET /v2/schemas/image => generated 6083 bytes in 2 msecs (HTTP/1.1 200) 4 headers in 158 bytes (1 switches on core 0)
Aug 19 18:36:26.113343 np0000007799 devstack@g-api.service[99888]: DEBUG glance.api.middleware.version_negotiation [None req-2226e3fe-cdcf-426a-96ac-e9152be6be89 tempest-TaggedBootDevicesTest-743377625 tempest-TaggedBootDevicesTest-743377625-project-member] Determining version of request: GET /v2/schemas/image Accept: */* {{(pid=99888) process_request /opt/stack/glance/glance/api/middleware/version_negotiation.py:44}}
Aug 19 18:36:26.113531 np0000007799 devstack@g-api.service[99888]: DEBUG glance.api.middleware.version_negotiation [None req-2226e3fe-cdcf-426a-96ac-e9152be6be89 tempest-TaggedBootDevicesTest-743377625 tempest-TaggedBootDevicesTest-743377625-project-member] Using url versioning {{(pid=99888) process_request /opt/stack/glance/glance/api/middleware/version_negotiation.py:57}}
Aug 19 18:36:26.113677 np0000007799 devstack@g-api.service[99888]: DEBUG glance.api.middleware.version_negotiation [None req-2226e3fe-cdcf-426a-96ac-e9152be6be89 tempest-TaggedBootDevicesTest-743377625 tempest-TaggedBootDevicesTest-743377625-project-member] Matched version: v2 {{(pid=99888) process_request /opt/stack/glance/glance/api/middleware/version_negotiation.py:69}}
Aug 19 18:36:26.113842 np0000007799 devstack@g-api.service[99888]: DEBUG glance.api.middleware.version_negotiation [None req-2226e3fe-cdcf-426a-96ac-e9152be6be89 tempest-TaggedBootDevicesTest-743377625 tempest-TaggedBootDevicesTest-743377625-project-member] new path /v2/schemas/image {{(pid=99888) process_request /opt/stack/glance/glance/api/middleware/version_negotiation.py:70}}
Aug 19 18:36:26.117034 np0000007799 devstack@g-api.service[99888]: [pid: 99888|app: 0|req: 13/33] 127.0.0.1 () {44 vars in 1055 bytes} [Wed Aug 19 18:36:26 2026] GET /v2/schemas/image => generated 6083 bytes in 4 msecs (HTTP/1.1 200) 4 headers in 158 bytes (1 switches on core 0)
Aug 19 18:36:26.245575 np0000007799 devstack@g-api.service[99889]: DEBUG glance.api.middleware.version_negotiation [None req-2226e3fe-cdcf-426a-96ac-e9152be6be89 tempest-TaggedBootDevicesTest-743377625 tempest-TaggedBootDevicesTest-743377625-project-member] Determining version of request: GET /v2/images/9fa8bf01-54c1-48ed-af5a-80f70059bba8 Accept: */* {{(pid=99889) process_request /opt/stack/glance/glance/api/middleware/version_negotiation.py:44}}
Aug 19 18:36:26.245760 np0000007799 devstack@g-api.service[99889]: DEBUG glance.api.middleware.version_negotiation [None req-2226e3fe-cdcf-426a-96ac-e9152be6be89 tempest-TaggedBootDevicesTest-743377625 tempest-TaggedBootDevicesTest-743377625-project-member] Using url versioning {{(pid=99889) process_request /opt/stack/glance/glance/api/middleware/version_negotiation.py:57}}
Aug 19 18:36:26.245911 np0000007799 devstack@g-api.service[99889]: DEBUG glance.api.middleware.version_negotiation [None req-2226e3fe-cdcf-426a-96ac-e9152be6be89 tempest-TaggedBootDevicesTest-743377625 tempest-TaggedBootDevicesTest-743377625-project-member] Matched version: v2 {{(pid=99889) process_request /opt/stack/glance/glance/api/middleware/version_negotiation.py:69}}
Aug 19 18:36:26.246039 np0000007799 devstack@g-api.service[99889]: DEBUG glance.api.middleware.version_negotiation [None req-2226e3fe-cdcf-426a-96ac-e9152be6be89 tempest-TaggedBootDevicesTest-743377625 tempest-TaggedBootDevicesTest-743377625-project-member] new path /v2/images/9fa8bf01-54c1-48ed-af5a-80f70059bba8 {{(pid=99889) process_request /opt/stack/glance/glance/api/middleware/version_negotiation.py:70}}
Aug 19 18:36:26.263204 np0000007799 devstack@g-api.service[99889]: [pid: 99889|app: 0|req: 12/34] 127.0.0.1 () {44 vars in 1115 bytes} [Wed Aug 19 18:36:26 2026] GET /v2/images/9fa8bf01-54c1-48ed-af5a-80f70059bba8 => generated 1044 bytes in 18 msecs (HTTP/1.1 200) 4 headers in 158 bytes (1 switches on core 0)
Aug 19 18:36:26.275015 np0000007799 devstack@g-api.service[99888]: DEBUG glance.api.middleware.version_negotiation [None req-2226e3fe-cdcf-426a-96ac-e9152be6be89 tempest-TaggedBootDevicesTest-743377625 tempest-TaggedBootDevicesTest-743377625-project-member] Determining version of request: GET /v2/schemas/image Accept: */* {{(pid=99888) process_request /opt/stack/glance/glance/api/middleware/version_negotiation.py:44}}
Aug 19 18:36:26.275249 np0000007799 devstack@g-api.service[99888]: DEBUG glance.api.middleware.version_negotiation [None req-2226e3fe-cdcf-426a-96ac-e9152be6be89 tempest-TaggedBootDevicesTest-743377625 tempest-TaggedBootDevicesTest-743377625-project-member] Using url versioning {{(pid=99888) process_request /opt/stack/glance/glance/api/middleware/version_negotiation.py:57}}
Aug 19 18:36:26.275462 np0000007799 devstack@g-api.service[99888]: DEBUG glance.api.middleware.version_negotiation [None req-2226e3fe-cdcf-426a-96ac-e9152be6be89 tempest-TaggedBootDevicesTest-743377625 tempest-TaggedBootDevicesTest-743377625-project-member] Matched version: v2 {{(pid=99888) process_request /opt/stack/glance/glance/api/middleware/version_negotiation.py:69}}
Aug 19 18:36:26.275595 np0000007799 devstack@g-api.service[99888]: DEBUG glance.api.middleware.version_negotiation [None req-2226e3fe-cdcf-426a-96ac-e9152be6be89 tempest-TaggedBootDevicesTest-743377625 tempest-TaggedBootDevicesTest-743377625-project-member] new path /v2/schemas/image {{(pid=99888) process_request /opt/stack/glance/glance/api/middleware/version_negotiation.py:70}}
Aug 19 18:36:26.277804 np0000007799 devstack@g-api.service[99888]: [pid: 99888|app: 0|req: 14/35] 127.0.0.1 () {44 vars in 1055 bytes} [Wed Aug 19 18:36:26 2026] GET /v2/schemas/image => generated 6083 bytes in 3 msecs (HTTP/1.1 200) 4 headers in 158 bytes (1 switches on core 0)
Aug 19 18:36:26.288002 np0000007799 devstack@g-api.service[99889]: DEBUG glance.api.middleware.version_negotiation [None req-2226e3fe-cdcf-426a-96ac-e9152be6be89 tempest-TaggedBootDevicesTest-743377625 tempest-TaggedBootDevicesTest-743377625-project-member] Determining version of request: GET /v2/schemas/image Accept: */* {{(pid=99889) process_request /opt/stack/glance/glance/api/middleware/version_negotiation.py:44}}
Aug 19 18:36:26.288161 np0000007799 devstack@g-api.service[99889]: DEBUG glance.api.middleware.version_negotiation [None req-2226e3fe-cdcf-426a-96ac-e9152be6be89 tempest-TaggedBootDevicesTest-743377625 tempest-TaggedBootDevicesTest-743377625-project-member] Using url versioning {{(pid=99889) process_request /opt/stack/glance/glance/api/middleware/version_negotiation.py:57}}
Aug 19 18:36:26.288350 np0000007799 devstack@g-api.service[99889]: DEBUG glance.api.middleware.version_negotiation [None req-2226e3fe-cdcf-426a-96ac-e9152be6be89 tempest-TaggedBootDevicesTest-743377625 tempest-TaggedBootDevicesTest-743377625-project-member] Matched version: v2 {{(pid=99889) process_request /opt/stack/glance/glance/api/middleware/version_negotiation.py:69}}
Aug 19 18:36:26.288492 np0000007799 devstack@g-api.service[99889]: DEBUG glance.api.middleware.version_negotiation [None req-2226e3fe-cdcf-426a-96ac-e9152be6be89 tempest-TaggedBootDevicesTest-743377625 tempest-TaggedBootDevicesTest-743377625-project-member] new path /v2/schemas/image {{(pid=99889) process_request /opt/stack/glance/glance/api/middleware/version_negotiation.py:70}}
Aug 19 18:36:26.293187 np0000007799 devstack@g-api.service[99889]: [pid: 99889|app: 0|req: 13/36] 127.0.0.1 () {44 vars in 1055 bytes} [Wed Aug 19 18:36:26 2026] GET /v2/schemas/image => generated 6083 bytes in 5 msecs (HTTP/1.1 200) 4 headers in 158 bytes (1 switches on core 0)
Aug 19 18:36:26.578516 np0000007799 devstack@g-api.service[99890]: INFO glance.api.v2.image_data [None req-bb63d27b-83d1-417d-9f7c-efc86e61056a tempest-AttachSCSIVolumeTestJSON-907968116 tempest-AttachSCSIVolumeTestJSON-907968116-project-admin] Unable to create trust: no such option collect_timing in group [keystone_authtoken] Use the existing user token.
Aug 19 18:36:26.998922 np0000007799 devstack@g-api.service[99888]: DEBUG glance.api.middleware.version_negotiation [None req-2226e3fe-cdcf-426a-96ac-e9152be6be89 tempest-TaggedBootDevicesTest-743377625 tempest-TaggedBootDevicesTest-743377625-project-member] Determining version of request: GET /versions Accept: */* {{(pid=99888) process_request /opt/stack/glance/glance/api/middleware/version_negotiation.py:44}}
Aug 19 18:36:27.000255 np0000007799 devstack@g-api.service[99888]: [pid: 99888|app: 0|req: 15/37] 127.0.0.1 () {44 vars in 1039 bytes} [Wed Aug 19 18:36:26 2026] GET /versions => generated 1515 bytes in 2 msecs (HTTP/1.1 200) 3 headers in 92 bytes (1 switches on core 0)
Aug 19 18:36:27.006767 np0000007799 devstack@g-api.service[99889]: DEBUG glance.api.middleware.version_negotiation [None req-2226e3fe-cdcf-426a-96ac-e9152be6be89 tempest-TaggedBootDevicesTest-743377625 tempest-TaggedBootDevicesTest-743377625-project-member] Determining version of request: GET /v2/images/9fa8bf01-54c1-48ed-af5a-80f70059bba8/locations Accept: */* {{(pid=99889) process_request /opt/stack/glance/glance/api/middleware/version_negotiation.py:44}}
Aug 19 18:36:27.007056 np0000007799 devstack@g-api.service[99889]: DEBUG glance.api.middleware.version_negotiation [None req-2226e3fe-cdcf-426a-96ac-e9152be6be89 tempest-TaggedBootDevicesTest-743377625 tempest-TaggedBootDevicesTest-743377625-project-member] Using url versioning {{(pid=99889) process_request /opt/stack/glance/glance/api/middleware/version_negotiation.py:57}}
Aug 19 18:36:27.007056 np0000007799 devstack@g-api.service[99889]: DEBUG glance.api.middleware.version_negotiation [None req-2226e3fe-cdcf-426a-96ac-e9152be6be89 tempest-TaggedBootDevicesTest-743377625 tempest-TaggedBootDevicesTest-743377625-project-member] Matched version: v2 {{(pid=99889) process_request /opt/stack/glance/glance/api/middleware/version_negotiation.py:69}}
Aug 19 18:36:27.007138 np0000007799 devstack@g-api.service[99889]: DEBUG glance.api.middleware.version_negotiation [None req-2226e3fe-cdcf-426a-96ac-e9152be6be89 tempest-TaggedBootDevicesTest-743377625 tempest-TaggedBootDevicesTest-743377625-project-member] new path /v2/images/9fa8bf01-54c1-48ed-af5a-80f70059bba8/locations {{(pid=99889) process_request /opt/stack/glance/glance/api/middleware/version_negotiation.py:70}}
Aug 19 18:36:27.161123 np0000007799 devstack@g-api.service[99890]: DEBUG glance.location [None req-bb63d27b-83d1-417d-9f7c-efc86e61056a tempest-AttachSCSIVolumeTestJSON-907968116 tempest-AttachSCSIVolumeTestJSON-907968116-project-admin] Enabling in-flight format inspection for qcow2 {{(pid=99890) set_data /opt/stack/glance/glance/location.py:596}}
Aug 19 18:36:27.161573 np0000007799 devstack@g-api.service[99890]: DEBUG glance_store.backend [None req-bb63d27b-83d1-417d-9f7c-efc86e61056a tempest-AttachSCSIVolumeTestJSON-907968116 tempest-AttachSCSIVolumeTestJSON-907968116-project-admin] Attempting to import store swift {{(pid=99890) _load_store /opt/stack/data/venv/lib/python3.12/site-packages/glance_store/backend.py:215}}
Aug 19 18:36:27.163285 np0000007799 devstack@g-api.service[99890]: DEBUG glance_store.capabilities [None req-bb63d27b-83d1-417d-9f7c-efc86e61056a tempest-AttachSCSIVolumeTestJSON-907968116 tempest-AttachSCSIVolumeTestJSON-907968116-project-admin] Store glance_store._drivers.swift.store.SingleTenantStore doesn't support updating dynamic storage capabilities. Please overwrite 'update_capabilities' method of the store to implement updating logics if needed. {{(pid=99890) update_capabilities /opt/stack/data/venv/lib/python3.12/site-packages/glance_store/capabilities.py:91}}
Aug 19 18:36:27.163411 np0000007799 devstack@g-api.service[99890]: DEBUG glance_store.driver [None req-bb63d27b-83d1-417d-9f7c-efc86e61056a tempest-AttachSCSIVolumeTestJSON-907968116 tempest-AttachSCSIVolumeTestJSON-907968116-project-admin] Late loading location class glance_store._drivers.swift.store.StoreLocation {{(pid=99890) get_store_location_class /opt/stack/data/venv/lib/python3.12/site-packages/glance_store/driver.py:134}}
Aug 19 18:36:27.163542 np0000007799 devstack@g-api.service[99890]: DEBUG glance_store.location [None req-bb63d27b-83d1-417d-9f7c-efc86e61056a tempest-AttachSCSIVolumeTestJSON-907968116 tempest-AttachSCSIVolumeTestJSON-907968116-project-admin] Registering scheme swift+https with {'store': , 'location_class': , 'store_entry': 'swift'} {{(pid=99890) register_scheme_map /opt/stack/data/venv/lib/python3.12/site-packages/glance_store/location.py:146}}
Aug 19 18:36:27.163654 np0000007799 devstack@g-api.service[99890]: DEBUG glance_store.location [None req-bb63d27b-83d1-417d-9f7c-efc86e61056a tempest-AttachSCSIVolumeTestJSON-907968116 tempest-AttachSCSIVolumeTestJSON-907968116-project-admin] Registering scheme swift+https with {'store': , 'location_class': , 'store_entry': 'swift'} {{(pid=99890) register_scheme_map /opt/stack/data/venv/lib/python3.12/site-packages/glance_store/location.py:146}}
Aug 19 18:36:27.164068 np0000007799 devstack@g-api.service[99890]: DEBUG glance_store.location [None req-bb63d27b-83d1-417d-9f7c-efc86e61056a tempest-AttachSCSIVolumeTestJSON-907968116 tempest-AttachSCSIVolumeTestJSON-907968116-project-admin] Registering scheme swift with {'store': , 'location_class': , 'store_entry': 'swift'} {{(pid=99890) register_scheme_map /opt/stack/data/venv/lib/python3.12/site-packages/glance_store/location.py:146}}
Aug 19 18:36:27.164210 np0000007799 devstack@g-api.service[99890]: DEBUG glance_store.location [None req-bb63d27b-83d1-417d-9f7c-efc86e61056a tempest-AttachSCSIVolumeTestJSON-907968116 tempest-AttachSCSIVolumeTestJSON-907968116-project-admin] Registering scheme swift+https with {'store': , 'location_class': , 'store_entry': 'swift'} {{(pid=99890) register_scheme_map /opt/stack/data/venv/lib/python3.12/site-packages/glance_store/location.py:146}}
Aug 19 18:36:27.164363 np0000007799 devstack@g-api.service[99890]: DEBUG glance_store.location [None req-bb63d27b-83d1-417d-9f7c-efc86e61056a tempest-AttachSCSIVolumeTestJSON-907968116 tempest-AttachSCSIVolumeTestJSON-907968116-project-admin] Registering scheme swift with {'store': , 'location_class': , 'store_entry': 'swift'} {{(pid=99890) register_scheme_map /opt/stack/data/venv/lib/python3.12/site-packages/glance_store/location.py:146}}
Aug 19 18:36:27.164481 np0000007799 devstack@g-api.service[99890]: DEBUG glance_store.location [None req-bb63d27b-83d1-417d-9f7c-efc86e61056a tempest-AttachSCSIVolumeTestJSON-907968116 tempest-AttachSCSIVolumeTestJSON-907968116-project-admin] Registering scheme swift+http with {'store': , 'location_class': , 'store_entry': 'swift'} {{(pid=99890) register_scheme_map /opt/stack/data/venv/lib/python3.12/site-packages/glance_store/location.py:146}}
Aug 19 18:36:27.164604 np0000007799 devstack@g-api.service[99890]: DEBUG glance_store.location [None req-bb63d27b-83d1-417d-9f7c-efc86e61056a tempest-AttachSCSIVolumeTestJSON-907968116 tempest-AttachSCSIVolumeTestJSON-907968116-project-admin] Registering scheme swift+https with {'store': , 'location_class': , 'store_entry': 'swift'} {{(pid=99890) register_scheme_map /opt/stack/data/venv/lib/python3.12/site-packages/glance_store/location.py:146}}
Aug 19 18:36:27.164722 np0000007799 devstack@g-api.service[99890]: DEBUG glance_store.location [None req-bb63d27b-83d1-417d-9f7c-efc86e61056a tempest-AttachSCSIVolumeTestJSON-907968116 tempest-AttachSCSIVolumeTestJSON-907968116-project-admin] Registering scheme swift with {'store': , 'location_class': , 'store_entry': 'swift'} {{(pid=99890) register_scheme_map /opt/stack/data/venv/lib/python3.12/site-packages/glance_store/location.py:146}}
Aug 19 18:36:27.164835 np0000007799 devstack@g-api.service[99890]: DEBUG glance_store.location [None req-bb63d27b-83d1-417d-9f7c-efc86e61056a tempest-AttachSCSIVolumeTestJSON-907968116 tempest-AttachSCSIVolumeTestJSON-907968116-project-admin] Registering scheme swift+http with {'store': , 'location_class': , 'store_entry': 'swift'} {{(pid=99890) register_scheme_map /opt/stack/data/venv/lib/python3.12/site-packages/glance_store/location.py:146}}
Aug 19 18:36:27.164957 np0000007799 devstack@g-api.service[99890]: DEBUG glance_store.location [None req-bb63d27b-83d1-417d-9f7c-efc86e61056a tempest-AttachSCSIVolumeTestJSON-907968116 tempest-AttachSCSIVolumeTestJSON-907968116-project-admin] Registering scheme swift+config with {'store': , 'location_class': , 'store_entry': 'swift'} {{(pid=99890) register_scheme_map /opt/stack/data/venv/lib/python3.12/site-packages/glance_store/location.py:146}}
Aug 19 18:36:27.576280 np0000007799 devstack@g-api.service[99889]: [pid: 99889|app: 0|req: 14/38] 127.0.0.1 () {44 vars in 1135 bytes} [Wed Aug 19 18:36:27 2026] GET /v2/images/9fa8bf01-54c1-48ed-af5a-80f70059bba8/locations => generated 92 bytes in 569 msecs (HTTP/1.1 200) 4 headers in 156 bytes (1 switches on core 0)
Aug 19 18:36:27.586006 np0000007799 devstack@g-api.service[99888]: DEBUG glance.api.middleware.version_negotiation [None req-2226e3fe-cdcf-426a-96ac-e9152be6be89 tempest-TaggedBootDevicesTest-743377625 tempest-TaggedBootDevicesTest-743377625-project-member] Determining version of request: GET /v2/images/9fa8bf01-54c1-48ed-af5a-80f70059bba8 Accept: */* {{(pid=99888) process_request /opt/stack/glance/glance/api/middleware/version_negotiation.py:44}}
Aug 19 18:36:27.586006 np0000007799 devstack@g-api.service[99888]: DEBUG glance.api.middleware.version_negotiation [None req-2226e3fe-cdcf-426a-96ac-e9152be6be89 tempest-TaggedBootDevicesTest-743377625 tempest-TaggedBootDevicesTest-743377625-project-member] Using url versioning {{(pid=99888) process_request /opt/stack/glance/glance/api/middleware/version_negotiation.py:57}}
Aug 19 18:36:27.586705 np0000007799 devstack@g-api.service[99888]: DEBUG glance.api.middleware.version_negotiation [None req-2226e3fe-cdcf-426a-96ac-e9152be6be89 tempest-TaggedBootDevicesTest-743377625 tempest-TaggedBootDevicesTest-743377625-project-member] Matched version: v2 {{(pid=99888) process_request /opt/stack/glance/glance/api/middleware/version_negotiation.py:69}}
Aug 19 18:36:27.586705 np0000007799 devstack@g-api.service[99888]: DEBUG glance.api.middleware.version_negotiation [None req-2226e3fe-cdcf-426a-96ac-e9152be6be89 tempest-TaggedBootDevicesTest-743377625 tempest-TaggedBootDevicesTest-743377625-project-member] new path /v2/images/9fa8bf01-54c1-48ed-af5a-80f70059bba8 {{(pid=99888) process_request /opt/stack/glance/glance/api/middleware/version_negotiation.py:70}}
Aug 19 18:36:27.600637 np0000007799 devstack@g-api.service[99888]: [pid: 99888|app: 0|req: 16/39] 127.0.0.1 () {44 vars in 1115 bytes} [Wed Aug 19 18:36:27 2026] GET /v2/images/9fa8bf01-54c1-48ed-af5a-80f70059bba8 => generated 1044 bytes in 15 msecs (HTTP/1.1 200) 4 headers in 158 bytes (1 switches on core 0)
Aug 19 18:36:27.608969 np0000007799 devstack@g-api.service[99889]: DEBUG glance.api.middleware.version_negotiation [None req-2226e3fe-cdcf-426a-96ac-e9152be6be89 service glance] Determining version of request: GET /v2/schemas/image Accept: */* {{(pid=99889) process_request /opt/stack/glance/glance/api/middleware/version_negotiation.py:44}}
Aug 19 18:36:27.609059 np0000007799 devstack@g-api.service[99889]: DEBUG glance.api.middleware.version_negotiation [None req-2226e3fe-cdcf-426a-96ac-e9152be6be89 service glance] Using url versioning {{(pid=99889) process_request /opt/stack/glance/glance/api/middleware/version_negotiation.py:57}}
Aug 19 18:36:27.609363 np0000007799 devstack@g-api.service[99889]: DEBUG glance.api.middleware.version_negotiation [None req-2226e3fe-cdcf-426a-96ac-e9152be6be89 service glance] Matched version: v2 {{(pid=99889) process_request /opt/stack/glance/glance/api/middleware/version_negotiation.py:69}}
Aug 19 18:36:27.609363 np0000007799 devstack@g-api.service[99889]: DEBUG glance.api.middleware.version_negotiation [None req-2226e3fe-cdcf-426a-96ac-e9152be6be89 service glance] new path /v2/schemas/image {{(pid=99889) process_request /opt/stack/glance/glance/api/middleware/version_negotiation.py:70}}
Aug 19 18:36:27.614346 np0000007799 devstack@g-api.service[99889]: [pid: 99889|app: 0|req: 15/40] 127.0.0.1 () {44 vars in 1055 bytes} [Wed Aug 19 18:36:27 2026] GET /v2/schemas/image => generated 6083 bytes in 5 msecs (HTTP/1.1 200) 4 headers in 158 bytes (1 switches on core 0)
Aug 19 18:36:27.623861 np0000007799 devstack@g-api.service[99888]: DEBUG glance.api.middleware.version_negotiation [None req-2226e3fe-cdcf-426a-96ac-e9152be6be89 tempest-TaggedBootDevicesTest-743377625 tempest-TaggedBootDevicesTest-743377625-project-member] Determining version of request: GET /v2/schemas/image Accept: */* {{(pid=99888) process_request /opt/stack/glance/glance/api/middleware/version_negotiation.py:44}}
Aug 19 18:36:27.624044 np0000007799 devstack@g-api.service[99888]: DEBUG glance.api.middleware.version_negotiation [None req-2226e3fe-cdcf-426a-96ac-e9152be6be89 tempest-TaggedBootDevicesTest-743377625 tempest-TaggedBootDevicesTest-743377625-project-member] Using url versioning {{(pid=99888) process_request /opt/stack/glance/glance/api/middleware/version_negotiation.py:57}}
Aug 19 18:36:27.627068 np0000007799 devstack@g-api.service[99888]: DEBUG glance.api.middleware.version_negotiation [None req-2226e3fe-cdcf-426a-96ac-e9152be6be89 tempest-TaggedBootDevicesTest-743377625 tempest-TaggedBootDevicesTest-743377625-project-member] Matched version: v2 {{(pid=99888) process_request /opt/stack/glance/glance/api/middleware/version_negotiation.py:69}}
Aug 19 18:36:27.627068 np0000007799 devstack@g-api.service[99888]: DEBUG glance.api.middleware.version_negotiation [None req-2226e3fe-cdcf-426a-96ac-e9152be6be89 tempest-TaggedBootDevicesTest-743377625 tempest-TaggedBootDevicesTest-743377625-project-member] new path /v2/schemas/image {{(pid=99888) process_request /opt/stack/glance/glance/api/middleware/version_negotiation.py:70}}
Aug 19 18:36:27.627865 np0000007799 devstack@g-api.service[99888]: [pid: 99888|app: 0|req: 17/41] 127.0.0.1 () {44 vars in 1055 bytes} [Wed Aug 19 18:36:27 2026] GET /v2/schemas/image => generated 6083 bytes in 4 msecs (HTTP/1.1 200) 4 headers in 158 bytes (1 switches on core 0)
Aug 19 18:36:27.655754 np0000007799 devstack@g-api.service[99889]: DEBUG glance.api.middleware.version_negotiation [None req-2226e3fe-cdcf-426a-96ac-e9152be6be89 tempest-TaggedBootDevicesTest-743377625 tempest-TaggedBootDevicesTest-743377625-project-member] Determining version of request: GET /v2/images/9fa8bf01-54c1-48ed-af5a-80f70059bba8 Accept: */* {{(pid=99889) process_request /opt/stack/glance/glance/api/middleware/version_negotiation.py:44}}
Aug 19 18:36:27.656677 np0000007799 devstack@g-api.service[99889]: DEBUG glance.api.middleware.version_negotiation [None req-2226e3fe-cdcf-426a-96ac-e9152be6be89 tempest-TaggedBootDevicesTest-743377625 tempest-TaggedBootDevicesTest-743377625-project-member] Using url versioning {{(pid=99889) process_request /opt/stack/glance/glance/api/middleware/version_negotiation.py:57}}
Aug 19 18:36:27.656677 np0000007799 devstack@g-api.service[99889]: DEBUG glance.api.middleware.version_negotiation [None req-2226e3fe-cdcf-426a-96ac-e9152be6be89 tempest-TaggedBootDevicesTest-743377625 tempest-TaggedBootDevicesTest-743377625-project-member] Matched version: v2 {{(pid=99889) process_request /opt/stack/glance/glance/api/middleware/version_negotiation.py:69}}
Aug 19 18:36:27.656677 np0000007799 devstack@g-api.service[99889]: DEBUG glance.api.middleware.version_negotiation [None req-2226e3fe-cdcf-426a-96ac-e9152be6be89 tempest-TaggedBootDevicesTest-743377625 tempest-TaggedBootDevicesTest-743377625-project-member] new path /v2/images/9fa8bf01-54c1-48ed-af5a-80f70059bba8 {{(pid=99889) process_request /opt/stack/glance/glance/api/middleware/version_negotiation.py:70}}
Aug 19 18:36:27.666534 np0000007799 devstack@g-api.service[99889]: [pid: 99889|app: 0|req: 16/42] 127.0.0.1 () {44 vars in 1115 bytes} [Wed Aug 19 18:36:27 2026] GET /v2/images/9fa8bf01-54c1-48ed-af5a-80f70059bba8 => generated 1044 bytes in 11 msecs (HTTP/1.1 200) 4 headers in 158 bytes (1 switches on core 0)
Aug 19 18:36:27.676284 np0000007799 devstack@g-api.service[99888]: DEBUG glance.api.middleware.version_negotiation [None req-2226e3fe-cdcf-426a-96ac-e9152be6be89 tempest-TaggedBootDevicesTest-743377625 tempest-TaggedBootDevicesTest-743377625-project-member] Determining version of request: GET /v2/images/9fa8bf01-54c1-48ed-af5a-80f70059bba8/file Accept: */* {{(pid=99888) process_request /opt/stack/glance/glance/api/middleware/version_negotiation.py:44}}
Aug 19 18:36:27.676412 np0000007799 devstack@g-api.service[99888]: DEBUG glance.api.middleware.version_negotiation [None req-2226e3fe-cdcf-426a-96ac-e9152be6be89 tempest-TaggedBootDevicesTest-743377625 tempest-TaggedBootDevicesTest-743377625-project-member] Using url versioning {{(pid=99888) process_request /opt/stack/glance/glance/api/middleware/version_negotiation.py:57}}
Aug 19 18:36:27.676560 np0000007799 devstack@g-api.service[99888]: DEBUG glance.api.middleware.version_negotiation [None req-2226e3fe-cdcf-426a-96ac-e9152be6be89 tempest-TaggedBootDevicesTest-743377625 tempest-TaggedBootDevicesTest-743377625-project-member] Matched version: v2 {{(pid=99888) process_request /opt/stack/glance/glance/api/middleware/version_negotiation.py:69}}
Aug 19 18:36:27.676597 np0000007799 devstack@g-api.service[99888]: DEBUG glance.api.middleware.version_negotiation [None req-2226e3fe-cdcf-426a-96ac-e9152be6be89 tempest-TaggedBootDevicesTest-743377625 tempest-TaggedBootDevicesTest-743377625-project-member] new path /v2/images/9fa8bf01-54c1-48ed-af5a-80f70059bba8/file {{(pid=99888) process_request /opt/stack/glance/glance/api/middleware/version_negotiation.py:70}}
Aug 19 18:36:27.686254 np0000007799 devstack@g-api.service[99888]: DEBUG glance.api.middleware.cache [None req-2226e3fe-cdcf-426a-96ac-e9152be6be89 tempest-TaggedBootDevicesTest-743377625 tempest-TaggedBootDevicesTest-743377625-project-member] Cache hit for image '9fa8bf01-54c1-48ed-af5a-80f70059bba8' {{(pid=99888) process_request /opt/stack/glance/glance/api/middleware/cache.py:160}}
Aug 19 18:36:27.692697 np0000007799 devstack@g-api.service[99890]: DEBUG swiftclient [None req-bb63d27b-83d1-417d-9f7c-efc86e61056a tempest-AttachSCSIVolumeTestJSON-907968116 tempest-AttachSCSIVolumeTestJSON-907968116-project-admin] REQ: curl -i https://10.4.3.203:8080/v1/AUTH_395b13dd77884a2c9f04e8be0dcc8d55/glance -I -H "X-Auth-Token: gAAAAABqhferwcxd..." {{(pid=99890) http_log /opt/stack/data/venv/lib/python3.12/site-packages/swiftclient/client.py:160}}
Aug 19 18:36:27.693521 np0000007799 devstack@g-api.service[99890]: DEBUG swiftclient [None req-bb63d27b-83d1-417d-9f7c-efc86e61056a tempest-AttachSCSIVolumeTestJSON-907968116 tempest-AttachSCSIVolumeTestJSON-907968116-project-admin] RESP STATUS: 204 No Content {{(pid=99890) http_log /opt/stack/data/venv/lib/python3.12/site-packages/swiftclient/client.py:161}}
Aug 19 18:36:27.693521 np0000007799 devstack@g-api.service[99890]: DEBUG swiftclient [None req-bb63d27b-83d1-417d-9f7c-efc86e61056a tempest-AttachSCSIVolumeTestJSON-907968116 tempest-AttachSCSIVolumeTestJSON-907968116-project-admin] RESP HEADERS: {'Date': 'Wed, 19 Aug 2026 18:36:27 GMT', 'Server': 'Apache/2.4.58 (Ubuntu)', 'Content-Type': 'text/plain; charset=utf-8', 'X-Container-Object-Count': '3', 'X-Container-Bytes-Used': '64356352', 'X-Timestamp': '1787164464.12657', 'Last-Modified': 'Wed, 19 Aug 2026 18:34:25 GMT', 'Accept-Ranges': 'bytes', 'X-Storage-Policy': 'Policy-0', 'X-Container-Sharding': 'False', 'Vary': 'Accept', 'X-Trans-Id': 'tx1b8a50fd1b814c8faa94c-006a85f7ab', 'X-Openstack-Request-Id': 'tx1b8a50fd1b814c8faa94c-006a85f7ab', 'Connection': 'close'} {{(pid=99890) http_log /opt/stack/data/venv/lib/python3.12/site-packages/swiftclient/client.py:162}}
Aug 19 18:36:27.694135 np0000007799 devstack@g-api.service[99890]: DEBUG glance_store._drivers.swift.store [None req-bb63d27b-83d1-417d-9f7c-efc86e61056a tempest-AttachSCSIVolumeTestJSON-907968116 tempest-AttachSCSIVolumeTestJSON-907968116-project-admin] Adding image object '54d8f9a5-3618-4a0a-b59a-f71bdd952343' to Swift {{(pid=99890) add /opt/stack/data/venv/lib/python3.12/site-packages/glance_store/_drivers/swift/store.py:970}}
Aug 19 18:36:27.694607 np0000007799 devstack@g-api.service[99890]: DEBUG glance_store._drivers.swift.store [None req-bb63d27b-83d1-417d-9f7c-efc86e61056a tempest-AttachSCSIVolumeTestJSON-907968116 tempest-AttachSCSIVolumeTestJSON-907968116-project-admin] Cannot determine image size because it is either not provided in the request or chunked-transfer encoding is used. Adding image as a segmented object to Swift. {{(pid=99890) add /opt/stack/data/venv/lib/python3.12/site-packages/glance_store/_drivers/swift/store.py:994}}
Aug 19 18:36:27.708968 np0000007799 devstack@g-api.service[99890]: DEBUG oslo_utils.imageutils.format_inspector [None req-bb63d27b-83d1-417d-9f7c-efc86e61056a tempest-AttachSCSIVolumeTestJSON-907968116 tempest-AttachSCSIVolumeTestJSON-907968116-project-admin] Format inspector for vmdk does not match, excluding from consideration (Signature KDMV not found: b'QFI\xfb') {{(pid=99890) _process_chunk /opt/stack/data/venv/lib/python3.12/site-packages/oslo_utils/imageutils/format_inspector.py:1758}}
Aug 19 18:36:27.714498 np0000007799 devstack@g-api.service[99890]: DEBUG oslo_utils.imageutils.format_inspector [None req-bb63d27b-83d1-417d-9f7c-efc86e61056a tempest-AttachSCSIVolumeTestJSON-907968116 tempest-AttachSCSIVolumeTestJSON-907968116-project-admin] Format inspector for vhdx does not match, excluding from consideration (Region signature not found at 30000) {{(pid=99890) _process_chunk /opt/stack/data/venv/lib/python3.12/site-packages/oslo_utils/imageutils/format_inspector.py:1758}}
Aug 19 18:36:27.749017 np0000007799 devstack@g-api.service[99888]: [pid: 99888|app: 0|req: 18/43] 127.0.0.1 () {44 vars in 1125 bytes} [Wed Aug 19 18:36:27 2026] GET /v2/images/9fa8bf01-54c1-48ed-af5a-80f70059bba8/file => generated 21692416 bytes in 73 msecs (HTTP/1.1 200) 5 headers in 217 bytes (339 switches on core 0)
Aug 19 18:36:27.924476 np0000007799 devstack@g-api.service[99889]: DEBUG glance.api.middleware.version_negotiation [None req-2226e3fe-cdcf-426a-96ac-e9152be6be89 tempest-TaggedBootDevicesTest-743377625 tempest-TaggedBootDevicesTest-743377625-project-member] Determining version of request: GET /v2/images/9fa8bf01-54c1-48ed-af5a-80f70059bba8 Accept: */* {{(pid=99889) process_request /opt/stack/glance/glance/api/middleware/version_negotiation.py:44}}
Aug 19 18:36:27.924476 np0000007799 devstack@g-api.service[99889]: DEBUG glance.api.middleware.version_negotiation [None req-2226e3fe-cdcf-426a-96ac-e9152be6be89 tempest-TaggedBootDevicesTest-743377625 tempest-TaggedBootDevicesTest-743377625-project-member] Using url versioning {{(pid=99889) process_request /opt/stack/glance/glance/api/middleware/version_negotiation.py:57}}
Aug 19 18:36:27.924476 np0000007799 devstack@g-api.service[99889]: DEBUG glance.api.middleware.version_negotiation [None req-2226e3fe-cdcf-426a-96ac-e9152be6be89 tempest-TaggedBootDevicesTest-743377625 tempest-TaggedBootDevicesTest-743377625-project-member] Matched version: v2 {{(pid=99889) process_request /opt/stack/glance/glance/api/middleware/version_negotiation.py:69}}
Aug 19 18:36:27.924476 np0000007799 devstack@g-api.service[99889]: DEBUG glance.api.middleware.version_negotiation [None req-2226e3fe-cdcf-426a-96ac-e9152be6be89 tempest-TaggedBootDevicesTest-743377625 tempest-TaggedBootDevicesTest-743377625-project-member] new path /v2/images/9fa8bf01-54c1-48ed-af5a-80f70059bba8 {{(pid=99889) process_request /opt/stack/glance/glance/api/middleware/version_negotiation.py:70}}
Aug 19 18:36:27.943326 np0000007799 devstack@g-api.service[99889]: [pid: 99889|app: 0|req: 17/44] 127.0.0.1 () {44 vars in 1115 bytes} [Wed Aug 19 18:36:27 2026] GET /v2/images/9fa8bf01-54c1-48ed-af5a-80f70059bba8 => generated 1044 bytes in 21 msecs (HTTP/1.1 200) 4 headers in 158 bytes (1 switches on core 0)
Aug 19 18:36:27.950499 np0000007799 devstack@g-api.service[99888]: DEBUG glance.api.middleware.version_negotiation [None req-2226e3fe-cdcf-426a-96ac-e9152be6be89 tempest-TaggedBootDevicesTest-743377625 tempest-TaggedBootDevicesTest-743377625-project-member] Determining version of request: GET /v2/schemas/image Accept: */* {{(pid=99888) process_request /opt/stack/glance/glance/api/middleware/version_negotiation.py:44}}
Aug 19 18:36:27.950641 np0000007799 devstack@g-api.service[99888]: DEBUG glance.api.middleware.version_negotiation [None req-2226e3fe-cdcf-426a-96ac-e9152be6be89 tempest-TaggedBootDevicesTest-743377625 tempest-TaggedBootDevicesTest-743377625-project-member] Using url versioning {{(pid=99888) process_request /opt/stack/glance/glance/api/middleware/version_negotiation.py:57}}
Aug 19 18:36:27.950942 np0000007799 devstack@g-api.service[99888]: DEBUG glance.api.middleware.version_negotiation [None req-2226e3fe-cdcf-426a-96ac-e9152be6be89 tempest-TaggedBootDevicesTest-743377625 tempest-TaggedBootDevicesTest-743377625-project-member] Matched version: v2 {{(pid=99888) process_request /opt/stack/glance/glance/api/middleware/version_negotiation.py:69}}
Aug 19 18:36:27.951063 np0000007799 devstack@g-api.service[99888]: DEBUG glance.api.middleware.version_negotiation [None req-2226e3fe-cdcf-426a-96ac-e9152be6be89 tempest-TaggedBootDevicesTest-743377625 tempest-TaggedBootDevicesTest-743377625-project-member] new path /v2/schemas/image {{(pid=99888) process_request /opt/stack/glance/glance/api/middleware/version_negotiation.py:70}}
Aug 19 18:36:27.954268 np0000007799 devstack@g-api.service[99888]: [pid: 99888|app: 0|req: 19/45] 127.0.0.1 () {44 vars in 1055 bytes} [Wed Aug 19 18:36:27 2026] GET /v2/schemas/image => generated 6083 bytes in 4 msecs (HTTP/1.1 200) 4 headers in 158 bytes (1 switches on core 0)
Aug 19 18:36:27.983381 np0000007799 devstack@g-api.service[99890]: DEBUG swiftclient [None req-bb63d27b-83d1-417d-9f7c-efc86e61056a tempest-AttachSCSIVolumeTestJSON-907968116 tempest-AttachSCSIVolumeTestJSON-907968116-project-admin] REQ: curl -i https://10.4.3.203:8080/v1/AUTH_395b13dd77884a2c9f04e8be0dcc8d55/glance/54d8f9a5-3618-4a0a-b59a-f71bdd952343-00001 -X PUT -H "X-Auth-Token: gAAAAABqhferwcxd..." {{(pid=99890) http_log /opt/stack/data/venv/lib/python3.12/site-packages/swiftclient/client.py:160}}
Aug 19 18:36:27.983487 np0000007799 devstack@g-api.service[99890]: DEBUG swiftclient [None req-bb63d27b-83d1-417d-9f7c-efc86e61056a tempest-AttachSCSIVolumeTestJSON-907968116 tempest-AttachSCSIVolumeTestJSON-907968116-project-admin] RESP STATUS: 201 Created {{(pid=99890) http_log /opt/stack/data/venv/lib/python3.12/site-packages/swiftclient/client.py:161}}
Aug 19 18:36:27.983589 np0000007799 devstack@g-api.service[99890]: DEBUG swiftclient [None req-bb63d27b-83d1-417d-9f7c-efc86e61056a tempest-AttachSCSIVolumeTestJSON-907968116 tempest-AttachSCSIVolumeTestJSON-907968116-project-admin] RESP HEADERS: {'Date': 'Wed, 19 Aug 2026 18:36:27 GMT', 'Server': 'Apache/2.4.58 (Ubuntu)', 'Content-Type': 'text/html; charset=UTF-8', 'Content-Length': '0', 'Etag': '87617e24a5e30cb3b87fda8c0764838f', 'Last-Modified': 'Wed, 19 Aug 2026 18:36:28 GMT', 'X-Trans-Id': 'txf916b8e5d4c049d59e082-006a85f7ab', 'X-Openstack-Request-Id': 'txf916b8e5d4c049d59e082-006a85f7ab', 'Connection': 'close'} {{(pid=99890) http_log /opt/stack/data/venv/lib/python3.12/site-packages/swiftclient/client.py:162}}
Aug 19 18:36:27.983692 np0000007799 devstack@g-api.service[99890]: DEBUG glance_store._drivers.swift.store [None req-bb63d27b-83d1-417d-9f7c-efc86e61056a tempest-AttachSCSIVolumeTestJSON-907968116 tempest-AttachSCSIVolumeTestJSON-907968116-project-admin] Wrote chunk 54d8f9a5-3618-4a0a-b59a-f71bdd952343-00001 (1/?) of length 21692416 to Swift returning MD5 of content: 87617e24a5e30cb3b87fda8c0764838f {{(pid=99890) add /opt/stack/data/venv/lib/python3.12/site-packages/glance_store/_drivers/swift/store.py:1059}}
Aug 19 18:36:27.983944 np0000007799 devstack@g-api.service[99890]: DEBUG glance_store._drivers.swift.store [None req-bb63d27b-83d1-417d-9f7c-efc86e61056a tempest-AttachSCSIVolumeTestJSON-907968116 tempest-AttachSCSIVolumeTestJSON-907968116-project-admin] Not writing zero-length chunk. {{(pid=99890) add /opt/stack/data/venv/lib/python3.12/site-packages/glance_store/_drivers/swift/store.py:1028}}
Aug 19 18:36:28.005739 np0000007799 devstack@g-api.service[99890]: DEBUG swiftclient [None req-bb63d27b-83d1-417d-9f7c-efc86e61056a tempest-AttachSCSIVolumeTestJSON-907968116 tempest-AttachSCSIVolumeTestJSON-907968116-project-admin] REQ: curl -i https://10.4.3.203:8080/v1/AUTH_395b13dd77884a2c9f04e8be0dcc8d55/glance/54d8f9a5-3618-4a0a-b59a-f71bdd952343 -X PUT -H "X-Object-Manifest: glance/54d8f9a5-3618-4a0a-b59a-f71bdd952343-" -H "X-Auth-Token: gAAAAABqhferwcxd..." -H "Content-Length: 0" {{(pid=99890) http_log /opt/stack/data/venv/lib/python3.12/site-packages/swiftclient/client.py:160}}
