Aug 19 18:33:55.242667 np0000007799 nova-scheduler[93582]: DEBUG cotyledon.oslo_config_glue [-] oslo_messaging_rabbit.rabbit_quorum_max_memory_bytes = 0 {{(pid=93582) log_opt_values /opt/stack/data/venv/lib/python3.12/site-packages/oslo_config/cfg.py:3560}}
Aug 19 18:33:55.242972 np0000007799 nova-scheduler[93582]: DEBUG cotyledon.oslo_config_glue [-] oslo_messaging_rabbit.rabbit_quorum_max_memory_length = 0 {{(pid=93582) log_opt_values /opt/stack/data/venv/lib/python3.12/site-packages/oslo_config/cfg.py:3560}}
Aug 19 18:33:55.242972 np0000007799 nova-scheduler[93582]: DEBUG cotyledon.oslo_config_glue [-] oslo_messaging_rabbit.rabbit_quorum_queue = False {{(pid=93582) log_opt_values /opt/stack/data/venv/lib/python3.12/site-packages/oslo_config/cfg.py:3560}}
Aug 19 18:33:55.242972 np0000007799 nova-scheduler[93582]: DEBUG cotyledon.oslo_config_glue [-] oslo_messaging_rabbit.rabbit_retry_backoff = 2 {{(pid=93582) log_opt_values /opt/stack/data/venv/lib/python3.12/site-packages/oslo_config/cfg.py:3560}}
Aug 19 18:33:55.242972 np0000007799 nova-scheduler[93582]: DEBUG cotyledon.oslo_config_glue [-] oslo_messaging_rabbit.rabbit_retry_interval = 1 {{(pid=93582) log_opt_values /opt/stack/data/venv/lib/python3.12/site-packages/oslo_config/cfg.py:3560}}
Aug 19 18:33:55.242972 np0000007799 nova-scheduler[93582]: DEBUG cotyledon.oslo_config_glue [-] oslo_messaging_rabbit.rabbit_stream_fanout = False {{(pid=93582) log_opt_values /opt/stack/data/venv/lib/python3.12/site-packages/oslo_config/cfg.py:3560}}
Aug 19 18:33:55.242972 np0000007799 nova-scheduler[93582]: DEBUG cotyledon.oslo_config_glue [-] oslo_messaging_rabbit.rabbit_transient_queues_ttl = 1800 {{(pid=93582) log_opt_values /opt/stack/data/venv/lib/python3.12/site-packages/oslo_config/cfg.py:3560}}
Aug 19 18:33:55.242972 np0000007799 nova-scheduler[93582]: DEBUG cotyledon.oslo_config_glue [-] oslo_messaging_rabbit.rabbit_transient_quorum_queue = False {{(pid=93582) log_opt_values /opt/stack/data/venv/lib/python3.12/site-packages/oslo_config/cfg.py:3560}}
Aug 19 18:33:55.242972 np0000007799 nova-scheduler[93582]: DEBUG cotyledon.oslo_config_glue [-] oslo_messaging_rabbit.rpc_conn_pool_size = 30 {{(pid=93582) log_opt_values /opt/stack/data/venv/lib/python3.12/site-packages/oslo_config/cfg.py:3560}}
Aug 19 18:33:55.242972 np0000007799 nova-scheduler[93582]: DEBUG cotyledon.oslo_config_glue [-] oslo_messaging_rabbit.ssl = False {{(pid=93582) log_opt_values /opt/stack/data/venv/lib/python3.12/site-packages/oslo_config/cfg.py:3560}}
Aug 19 18:33:55.243445 np0000007799 nova-scheduler[93582]: DEBUG cotyledon.oslo_config_glue [-] oslo_messaging_rabbit.ssl_ca_file = {{(pid=93582) log_opt_values /opt/stack/data/venv/lib/python3.12/site-packages/oslo_config/cfg.py:3560}}
Aug 19 18:33:55.243445 np0000007799 nova-scheduler[93582]: DEBUG cotyledon.oslo_config_glue [-] oslo_messaging_rabbit.ssl_cert_file = {{(pid=93582) log_opt_values /opt/stack/data/venv/lib/python3.12/site-packages/oslo_config/cfg.py:3560}}
Aug 19 18:33:55.243445 np0000007799 nova-scheduler[93582]: DEBUG cotyledon.oslo_config_glue [-] oslo_messaging_rabbit.ssl_enforce_fips_mode = False {{(pid=93582) log_opt_values /opt/stack/data/venv/lib/python3.12/site-packages/oslo_config/cfg.py:3560}}
Aug 19 18:33:55.243445 np0000007799 nova-scheduler[93582]: DEBUG cotyledon.oslo_config_glue [-] oslo_messaging_rabbit.ssl_enforce_hostname_verification = True {{(pid=93582) log_opt_values /opt/stack/data/venv/lib/python3.12/site-packages/oslo_config/cfg.py:3560}}
Aug 19 18:33:55.243445 np0000007799 nova-scheduler[93582]: DEBUG cotyledon.oslo_config_glue [-] oslo_messaging_rabbit.ssl_key_file = {{(pid=93582) log_opt_values /opt/stack/data/venv/lib/python3.12/site-packages/oslo_config/cfg.py:3560}}
Aug 19 18:33:55.243445 np0000007799 nova-scheduler[93582]: DEBUG cotyledon.oslo_config_glue [-] oslo_messaging_rabbit.ssl_version = {{(pid=93582) log_opt_values /opt/stack/data/venv/lib/python3.12/site-packages/oslo_config/cfg.py:3560}}
Aug 19 18:33:55.243445 np0000007799 nova-scheduler[93582]: DEBUG cotyledon.oslo_config_glue [-] oslo_messaging_rabbit.use_queue_manager = False {{(pid=93582) log_opt_values /opt/stack/data/venv/lib/python3.12/site-packages/oslo_config/cfg.py:3560}}
Aug 19 18:33:55.243445 np0000007799 nova-scheduler[93582]: DEBUG cotyledon.oslo_config_glue [-] oslo_messaging_notifications.driver = ['messagingv2'] {{(pid=93582) log_opt_values /opt/stack/data/venv/lib/python3.12/site-packages/oslo_config/cfg.py:3560}}
Aug 19 18:33:55.243445 np0000007799 nova-scheduler[93582]: DEBUG cotyledon.oslo_config_glue [-] oslo_messaging_notifications.retry = -1 {{(pid=93582) log_opt_values /opt/stack/data/venv/lib/python3.12/site-packages/oslo_config/cfg.py:3560}}
Aug 19 18:33:55.243749 np0000007799 nova-scheduler[93582]: DEBUG cotyledon.oslo_config_glue [-] oslo_messaging_notifications.topics = ['notifications'] {{(pid=93582) log_opt_values /opt/stack/data/venv/lib/python3.12/site-packages/oslo_config/cfg.py:3560}}
Aug 19 18:33:55.243749 np0000007799 nova-scheduler[93582]: DEBUG cotyledon.oslo_config_glue [-] oslo_messaging_notifications.transport_url = **** {{(pid=93582) log_opt_values /opt/stack/data/venv/lib/python3.12/site-packages/oslo_config/cfg.py:3560}}
Aug 19 18:33:55.243749 np0000007799 nova-scheduler[93582]: DEBUG cotyledon.oslo_config_glue [-] oslo_limit.auth_section = None {{(pid=93582) log_opt_values /opt/stack/data/venv/lib/python3.12/site-packages/oslo_config/cfg.py:3560}}
Aug 19 18:33:55.243749 np0000007799 nova-scheduler[93582]: DEBUG cotyledon.oslo_config_glue [-] oslo_limit.auth_type = None {{(pid=93582) log_opt_values /opt/stack/data/venv/lib/python3.12/site-packages/oslo_config/cfg.py:3560}}
Aug 19 18:33:55.243749 np0000007799 nova-scheduler[93582]: DEBUG cotyledon.oslo_config_glue [-] oslo_limit.cafile = None {{(pid=93582) log_opt_values /opt/stack/data/venv/lib/python3.12/site-packages/oslo_config/cfg.py:3560}}
Aug 19 18:33:55.243749 np0000007799 nova-scheduler[93582]: DEBUG cotyledon.oslo_config_glue [-] oslo_limit.certfile = None {{(pid=93582) log_opt_values /opt/stack/data/venv/lib/python3.12/site-packages/oslo_config/cfg.py:3560}}
Aug 19 18:33:55.243749 np0000007799 nova-scheduler[93582]: DEBUG cotyledon.oslo_config_glue [-] oslo_limit.collect_timing = False {{(pid=93582) log_opt_values /opt/stack/data/venv/lib/python3.12/site-packages/oslo_config/cfg.py:3560}}
Aug 19 18:33:55.243749 np0000007799 nova-scheduler[93582]: DEBUG cotyledon.oslo_config_glue [-] oslo_limit.connect_retries = None {{(pid=93582) log_opt_values /opt/stack/data/venv/lib/python3.12/site-packages/oslo_config/cfg.py:3560}}
Aug 19 18:33:55.243749 np0000007799 nova-scheduler[93582]: DEBUG cotyledon.oslo_config_glue [-] oslo_limit.connect_retry_delay = None {{(pid=93582) log_opt_values /opt/stack/data/venv/lib/python3.12/site-packages/oslo_config/cfg.py:3560}}
Aug 19 18:33:55.244056 np0000007799 nova-scheduler[93582]: DEBUG cotyledon.oslo_config_glue [-] oslo_limit.endpoint_id = None {{(pid=93582) log_opt_values /opt/stack/data/venv/lib/python3.12/site-packages/oslo_config/cfg.py:3560}}
Aug 19 18:33:55.244056 np0000007799 nova-scheduler[93582]: DEBUG cotyledon.oslo_config_glue [-] oslo_limit.endpoint_interface = public {{(pid=93582) log_opt_values /opt/stack/data/venv/lib/python3.12/site-packages/oslo_config/cfg.py:3560}}
Aug 19 18:33:55.244056 np0000007799 nova-scheduler[93582]: DEBUG cotyledon.oslo_config_glue [-] oslo_limit.endpoint_override = None {{(pid=93582) log_opt_values /opt/stack/data/venv/lib/python3.12/site-packages/oslo_config/cfg.py:3560}}
Aug 19 18:33:55.244056 np0000007799 nova-scheduler[93582]: DEBUG cotyledon.oslo_config_glue [-] oslo_limit.endpoint_region_name = None {{(pid=93582) log_opt_values /opt/stack/data/venv/lib/python3.12/site-packages/oslo_config/cfg.py:3560}}
Aug 19 18:33:55.244056 np0000007799 nova-scheduler[93582]: DEBUG cotyledon.oslo_config_glue [-] oslo_limit.endpoint_service_name = None {{(pid=93582) log_opt_values /opt/stack/data/venv/lib/python3.12/site-packages/oslo_config/cfg.py:3560}}
Aug 19 18:33:55.244056 np0000007799 nova-scheduler[93582]: DEBUG cotyledon.oslo_config_glue [-] oslo_limit.endpoint_service_type = None {{(pid=93582) log_opt_values /opt/stack/data/venv/lib/python3.12/site-packages/oslo_config/cfg.py:3560}}
Aug 19 18:33:55.244056 np0000007799 nova-scheduler[93582]: DEBUG cotyledon.oslo_config_glue [-] oslo_limit.insecure = False {{(pid=93582) log_opt_values /opt/stack/data/venv/lib/python3.12/site-packages/oslo_config/cfg.py:3560}}
Aug 19 18:33:55.244056 np0000007799 nova-scheduler[93582]: DEBUG cotyledon.oslo_config_glue [-] oslo_limit.keyfile = None {{(pid=93582) log_opt_values /opt/stack/data/venv/lib/python3.12/site-packages/oslo_config/cfg.py:3560}}
Aug 19 18:33:55.244056 np0000007799 nova-scheduler[93582]: DEBUG cotyledon.oslo_config_glue [-] oslo_limit.max_version = None {{(pid=93582) log_opt_values /opt/stack/data/venv/lib/python3.12/site-packages/oslo_config/cfg.py:3560}}
Aug 19 18:33:55.244384 np0000007799 nova-scheduler[93582]: DEBUG cotyledon.oslo_config_glue [-] oslo_limit.min_version = None {{(pid=93582) log_opt_values /opt/stack/data/venv/lib/python3.12/site-packages/oslo_config/cfg.py:3560}}
Aug 19 18:33:55.244384 np0000007799 nova-scheduler[93582]: DEBUG cotyledon.oslo_config_glue [-] oslo_limit.region_name = None {{(pid=93582) log_opt_values /opt/stack/data/venv/lib/python3.12/site-packages/oslo_config/cfg.py:3560}}
Aug 19 18:33:55.244384 np0000007799 nova-scheduler[93582]: DEBUG cotyledon.oslo_config_glue [-] oslo_limit.retriable_status_codes = None {{(pid=93582) log_opt_values /opt/stack/data/venv/lib/python3.12/site-packages/oslo_config/cfg.py:3560}}
Aug 19 18:33:55.244384 np0000007799 nova-scheduler[93582]: DEBUG cotyledon.oslo_config_glue [-] oslo_limit.service_name = None {{(pid=93582) log_opt_values /opt/stack/data/venv/lib/python3.12/site-packages/oslo_config/cfg.py:3560}}
Aug 19 18:33:55.244384 np0000007799 nova-scheduler[93582]: DEBUG cotyledon.oslo_config_glue [-] oslo_limit.service_type = None {{(pid=93582) log_opt_values /opt/stack/data/venv/lib/python3.12/site-packages/oslo_config/cfg.py:3560}}
Aug 19 18:33:55.244384 np0000007799 nova-scheduler[93582]: DEBUG cotyledon.oslo_config_glue [-] oslo_limit.split_loggers = False {{(pid=93582) log_opt_values /opt/stack/data/venv/lib/python3.12/site-packages/oslo_config/cfg.py:3560}}
Aug 19 18:33:55.244384 np0000007799 nova-scheduler[93582]: DEBUG cotyledon.oslo_config_glue [-] oslo_limit.status_code_retries = None {{(pid=93582) log_opt_values /opt/stack/data/venv/lib/python3.12/site-packages/oslo_config/cfg.py:3560}}
Aug 19 18:33:55.244384 np0000007799 nova-scheduler[93582]: DEBUG cotyledon.oslo_config_glue [-] oslo_limit.status_code_retry_delay = None {{(pid=93582) log_opt_values /opt/stack/data/venv/lib/python3.12/site-packages/oslo_config/cfg.py:3560}}
Aug 19 18:33:55.244384 np0000007799 nova-scheduler[93582]: DEBUG cotyledon.oslo_config_glue [-] oslo_limit.timeout = None {{(pid=93582) log_opt_values /opt/stack/data/venv/lib/python3.12/site-packages/oslo_config/cfg.py:3560}}
Aug 19 18:33:55.244670 np0000007799 nova-scheduler[93582]: DEBUG cotyledon.oslo_config_glue [-] oslo_limit.valid_interfaces = None {{(pid=93582) log_opt_values /opt/stack/data/venv/lib/python3.12/site-packages/oslo_config/cfg.py:3560}}
Aug 19 18:33:55.244670 np0000007799 nova-scheduler[93582]: DEBUG cotyledon.oslo_config_glue [-] oslo_limit.version = None {{(pid=93582) log_opt_values /opt/stack/data/venv/lib/python3.12/site-packages/oslo_config/cfg.py:3560}}
Aug 19 18:33:55.244670 np0000007799 nova-scheduler[93582]: DEBUG cotyledon.oslo_config_glue [-] oslo_reports.file_event_handler = None {{(pid=93582) log_opt_values /opt/stack/data/venv/lib/python3.12/site-packages/oslo_config/cfg.py:3560}}
Aug 19 18:33:55.244670 np0000007799 nova-scheduler[93582]: DEBUG cotyledon.oslo_config_glue [-] oslo_reports.file_event_handler_interval = 1 {{(pid=93582) log_opt_values /opt/stack/data/venv/lib/python3.12/site-packages/oslo_config/cfg.py:3560}}
Aug 19 18:33:55.244670 np0000007799 nova-scheduler[93582]: DEBUG cotyledon.oslo_config_glue [-] oslo_reports.log_dir = None {{(pid=93582) log_opt_values /opt/stack/data/venv/lib/python3.12/site-packages/oslo_config/cfg.py:3560}}
Aug 19 18:33:55.244670 np0000007799 nova-scheduler[93582]: DEBUG cotyledon.oslo_config_glue [-] ******************************************************************************** {{(pid=93582) log_opt_values /opt/stack/data/venv/lib/python3.12/site-packages/oslo_config/cfg.py:3567}}
Aug 19 18:33:55.244670 np0000007799 nova-scheduler[93582]: DEBUG cotyledon._service_worker [-] Run service ServiceWrapper(1) [93582] {{(pid=93582) wait_forever /opt/stack/data/venv/lib/python3.12/site-packages/cotyledon/_service_worker.py:218}}
Aug 19 18:33:55.244670 np0000007799 nova-scheduler[93582]: INFO nova.service [-] Starting scheduler node (version 33.1.0)
Aug 19 18:33:55.244670 np0000007799 nova-scheduler[93582]: INFO dbcounter [None req-de2b2aa4-d943-4c87-8d1a-f0fe9f919edf None None] Registered counter for database nova_cell0
Aug 19 18:33:55.252598 np0000007799 nova-scheduler[93580]: DEBUG oslo_db.sqlalchemy.engines [None req-9ed180f6-3280-4747-af68-6d735cb576a7 None None] MySQL server mode set to STRICT_TRANS_TABLES,STRICT_ALL_TABLES,NO_ZERO_IN_DATE,NO_ZERO_DATE,ERROR_FOR_DIVISION_BY_ZERO,TRADITIONAL,NO_ENGINE_SUBSTITUTION {{(pid=93580) _check_effective_sql_mode /opt/stack/data/venv/lib/python3.12/site-packages/oslo_db/sqlalchemy/engines.py:325}}
Aug 19 18:33:55.259385 np0000007799 nova-scheduler[93599]: DEBUG oslo_db.sqlalchemy.engines [None req-a0c0ab73-c5fc-4456-8804-7d37ebac9358 None None] MySQL server mode set to STRICT_TRANS_TABLES,STRICT_ALL_TABLES,NO_ZERO_IN_DATE,NO_ZERO_DATE,ERROR_FOR_DIVISION_BY_ZERO,TRADITIONAL,NO_ENGINE_SUBSTITUTION {{(pid=93599) _check_effective_sql_mode /opt/stack/data/venv/lib/python3.12/site-packages/oslo_db/sqlalchemy/engines.py:325}}
Aug 19 18:33:55.262275 np0000007799 nova-scheduler[93580]: DEBUG dbcounter [-] [93580] Writer thread running {{(pid=93580) stat_writer /opt/stack/data/venv/lib/python3.12/site-packages/dbcounter.py:102}}
Aug 19 18:33:55.268133 np0000007799 nova-scheduler[93599]: DEBUG dbcounter [-] [93599] Writer thread running {{(pid=93599) stat_writer /opt/stack/data/venv/lib/python3.12/site-packages/dbcounter.py:102}}
Aug 19 18:33:55.277290 np0000007799 nova-scheduler[93580]: DEBUG nova.service [None req-9ed180f6-3280-4747-af68-6d735cb576a7 None None] Creating RPC server for service: nova-scheduler on topic: scheduler {{(pid=93580) start /opt/stack/nova/nova/service.py:262}}
Aug 19 18:33:55.278045 np0000007799 nova-scheduler[93582]: DEBUG oslo_db.sqlalchemy.engines [None req-de2b2aa4-d943-4c87-8d1a-f0fe9f919edf None None] MySQL server mode set to STRICT_TRANS_TABLES,STRICT_ALL_TABLES,NO_ZERO_IN_DATE,NO_ZERO_DATE,ERROR_FOR_DIVISION_BY_ZERO,TRADITIONAL,NO_ENGINE_SUBSTITUTION {{(pid=93582) _check_effective_sql_mode /opt/stack/data/venv/lib/python3.12/site-packages/oslo_db/sqlalchemy/engines.py:325}}
Aug 19 18:33:55.287110 np0000007799 nova-scheduler[93582]: DEBUG dbcounter [-] [93582] Writer thread running {{(pid=93582) stat_writer /opt/stack/data/venv/lib/python3.12/site-packages/dbcounter.py:102}}
Aug 19 18:33:55.288482 np0000007799 nova-scheduler[93599]: DEBUG nova.service [None req-a0c0ab73-c5fc-4456-8804-7d37ebac9358 None None] Creating RPC server for service: nova-scheduler on topic: scheduler {{(pid=93599) start /opt/stack/nova/nova/service.py:262}}
Aug 19 18:33:55.290195 np0000007799 nova-scheduler[93582]: DEBUG nova.service [None req-de2b2aa4-d943-4c87-8d1a-f0fe9f919edf None None] Creating RPC server for service: nova-scheduler on topic: scheduler {{(pid=93582) start /opt/stack/nova/nova/service.py:262}}
Aug 19 18:33:55.298599 np0000007799 nova-scheduler[93580]: DEBUG nova.service [None req-9ed180f6-3280-4747-af68-6d735cb576a7 None None] Join ServiceGroup membership for this service scheduler {{(pid=93580) start /opt/stack/nova/nova/service.py:288}}
Aug 19 18:33:55.298878 np0000007799 nova-scheduler[93580]: DEBUG nova.servicegroup.drivers.db [None req-9ed180f6-3280-4747-af68-6d735cb576a7 None None] DB_Driver: join new ServiceGroup member np0000007799 to the scheduler group, service = {{(pid=93580) join /opt/stack/nova/nova/servicegroup/drivers/db.py:44}}
Aug 19 18:33:55.305335 np0000007799 nova-scheduler[93582]: DEBUG nova.service [None req-de2b2aa4-d943-4c87-8d1a-f0fe9f919edf None None] Join ServiceGroup membership for this service scheduler {{(pid=93582) start /opt/stack/nova/nova/service.py:288}}
Aug 19 18:33:55.305494 np0000007799 nova-scheduler[93582]: DEBUG nova.servicegroup.drivers.db [None req-de2b2aa4-d943-4c87-8d1a-f0fe9f919edf None None] DB_Driver: join new ServiceGroup member np0000007799 to the scheduler group, service = {{(pid=93582) join /opt/stack/nova/nova/servicegroup/drivers/db.py:44}}
Aug 19 18:33:55.305839 np0000007799 nova-scheduler[93599]: DEBUG nova.service [None req-a0c0ab73-c5fc-4456-8804-7d37ebac9358 None None] Join ServiceGroup membership for this service scheduler {{(pid=93599) start /opt/stack/nova/nova/service.py:288}}
Aug 19 18:33:55.306080 np0000007799 nova-scheduler[93599]: DEBUG nova.servicegroup.drivers.db [None req-a0c0ab73-c5fc-4456-8804-7d37ebac9358 None None] DB_Driver: join new ServiceGroup member np0000007799 to the scheduler group, service = {{(pid=93599) join /opt/stack/nova/nova/servicegroup/drivers/db.py:44}}
Aug 19 18:34:00.314018 np0000007799 nova-scheduler[93580]: DEBUG oslo.service.backend._threading.loopingcall [-] Fixed interval looping call 'nova.servicegroup.drivers.db.DbDriver._report_state' sleeping for 119.99 seconds {{(pid=93580) _run_loop /opt/stack/data/venv/lib/python3.12/site-packages/oslo_service/backend/_threading/loopingcall.py:125}}
Aug 19 18:34:00.317485 np0000007799 nova-scheduler[93599]: DEBUG oslo.service.backend._threading.loopingcall [-] Fixed interval looping call 'nova.servicegroup.drivers.db.DbDriver._report_state' sleeping for 119.99 seconds {{(pid=93599) _run_loop /opt/stack/data/venv/lib/python3.12/site-packages/oslo_service/backend/_threading/loopingcall.py:125}}
Aug 19 18:34:00.319042 np0000007799 nova-scheduler[93582]: DEBUG oslo.service.backend._threading.loopingcall [-] Fixed interval looping call 'nova.servicegroup.drivers.db.DbDriver._report_state' sleeping for 119.99 seconds {{(pid=93582) _run_loop /opt/stack/data/venv/lib/python3.12/site-packages/oslo_service/backend/_threading/loopingcall.py:125}}
Aug 19 18:34:03.865581 np0000007799 nova-scheduler[92371]: DEBUG dbcounter [-] [92371] Writing DB stats nova_api:SELECT=3 {{(pid=92371) stat_writer /opt/stack/data/venv/lib/python3.12/site-packages/dbcounter.py:115}}
Aug 19 18:34:03.992925 np0000007799 nova-scheduler[92371]: DEBUG dbcounter [-] [92371] Writing DB stats nova_cell0:SELECT=1 {{(pid=92371) stat_writer /opt/stack/data/venv/lib/python3.12/site-packages/dbcounter.py:115}}
Aug 19 18:34:04.003542 np0000007799 nova-scheduler[92371]: DEBUG dbcounter [-] [92371] Writing DB stats nova_cell1:SELECT=1 {{(pid=92371) stat_writer /opt/stack/data/venv/lib/python3.12/site-packages/dbcounter.py:115}}
Aug 19 18:34:10.309705 np0000007799 nova-scheduler[93580]: DEBUG dbcounter [-] [93580] Writing DB stats nova_cell0:SELECT=4,nova_cell0:INSERT=1,nova_cell0:UPDATE=1 {{(pid=93580) stat_writer /opt/stack/data/venv/lib/python3.12/site-packages/dbcounter.py:115}}
Aug 19 18:34:10.315632 np0000007799 nova-scheduler[93599]: DEBUG dbcounter [-] [93599] Writing DB stats nova_cell0:SELECT=5,nova_cell0:INSERT=1 {{(pid=93599) stat_writer /opt/stack/data/venv/lib/python3.12/site-packages/dbcounter.py:115}}
Aug 19 18:34:10.315982 np0000007799 nova-scheduler[93582]: DEBUG dbcounter [-] [93582] Writing DB stats nova_cell0:SELECT=3 {{(pid=93582) stat_writer /opt/stack/data/venv/lib/python3.12/site-packages/dbcounter.py:115}}
Aug 19 18:34:21.301032 np0000007799 nova-scheduler[93580]: DEBUG oslo.service.backend._threading.loopingcall [None req-a1767969-716f-4949-a5c3-12b228f54243 None None] Dynamic interval looping call 'nova.service.Service.periodic_tasks' sleeping for 60.00 seconds {{(pid=93580) _run_loop /opt/stack/data/venv/lib/python3.12/site-packages/oslo_service/backend/_threading/loopingcall.py:125}}
Aug 19 18:34:24.308315 np0000007799 nova-scheduler[93599]: DEBUG oslo.service.backend._threading.loopingcall [None req-f4b5d39d-22b3-48bc-8ec9-896a36688091 None None] Dynamic interval looping call 'nova.service.Service.periodic_tasks' sleeping for 60.00 seconds {{(pid=93599) _run_loop /opt/stack/data/venv/lib/python3.12/site-packages/oslo_service/backend/_threading/loopingcall.py:125}}
Aug 19 18:34:45.307490 np0000007799 nova-scheduler[93582]: DEBUG oslo.service.backend._threading.loopingcall [None req-dbe0098b-4dab-432a-a657-a6db2a48899c None None] Dynamic interval looping call 'nova.service.Service.periodic_tasks' sleeping for 60.00 seconds {{(pid=93582) _run_loop /opt/stack/data/venv/lib/python3.12/site-packages/oslo_service/backend/_threading/loopingcall.py:125}}
Aug 19 18:35:21.301539 np0000007799 nova-scheduler[93580]: DEBUG oslo.service.backend._threading.loopingcall [None req-a1767969-716f-4949-a5c3-12b228f54243 None None] Dynamic interval looping call 'nova.service.Service.periodic_tasks' sleeping for 60.00 seconds {{(pid=93580) _run_loop /opt/stack/data/venv/lib/python3.12/site-packages/oslo_service/backend/_threading/loopingcall.py:125}}
Aug 19 18:35:24.308723 np0000007799 nova-scheduler[93599]: DEBUG oslo.service.backend._threading.loopingcall [None req-f4b5d39d-22b3-48bc-8ec9-896a36688091 None None] Dynamic interval looping call 'nova.service.Service.periodic_tasks' sleeping for 60.00 seconds {{(pid=93599) _run_loop /opt/stack/data/venv/lib/python3.12/site-packages/oslo_service/backend/_threading/loopingcall.py:125}}
Aug 19 18:35:45.307938 np0000007799 nova-scheduler[93582]: DEBUG oslo.service.backend._threading.loopingcall [None req-dbe0098b-4dab-432a-a657-a6db2a48899c None None] Dynamic interval looping call 'nova.service.Service.periodic_tasks' sleeping for 60.00 seconds {{(pid=93582) _run_loop /opt/stack/data/venv/lib/python3.12/site-packages/oslo_service/backend/_threading/loopingcall.py:125}}
Aug 19 18:36:00.312734 np0000007799 nova-scheduler[93580]: DEBUG oslo.service.backend._threading.loopingcall [-] Fixed interval looping call 'nova.servicegroup.drivers.db.DbDriver._report_state' sleeping for 119.99 seconds {{(pid=93580) _run_loop /opt/stack/data/venv/lib/python3.12/site-packages/oslo_service/backend/_threading/loopingcall.py:125}}
Aug 19 18:36:00.315619 np0000007799 nova-scheduler[93599]: DEBUG oslo.service.backend._threading.loopingcall [-] Fixed interval looping call 'nova.servicegroup.drivers.db.DbDriver._report_state' sleeping for 119.99 seconds {{(pid=93599) _run_loop /opt/stack/data/venv/lib/python3.12/site-packages/oslo_service/backend/_threading/loopingcall.py:125}}
Aug 19 18:36:00.316039 np0000007799 nova-scheduler[93582]: DEBUG oslo.service.backend._threading.loopingcall [-] Fixed interval looping call 'nova.servicegroup.drivers.db.DbDriver._report_state' sleeping for 119.99 seconds {{(pid=93582) _run_loop /opt/stack/data/venv/lib/python3.12/site-packages/oslo_service/backend/_threading/loopingcall.py:125}}
Aug 19 18:36:10.307583 np0000007799 nova-scheduler[93580]: DEBUG dbcounter [-] [93580] Writing DB stats nova_cell0:SELECT=1,nova_cell0:UPDATE=1 {{(pid=93580) stat_writer /opt/stack/data/venv/lib/python3.12/site-packages/dbcounter.py:115}}
Aug 19 18:36:10.312089 np0000007799 nova-scheduler[93599]: DEBUG dbcounter [-] [93599] Writing DB stats nova_cell0:SELECT=1,nova_cell0:UPDATE=1 {{(pid=93599) stat_writer /opt/stack/data/venv/lib/python3.12/site-packages/dbcounter.py:115}}
Aug 19 18:36:10.314282 np0000007799 nova-scheduler[93582]: DEBUG dbcounter [-] [93582] Writing DB stats nova_cell0:SELECT=1,nova_cell0:UPDATE=1 {{(pid=93582) stat_writer /opt/stack/data/venv/lib/python3.12/site-packages/dbcounter.py:115}}
Aug 19 18:36:21.302113 np0000007799 nova-scheduler[93580]: DEBUG oslo.service.backend._threading.loopingcall [None req-a1767969-716f-4949-a5c3-12b228f54243 None None] Dynamic interval looping call 'nova.service.Service.periodic_tasks' sleeping for 60.00 seconds {{(pid=93580) _run_loop /opt/stack/data/venv/lib/python3.12/site-packages/oslo_service/backend/_threading/loopingcall.py:125}}
Aug 19 18:36:24.309170 np0000007799 nova-scheduler[93599]: DEBUG oslo.service.backend._threading.loopingcall [None req-f4b5d39d-22b3-48bc-8ec9-896a36688091 None None] Dynamic interval looping call 'nova.service.Service.periodic_tasks' sleeping for 60.00 seconds {{(pid=93599) _run_loop /opt/stack/data/venv/lib/python3.12/site-packages/oslo_service/backend/_threading/loopingcall.py:125}}
Aug 19 18:36:27.149284 np0000007799 nova-scheduler[93580]: DEBUG nova.scheduler.manager [None req-3d1eee15-d013-4525-831d-627b98b0f2ec tempest-DeleteServersTestJSON-2041965482 tempest-DeleteServersTestJSON-2041965482-project-member] Starting to schedule for instances: ['ba5fac72-864d-4b9a-b38f-4bf962b30061'] {{(pid=93580) select_destinations /opt/stack/nova/nova/scheduler/manager.py:197}}
Aug 19 18:36:27.150546 np0000007799 nova-scheduler[93580]: DEBUG nova.scheduler.request_filter [None req-3d1eee15-d013-4525-831d-627b98b0f2ec tempest-DeleteServersTestJSON-2041965482 tempest-DeleteServersTestJSON-2041965482-project-member] compute_status_filter request filter added forbidden trait COMPUTE_STATUS_DISABLED {{(pid=93580) compute_status_filter /opt/stack/nova/nova/scheduler/request_filter.py:253}}
Aug 19 18:36:27.150803 np0000007799 nova-scheduler[93580]: DEBUG nova.scheduler.request_filter [None req-3d1eee15-d013-4525-831d-627b98b0f2ec tempest-DeleteServersTestJSON-2041965482 tempest-DeleteServersTestJSON-2041965482-project-member] Request filter 'compute_status_filter' took 0.0 seconds {{(pid=93580) wrapper /opt/stack/nova/nova/scheduler/request_filter.py:46}}
Aug 19 18:36:27.151178 np0000007799 nova-scheduler[93580]: DEBUG nova.scheduler.request_filter [None req-3d1eee15-d013-4525-831d-627b98b0f2ec tempest-DeleteServersTestJSON-2041965482 tempest-DeleteServersTestJSON-2041965482-project-member] Request filter 'accelerators_filter' took 0.0 seconds {{(pid=93580) wrapper /opt/stack/nova/nova/scheduler/request_filter.py:46}}
Aug 19 18:36:27.151453 np0000007799 nova-scheduler[93580]: DEBUG nova.scheduler.request_filter [None req-3d1eee15-d013-4525-831d-627b98b0f2ec tempest-DeleteServersTestJSON-2041965482 tempest-DeleteServersTestJSON-2041965482-project-member] Request filter 'packed_virtqueue_filter' took 0.0 seconds {{(pid=93580) wrapper /opt/stack/nova/nova/scheduler/request_filter.py:46}}
Aug 19 18:36:27.151911 np0000007799 nova-scheduler[93580]: DEBUG nova.scheduler.request_filter [None req-3d1eee15-d013-4525-831d-627b98b0f2ec tempest-DeleteServersTestJSON-2041965482 tempest-DeleteServersTestJSON-2041965482-project-member] Request filter 'remote_managed_ports_filter' took 0.0 seconds {{(pid=93580) wrapper /opt/stack/nova/nova/scheduler/request_filter.py:46}}
Aug 19 18:36:27.154065 np0000007799 nova-scheduler[93580]: DEBUG nova.scheduler.request_filter [None req-3d1eee15-d013-4525-831d-627b98b0f2ec tempest-DeleteServersTestJSON-2041965482 tempest-DeleteServersTestJSON-2041965482-project-member] ephemeral_encryption_filter skipped {{(pid=93580) ephemeral_encryption_filter /opt/stack/nova/nova/scheduler/request_filter.py:426}}
Aug 19 18:36:27.154400 np0000007799 nova-scheduler[93580]: DEBUG nova.scheduler.request_filter [None req-3d1eee15-d013-4525-831d-627b98b0f2ec tempest-DeleteServersTestJSON-2041965482 tempest-DeleteServersTestJSON-2041965482-project-member] virtio_sound_filter skipped {{(pid=93580) virtio_sound_filter /opt/stack/nova/nova/scheduler/request_filter.py:460}}
Aug 19 18:36:27.154830 np0000007799 nova-scheduler[93580]: DEBUG nova.scheduler.request_filter [None req-3d1eee15-d013-4525-831d-627b98b0f2ec tempest-DeleteServersTestJSON-2041965482 tempest-DeleteServersTestJSON-2041965482-project-member] tpm_secret_security_filter skipped {{(pid=93580) tpm_secret_security_filter /opt/stack/nova/nova/scheduler/request_filter.py:477}}
Aug 19 18:36:27.792971 np0000007799 nova-scheduler[93580]: INFO nova.utils [None req-3d1eee15-d013-4525-831d-627b98b0f2ec tempest-DeleteServersTestJSON-2041965482 tempest-DeleteServersTestJSON-2041965482-project-member] The cell worker thread pool ForkProcess-1.cell_worker is initialized
Aug 19 18:36:27.793183 np0000007799 nova-scheduler[93580]: DEBUG oslo_concurrency.lockutils [None req-3d1eee15-d013-4525-831d-627b98b0f2ec tempest-DeleteServersTestJSON-2041965482 tempest-DeleteServersTestJSON-2041965482-project-member] Acquiring lock "3e9bdf9c-6d15-4745-9e88-aed7df317eea" by "nova.context.set_target_cell..get_or_set_cached_cell_and_set_connections" {{(pid=93580) inner /opt/stack/data/venv/lib/python3.12/site-packages/oslo_concurrency/lockutils.py:512}}
Aug 19 18:36:27.793483 np0000007799 nova-scheduler[93580]: DEBUG oslo_concurrency.lockutils [None req-3d1eee15-d013-4525-831d-627b98b0f2ec tempest-DeleteServersTestJSON-2041965482 tempest-DeleteServersTestJSON-2041965482-project-member] Lock "3e9bdf9c-6d15-4745-9e88-aed7df317eea" acquired by "nova.context.set_target_cell..get_or_set_cached_cell_and_set_connections" :: waited 0.000s {{(pid=93580) inner /opt/stack/data/venv/lib/python3.12/site-packages/oslo_concurrency/lockutils.py:525}}
Aug 19 18:36:27.795282 np0000007799 nova-scheduler[93580]: DEBUG oslo_concurrency.lockutils [None req-3d1eee15-d013-4525-831d-627b98b0f2ec tempest-DeleteServersTestJSON-2041965482 tempest-DeleteServersTestJSON-2041965482-project-member] Lock "3e9bdf9c-6d15-4745-9e88-aed7df317eea" "released" by "nova.context.set_target_cell..get_or_set_cached_cell_and_set_connections" :: held 0.002s {{(pid=93580) inner /opt/stack/data/venv/lib/python3.12/site-packages/oslo_concurrency/lockutils.py:544}}
Aug 19 18:36:27.797049 np0000007799 nova-scheduler[93580]: INFO dbcounter [None req-3d1eee15-d013-4525-831d-627b98b0f2ec tempest-DeleteServersTestJSON-2041965482 tempest-DeleteServersTestJSON-2041965482-project-member] Registered counter for database nova_cell1
Aug 19 18:36:27.836730 np0000007799 nova-scheduler[93580]: DEBUG oslo_db.sqlalchemy.engines [None req-3d1eee15-d013-4525-831d-627b98b0f2ec tempest-DeleteServersTestJSON-2041965482 tempest-DeleteServersTestJSON-2041965482-project-member] MySQL server mode set to STRICT_TRANS_TABLES,STRICT_ALL_TABLES,NO_ZERO_IN_DATE,NO_ZERO_DATE,ERROR_FOR_DIVISION_BY_ZERO,TRADITIONAL,NO_ENGINE_SUBSTITUTION {{(pid=93580) _check_effective_sql_mode /opt/stack/data/venv/lib/python3.12/site-packages/oslo_db/sqlalchemy/engines.py:325}}
Aug 19 18:36:27.842283 np0000007799 nova-scheduler[93580]: DEBUG dbcounter [-] [93580] Writer thread running {{(pid=93580) stat_writer /opt/stack/data/venv/lib/python3.12/site-packages/dbcounter.py:102}}
Aug 19 18:36:27.852955 np0000007799 nova-scheduler[93580]: DEBUG oslo_db.sqlalchemy.engines [None req-3d1eee15-d013-4525-831d-627b98b0f2ec tempest-DeleteServersTestJSON-2041965482 tempest-DeleteServersTestJSON-2041965482-project-member] Parent process 92371 forked (93580) with an open database connection, which is being discarded and recreated. {{(pid=93580) checkout /opt/stack/data/venv/lib/python3.12/site-packages/oslo_db/sqlalchemy/engines.py:402}}
Aug 19 18:36:27.887075 np0000007799 nova-scheduler[93580]: DEBUG dbcounter [-] [93580] Writer thread running {{(pid=93580) stat_writer /opt/stack/data/venv/lib/python3.12/site-packages/dbcounter.py:102}}
Aug 19 18:36:27.891020 np0000007799 nova-scheduler[93580]: DEBUG oslo_concurrency.lockutils [None req-3d1eee15-d013-4525-831d-627b98b0f2ec tempest-DeleteServersTestJSON-2041965482 tempest-DeleteServersTestJSON-2041965482-project-member] Acquiring lock "3e9bdf9c-6d15-4745-9e88-aed7df317eea" by "nova.context.set_target_cell..get_or_set_cached_cell_and_set_connections" {{(pid=93580) inner /opt/stack/data/venv/lib/python3.12/site-packages/oslo_concurrency/lockutils.py:512}}
Aug 19 18:36:27.891020 np0000007799 nova-scheduler[93580]: DEBUG oslo_concurrency.lockutils [None req-3d1eee15-d013-4525-831d-627b98b0f2ec tempest-DeleteServersTestJSON-2041965482 tempest-DeleteServersTestJSON-2041965482-project-member] Lock "3e9bdf9c-6d15-4745-9e88-aed7df317eea" acquired by "nova.context.set_target_cell..get_or_set_cached_cell_and_set_connections" :: waited 0.000s {{(pid=93580) inner /opt/stack/data/venv/lib/python3.12/site-packages/oslo_concurrency/lockutils.py:525}}
Aug 19 18:36:27.891307 np0000007799 nova-scheduler[93580]: DEBUG oslo_concurrency.lockutils [None req-3d1eee15-d013-4525-831d-627b98b0f2ec tempest-DeleteServersTestJSON-2041965482 tempest-DeleteServersTestJSON-2041965482-project-member] Lock "3e9bdf9c-6d15-4745-9e88-aed7df317eea" "released" by "nova.context.set_target_cell..get_or_set_cached_cell_and_set_connections" :: held 0.000s {{(pid=93580) inner /opt/stack/data/venv/lib/python3.12/site-packages/oslo_concurrency/lockutils.py:544}}
Aug 19 18:36:27.894770 np0000007799 nova-scheduler[93580]: DEBUG oslo_concurrency.lockutils [None req-3d1eee15-d013-4525-831d-627b98b0f2ec tempest-DeleteServersTestJSON-2041965482 tempest-DeleteServersTestJSON-2041965482-project-member] Acquiring lock "np0000007799-np0000007799" by "nova.scheduler.host_manager.HostState.update.._locked_update" {{(pid=93580) inner /opt/stack/data/venv/lib/python3.12/site-packages/oslo_concurrency/lockutils.py:512}}
Aug 19 18:36:27.894976 np0000007799 nova-scheduler[93580]: DEBUG oslo_concurrency.lockutils [None req-3d1eee15-d013-4525-831d-627b98b0f2ec tempest-DeleteServersTestJSON-2041965482 tempest-DeleteServersTestJSON-2041965482-project-member] Lock "np0000007799-np0000007799" acquired by "nova.scheduler.host_manager.HostState.update.._locked_update" :: waited 0.000s {{(pid=93580) inner /opt/stack/data/venv/lib/python3.12/site-packages/oslo_concurrency/lockutils.py:525}}
Aug 19 18:36:27.895923 np0000007799 nova-scheduler[93580]: DEBUG nova.scheduler.host_manager [None req-3d1eee15-d013-4525-831d-627b98b0f2ec tempest-DeleteServersTestJSON-2041965482 tempest-DeleteServersTestJSON-2041965482-project-member] Update host state from compute node: ComputeNode(cpu_allocation_ratio=4.0,cpu_info='{"arch": "x86_64", "model": "EPYC-Milan", "vendor": "AMD", "topology": {"cells": 1, "sockets": 16, "cores": 1, "threads": 1}, "maxphysaddr": {"mode": "emulate", "bits": 40}, "features": ["sse4.1", "avx", "sep", "xsaveerptr", "pfthreshold", "clflushopt", "fsgsbase", "smep", "pku", "movbe", "rdpid", "tsc-deadline", "amd-stibp", "popcnt", "lbrv", "pge", "rdctl-no", "amd-ssbd", "rdseed", "adx", "ibpb", "amd-psfd", "wbnoinvd", "ssse3", "xgetbv1", "cr8legacy", "pschange-mc-no", "erms", "mds-no", "clflush", "gds-no", "lahf_lm", "hypervisor", "sse4.2", "apic", "stibp-always-on", "xsave", "cmov", "cx16", "avx2", "mtrr", "tsc-scale", "flushbyasid", "sse4a", "v-vmsave-vmload", "cx8", "mmx", "no-nested-data-bp", "ibrs", "npt", "fxsr_opt", "fma", "smap", "tsc", "pse36", "arat", "nx", "lfence-always-serializing", "arch-capabilities", "pclmuldq", "lm", "vme", "vmcb-clean", "vaes", "spec-ctrl", "umip", "svm", "pdpe1gb", "3dnowprefetch", "invpcid", "misalignsse", "osvw", "pcid", "pse", "sse2", "xsaveopt", "vpclmulqdq", "pae", "skip-l1dfl-vmentry", "svme-addr-chk", "ssbd", "rdrand", "bmi1", "rdtscp", "msr", "sha-ni", "perfctr_core", "pni", "fsrm", "x2apic", "pat", "topoext", "vgif", "mce", "clwb", "aes", "virt-ssbd", "nrip-save", "xsaves", "pause-filter", "clzero", "abm", "cmp_legacy", "xsavec", "fxsr", "tsc_adjust", "bmi2", "mca", "f16c", "null-sel-clr-base", "fpu", "stibp", "mmxext", "sse", "de", "syscall"]}',created_at=2026-08-19T18:34:16Z,current_workload=0,deleted=False,deleted_at=None,disk_allocation_ratio=1.0,disk_available_least=73,free_disk_gb=95,free_ram_mb=62509,host='np0000007799',host_ip=10.4.3.203,hypervisor_hostname='np0000007799',hypervisor_type='QEMU',hypervisor_version=8002002,id=1,local_gb=95,local_gb_used=0,mapped=1,memory_mb=63021,memory_mb_used=512,metrics='[]',numa_topology='{"nova_object.name": "NUMATopology", "nova_object.namespace": "nova", "nova_object.version": "1.2", "nova_object.data": {"cells": [{"nova_object.name": "NUMACell", "nova_object.namespace": "nova", "nova_object.version": "1.5", "nova_object.data": {"id": 0, "cpuset": [0, 1, 2, 3, 4, 5, 6, 7, 8, 9, 10, 11, 12, 13, 14, 15], "pcpuset": [0, 1, 2, 3, 4, 5, 6, 7, 8, 9, 10, 11, 12, 13, 14, 15], "memory": 63021, "cpu_usage": 0, "memory_usage": 0, "pinned_cpus": [], "siblings": [[6], [12], [2], [15], [5], [11], [8], [14], [4], [1], [7], [10], [0], [13], [3], [9]], "mempages": [{"nova_object.name": "NUMAPagesTopology", "nova_object.namespace": "nova", "nova_object.version": "1.1", "nova_object.data": {"size_kb": 4, "total": 16112391, "used": 0, "reserved": 0}, "nova_object.changes": ["reserved", "used", "total", "size_kb"]}, {"nova_object.name": "NUMAPagesTopology", "nova_object.namespace": "nova", "nova_object.version": "1.1", "nova_object.data": {"size_kb": 2048, "total": 41, "used": 0, "reserved": 0}, "nova_object.changes": ["reserved", "used", "total", "size_kb"]}, {"nova_object.name": "NUMAPagesTopology", "nova_object.namespace": "nova", "nova_object.version": "1.1", "nova_object.data": {"size_kb": 1048576, "total": 0, "used": 0, "reserved": 0}, "nova_object.changes": ["reserved", "used", "total", "size_kb"]}], "network_metadata": {"nova_object.name": "NetworkMetadata", "nova_object.namespace": "nova", "nova_object.version": "1.0", "nova_object.data": {"physnets": [], "tunneled": false}, "nova_object.changes": ["tunneled", "physnets"]}, "socket": null}, "nova_object.changes": ["memory_usage", "pcpuset", "siblings", "pinned_cpus", "memory", "socket", "mempages", "id", "cpu_usage", "cpuset", "network_metadata"]}]}, "nova_object.changes": ["cells"]}',pci_device_pools=PciDevicePoolList,ram_allocation_ratio=1.0,running_vms=0,service_id=2,stats={failed_builds='0',uptime=' 18:36:04 up 13 min, 2 users, load average: 1.39, 1.34, 0.77
Aug 19 18:36:27.895923 np0000007799 nova-scheduler[93580]: '},supported_hv_specs=[HVSpec,HVSpec,HVSpec,HVSpec,HVSpec,HVSpec,HVSpec,HVSpec,HVSpec,HVSpec,HVSpec,HVSpec,HVSpec,HVSpec,HVSpec,HVSpec,HVSpec,HVSpec,HVSpec,HVSpec,HVSpec,HVSpec,HVSpec,HVSpec,HVSpec],updated_at=2026-08-19T18:36:05Z,uuid=d35ba122-1b90-471f-9739-89b9d793cff9,vcpus=16,vcpus_used=0) {{(pid=93580) _locked_update /opt/stack/nova/nova/scheduler/host_manager.py:168}}
Aug 19 18:36:27.896729 np0000007799 nova-scheduler[93580]: DEBUG nova.scheduler.host_manager [None req-3d1eee15-d013-4525-831d-627b98b0f2ec tempest-DeleteServersTestJSON-2041965482 tempest-DeleteServersTestJSON-2041965482-project-member] Update host state with aggregates: [] {{(pid=93580) _locked_update /opt/stack/nova/nova/scheduler/host_manager.py:171}}
Aug 19 18:36:27.896896 np0000007799 nova-scheduler[93580]: DEBUG nova.scheduler.host_manager [None req-3d1eee15-d013-4525-831d-627b98b0f2ec tempest-DeleteServersTestJSON-2041965482 tempest-DeleteServersTestJSON-2041965482-project-member] Update host state with service dict: {'id': 2, 'uuid': '43fd4f1f-e627-41bd-b4dd-5beb074904b9', 'host': 'np0000007799', 'binary': 'nova-compute', 'topic': 'compute', 'report_count': 2, 'disabled': False, 'disabled_reason': None, 'last_seen_up': datetime.datetime(2026, 8, 19, 18, 36, 23, tzinfo=datetime.timezone.utc), 'forced_down': False, 'version': 72, 'created_at': datetime.datetime(2026, 8, 19, 18, 34, 16, tzinfo=datetime.timezone.utc), 'updated_at': datetime.datetime(2026, 8, 19, 18, 36, 23, tzinfo=datetime.timezone.utc), 'deleted_at': None, 'deleted': False} {{(pid=93580) _locked_update /opt/stack/nova/nova/scheduler/host_manager.py:174}}
Aug 19 18:36:27.897122 np0000007799 nova-scheduler[93580]: DEBUG nova.scheduler.host_manager [None req-3d1eee15-d013-4525-831d-627b98b0f2ec tempest-DeleteServersTestJSON-2041965482 tempest-DeleteServersTestJSON-2041965482-project-member] Update host state with instances: [] {{(pid=93580) _locked_update /opt/stack/nova/nova/scheduler/host_manager.py:177}}
Aug 19 18:36:27.897485 np0000007799 nova-scheduler[93580]: DEBUG oslo_concurrency.lockutils [None req-3d1eee15-d013-4525-831d-627b98b0f2ec tempest-DeleteServersTestJSON-2041965482 tempest-DeleteServersTestJSON-2041965482-project-member] Lock "np0000007799-np0000007799" "released" by "nova.scheduler.host_manager.HostState.update.._locked_update" :: held 0.002s {{(pid=93580) inner /opt/stack/data/venv/lib/python3.12/site-packages/oslo_concurrency/lockutils.py:544}}
Aug 19 18:36:27.897811 np0000007799 nova-scheduler[93580]: DEBUG nova.filters [None req-3d1eee15-d013-4525-831d-627b98b0f2ec tempest-DeleteServersTestJSON-2041965482 tempest-DeleteServersTestJSON-2041965482-project-member] Starting with 1 host(s) {{(pid=93580) get_filtered_objects /opt/stack/nova/nova/filters.py:70}}
Aug 19 18:36:27.898963 np0000007799 nova-scheduler[93580]: DEBUG nova.filters [None req-3d1eee15-d013-4525-831d-627b98b0f2ec tempest-DeleteServersTestJSON-2041965482 tempest-DeleteServersTestJSON-2041965482-project-member] Filter ComputeFilter returned 1 host(s) {{(pid=93580) get_filtered_objects /opt/stack/nova/nova/filters.py:102}}
Aug 19 18:36:27.899201 np0000007799 nova-scheduler[93580]: DEBUG nova.filters [None req-3d1eee15-d013-4525-831d-627b98b0f2ec tempest-DeleteServersTestJSON-2041965482 tempest-DeleteServersTestJSON-2041965482-project-member] Filter ComputeCapabilitiesFilter returned 1 host(s) {{(pid=93580) get_filtered_objects /opt/stack/nova/nova/filters.py:102}}
Aug 19 18:36:27.899451 np0000007799 nova-scheduler[93580]: DEBUG nova.filters [None req-3d1eee15-d013-4525-831d-627b98b0f2ec tempest-DeleteServersTestJSON-2041965482 tempest-DeleteServersTestJSON-2041965482-project-member] Filter ImagePropertiesFilter returned 1 host(s) {{(pid=93580) get_filtered_objects /opt/stack/nova/nova/filters.py:102}}
Aug 19 18:36:27.899571 np0000007799 nova-scheduler[93580]: DEBUG nova.filters [None req-3d1eee15-d013-4525-831d-627b98b0f2ec tempest-DeleteServersTestJSON-2041965482 tempest-DeleteServersTestJSON-2041965482-project-member] Filter ServerGroupAntiAffinityFilter returned 1 host(s) {{(pid=93580) get_filtered_objects /opt/stack/nova/nova/filters.py:102}}
Aug 19 18:36:27.899729 np0000007799 nova-scheduler[93580]: DEBUG nova.filters [None req-3d1eee15-d013-4525-831d-627b98b0f2ec tempest-DeleteServersTestJSON-2041965482 tempest-DeleteServersTestJSON-2041965482-project-member] Filter ServerGroupAffinityFilter returned 1 host(s) {{(pid=93580) get_filtered_objects /opt/stack/nova/nova/filters.py:102}}
Aug 19 18:36:27.899855 np0000007799 nova-scheduler[93580]: DEBUG nova.filters [None req-3d1eee15-d013-4525-831d-627b98b0f2ec tempest-DeleteServersTestJSON-2041965482 tempest-DeleteServersTestJSON-2041965482-project-member] Filter SameHostFilter returned 1 host(s) {{(pid=93580) get_filtered_objects /opt/stack/nova/nova/filters.py:102}}
Aug 19 18:36:27.899956 np0000007799 nova-scheduler[93580]: DEBUG nova.filters [None req-3d1eee15-d013-4525-831d-627b98b0f2ec tempest-DeleteServersTestJSON-2041965482 tempest-DeleteServersTestJSON-2041965482-project-member] Filter DifferentHostFilter returned 1 host(s) {{(pid=93580) get_filtered_objects /opt/stack/nova/nova/filters.py:102}}
Aug 19 18:36:27.900072 np0000007799 nova-scheduler[93580]: DEBUG nova.scheduler.manager [None req-3d1eee15-d013-4525-831d-627b98b0f2ec tempest-DeleteServersTestJSON-2041965482 tempest-DeleteServersTestJSON-2041965482-project-member] Filtered [(np0000007799, np0000007799) ram: 62509MB disk: 74752MB io_ops: 0 instances: 0, allocation_candidates: 1] {{(pid=93580) _get_sorted_hosts /opt/stack/nova/nova/scheduler/manager.py:730}}
Aug 19 18:36:27.900306 np0000007799 nova-scheduler[93580]: DEBUG nova.scheduler.manager [None req-3d1eee15-d013-4525-831d-627b98b0f2ec tempest-DeleteServersTestJSON-2041965482 tempest-DeleteServersTestJSON-2041965482-project-member] Weighed [WeighedHost [host: (np0000007799, np0000007799) ram: 62509MB disk: 74752MB io_ops: 0 instances: 0, allocation_candidates: 1, weight: 0.0]] {{(pid=93580) _get_sorted_hosts /opt/stack/nova/nova/scheduler/manager.py:752}}
Aug 19 18:36:27.900489 np0000007799 nova-scheduler[93580]: DEBUG nova.scheduler.utils [None req-3d1eee15-d013-4525-831d-627b98b0f2ec tempest-DeleteServersTestJSON-2041965482 tempest-DeleteServersTestJSON-2041965482-project-member] Attempting to claim resources in the placement API for instance ba5fac72-864d-4b9a-b38f-4bf962b30061 {{(pid=93580) claim_resources /opt/stack/nova/nova/scheduler/utils.py:1345}}
Aug 19 18:36:28.080600 np0000007799 nova-scheduler[93580]: DEBUG nova.scheduler.manager [None req-3d1eee15-d013-4525-831d-627b98b0f2ec tempest-DeleteServersTestJSON-2041965482 tempest-DeleteServersTestJSON-2041965482-project-member] [instance: ba5fac72-864d-4b9a-b38f-4bf962b30061] Selected host: (np0000007799, np0000007799) ram: 62509MB disk: 74752MB io_ops: 0 instances: 0, allocation_candidates: 1 {{(pid=93580) _consume_selected_host /opt/stack/nova/nova/scheduler/manager.py:612}}
Aug 19 18:36:28.080859 np0000007799 nova-scheduler[93580]: DEBUG oslo_concurrency.lockutils [None req-3d1eee15-d013-4525-831d-627b98b0f2ec tempest-DeleteServersTestJSON-2041965482 tempest-DeleteServersTestJSON-2041965482-project-member] Acquiring lock "np0000007799-np0000007799" by "nova.scheduler.host_manager.HostState.consume_from_request.._locked" {{(pid=93580) inner /opt/stack/data/venv/lib/python3.12/site-packages/oslo_concurrency/lockutils.py:512}}
Aug 19 18:36:28.080998 np0000007799 nova-scheduler[93580]: DEBUG oslo_concurrency.lockutils [None req-3d1eee15-d013-4525-831d-627b98b0f2ec tempest-DeleteServersTestJSON-2041965482 tempest-DeleteServersTestJSON-2041965482-project-member] Lock "np0000007799-np0000007799" acquired by "nova.scheduler.host_manager.HostState.consume_from_request.._locked" :: waited 0.000s {{(pid=93580) inner /opt/stack/data/venv/lib/python3.12/site-packages/oslo_concurrency/lockutils.py:525}}
Aug 19 18:36:28.081153 np0000007799 nova-scheduler[93580]: DEBUG oslo_concurrency.lockutils [None req-3d1eee15-d013-4525-831d-627b98b0f2ec tempest-DeleteServersTestJSON-2041965482 tempest-DeleteServersTestJSON-2041965482-project-member] Lock "np0000007799-np0000007799" "released" by "nova.scheduler.host_manager.HostState.consume_from_request.._locked" :: held 0.000s {{(pid=93580) inner /opt/stack/data/venv/lib/python3.12/site-packages/oslo_concurrency/lockutils.py:544}}
Aug 19 18:36:29.844313 np0000007799 nova-scheduler[93582]: DEBUG nova.scheduler.manager [None req-fc19662a-92bb-4419-895c-3472cc00b78d tempest-ServerStableDeviceRescueTest-1267139484 tempest-ServerStableDeviceRescueTest-1267139484-project-member] Starting to schedule for instances: ['b6608517-dc6b-477c-9897-88c54a128fa8'] {{(pid=93582) select_destinations /opt/stack/nova/nova/scheduler/manager.py:197}}
Aug 19 18:36:29.845040 np0000007799 nova-scheduler[93582]: DEBUG nova.scheduler.request_filter [None req-fc19662a-92bb-4419-895c-3472cc00b78d tempest-ServerStableDeviceRescueTest-1267139484 tempest-ServerStableDeviceRescueTest-1267139484-project-member] compute_status_filter request filter added forbidden trait COMPUTE_STATUS_DISABLED {{(pid=93582) compute_status_filter /opt/stack/nova/nova/scheduler/request_filter.py:253}}
Aug 19 18:36:29.845131 np0000007799 nova-scheduler[93582]: DEBUG nova.scheduler.request_filter [None req-fc19662a-92bb-4419-895c-3472cc00b78d tempest-ServerStableDeviceRescueTest-1267139484 tempest-ServerStableDeviceRescueTest-1267139484-project-member] Request filter 'compute_status_filter' took 0.0 seconds {{(pid=93582) wrapper /opt/stack/nova/nova/scheduler/request_filter.py:46}}
Aug 19 18:36:29.845363 np0000007799 nova-scheduler[93582]: DEBUG nova.scheduler.request_filter [None req-fc19662a-92bb-4419-895c-3472cc00b78d tempest-ServerStableDeviceRescueTest-1267139484 tempest-ServerStableDeviceRescueTest-1267139484-project-member] Request filter 'accelerators_filter' took 0.0 seconds {{(pid=93582) wrapper /opt/stack/nova/nova/scheduler/request_filter.py:46}}
Aug 19 18:36:29.845560 np0000007799 nova-scheduler[93582]: DEBUG nova.scheduler.request_filter [None req-fc19662a-92bb-4419-895c-3472cc00b78d tempest-ServerStableDeviceRescueTest-1267139484 tempest-ServerStableDeviceRescueTest-1267139484-project-member] Request filter 'packed_virtqueue_filter' took 0.0 seconds {{(pid=93582) wrapper /opt/stack/nova/nova/scheduler/request_filter.py:46}}
Aug 19 18:36:29.846007 np0000007799 nova-scheduler[93582]: DEBUG nova.scheduler.request_filter [None req-fc19662a-92bb-4419-895c-3472cc00b78d tempest-ServerStableDeviceRescueTest-1267139484 tempest-ServerStableDeviceRescueTest-1267139484-project-member] Request filter 'remote_managed_ports_filter' took 0.0 seconds {{(pid=93582) wrapper /opt/stack/nova/nova/scheduler/request_filter.py:46}}
Aug 19 18:36:29.846430 np0000007799 nova-scheduler[93582]: DEBUG nova.scheduler.request_filter [None req-fc19662a-92bb-4419-895c-3472cc00b78d tempest-ServerStableDeviceRescueTest-1267139484 tempest-ServerStableDeviceRescueTest-1267139484-project-member] ephemeral_encryption_filter skipped {{(pid=93582) ephemeral_encryption_filter /opt/stack/nova/nova/scheduler/request_filter.py:426}}
Aug 19 18:36:29.846598 np0000007799 nova-scheduler[93582]: DEBUG nova.scheduler.request_filter [None req-fc19662a-92bb-4419-895c-3472cc00b78d tempest-ServerStableDeviceRescueTest-1267139484 tempest-ServerStableDeviceRescueTest-1267139484-project-member] virtio_sound_filter skipped {{(pid=93582) virtio_sound_filter /opt/stack/nova/nova/scheduler/request_filter.py:460}}
Aug 19 18:36:29.846752 np0000007799 nova-scheduler[93582]: DEBUG nova.scheduler.request_filter [None req-fc19662a-92bb-4419-895c-3472cc00b78d tempest-ServerStableDeviceRescueTest-1267139484 tempest-ServerStableDeviceRescueTest-1267139484-project-member] tpm_secret_security_filter skipped {{(pid=93582) tpm_secret_security_filter /opt/stack/nova/nova/scheduler/request_filter.py:477}}
