May 13 11:30:56.227627 np0000000687 devstack@g-api.service[101662]: DEBUG glance.location [None req-e856b0ed-b5d5-48ab-b0f1-e19de142a662 tempest-ImageDependencyTests-820904052 tempest-ImageDependencyTests-820904052-project-member] Enabling in-flight format inspection for raw {{(pid=101662) set_data /opt/stack/glance/glance/location.py:616}}
May 13 11:30:56.228272 np0000000687 devstack@g-api.service[101662]: DEBUG glance_store.backend [None req-e856b0ed-b5d5-48ab-b0f1-e19de142a662 tempest-ImageDependencyTests-820904052 tempest-ImageDependencyTests-820904052-project-member] Attempting to import store swift {{(pid=101662) _load_store /opt/stack/data/venv/lib/python3.12/site-packages/glance_store/backend.py:215}}
May 13 11:30:56.230441 np0000000687 devstack@g-api.service[101662]: DEBUG glance_store.capabilities [None req-e856b0ed-b5d5-48ab-b0f1-e19de142a662 tempest-ImageDependencyTests-820904052 tempest-ImageDependencyTests-820904052-project-member] Store glance_store._drivers.swift.store.SingleTenantStore doesn't support updating dynamic storage capabilities. Please overwrite 'update_capabilities' method of the store to implement updating logics if needed. {{(pid=101662) update_capabilities /opt/stack/data/venv/lib/python3.12/site-packages/glance_store/capabilities.py:91}}
May 13 11:30:56.230644 np0000000687 devstack@g-api.service[101662]: DEBUG glance_store.driver [None req-e856b0ed-b5d5-48ab-b0f1-e19de142a662 tempest-ImageDependencyTests-820904052 tempest-ImageDependencyTests-820904052-project-member] Late loading location class glance_store._drivers.swift.store.StoreLocation {{(pid=101662) get_store_location_class /opt/stack/data/venv/lib/python3.12/site-packages/glance_store/driver.py:134}}
May 13 11:30:56.230819 np0000000687 devstack@g-api.service[101662]: DEBUG glance_store.location [None req-e856b0ed-b5d5-48ab-b0f1-e19de142a662 tempest-ImageDependencyTests-820904052 tempest-ImageDependencyTests-820904052-project-member] Registering scheme swift+https with {'store': , 'location_class': , 'store_entry': 'swift'} {{(pid=101662) register_scheme_map /opt/stack/data/venv/lib/python3.12/site-packages/glance_store/location.py:146}}
May 13 11:30:56.231090 np0000000687 devstack@g-api.service[101662]: DEBUG glance_store.location [None req-e856b0ed-b5d5-48ab-b0f1-e19de142a662 tempest-ImageDependencyTests-820904052 tempest-ImageDependencyTests-820904052-project-member] Registering scheme swift+https with {'store': , 'location_class': , 'store_entry': 'swift'} {{(pid=101662) register_scheme_map /opt/stack/data/venv/lib/python3.12/site-packages/glance_store/location.py:146}}
May 13 11:30:56.231412 np0000000687 devstack@g-api.service[101662]: DEBUG glance_store.location [None req-e856b0ed-b5d5-48ab-b0f1-e19de142a662 tempest-ImageDependencyTests-820904052 tempest-ImageDependencyTests-820904052-project-member] Registering scheme swift with {'store': , 'location_class': , 'store_entry': 'swift'} {{(pid=101662) register_scheme_map /opt/stack/data/venv/lib/python3.12/site-packages/glance_store/location.py:146}}
May 13 11:30:56.231545 np0000000687 devstack@g-api.service[101662]: DEBUG glance_store.location [None req-e856b0ed-b5d5-48ab-b0f1-e19de142a662 tempest-ImageDependencyTests-820904052 tempest-ImageDependencyTests-820904052-project-member] Registering scheme swift+https with {'store': , 'location_class': , 'store_entry': 'swift'} {{(pid=101662) register_scheme_map /opt/stack/data/venv/lib/python3.12/site-packages/glance_store/location.py:146}}
May 13 11:30:56.231699 np0000000687 devstack@g-api.service[101662]: DEBUG glance_store.location [None req-e856b0ed-b5d5-48ab-b0f1-e19de142a662 tempest-ImageDependencyTests-820904052 tempest-ImageDependencyTests-820904052-project-member] Registering scheme swift with {'store': , 'location_class': , 'store_entry': 'swift'} {{(pid=101662) register_scheme_map /opt/stack/data/venv/lib/python3.12/site-packages/glance_store/location.py:146}}
May 13 11:30:56.231851 np0000000687 devstack@g-api.service[101662]: DEBUG glance_store.location [None req-e856b0ed-b5d5-48ab-b0f1-e19de142a662 tempest-ImageDependencyTests-820904052 tempest-ImageDependencyTests-820904052-project-member] Registering scheme swift+http with {'store': , 'location_class': , 'store_entry': 'swift'} {{(pid=101662) register_scheme_map /opt/stack/data/venv/lib/python3.12/site-packages/glance_store/location.py:146}}
May 13 11:30:56.232089 np0000000687 devstack@g-api.service[101662]: DEBUG glance_store.location [None req-e856b0ed-b5d5-48ab-b0f1-e19de142a662 tempest-ImageDependencyTests-820904052 tempest-ImageDependencyTests-820904052-project-member] Registering scheme swift+https with {'store': , 'location_class': , 'store_entry': 'swift'} {{(pid=101662) register_scheme_map /opt/stack/data/venv/lib/python3.12/site-packages/glance_store/location.py:146}}
May 13 11:30:56.232235 np0000000687 devstack@g-api.service[101662]: DEBUG glance_store.location [None req-e856b0ed-b5d5-48ab-b0f1-e19de142a662 tempest-ImageDependencyTests-820904052 tempest-ImageDependencyTests-820904052-project-member] Registering scheme swift with {'store': , 'location_class': , 'store_entry': 'swift'} {{(pid=101662) register_scheme_map /opt/stack/data/venv/lib/python3.12/site-packages/glance_store/location.py:146}}
May 13 11:30:56.232376 np0000000687 devstack@g-api.service[101662]: DEBUG glance_store.location [None req-e856b0ed-b5d5-48ab-b0f1-e19de142a662 tempest-ImageDependencyTests-820904052 tempest-ImageDependencyTests-820904052-project-member] Registering scheme swift+http with {'store': , 'location_class': , 'store_entry': 'swift'} {{(pid=101662) register_scheme_map /opt/stack/data/venv/lib/python3.12/site-packages/glance_store/location.py:146}}
May 13 11:30:56.232566 np0000000687 devstack@g-api.service[101662]: DEBUG glance_store.location [None req-e856b0ed-b5d5-48ab-b0f1-e19de142a662 tempest-ImageDependencyTests-820904052 tempest-ImageDependencyTests-820904052-project-member] Registering scheme swift+config with {'store': , 'location_class': , 'store_entry': 'swift'} {{(pid=101662) register_scheme_map /opt/stack/data/venv/lib/python3.12/site-packages/glance_store/location.py:146}}
May 13 11:30:56.719502 np0000000687 devstack@g-api.service[101662]: DEBUG swiftclient [None req-e856b0ed-b5d5-48ab-b0f1-e19de142a662 tempest-ImageDependencyTests-820904052 tempest-ImageDependencyTests-820904052-project-member] REQ: curl -i https://10.4.3.13:8080/v1/AUTH_25631755a45a4e45a8635dc0859cae8c/glance -I -H "X-Auth-Token: gAAAAABqBGDwRbVm..." {{(pid=101662) http_log /opt/stack/data/venv/lib/python3.12/site-packages/swiftclient/client.py:160}}
May 13 11:30:56.719502 np0000000687 devstack@g-api.service[101662]: DEBUG swiftclient [None req-e856b0ed-b5d5-48ab-b0f1-e19de142a662 tempest-ImageDependencyTests-820904052 tempest-ImageDependencyTests-820904052-project-member] RESP STATUS: 204 No Content {{(pid=101662) http_log /opt/stack/data/venv/lib/python3.12/site-packages/swiftclient/client.py:161}}
May 13 11:30:56.719502 np0000000687 devstack@g-api.service[101662]: DEBUG swiftclient [None req-e856b0ed-b5d5-48ab-b0f1-e19de142a662 tempest-ImageDependencyTests-820904052 tempest-ImageDependencyTests-820904052-project-member] RESP HEADERS: {'Date': 'Wed, 13 May 2026 11:30:56 GMT', 'Server': 'Apache/2.4.58 (Ubuntu)', 'Content-Type': 'text/plain; charset=utf-8', 'X-Container-Object-Count': '7', 'X-Container-Bytes-Used': '111411200', 'X-Timestamp': '1778671316.45614', 'Last-Modified': 'Wed, 13 May 2026 11:21:57 GMT', 'Accept-Ranges': 'bytes', 'X-Storage-Policy': 'Policy-0', 'X-Container-Sharding': 'False', 'Vary': 'Accept', 'X-Trans-Id': 'tx1228cf1a222048a3a2cc3-006a0460f0', 'X-Openstack-Request-Id': 'tx1228cf1a222048a3a2cc3-006a0460f0', 'Connection': 'close'} {{(pid=101662) http_log /opt/stack/data/venv/lib/python3.12/site-packages/swiftclient/client.py:162}}
May 13 11:30:56.719738 np0000000687 devstack@g-api.service[101662]: DEBUG glance_store._drivers.swift.store [None req-e856b0ed-b5d5-48ab-b0f1-e19de142a662 tempest-ImageDependencyTests-820904052 tempest-ImageDependencyTests-820904052-project-member] Adding image object 'df773855-4ff9-43d2-b211-113e957b32ca' to Swift {{(pid=101662) add /opt/stack/data/venv/lib/python3.12/site-packages/glance_store/_drivers/swift/store.py:978}}
May 13 11:30:56.728721 np0000000687 devstack@g-api.service[101662]: DEBUG oslo_utils.imageutils.format_inspector [None req-e856b0ed-b5d5-48ab-b0f1-e19de142a662 tempest-ImageDependencyTests-820904052 tempest-ImageDependencyTests-820904052-project-member] Format inspector for vmdk does not match, excluding from consideration (Signature KDMV not found: b'\xde\xe2\xe3\x8a') {{(pid=101662) _process_chunk /opt/stack/data/venv/lib/python3.12/site-packages/oslo_utils/imageutils/format_inspector.py:1538}}
May 13 11:30:56.770077 np0000000687 devstack@g-api.service[101662]: DEBUG swiftclient [None req-e856b0ed-b5d5-48ab-b0f1-e19de142a662 tempest-ImageDependencyTests-820904052 tempest-ImageDependencyTests-820904052-project-member] REQ: curl -i https://10.4.3.13:8080/v1/AUTH_25631755a45a4e45a8635dc0859cae8c/glance/df773855-4ff9-43d2-b211-113e957b32ca -X PUT -H "X-Auth-Token: gAAAAABqBGDwRbVm..." -H "Content-Length: 1024" {{(pid=101662) http_log /opt/stack/data/venv/lib/python3.12/site-packages/swiftclient/client.py:160}}
May 13 11:30:56.770077 np0000000687 devstack@g-api.service[101662]: DEBUG swiftclient [None req-e856b0ed-b5d5-48ab-b0f1-e19de142a662 tempest-ImageDependencyTests-820904052 tempest-ImageDependencyTests-820904052-project-member] RESP STATUS: 201 Created {{(pid=101662) http_log /opt/stack/data/venv/lib/python3.12/site-packages/swiftclient/client.py:161}}
May 13 11:30:56.770077 np0000000687 devstack@g-api.service[101662]: DEBUG swiftclient [None req-e856b0ed-b5d5-48ab-b0f1-e19de142a662 tempest-ImageDependencyTests-820904052 tempest-ImageDependencyTests-820904052-project-member] RESP HEADERS: {'Date': 'Wed, 13 May 2026 11:30:56 GMT', 'Server': 'Apache/2.4.58 (Ubuntu)', 'Content-Type': 'text/html; charset=UTF-8', 'Content-Length': '0', 'Etag': '2997ca9566dfeff228d4789a29e6ed97', 'Last-Modified': 'Wed, 13 May 2026 11:30:57 GMT', 'X-Trans-Id': 'txd522773a9c094ef598239-006a0460f0', 'X-Openstack-Request-Id': 'txd522773a9c094ef598239-006a0460f0', 'Connection': 'close'} {{(pid=101662) http_log /opt/stack/data/venv/lib/python3.12/site-packages/swiftclient/client.py:162}}
May 13 11:30:56.770077 np0000000687 devstack@g-api.service[101662]: INFO glance.location [None req-e856b0ed-b5d5-48ab-b0f1-e19de142a662 tempest-ImageDependencyTests-820904052 tempest-ImageDependencyTests-820904052-project-member] Image format matched and virtual size computed: 1024
May 13 11:30:56.831056 np0000000687 devstack@g-api.service[101662]: DEBUG glance_store.backend [None req-e856b0ed-b5d5-48ab-b0f1-e19de142a662 tempest-ImageDependencyTests-820904052 tempest-ImageDependencyTests-820904052-project-member] Attempting to import store swift {{(pid=101662) _load_store /opt/stack/data/venv/lib/python3.12/site-packages/glance_store/backend.py:215}}
May 13 11:30:56.835475 np0000000687 devstack@g-api.service[101662]: DEBUG glance_store.capabilities [None req-e856b0ed-b5d5-48ab-b0f1-e19de142a662 tempest-ImageDependencyTests-820904052 tempest-ImageDependencyTests-820904052-project-member] Store glance_store._drivers.swift.store.SingleTenantStore doesn't support updating dynamic storage capabilities. Please overwrite 'update_capabilities' method of the store to implement updating logics if needed. {{(pid=101662) update_capabilities /opt/stack/data/venv/lib/python3.12/site-packages/glance_store/capabilities.py:91}}
May 13 11:30:56.835475 np0000000687 devstack@g-api.service[101662]: DEBUG glance_store.driver [None req-e856b0ed-b5d5-48ab-b0f1-e19de142a662 tempest-ImageDependencyTests-820904052 tempest-ImageDependencyTests-820904052-project-member] Late loading location class glance_store._drivers.swift.store.StoreLocation {{(pid=101662) get_store_location_class /opt/stack/data/venv/lib/python3.12/site-packages/glance_store/driver.py:134}}
May 13 11:30:56.835475 np0000000687 devstack@g-api.service[101662]: DEBUG glance_store.location [None req-e856b0ed-b5d5-48ab-b0f1-e19de142a662 tempest-ImageDependencyTests-820904052 tempest-ImageDependencyTests-820904052-project-member] Registering scheme swift+https with {'store': , 'location_class': , 'store_entry': 'swift'} {{(pid=101662) register_scheme_map /opt/stack/data/venv/lib/python3.12/site-packages/glance_store/location.py:146}}
May 13 11:30:56.835475 np0000000687 devstack@g-api.service[101662]: DEBUG glance_store.location [None req-e856b0ed-b5d5-48ab-b0f1-e19de142a662 tempest-ImageDependencyTests-820904052 tempest-ImageDependencyTests-820904052-project-member] Registering scheme swift+https with {'store': , 'location_class': , 'store_entry': 'swift'} {{(pid=101662) register_scheme_map /opt/stack/data/venv/lib/python3.12/site-packages/glance_store/location.py:146}}
May 13 11:30:56.835475 np0000000687 devstack@g-api.service[101662]: DEBUG glance_store.location [None req-e856b0ed-b5d5-48ab-b0f1-e19de142a662 tempest-ImageDependencyTests-820904052 tempest-ImageDependencyTests-820904052-project-member] Registering scheme swift with {'store': , 'location_class': , 'store_entry': 'swift'} {{(pid=101662) register_scheme_map /opt/stack/data/venv/lib/python3.12/site-packages/glance_store/location.py:146}}
May 13 11:30:56.835475 np0000000687 devstack@g-api.service[101662]: DEBUG glance_store.location [None req-e856b0ed-b5d5-48ab-b0f1-e19de142a662 tempest-ImageDependencyTests-820904052 tempest-ImageDependencyTests-820904052-project-member] Registering scheme swift+https with {'store': , 'location_class': , 'store_entry': 'swift'} {{(pid=101662) register_scheme_map /opt/stack/data/venv/lib/python3.12/site-packages/glance_store/location.py:146}}
May 13 11:30:56.835475 np0000000687 devstack@g-api.service[101662]: DEBUG glance_store.location [None req-e856b0ed-b5d5-48ab-b0f1-e19de142a662 tempest-ImageDependencyTests-820904052 tempest-ImageDependencyTests-820904052-project-member] Registering scheme swift with {'store': , 'location_class': , 'store_entry': 'swift'} {{(pid=101662) register_scheme_map /opt/stack/data/venv/lib/python3.12/site-packages/glance_store/location.py:146}}
May 13 11:30:56.835475 np0000000687 devstack@g-api.service[101662]: DEBUG glance_store.location [None req-e856b0ed-b5d5-48ab-b0f1-e19de142a662 tempest-ImageDependencyTests-820904052 tempest-ImageDependencyTests-820904052-project-member] Registering scheme swift+http with {'store': , 'location_class': , 'store_entry': 'swift'} {{(pid=101662) register_scheme_map /opt/stack/data/venv/lib/python3.12/site-packages/glance_store/location.py:146}}
May 13 11:30:56.835475 np0000000687 devstack@g-api.service[101662]: DEBUG glance_store.location [None req-e856b0ed-b5d5-48ab-b0f1-e19de142a662 tempest-ImageDependencyTests-820904052 tempest-ImageDependencyTests-820904052-project-member] Registering scheme swift+https with {'store': , 'location_class': , 'store_entry': 'swift'} {{(pid=101662) register_scheme_map /opt/stack/data/venv/lib/python3.12/site-packages/glance_store/location.py:146}}
May 13 11:30:56.835475 np0000000687 devstack@g-api.service[101662]: DEBUG glance_store.location [None req-e856b0ed-b5d5-48ab-b0f1-e19de142a662 tempest-ImageDependencyTests-820904052 tempest-ImageDependencyTests-820904052-project-member] Registering scheme swift with {'store': , 'location_class': , 'store_entry': 'swift'} {{(pid=101662) register_scheme_map /opt/stack/data/venv/lib/python3.12/site-packages/glance_store/location.py:146}}
May 13 11:30:56.835475 np0000000687 devstack@g-api.service[101662]: DEBUG glance_store.location [None req-e856b0ed-b5d5-48ab-b0f1-e19de142a662 tempest-ImageDependencyTests-820904052 tempest-ImageDependencyTests-820904052-project-member] Registering scheme swift+http with {'store': , 'location_class': , 'store_entry': 'swift'} {{(pid=101662) register_scheme_map /opt/stack/data/venv/lib/python3.12/site-packages/glance_store/location.py:146}}
May 13 11:30:56.836300 np0000000687 devstack@g-api.service[101662]: DEBUG glance_store.location [None req-e856b0ed-b5d5-48ab-b0f1-e19de142a662 tempest-ImageDependencyTests-820904052 tempest-ImageDependencyTests-820904052-project-member] Registering scheme swift+config with {'store': , 'location_class': , 'store_entry': 'swift'} {{(pid=101662) register_scheme_map /opt/stack/data/venv/lib/python3.12/site-packages/glance_store/location.py:146}}
May 13 11:30:56.836300 np0000000687 devstack@g-api.service[101662]: DEBUG glance_store.backend [None req-e856b0ed-b5d5-48ab-b0f1-e19de142a662 tempest-ImageDependencyTests-820904052 tempest-ImageDependencyTests-820904052-project-member] Skipping store.set_acls... not implemented. {{(pid=101662) set_acls /opt/stack/data/venv/lib/python3.12/site-packages/glance_store/backend.py:507}}
May 13 11:30:56.844463 np0000000687 devstack@g-api.service[101662]: [pid: 101662|app: 0|req: 131/381] 127.0.0.1 () {40 vars in 843 bytes} [Wed May 13 11:30:54 2026] PUT /v2/images/df773855-4ff9-43d2-b211-113e957b32ca/file => generated 0 bytes in 2258 msecs (HTTP/1.1 204) 4 headers in 171 bytes (1 switches on core 0)
May 13 11:30:56.868784 np0000000687 devstack@g-api.service[101663]: DEBUG glance.api.middleware.version_negotiation [None req-d3f1c11b-3dc1-46d8-a63e-9ba6ca8c879f tempest-ServerBootFromVolumeStableRescueTest-1232560567 tempest-ServerBootFromVolumeStableRescueTest-1232560567-project-member] Determining version of request: GET /v2/images/df773855-4ff9-43d2-b211-113e957b32ca Accept: application/json {{(pid=101663) process_request /opt/stack/glance/glance/api/middleware/version_negotiation.py:44}}
May 13 11:30:56.869296 np0000000687 devstack@g-api.service[101663]: DEBUG glance.api.middleware.version_negotiation [None req-d3f1c11b-3dc1-46d8-a63e-9ba6ca8c879f tempest-ServerBootFromVolumeStableRescueTest-1232560567 tempest-ServerBootFromVolumeStableRescueTest-1232560567-project-member] Using url versioning {{(pid=101663) process_request /opt/stack/glance/glance/api/middleware/version_negotiation.py:57}}
May 13 11:30:56.869296 np0000000687 devstack@g-api.service[101663]: DEBUG glance.api.middleware.version_negotiation [None req-d3f1c11b-3dc1-46d8-a63e-9ba6ca8c879f tempest-ServerBootFromVolumeStableRescueTest-1232560567 tempest-ServerBootFromVolumeStableRescueTest-1232560567-project-member] Matched version: v2 {{(pid=101663) process_request /opt/stack/glance/glance/api/middleware/version_negotiation.py:69}}
May 13 11:30:56.869411 np0000000687 devstack@g-api.service[101663]: DEBUG glance.api.middleware.version_negotiation [None req-d3f1c11b-3dc1-46d8-a63e-9ba6ca8c879f tempest-ServerBootFromVolumeStableRescueTest-1232560567 tempest-ServerBootFromVolumeStableRescueTest-1232560567-project-member] new path /v2/images/df773855-4ff9-43d2-b211-113e957b32ca {{(pid=101663) process_request /opt/stack/glance/glance/api/middleware/version_negotiation.py:70}}
May 13 11:30:56.879011 np0000000687 devstack@g-api.service[101664]: DEBUG glance.api.middleware.version_negotiation [None req-a9b3675e-7385-4dcf-84e0-c291983e69d4 tempest-ImageDependencyTests-820904052 tempest-ImageDependencyTests-820904052-project-member] Determining version of request: GET /v2/schemas/image Accept: */* {{(pid=101664) process_request /opt/stack/glance/glance/api/middleware/version_negotiation.py:44}}
May 13 11:30:56.879011 np0000000687 devstack@g-api.service[101664]: DEBUG glance.api.middleware.version_negotiation [None req-a9b3675e-7385-4dcf-84e0-c291983e69d4 tempest-ImageDependencyTests-820904052 tempest-ImageDependencyTests-820904052-project-member] Using url versioning {{(pid=101664) process_request /opt/stack/glance/glance/api/middleware/version_negotiation.py:57}}
May 13 11:30:56.879011 np0000000687 devstack@g-api.service[101664]: DEBUG glance.api.middleware.version_negotiation [None req-a9b3675e-7385-4dcf-84e0-c291983e69d4 tempest-ImageDependencyTests-820904052 tempest-ImageDependencyTests-820904052-project-member] Matched version: v2 {{(pid=101664) process_request /opt/stack/glance/glance/api/middleware/version_negotiation.py:69}}
May 13 11:30:56.879011 np0000000687 devstack@g-api.service[101664]: DEBUG glance.api.middleware.version_negotiation [None req-a9b3675e-7385-4dcf-84e0-c291983e69d4 tempest-ImageDependencyTests-820904052 tempest-ImageDependencyTests-820904052-project-member] new path /v2/schemas/image {{(pid=101664) process_request /opt/stack/glance/glance/api/middleware/version_negotiation.py:70}}
May 13 11:30:56.889783 np0000000687 devstack@g-api.service[101663]: [pid: 101663|app: 0|req: 126/382] 127.0.0.1 () {40 vars in 834 bytes} [Wed May 13 11:30:56 2026] GET /v2/images/df773855-4ff9-43d2-b211-113e957b32ca => generated 808 bytes in 20 msecs (HTTP/1.1 200) 4 headers in 157 bytes (1 switches on core 0)
May 13 11:30:56.898074 np0000000687 devstack@g-api.service[101664]: [pid: 101664|app: 0|req: 126/383] 127.0.0.1 () {44 vars in 1051 bytes} [Wed May 13 11:30:56 2026] GET /v2/schemas/image => generated 6083 bytes in 17 msecs (HTTP/1.1 200) 4 headers in 158 bytes (1 switches on core 0)
May 13 11:30:56.984971 np0000000687 devstack@g-api.service[101662]: DEBUG glance.api.middleware.version_negotiation [None req-e856b0ed-b5d5-48ab-b0f1-e19de142a662 tempest-ImageDependencyTests-820904052 tempest-ImageDependencyTests-820904052-project-member] Determining version of request: POST /v2/images Accept: */* {{(pid=101662) process_request /opt/stack/glance/glance/api/middleware/version_negotiation.py:44}}
May 13 11:30:56.987768 np0000000687 devstack@g-api.service[101662]: DEBUG glance.api.middleware.version_negotiation [None req-e856b0ed-b5d5-48ab-b0f1-e19de142a662 tempest-ImageDependencyTests-820904052 tempest-ImageDependencyTests-820904052-project-member] Using url versioning {{(pid=101662) process_request /opt/stack/glance/glance/api/middleware/version_negotiation.py:57}}
May 13 11:30:56.987768 np0000000687 devstack@g-api.service[101662]: DEBUG glance.api.middleware.version_negotiation [None req-e856b0ed-b5d5-48ab-b0f1-e19de142a662 tempest-ImageDependencyTests-820904052 tempest-ImageDependencyTests-820904052-project-member] Matched version: v2 {{(pid=101662) process_request /opt/stack/glance/glance/api/middleware/version_negotiation.py:69}}
May 13 11:30:56.987768 np0000000687 devstack@g-api.service[101662]: DEBUG glance.api.middleware.version_negotiation [None req-e856b0ed-b5d5-48ab-b0f1-e19de142a662 tempest-ImageDependencyTests-820904052 tempest-ImageDependencyTests-820904052-project-member] new path /v2/images {{(pid=101662) process_request /opt/stack/glance/glance/api/middleware/version_negotiation.py:70}}
May 13 11:30:57.115317 np0000000687 devstack@g-api.service[101663]: DEBUG glance.api.middleware.version_negotiation [None req-e6459ddd-cfa4-46bf-9a1c-582a19b1f569 tempest-ImageDependencyTests-820904052 tempest-ImageDependencyTests-820904052-project-member] Determining version of request: GET /v2/images/df773855-4ff9-43d2-b211-113e957b32ca Accept: */* {{(pid=101663) process_request /opt/stack/glance/glance/api/middleware/version_negotiation.py:44}}
May 13 11:30:57.115317 np0000000687 devstack@g-api.service[101663]: DEBUG glance.api.middleware.version_negotiation [None req-e6459ddd-cfa4-46bf-9a1c-582a19b1f569 tempest-ImageDependencyTests-820904052 tempest-ImageDependencyTests-820904052-project-member] Using url versioning {{(pid=101663) process_request /opt/stack/glance/glance/api/middleware/version_negotiation.py:57}}
May 13 11:30:57.116992 np0000000687 devstack@g-api.service[101663]: DEBUG glance.api.middleware.version_negotiation [None req-e6459ddd-cfa4-46bf-9a1c-582a19b1f569 tempest-ImageDependencyTests-820904052 tempest-ImageDependencyTests-820904052-project-member] Matched version: v2 {{(pid=101663) process_request /opt/stack/glance/glance/api/middleware/version_negotiation.py:69}}
May 13 11:30:57.117687 np0000000687 devstack@g-api.service[101663]: DEBUG glance.api.middleware.version_negotiation [None req-e6459ddd-cfa4-46bf-9a1c-582a19b1f569 tempest-ImageDependencyTests-820904052 tempest-ImageDependencyTests-820904052-project-member] new path /v2/images/df773855-4ff9-43d2-b211-113e957b32ca {{(pid=101663) process_request /opt/stack/glance/glance/api/middleware/version_negotiation.py:70}}
May 13 11:30:57.135624 np0000000687 devstack@g-api.service[101663]: [pid: 101663|app: 0|req: 127/384] 127.0.0.1 () {44 vars in 1111 bytes} [Wed May 13 11:30:57 2026] GET /v2/images/df773855-4ff9-43d2-b211-113e957b32ca => generated 808 bytes in 20 msecs (HTTP/1.1 200) 4 headers in 157 bytes (1 switches on core 0)
May 13 11:30:57.146946 np0000000687 devstack@g-api.service[101664]: DEBUG glance.api.middleware.version_negotiation [None req-1ebfc0f6-a14f-42bc-93ab-0b67e6a1d0c1 tempest-AttachVolumeShelveTestJSON-1206919555 tempest-AttachVolumeShelveTestJSON-1206919555-project-member] Determining version of request: GET /v2/schemas/image Accept: */* {{(pid=101664) process_request /opt/stack/glance/glance/api/middleware/version_negotiation.py:44}}
May 13 11:30:57.147199 np0000000687 devstack@g-api.service[101664]: DEBUG glance.api.middleware.version_negotiation [None req-1ebfc0f6-a14f-42bc-93ab-0b67e6a1d0c1 tempest-AttachVolumeShelveTestJSON-1206919555 tempest-AttachVolumeShelveTestJSON-1206919555-project-member] Using url versioning {{(pid=101664) process_request /opt/stack/glance/glance/api/middleware/version_negotiation.py:57}}
May 13 11:30:57.147373 np0000000687 devstack@g-api.service[101664]: DEBUG glance.api.middleware.version_negotiation [None req-1ebfc0f6-a14f-42bc-93ab-0b67e6a1d0c1 tempest-AttachVolumeShelveTestJSON-1206919555 tempest-AttachVolumeShelveTestJSON-1206919555-project-member] Matched version: v2 {{(pid=101664) process_request /opt/stack/glance/glance/api/middleware/version_negotiation.py:69}}
May 13 11:30:57.147537 np0000000687 devstack@g-api.service[101664]: DEBUG glance.api.middleware.version_negotiation [None req-1ebfc0f6-a14f-42bc-93ab-0b67e6a1d0c1 tempest-AttachVolumeShelveTestJSON-1206919555 tempest-AttachVolumeShelveTestJSON-1206919555-project-member] new path /v2/schemas/image {{(pid=101664) process_request /opt/stack/glance/glance/api/middleware/version_negotiation.py:70}}
May 13 11:30:57.155808 np0000000687 devstack@g-api.service[101664]: [pid: 101664|app: 0|req: 127/385] 127.0.0.1 () {44 vars in 1051 bytes} [Wed May 13 11:30:57 2026] GET /v2/schemas/image => generated 6083 bytes in 9 msecs (HTTP/1.1 200) 4 headers in 158 bytes (1 switches on core 0)
May 13 11:30:57.175170 np0000000687 devstack@g-api.service[101663]: DEBUG glance.api.middleware.version_negotiation [None req-ca9392bf-3b9e-49e2-80b5-7b96da725f4f tempest-ImageDependencyTests-820904052 tempest-ImageDependencyTests-820904052-project-member] Determining version of request: GET /v2/schemas/image Accept: */* {{(pid=101663) process_request /opt/stack/glance/glance/api/middleware/version_negotiation.py:44}}
May 13 11:30:57.175904 np0000000687 devstack@g-api.service[101663]: DEBUG glance.api.middleware.version_negotiation [None req-ca9392bf-3b9e-49e2-80b5-7b96da725f4f tempest-ImageDependencyTests-820904052 tempest-ImageDependencyTests-820904052-project-member] Using url versioning {{(pid=101663) process_request /opt/stack/glance/glance/api/middleware/version_negotiation.py:57}}
May 13 11:30:57.177999 np0000000687 devstack@g-api.service[101663]: DEBUG glance.api.middleware.version_negotiation [None req-ca9392bf-3b9e-49e2-80b5-7b96da725f4f tempest-ImageDependencyTests-820904052 tempest-ImageDependencyTests-820904052-project-member] Matched version: v2 {{(pid=101663) process_request /opt/stack/glance/glance/api/middleware/version_negotiation.py:69}}
May 13 11:30:57.177999 np0000000687 devstack@g-api.service[101663]: DEBUG glance.api.middleware.version_negotiation [None req-ca9392bf-3b9e-49e2-80b5-7b96da725f4f tempest-ImageDependencyTests-820904052 tempest-ImageDependencyTests-820904052-project-member] new path /v2/schemas/image {{(pid=101663) process_request /opt/stack/glance/glance/api/middleware/version_negotiation.py:70}}
May 13 11:30:57.185180 np0000000687 devstack@g-api.service[101663]: [pid: 101663|app: 0|req: 128/386] 127.0.0.1 () {44 vars in 1051 bytes} [Wed May 13 11:30:57 2026] GET /v2/schemas/image => generated 6083 bytes in 9 msecs (HTTP/1.1 200) 4 headers in 158 bytes (1 switches on core 0)
May 13 11:30:57.198668 np0000000687 devstack@g-api.service[101664]: DEBUG glance.api.middleware.version_negotiation [None req-ca9392bf-3b9e-49e2-80b5-7b96da725f4f tempest-ImageDependencyTests-820904052 tempest-ImageDependencyTests-820904052-project-member] Determining version of request: GET /v2/images/df773855-4ff9-43d2-b211-113e957b32ca Accept: */* {{(pid=101664) process_request /opt/stack/glance/glance/api/middleware/version_negotiation.py:44}}
May 13 11:30:57.199033 np0000000687 devstack@g-api.service[101664]: DEBUG glance.api.middleware.version_negotiation [None req-ca9392bf-3b9e-49e2-80b5-7b96da725f4f tempest-ImageDependencyTests-820904052 tempest-ImageDependencyTests-820904052-project-member] Using url versioning {{(pid=101664) process_request /opt/stack/glance/glance/api/middleware/version_negotiation.py:57}}
May 13 11:30:57.199300 np0000000687 devstack@g-api.service[101664]: DEBUG glance.api.middleware.version_negotiation [None req-ca9392bf-3b9e-49e2-80b5-7b96da725f4f tempest-ImageDependencyTests-820904052 tempest-ImageDependencyTests-820904052-project-member] Matched version: v2 {{(pid=101664) process_request /opt/stack/glance/glance/api/middleware/version_negotiation.py:69}}
May 13 11:30:57.199414 np0000000687 devstack@g-api.service[101664]: DEBUG glance.api.middleware.version_negotiation [None req-ca9392bf-3b9e-49e2-80b5-7b96da725f4f tempest-ImageDependencyTests-820904052 tempest-ImageDependencyTests-820904052-project-member] new path /v2/images/df773855-4ff9-43d2-b211-113e957b32ca {{(pid=101664) process_request /opt/stack/glance/glance/api/middleware/version_negotiation.py:70}}
May 13 11:30:57.213011 np0000000687 devstack@g-api.service[101664]: [pid: 101664|app: 0|req: 128/387] 127.0.0.1 () {44 vars in 1111 bytes} [Wed May 13 11:30:57 2026] GET /v2/images/df773855-4ff9-43d2-b211-113e957b32ca => generated 808 bytes in 14 msecs (HTTP/1.1 200) 4 headers in 157 bytes (1 switches on core 0)
May 13 11:30:57.226035 np0000000687 devstack@g-api.service[101663]: DEBUG glance.api.middleware.version_negotiation [None req-ca9392bf-3b9e-49e2-80b5-7b96da725f4f tempest-ImageDependencyTests-820904052 tempest-ImageDependencyTests-820904052-project-member] Determining version of request: GET /v2/schemas/image Accept: */* {{(pid=101663) process_request /opt/stack/glance/glance/api/middleware/version_negotiation.py:44}}
May 13 11:30:57.226035 np0000000687 devstack@g-api.service[101663]: DEBUG glance.api.middleware.version_negotiation [None req-ca9392bf-3b9e-49e2-80b5-7b96da725f4f tempest-ImageDependencyTests-820904052 tempest-ImageDependencyTests-820904052-project-member] Using url versioning {{(pid=101663) process_request /opt/stack/glance/glance/api/middleware/version_negotiation.py:57}}
May 13 11:30:57.226035 np0000000687 devstack@g-api.service[101663]: DEBUG glance.api.middleware.version_negotiation [None req-ca9392bf-3b9e-49e2-80b5-7b96da725f4f tempest-ImageDependencyTests-820904052 tempest-ImageDependencyTests-820904052-project-member] Matched version: v2 {{(pid=101663) process_request /opt/stack/glance/glance/api/middleware/version_negotiation.py:69}}
May 13 11:30:57.226035 np0000000687 devstack@g-api.service[101663]: DEBUG glance.api.middleware.version_negotiation [None req-ca9392bf-3b9e-49e2-80b5-7b96da725f4f tempest-ImageDependencyTests-820904052 tempest-ImageDependencyTests-820904052-project-member] new path /v2/schemas/image {{(pid=101663) process_request /opt/stack/glance/glance/api/middleware/version_negotiation.py:70}}
May 13 11:30:57.230026 np0000000687 devstack@g-api.service[101663]: [pid: 101663|app: 0|req: 129/388] 127.0.0.1 () {44 vars in 1051 bytes} [Wed May 13 11:30:57 2026] GET /v2/schemas/image => generated 6083 bytes in 4 msecs (HTTP/1.1 200) 4 headers in 158 bytes (1 switches on core 0)
May 13 11:30:57.242436 np0000000687 devstack@g-api.service[101664]: DEBUG glance.api.middleware.version_negotiation [None req-ca9392bf-3b9e-49e2-80b5-7b96da725f4f tempest-ImageDependencyTests-820904052 tempest-ImageDependencyTests-820904052-project-member] Determining version of request: GET /v2/schemas/image Accept: */* {{(pid=101664) process_request /opt/stack/glance/glance/api/middleware/version_negotiation.py:44}}
May 13 11:30:57.242567 np0000000687 devstack@g-api.service[101664]: DEBUG glance.api.middleware.version_negotiation [None req-ca9392bf-3b9e-49e2-80b5-7b96da725f4f tempest-ImageDependencyTests-820904052 tempest-ImageDependencyTests-820904052-project-member] Using url versioning {{(pid=101664) process_request /opt/stack/glance/glance/api/middleware/version_negotiation.py:57}}
May 13 11:30:57.243097 np0000000687 devstack@g-api.service[101664]: DEBUG glance.api.middleware.version_negotiation [None req-ca9392bf-3b9e-49e2-80b5-7b96da725f4f tempest-ImageDependencyTests-820904052 tempest-ImageDependencyTests-820904052-project-member] Matched version: v2 {{(pid=101664) process_request /opt/stack/glance/glance/api/middleware/version_negotiation.py:69}}
May 13 11:30:57.243097 np0000000687 devstack@g-api.service[101664]: DEBUG glance.api.middleware.version_negotiation [None req-ca9392bf-3b9e-49e2-80b5-7b96da725f4f tempest-ImageDependencyTests-820904052 tempest-ImageDependencyTests-820904052-project-member] new path /v2/schemas/image {{(pid=101664) process_request /opt/stack/glance/glance/api/middleware/version_negotiation.py:70}}
May 13 11:30:57.251453 np0000000687 devstack@g-api.service[101664]: [pid: 101664|app: 0|req: 129/389] 127.0.0.1 () {44 vars in 1051 bytes} [Wed May 13 11:30:57 2026] GET /v2/schemas/image => generated 6083 bytes in 7 msecs (HTTP/1.1 200) 4 headers in 158 bytes (1 switches on core 0)
May 13 11:30:57.286907 np0000000687 devstack@g-api.service[101663]: DEBUG glance.api.middleware.version_negotiation [None req-ca9392bf-3b9e-49e2-80b5-7b96da725f4f tempest-ImageDependencyTests-820904052 tempest-ImageDependencyTests-820904052-project-member] Determining version of request: GET /v2/images/df773855-4ff9-43d2-b211-113e957b32ca Accept: */* {{(pid=101663) process_request /opt/stack/glance/glance/api/middleware/version_negotiation.py:44}}
May 13 11:30:57.287296 np0000000687 devstack@g-api.service[101663]: DEBUG glance.api.middleware.version_negotiation [None req-ca9392bf-3b9e-49e2-80b5-7b96da725f4f tempest-ImageDependencyTests-820904052 tempest-ImageDependencyTests-820904052-project-member] Using url versioning {{(pid=101663) process_request /opt/stack/glance/glance/api/middleware/version_negotiation.py:57}}
May 13 11:30:57.287655 np0000000687 devstack@g-api.service[101663]: DEBUG glance.api.middleware.version_negotiation [None req-ca9392bf-3b9e-49e2-80b5-7b96da725f4f tempest-ImageDependencyTests-820904052 tempest-ImageDependencyTests-820904052-project-member] Matched version: v2 {{(pid=101663) process_request /opt/stack/glance/glance/api/middleware/version_negotiation.py:69}}
May 13 11:30:57.287906 np0000000687 devstack@g-api.service[101663]: DEBUG glance.api.middleware.version_negotiation [None req-ca9392bf-3b9e-49e2-80b5-7b96da725f4f tempest-ImageDependencyTests-820904052 tempest-ImageDependencyTests-820904052-project-member] new path /v2/images/df773855-4ff9-43d2-b211-113e957b32ca {{(pid=101663) process_request /opt/stack/glance/glance/api/middleware/version_negotiation.py:70}}
May 13 11:30:57.303580 np0000000687 devstack@g-api.service[101663]: [pid: 101663|app: 0|req: 130/390] 127.0.0.1 () {44 vars in 1111 bytes} [Wed May 13 11:30:57 2026] GET /v2/images/df773855-4ff9-43d2-b211-113e957b32ca => generated 808 bytes in 17 msecs (HTTP/1.1 200) 4 headers in 157 bytes (1 switches on core 0)
May 13 11:30:57.315735 np0000000687 devstack@g-api.service[101664]: DEBUG glance.api.middleware.version_negotiation [None req-ca9392bf-3b9e-49e2-80b5-7b96da725f4f tempest-ImageDependencyTests-820904052 tempest-ImageDependencyTests-820904052-project-member] Determining version of request: GET /v2/schemas/image Accept: */* {{(pid=101664) process_request /opt/stack/glance/glance/api/middleware/version_negotiation.py:44}}
May 13 11:30:57.316026 np0000000687 devstack@g-api.service[101664]: DEBUG glance.api.middleware.version_negotiation [None req-ca9392bf-3b9e-49e2-80b5-7b96da725f4f tempest-ImageDependencyTests-820904052 tempest-ImageDependencyTests-820904052-project-member] Using url versioning {{(pid=101664) process_request /opt/stack/glance/glance/api/middleware/version_negotiation.py:57}}
May 13 11:30:57.316230 np0000000687 devstack@g-api.service[101664]: DEBUG glance.api.middleware.version_negotiation [None req-ca9392bf-3b9e-49e2-80b5-7b96da725f4f tempest-ImageDependencyTests-820904052 tempest-ImageDependencyTests-820904052-project-member] Matched version: v2 {{(pid=101664) process_request /opt/stack/glance/glance/api/middleware/version_negotiation.py:69}}
May 13 11:30:57.316434 np0000000687 devstack@g-api.service[101664]: DEBUG glance.api.middleware.version_negotiation [None req-ca9392bf-3b9e-49e2-80b5-7b96da725f4f tempest-ImageDependencyTests-820904052 tempest-ImageDependencyTests-820904052-project-member] new path /v2/schemas/image {{(pid=101664) process_request /opt/stack/glance/glance/api/middleware/version_negotiation.py:70}}
May 13 11:30:57.322303 np0000000687 devstack@g-api.service[101664]: [pid: 101664|app: 0|req: 130/391] 127.0.0.1 () {44 vars in 1051 bytes} [Wed May 13 11:30:57 2026] GET /v2/schemas/image => generated 6083 bytes in 6 msecs (HTTP/1.1 200) 4 headers in 158 bytes (1 switches on core 0)
May 13 11:30:57.652042 np0000000687 devstack@g-api.service[101663]: DEBUG glance.api.middleware.version_negotiation [None req-ca9392bf-3b9e-49e2-80b5-7b96da725f4f tempest-ImageDependencyTests-820904052 tempest-ImageDependencyTests-820904052-project-member] Determining version of request: GET /v2/images/e03dea0b-6610-4a5f-87af-89c30949e7d2 Accept: */* {{(pid=101663) process_request /opt/stack/glance/glance/api/middleware/version_negotiation.py:44}}
May 13 11:30:57.654586 np0000000687 devstack@g-api.service[101663]: DEBUG glance.api.middleware.version_negotiation [None req-ca9392bf-3b9e-49e2-80b5-7b96da725f4f tempest-ImageDependencyTests-820904052 tempest-ImageDependencyTests-820904052-project-member] Using url versioning {{(pid=101663) process_request /opt/stack/glance/glance/api/middleware/version_negotiation.py:57}}
May 13 11:30:57.655382 np0000000687 devstack@g-api.service[101663]: DEBUG glance.api.middleware.version_negotiation [None req-ca9392bf-3b9e-49e2-80b5-7b96da725f4f tempest-ImageDependencyTests-820904052 tempest-ImageDependencyTests-820904052-project-member] Matched version: v2 {{(pid=101663) process_request /opt/stack/glance/glance/api/middleware/version_negotiation.py:69}}
May 13 11:30:57.655382 np0000000687 devstack@g-api.service[101663]: DEBUG glance.api.middleware.version_negotiation [None req-ca9392bf-3b9e-49e2-80b5-7b96da725f4f tempest-ImageDependencyTests-820904052 tempest-ImageDependencyTests-820904052-project-member] new path /v2/images/e03dea0b-6610-4a5f-87af-89c30949e7d2 {{(pid=101663) process_request /opt/stack/glance/glance/api/middleware/version_negotiation.py:70}}
May 13 11:30:57.838929 np0000000687 devstack@g-api.service[101662]: [pid: 101662|app: 0|req: 132/392] 127.0.0.1 () {46 vars in 1051 bytes} [Wed May 13 11:30:56 2026] POST /v2/images => generated 1339 bytes in 854 msecs (HTTP/1.1 201) 6 headers in 316 bytes (1 switches on core 0)
May 13 11:30:57.898599 np0000000687 devstack@g-api.service[101664]: DEBUG glance.api.middleware.version_negotiation [None req-ca9392bf-3b9e-49e2-80b5-7b96da725f4f tempest-ImageDependencyTests-820904052 tempest-ImageDependencyTests-820904052-project-member] Determining version of request: GET /versions Accept: */* {{(pid=101664) process_request /opt/stack/glance/glance/api/middleware/version_negotiation.py:44}}
May 13 11:30:57.899713 np0000000687 devstack@g-api.service[101664]: [pid: 101664|app: 0|req: 131/393] 127.0.0.1 () {44 vars in 1035 bytes} [Wed May 13 11:30:57 2026] GET /versions => generated 1394 bytes in 1 msecs (HTTP/1.1 200) 3 headers in 92 bytes (1 switches on core 0)
May 13 11:30:57.913383 np0000000687 devstack@g-api.service[101662]: DEBUG glance.api.middleware.version_negotiation [None req-1ebfc0f6-a14f-42bc-93ab-0b67e6a1d0c1 tempest-AttachVolumeShelveTestJSON-1206919555 tempest-AttachVolumeShelveTestJSON-1206919555-project-member] Determining version of request: GET /v2/images/df773855-4ff9-43d2-b211-113e957b32ca/locations Accept: */* {{(pid=101662) process_request /opt/stack/glance/glance/api/middleware/version_negotiation.py:44}}
May 13 11:30:57.913383 np0000000687 devstack@g-api.service[101662]: DEBUG glance.api.middleware.version_negotiation [None req-1ebfc0f6-a14f-42bc-93ab-0b67e6a1d0c1 tempest-AttachVolumeShelveTestJSON-1206919555 tempest-AttachVolumeShelveTestJSON-1206919555-project-member] Using url versioning {{(pid=101662) process_request /opt/stack/glance/glance/api/middleware/version_negotiation.py:57}}
May 13 11:30:57.913383 np0000000687 devstack@g-api.service[101662]: DEBUG glance.api.middleware.version_negotiation [None req-1ebfc0f6-a14f-42bc-93ab-0b67e6a1d0c1 tempest-AttachVolumeShelveTestJSON-1206919555 tempest-AttachVolumeShelveTestJSON-1206919555-project-member] Matched version: v2 {{(pid=101662) process_request /opt/stack/glance/glance/api/middleware/version_negotiation.py:69}}
May 13 11:30:57.913383 np0000000687 devstack@g-api.service[101662]: DEBUG glance.api.middleware.version_negotiation [None req-1ebfc0f6-a14f-42bc-93ab-0b67e6a1d0c1 tempest-AttachVolumeShelveTestJSON-1206919555 tempest-AttachVolumeShelveTestJSON-1206919555-project-member] new path /v2/images/df773855-4ff9-43d2-b211-113e957b32ca/locations {{(pid=101662) process_request /opt/stack/glance/glance/api/middleware/version_negotiation.py:70}}
May 13 11:30:57.998390 np0000000687 devstack@g-api.service[101663]: [pid: 101663|app: 0|req: 131/394] 127.0.0.1 () {44 vars in 1111 bytes} [Wed May 13 11:30:57 2026] GET /v2/images/e03dea0b-6610-4a5f-87af-89c30949e7d2 => generated 1044 bytes in 346 msecs (HTTP/1.1 200) 4 headers in 158 bytes (1 switches on core 0)
May 13 11:30:58.013549 np0000000687 devstack@g-api.service[101664]: DEBUG glance.api.middleware.version_negotiation [None req-ca9392bf-3b9e-49e2-80b5-7b96da725f4f tempest-ImageDependencyTests-820904052 tempest-ImageDependencyTests-820904052-project-member] Determining version of request: GET /v2/schemas/image Accept: */* {{(pid=101664) process_request /opt/stack/glance/glance/api/middleware/version_negotiation.py:44}}
May 13 11:30:58.013549 np0000000687 devstack@g-api.service[101664]: DEBUG glance.api.middleware.version_negotiation [None req-ca9392bf-3b9e-49e2-80b5-7b96da725f4f tempest-ImageDependencyTests-820904052 tempest-ImageDependencyTests-820904052-project-member] Using url versioning {{(pid=101664) process_request /opt/stack/glance/glance/api/middleware/version_negotiation.py:57}}
May 13 11:30:58.013723 np0000000687 devstack@g-api.service[101664]: DEBUG glance.api.middleware.version_negotiation [None req-ca9392bf-3b9e-49e2-80b5-7b96da725f4f tempest-ImageDependencyTests-820904052 tempest-ImageDependencyTests-820904052-project-member] Matched version: v2 {{(pid=101664) process_request /opt/stack/glance/glance/api/middleware/version_negotiation.py:69}}
May 13 11:30:58.014971 np0000000687 devstack@g-api.service[101664]: DEBUG glance.api.middleware.version_negotiation [None req-ca9392bf-3b9e-49e2-80b5-7b96da725f4f tempest-ImageDependencyTests-820904052 tempest-ImageDependencyTests-820904052-project-member] new path /v2/schemas/image {{(pid=101664) process_request /opt/stack/glance/glance/api/middleware/version_negotiation.py:70}}
May 13 11:30:58.018289 np0000000687 devstack@g-api.service[101664]: [pid: 101664|app: 0|req: 132/395] 127.0.0.1 () {44 vars in 1051 bytes} [Wed May 13 11:30:58 2026] GET /v2/schemas/image => generated 6083 bytes in 6 msecs (HTTP/1.1 200) 4 headers in 158 bytes (1 switches on core 0)
May 13 11:30:58.034589 np0000000687 devstack@g-api.service[101663]: DEBUG glance.api.middleware.version_negotiation [None req-d3f1c11b-3dc1-46d8-a63e-9ba6ca8c879f tempest-ServerBootFromVolumeStableRescueTest-1232560567 tempest-ServerBootFromVolumeStableRescueTest-1232560567-project-member] Determining version of request: GET /v2/schemas/image Accept: */* {{(pid=101663) process_request /opt/stack/glance/glance/api/middleware/version_negotiation.py:44}}
May 13 11:30:58.034732 np0000000687 devstack@g-api.service[101663]: DEBUG glance.api.middleware.version_negotiation [None req-d3f1c11b-3dc1-46d8-a63e-9ba6ca8c879f tempest-ServerBootFromVolumeStableRescueTest-1232560567 tempest-ServerBootFromVolumeStableRescueTest-1232560567-project-member] Using url versioning {{(pid=101663) process_request /opt/stack/glance/glance/api/middleware/version_negotiation.py:57}}
May 13 11:30:58.035043 np0000000687 devstack@g-api.service[101663]: DEBUG glance.api.middleware.version_negotiation [None req-d3f1c11b-3dc1-46d8-a63e-9ba6ca8c879f tempest-ServerBootFromVolumeStableRescueTest-1232560567 tempest-ServerBootFromVolumeStableRescueTest-1232560567-project-member] Matched version: v2 {{(pid=101663) process_request /opt/stack/glance/glance/api/middleware/version_negotiation.py:69}}
May 13 11:30:58.035043 np0000000687 devstack@g-api.service[101663]: DEBUG glance.api.middleware.version_negotiation [None req-d3f1c11b-3dc1-46d8-a63e-9ba6ca8c879f tempest-ServerBootFromVolumeStableRescueTest-1232560567 tempest-ServerBootFromVolumeStableRescueTest-1232560567-project-member] new path /v2/schemas/image {{(pid=101663) process_request /opt/stack/glance/glance/api/middleware/version_negotiation.py:70}}
May 13 11:30:58.037820 np0000000687 devstack@g-api.service[101663]: [pid: 101663|app: 0|req: 132/396] 127.0.0.1 () {44 vars in 1051 bytes} [Wed May 13 11:30:58 2026] GET /v2/schemas/image => generated 6083 bytes in 3 msecs (HTTP/1.1 200) 4 headers in 158 bytes (1 switches on core 0)
May 13 11:30:58.048770 np0000000687 devstack@g-api.service[101664]: DEBUG glance.api.middleware.version_negotiation [None req-d3f1c11b-3dc1-46d8-a63e-9ba6ca8c879f tempest-ServerBootFromVolumeStableRescueTest-1232560567 tempest-ServerBootFromVolumeStableRescueTest-1232560567-project-member] Determining version of request: GET /v2/images/e03dea0b-6610-4a5f-87af-89c30949e7d2 Accept: */* {{(pid=101664) process_request /opt/stack/glance/glance/api/middleware/version_negotiation.py:44}}
May 13 11:30:58.049113 np0000000687 devstack@g-api.service[101664]: DEBUG glance.api.middleware.version_negotiation [None req-d3f1c11b-3dc1-46d8-a63e-9ba6ca8c879f tempest-ServerBootFromVolumeStableRescueTest-1232560567 tempest-ServerBootFromVolumeStableRescueTest-1232560567-project-member] Using url versioning {{(pid=101664) process_request /opt/stack/glance/glance/api/middleware/version_negotiation.py:57}}
May 13 11:30:58.049276 np0000000687 devstack@g-api.service[101664]: DEBUG glance.api.middleware.version_negotiation [None req-d3f1c11b-3dc1-46d8-a63e-9ba6ca8c879f tempest-ServerBootFromVolumeStableRescueTest-1232560567 tempest-ServerBootFromVolumeStableRescueTest-1232560567-project-member] Matched version: v2 {{(pid=101664) process_request /opt/stack/glance/glance/api/middleware/version_negotiation.py:69}}
May 13 11:30:58.049413 np0000000687 devstack@g-api.service[101664]: DEBUG glance.api.middleware.version_negotiation [None req-d3f1c11b-3dc1-46d8-a63e-9ba6ca8c879f tempest-ServerBootFromVolumeStableRescueTest-1232560567 tempest-ServerBootFromVolumeStableRescueTest-1232560567-project-member] new path /v2/images/e03dea0b-6610-4a5f-87af-89c30949e7d2 {{(pid=101664) process_request /opt/stack/glance/glance/api/middleware/version_negotiation.py:70}}
May 13 11:30:58.058433 np0000000687 devstack@g-api.service[101662]: [pid: 101662|app: 0|req: 133/397] 127.0.0.1 () {44 vars in 1131 bytes} [Wed May 13 11:30:57 2026] GET /v2/images/df773855-4ff9-43d2-b211-113e957b32ca/locations => generated 92 bytes in 146 msecs (HTTP/1.1 200) 4 headers in 156 bytes (1 switches on core 0)
May 13 11:30:58.060654 np0000000687 devstack@g-api.service[101664]: [pid: 101664|app: 0|req: 133/398] 127.0.0.1 () {44 vars in 1111 bytes} [Wed May 13 11:30:58 2026] GET /v2/images/e03dea0b-6610-4a5f-87af-89c30949e7d2 => generated 1044 bytes in 12 msecs (HTTP/1.1 200) 4 headers in 158 bytes (1 switches on core 0)
May 13 11:30:58.070646 np0000000687 devstack@g-api.service[101663]: DEBUG glance.api.middleware.version_negotiation [None req-d3f1c11b-3dc1-46d8-a63e-9ba6ca8c879f tempest-ServerBootFromVolumeStableRescueTest-1232560567 tempest-ServerBootFromVolumeStableRescueTest-1232560567-project-member] Determining version of request: GET /v2/schemas/image Accept: */* {{(pid=101663) process_request /opt/stack/glance/glance/api/middleware/version_negotiation.py:44}}
May 13 11:30:58.070646 np0000000687 devstack@g-api.service[101663]: DEBUG glance.api.middleware.version_negotiation [None req-d3f1c11b-3dc1-46d8-a63e-9ba6ca8c879f tempest-ServerBootFromVolumeStableRescueTest-1232560567 tempest-ServerBootFromVolumeStableRescueTest-1232560567-project-member] Using url versioning {{(pid=101663) process_request /opt/stack/glance/glance/api/middleware/version_negotiation.py:57}}
May 13 11:30:58.071067 np0000000687 devstack@g-api.service[101663]: DEBUG glance.api.middleware.version_negotiation [None req-d3f1c11b-3dc1-46d8-a63e-9ba6ca8c879f tempest-ServerBootFromVolumeStableRescueTest-1232560567 tempest-ServerBootFromVolumeStableRescueTest-1232560567-project-member] Matched version: v2 {{(pid=101663) process_request /opt/stack/glance/glance/api/middleware/version_negotiation.py:69}}
