Jun 18 16:58:25.820223 np0000003164 nova-scheduler[95738]: DEBUG cotyledon.oslo_config_glue [-] oslo_limit.auth_section = None {{(pid=95738) log_opt_values /opt/stack/data/venv/lib/python3.12/site-packages/oslo_config/cfg.py:3253}}
Jun 18 16:58:25.820280 np0000003164 nova-scheduler[95738]: DEBUG cotyledon.oslo_config_glue [-] oslo_limit.auth_type = None {{(pid=95738) log_opt_values /opt/stack/data/venv/lib/python3.12/site-packages/oslo_config/cfg.py:3253}}
Jun 18 16:58:25.820341 np0000003164 nova-scheduler[95738]: DEBUG cotyledon.oslo_config_glue [-] oslo_limit.cafile = None {{(pid=95738) log_opt_values /opt/stack/data/venv/lib/python3.12/site-packages/oslo_config/cfg.py:3253}}
Jun 18 16:58:25.820400 np0000003164 nova-scheduler[95738]: DEBUG cotyledon.oslo_config_glue [-] oslo_limit.certfile = None {{(pid=95738) log_opt_values /opt/stack/data/venv/lib/python3.12/site-packages/oslo_config/cfg.py:3253}}
Jun 18 16:58:25.820478 np0000003164 nova-scheduler[95738]: DEBUG cotyledon.oslo_config_glue [-] oslo_limit.collect_timing = False {{(pid=95738) log_opt_values /opt/stack/data/venv/lib/python3.12/site-packages/oslo_config/cfg.py:3253}}
Jun 18 16:58:25.820542 np0000003164 nova-scheduler[95738]: DEBUG cotyledon.oslo_config_glue [-] oslo_limit.connect_retries = None {{(pid=95738) log_opt_values /opt/stack/data/venv/lib/python3.12/site-packages/oslo_config/cfg.py:3253}}
Jun 18 16:58:25.820611 np0000003164 nova-scheduler[95738]: DEBUG cotyledon.oslo_config_glue [-] oslo_limit.connect_retry_delay = None {{(pid=95738) log_opt_values /opt/stack/data/venv/lib/python3.12/site-packages/oslo_config/cfg.py:3253}}
Jun 18 16:58:25.820685 np0000003164 nova-scheduler[95738]: DEBUG cotyledon.oslo_config_glue [-] oslo_limit.endpoint_id = None {{(pid=95738) log_opt_values /opt/stack/data/venv/lib/python3.12/site-packages/oslo_config/cfg.py:3253}}
Jun 18 16:58:25.820743 np0000003164 nova-scheduler[95738]: DEBUG cotyledon.oslo_config_glue [-] oslo_limit.endpoint_interface = public {{(pid=95738) log_opt_values /opt/stack/data/venv/lib/python3.12/site-packages/oslo_config/cfg.py:3253}}
Jun 18 16:58:25.820804 np0000003164 nova-scheduler[95738]: DEBUG cotyledon.oslo_config_glue [-] oslo_limit.endpoint_override = None {{(pid=95738) log_opt_values /opt/stack/data/venv/lib/python3.12/site-packages/oslo_config/cfg.py:3253}}
Jun 18 16:58:25.820860 np0000003164 nova-scheduler[95738]: DEBUG cotyledon.oslo_config_glue [-] oslo_limit.endpoint_region_name = None {{(pid=95738) log_opt_values /opt/stack/data/venv/lib/python3.12/site-packages/oslo_config/cfg.py:3253}}
Jun 18 16:58:25.820920 np0000003164 nova-scheduler[95738]: DEBUG cotyledon.oslo_config_glue [-] oslo_limit.endpoint_service_name = None {{(pid=95738) log_opt_values /opt/stack/data/venv/lib/python3.12/site-packages/oslo_config/cfg.py:3253}}
Jun 18 16:58:25.820983 np0000003164 nova-scheduler[95738]: DEBUG cotyledon.oslo_config_glue [-] oslo_limit.endpoint_service_type = None {{(pid=95738) log_opt_values /opt/stack/data/venv/lib/python3.12/site-packages/oslo_config/cfg.py:3253}}
Jun 18 16:58:25.821029 np0000003164 nova-scheduler[95738]: DEBUG cotyledon.oslo_config_glue [-] oslo_limit.insecure = False {{(pid=95738) log_opt_values /opt/stack/data/venv/lib/python3.12/site-packages/oslo_config/cfg.py:3253}}
Jun 18 16:58:25.821094 np0000003164 nova-scheduler[95738]: DEBUG cotyledon.oslo_config_glue [-] oslo_limit.keyfile = None {{(pid=95738) log_opt_values /opt/stack/data/venv/lib/python3.12/site-packages/oslo_config/cfg.py:3253}}
Jun 18 16:58:25.821164 np0000003164 nova-scheduler[95738]: DEBUG cotyledon.oslo_config_glue [-] oslo_limit.max_version = None {{(pid=95738) log_opt_values /opt/stack/data/venv/lib/python3.12/site-packages/oslo_config/cfg.py:3253}}
Jun 18 16:58:25.821226 np0000003164 nova-scheduler[95738]: DEBUG cotyledon.oslo_config_glue [-] oslo_limit.min_version = None {{(pid=95738) log_opt_values /opt/stack/data/venv/lib/python3.12/site-packages/oslo_config/cfg.py:3253}}
Jun 18 16:58:25.821285 np0000003164 nova-scheduler[95738]: DEBUG cotyledon.oslo_config_glue [-] oslo_limit.region_name = None {{(pid=95738) log_opt_values /opt/stack/data/venv/lib/python3.12/site-packages/oslo_config/cfg.py:3253}}
Jun 18 16:58:25.821343 np0000003164 nova-scheduler[95738]: DEBUG cotyledon.oslo_config_glue [-] oslo_limit.retriable_status_codes = None {{(pid=95738) log_opt_values /opt/stack/data/venv/lib/python3.12/site-packages/oslo_config/cfg.py:3253}}
Jun 18 16:58:25.821416 np0000003164 nova-scheduler[95738]: DEBUG cotyledon.oslo_config_glue [-] oslo_limit.service_name = None {{(pid=95738) log_opt_values /opt/stack/data/venv/lib/python3.12/site-packages/oslo_config/cfg.py:3253}}
Jun 18 16:58:25.821488 np0000003164 nova-scheduler[95738]: DEBUG cotyledon.oslo_config_glue [-] oslo_limit.service_type = None {{(pid=95738) log_opt_values /opt/stack/data/venv/lib/python3.12/site-packages/oslo_config/cfg.py:3253}}
Jun 18 16:58:25.821550 np0000003164 nova-scheduler[95738]: DEBUG cotyledon.oslo_config_glue [-] oslo_limit.split_loggers = False {{(pid=95738) log_opt_values /opt/stack/data/venv/lib/python3.12/site-packages/oslo_config/cfg.py:3253}}
Jun 18 16:58:25.821609 np0000003164 nova-scheduler[95738]: DEBUG cotyledon.oslo_config_glue [-] oslo_limit.status_code_retries = None {{(pid=95738) log_opt_values /opt/stack/data/venv/lib/python3.12/site-packages/oslo_config/cfg.py:3253}}
Jun 18 16:58:25.821675 np0000003164 nova-scheduler[95738]: DEBUG cotyledon.oslo_config_glue [-] oslo_limit.status_code_retry_delay = None {{(pid=95738) log_opt_values /opt/stack/data/venv/lib/python3.12/site-packages/oslo_config/cfg.py:3253}}
Jun 18 16:58:25.821739 np0000003164 nova-scheduler[95738]: DEBUG cotyledon.oslo_config_glue [-] oslo_limit.timeout = None {{(pid=95738) log_opt_values /opt/stack/data/venv/lib/python3.12/site-packages/oslo_config/cfg.py:3253}}
Jun 18 16:58:25.821799 np0000003164 nova-scheduler[95738]: DEBUG cotyledon.oslo_config_glue [-] oslo_limit.valid_interfaces = None {{(pid=95738) log_opt_values /opt/stack/data/venv/lib/python3.12/site-packages/oslo_config/cfg.py:3253}}
Jun 18 16:58:25.821858 np0000003164 nova-scheduler[95738]: DEBUG cotyledon.oslo_config_glue [-] oslo_limit.version = None {{(pid=95738) log_opt_values /opt/stack/data/venv/lib/python3.12/site-packages/oslo_config/cfg.py:3253}}
Jun 18 16:58:25.821942 np0000003164 nova-scheduler[95738]: DEBUG cotyledon.oslo_config_glue [-] oslo_reports.file_event_handler = None {{(pid=95738) log_opt_values /opt/stack/data/venv/lib/python3.12/site-packages/oslo_config/cfg.py:3253}}
Jun 18 16:58:25.822016 np0000003164 nova-scheduler[95738]: DEBUG cotyledon.oslo_config_glue [-] oslo_reports.file_event_handler_interval = 1 {{(pid=95738) log_opt_values /opt/stack/data/venv/lib/python3.12/site-packages/oslo_config/cfg.py:3253}}
Jun 18 16:58:25.822089 np0000003164 nova-scheduler[95738]: DEBUG cotyledon.oslo_config_glue [-] oslo_reports.log_dir = None {{(pid=95738) log_opt_values /opt/stack/data/venv/lib/python3.12/site-packages/oslo_config/cfg.py:3253}}
Jun 18 16:58:25.822155 np0000003164 nova-scheduler[95738]: DEBUG cotyledon.oslo_config_glue [-] ******************************************************************************** {{(pid=95738) log_opt_values /opt/stack/data/venv/lib/python3.12/site-packages/oslo_config/cfg.py:3260}}
Jun 18 16:58:25.822338 np0000003164 nova-scheduler[95738]: DEBUG cotyledon._service_worker [-] Run service ServiceWrapper(2) [95738] {{(pid=95738) wait_forever /opt/stack/data/venv/lib/python3.12/site-packages/cotyledon/_service_worker.py:218}}
Jun 18 16:58:25.823454 np0000003164 nova-scheduler[95738]: INFO nova.service [-] Starting scheduler node (version 33.1.0)
Jun 18 16:58:25.827552 np0000003164 nova-scheduler[95738]: INFO dbcounter [None req-7ab77d3f-4038-470f-8e4b-dfdc718e6c93 None None] Registered counter for database nova_cell0
Jun 18 16:58:25.840707 np0000003164 nova-scheduler[95712]: DEBUG oslo_db.sqlalchemy.engines [None req-8089bfd1-ee39-42fe-893c-1a31f5c74504 None None] MySQL server mode set to STRICT_TRANS_TABLES,STRICT_ALL_TABLES,NO_ZERO_IN_DATE,NO_ZERO_DATE,ERROR_FOR_DIVISION_BY_ZERO,TRADITIONAL,NO_ENGINE_SUBSTITUTION {{(pid=95712) _check_effective_sql_mode /opt/stack/data/venv/lib/python3.12/site-packages/oslo_db/sqlalchemy/engines.py:325}}
Jun 18 16:58:25.844102 np0000003164 nova-scheduler[95700]: DEBUG oslo_db.sqlalchemy.engines [None req-d2df9aff-9e92-4f1d-9a30-15db7c9fb853 None None] MySQL server mode set to STRICT_TRANS_TABLES,STRICT_ALL_TABLES,NO_ZERO_IN_DATE,NO_ZERO_DATE,ERROR_FOR_DIVISION_BY_ZERO,TRADITIONAL,NO_ENGINE_SUBSTITUTION {{(pid=95700) _check_effective_sql_mode /opt/stack/data/venv/lib/python3.12/site-packages/oslo_db/sqlalchemy/engines.py:325}}
Jun 18 16:58:25.851080 np0000003164 nova-scheduler[95712]: DEBUG dbcounter [-] [95712] Writer thread running {{(pid=95712) stat_writer /opt/stack/data/venv/lib/python3.12/site-packages/dbcounter.py:102}}
Jun 18 16:58:25.853474 np0000003164 nova-scheduler[95700]: DEBUG dbcounter [-] [95700] Writer thread running {{(pid=95700) stat_writer /opt/stack/data/venv/lib/python3.12/site-packages/dbcounter.py:102}}
Jun 18 16:58:25.866031 np0000003164 nova-scheduler[95712]: DEBUG nova.service [None req-8089bfd1-ee39-42fe-893c-1a31f5c74504 None None] Creating RPC server for service: nova-scheduler on topic: scheduler {{(pid=95712) start /opt/stack/nova/nova/service.py:196}}
Jun 18 16:58:25.867332 np0000003164 nova-scheduler[95738]: DEBUG oslo_db.sqlalchemy.engines [None req-7ab77d3f-4038-470f-8e4b-dfdc718e6c93 None None] MySQL server mode set to STRICT_TRANS_TABLES,STRICT_ALL_TABLES,NO_ZERO_IN_DATE,NO_ZERO_DATE,ERROR_FOR_DIVISION_BY_ZERO,TRADITIONAL,NO_ENGINE_SUBSTITUTION {{(pid=95738) _check_effective_sql_mode /opt/stack/data/venv/lib/python3.12/site-packages/oslo_db/sqlalchemy/engines.py:325}}
Jun 18 16:58:25.874070 np0000003164 nova-scheduler[95700]: DEBUG nova.service [None req-d2df9aff-9e92-4f1d-9a30-15db7c9fb853 None None] Creating RPC server for service: nova-scheduler on topic: scheduler {{(pid=95700) start /opt/stack/nova/nova/service.py:196}}
Jun 18 16:58:25.877710 np0000003164 nova-scheduler[95738]: DEBUG dbcounter [-] [95738] Writer thread running {{(pid=95738) stat_writer /opt/stack/data/venv/lib/python3.12/site-packages/dbcounter.py:102}}
Jun 18 16:58:25.882095 np0000003164 nova-scheduler[95738]: DEBUG nova.service [None req-7ab77d3f-4038-470f-8e4b-dfdc718e6c93 None None] Creating RPC server for service: nova-scheduler on topic: scheduler {{(pid=95738) start /opt/stack/nova/nova/service.py:196}}
Jun 18 16:58:25.890526 np0000003164 nova-scheduler[95700]: DEBUG nova.service [None req-d2df9aff-9e92-4f1d-9a30-15db7c9fb853 None None] Join ServiceGroup membership for this service scheduler {{(pid=95700) start /opt/stack/nova/nova/service.py:222}}
Jun 18 16:58:25.890667 np0000003164 nova-scheduler[95712]: DEBUG nova.service [None req-8089bfd1-ee39-42fe-893c-1a31f5c74504 None None] Join ServiceGroup membership for this service scheduler {{(pid=95712) start /opt/stack/nova/nova/service.py:222}}
Jun 18 16:58:25.890753 np0000003164 nova-scheduler[95700]: DEBUG nova.servicegroup.drivers.db [None req-d2df9aff-9e92-4f1d-9a30-15db7c9fb853 None None] DB_Driver: join new ServiceGroup member np0000003164 to the scheduler group, service = {{(pid=95700) join /opt/stack/nova/nova/servicegroup/drivers/db.py:44}}
Jun 18 16:58:25.890800 np0000003164 nova-scheduler[95712]: DEBUG nova.servicegroup.drivers.db [None req-8089bfd1-ee39-42fe-893c-1a31f5c74504 None None] DB_Driver: join new ServiceGroup member np0000003164 to the scheduler group, service = {{(pid=95712) join /opt/stack/nova/nova/servicegroup/drivers/db.py:44}}
Jun 18 16:58:25.893125 np0000003164 nova-scheduler[95712]: DEBUG oslo.service.backend._threading.loopingcall [None req-13175186-5141-4f5d-b525-9ff3f8a33733 None None] Dynamic interval looping call 'nova.service.Service.periodic_tasks' sleeping for 60.00 seconds {{(pid=95712) _run_loop /opt/stack/data/venv/lib/python3.12/site-packages/oslo_service/backend/_threading/loopingcall.py:125}}
Jun 18 16:58:25.900234 np0000003164 nova-scheduler[95738]: DEBUG nova.service [None req-7ab77d3f-4038-470f-8e4b-dfdc718e6c93 None None] Join ServiceGroup membership for this service scheduler {{(pid=95738) start /opt/stack/nova/nova/service.py:222}}
Jun 18 16:58:25.900608 np0000003164 nova-scheduler[95738]: DEBUG nova.servicegroup.drivers.db [None req-7ab77d3f-4038-470f-8e4b-dfdc718e6c93 None None] DB_Driver: join new ServiceGroup member np0000003164 to the scheduler group, service = {{(pid=95738) join /opt/stack/nova/nova/servicegroup/drivers/db.py:44}}
Jun 18 16:58:30.905822 np0000003164 nova-scheduler[95712]: DEBUG oslo.service.backend._threading.loopingcall [-] Fixed interval looping call 'nova.servicegroup.drivers.db.DbDriver._report_state' sleeping for 119.99 seconds {{(pid=95712) _run_loop /opt/stack/data/venv/lib/python3.12/site-packages/oslo_service/backend/_threading/loopingcall.py:125}}
Jun 18 16:58:30.907061 np0000003164 nova-scheduler[95700]: DEBUG oslo.service.backend._threading.loopingcall [-] Fixed interval looping call 'nova.servicegroup.drivers.db.DbDriver._report_state' sleeping for 119.99 seconds {{(pid=95700) _run_loop /opt/stack/data/venv/lib/python3.12/site-packages/oslo_service/backend/_threading/loopingcall.py:125}}
Jun 18 16:58:30.912859 np0000003164 nova-scheduler[95738]: DEBUG oslo.service.backend._threading.loopingcall [-] Fixed interval looping call 'nova.servicegroup.drivers.db.DbDriver._report_state' sleeping for 119.99 seconds {{(pid=95738) _run_loop /opt/stack/data/venv/lib/python3.12/site-packages/oslo_service/backend/_threading/loopingcall.py:125}}
Jun 18 16:58:34.442414 np0000003164 nova-scheduler[94499]: DEBUG dbcounter [-] [94499] Writing DB stats nova_api:SELECT=3 {{(pid=94499) stat_writer /opt/stack/data/venv/lib/python3.12/site-packages/dbcounter.py:115}}
Jun 18 16:58:34.574822 np0000003164 nova-scheduler[94499]: DEBUG dbcounter [-] [94499] Writing DB stats nova_cell0:SELECT=1 {{(pid=94499) stat_writer /opt/stack/data/venv/lib/python3.12/site-packages/dbcounter.py:115}}
Jun 18 16:58:34.583920 np0000003164 nova-scheduler[94499]: DEBUG dbcounter [-] [94499] Writing DB stats nova_cell1:SELECT=1 {{(pid=94499) stat_writer /opt/stack/data/venv/lib/python3.12/site-packages/dbcounter.py:115}}
Jun 18 16:58:36.902788 np0000003164 nova-scheduler[95738]: DEBUG oslo.service.backend._threading.loopingcall [None req-66622998-ed20-4e09-84c1-b9a209171b26 None None] Dynamic interval looping call 'nova.service.Service.periodic_tasks' sleeping for 60.00 seconds {{(pid=95738) _run_loop /opt/stack/data/venv/lib/python3.12/site-packages/oslo_service/backend/_threading/loopingcall.py:125}}
Jun 18 16:58:40.901756 np0000003164 nova-scheduler[95712]: DEBUG dbcounter [-] [95712] Writing DB stats nova_cell0:SELECT=4,nova_cell0:INSERT=1,nova_cell0:UPDATE=1 {{(pid=95712) stat_writer /opt/stack/data/venv/lib/python3.12/site-packages/dbcounter.py:115}}
Jun 18 16:58:40.902220 np0000003164 nova-scheduler[95700]: DEBUG dbcounter [-] [95700] Writing DB stats nova_cell0:SELECT=5,nova_cell0:INSERT=1,nova_cell0:UPDATE=1 {{(pid=95700) stat_writer /opt/stack/data/venv/lib/python3.12/site-packages/dbcounter.py:115}}
Jun 18 16:58:40.910717 np0000003164 nova-scheduler[95738]: DEBUG dbcounter [-] [95738] Writing DB stats nova_cell0:SELECT=3 {{(pid=95738) stat_writer /opt/stack/data/venv/lib/python3.12/site-packages/dbcounter.py:115}}
Jun 18 16:59:23.892553 np0000003164 nova-scheduler[95700]: DEBUG oslo.service.backend._threading.loopingcall [None req-ec7e970e-48f7-4a05-b1d1-85fc901a13e7 None None] Dynamic interval looping call 'nova.service.Service.periodic_tasks' sleeping for 60.00 seconds {{(pid=95700) _run_loop /opt/stack/data/venv/lib/python3.12/site-packages/oslo_service/backend/_threading/loopingcall.py:125}}
Jun 18 16:59:25.893401 np0000003164 nova-scheduler[95712]: DEBUG oslo.service.backend._threading.loopingcall [None req-13175186-5141-4f5d-b525-9ff3f8a33733 None None] Dynamic interval looping call 'nova.service.Service.periodic_tasks' sleeping for 60.00 seconds {{(pid=95712) _run_loop /opt/stack/data/venv/lib/python3.12/site-packages/oslo_service/backend/_threading/loopingcall.py:125}}
Jun 18 16:59:36.903264 np0000003164 nova-scheduler[95738]: DEBUG oslo.service.backend._threading.loopingcall [None req-66622998-ed20-4e09-84c1-b9a209171b26 None None] Dynamic interval looping call 'nova.service.Service.periodic_tasks' sleeping for 60.00 seconds {{(pid=95738) _run_loop /opt/stack/data/venv/lib/python3.12/site-packages/oslo_service/backend/_threading/loopingcall.py:125}}
Jun 18 17:00:23.893024 np0000003164 nova-scheduler[95700]: DEBUG oslo.service.backend._threading.loopingcall [None req-ec7e970e-48f7-4a05-b1d1-85fc901a13e7 None None] Dynamic interval looping call 'nova.service.Service.periodic_tasks' sleeping for 60.00 seconds {{(pid=95700) _run_loop /opt/stack/data/venv/lib/python3.12/site-packages/oslo_service/backend/_threading/loopingcall.py:125}}
Jun 18 17:00:25.893905 np0000003164 nova-scheduler[95712]: DEBUG oslo.service.backend._threading.loopingcall [None req-13175186-5141-4f5d-b525-9ff3f8a33733 None None] Dynamic interval looping call 'nova.service.Service.periodic_tasks' sleeping for 60.00 seconds {{(pid=95712) _run_loop /opt/stack/data/venv/lib/python3.12/site-packages/oslo_service/backend/_threading/loopingcall.py:125}}
Jun 18 17:00:30.904857 np0000003164 nova-scheduler[95712]: DEBUG oslo.service.backend._threading.loopingcall [-] Fixed interval looping call 'nova.servicegroup.drivers.db.DbDriver._report_state' sleeping for 119.99 seconds {{(pid=95712) _run_loop /opt/stack/data/venv/lib/python3.12/site-packages/oslo_service/backend/_threading/loopingcall.py:125}}
Jun 18 17:00:30.905404 np0000003164 nova-scheduler[95700]: DEBUG oslo.service.backend._threading.loopingcall [-] Fixed interval looping call 'nova.servicegroup.drivers.db.DbDriver._report_state' sleeping for 119.99 seconds {{(pid=95700) _run_loop /opt/stack/data/venv/lib/python3.12/site-packages/oslo_service/backend/_threading/loopingcall.py:125}}
Jun 18 17:00:30.906877 np0000003164 nova-scheduler[95738]: DEBUG oslo.service.backend._threading.loopingcall [-] Fixed interval looping call 'nova.servicegroup.drivers.db.DbDriver._report_state' sleeping for 120.00 seconds {{(pid=95738) _run_loop /opt/stack/data/venv/lib/python3.12/site-packages/oslo_service/backend/_threading/loopingcall.py:125}}
Jun 18 17:00:36.903788 np0000003164 nova-scheduler[95738]: DEBUG oslo.service.backend._threading.loopingcall [None req-66622998-ed20-4e09-84c1-b9a209171b26 None None] Dynamic interval looping call 'nova.service.Service.periodic_tasks' sleeping for 60.00 seconds {{(pid=95738) _run_loop /opt/stack/data/venv/lib/python3.12/site-packages/oslo_service/backend/_threading/loopingcall.py:125}}
Jun 18 17:00:40.900104 np0000003164 nova-scheduler[95712]: DEBUG dbcounter [-] [95712] Writing DB stats nova_cell0:SELECT=1,nova_cell0:UPDATE=1 {{(pid=95712) stat_writer /opt/stack/data/venv/lib/python3.12/site-packages/dbcounter.py:115}}
Jun 18 17:00:40.900875 np0000003164 nova-scheduler[95700]: DEBUG dbcounter [-] [95700] Writing DB stats nova_cell0:SELECT=1,nova_cell0:UPDATE=1 {{(pid=95700) stat_writer /opt/stack/data/venv/lib/python3.12/site-packages/dbcounter.py:115}}
Jun 18 17:00:40.904923 np0000003164 nova-scheduler[95738]: DEBUG dbcounter [-] [95738] Writing DB stats nova_cell0:SELECT=1 {{(pid=95738) stat_writer /opt/stack/data/venv/lib/python3.12/site-packages/dbcounter.py:115}}
Jun 18 17:01:04.729250 np0000003164 nova-scheduler[95700]: DEBUG nova.scheduler.manager [None req-b020504d-a523-4eb5-a240-6641990025c6 tempest-DeleteServersTestJSON-973795417 tempest-DeleteServersTestJSON-973795417-project-member] Starting to schedule for instances: ['3e62c813-1c78-44c7-a1d7-6503ac6e1e49'] {{(pid=95700) select_destinations /opt/stack/nova/nova/scheduler/manager.py:210}}
Jun 18 17:01:04.730143 np0000003164 nova-scheduler[95700]: DEBUG nova.scheduler.request_filter [None req-b020504d-a523-4eb5-a240-6641990025c6 tempest-DeleteServersTestJSON-973795417 tempest-DeleteServersTestJSON-973795417-project-member] compute_status_filter request filter added forbidden trait COMPUTE_STATUS_DISABLED {{(pid=95700) compute_status_filter /opt/stack/nova/nova/scheduler/request_filter.py:253}}
Jun 18 17:01:04.730279 np0000003164 nova-scheduler[95700]: DEBUG nova.scheduler.request_filter [None req-b020504d-a523-4eb5-a240-6641990025c6 tempest-DeleteServersTestJSON-973795417 tempest-DeleteServersTestJSON-973795417-project-member] Request filter 'compute_status_filter' took 0.0 seconds {{(pid=95700) wrapper /opt/stack/nova/nova/scheduler/request_filter.py:46}}
Jun 18 17:01:04.730536 np0000003164 nova-scheduler[95700]: DEBUG nova.scheduler.request_filter [None req-b020504d-a523-4eb5-a240-6641990025c6 tempest-DeleteServersTestJSON-973795417 tempest-DeleteServersTestJSON-973795417-project-member] Request filter 'accelerators_filter' took 0.0 seconds {{(pid=95700) wrapper /opt/stack/nova/nova/scheduler/request_filter.py:46}}
Jun 18 17:01:04.730762 np0000003164 nova-scheduler[95700]: DEBUG nova.scheduler.request_filter [None req-b020504d-a523-4eb5-a240-6641990025c6 tempest-DeleteServersTestJSON-973795417 tempest-DeleteServersTestJSON-973795417-project-member] Request filter 'packed_virtqueue_filter' took 0.0 seconds {{(pid=95700) wrapper /opt/stack/nova/nova/scheduler/request_filter.py:46}}
Jun 18 17:01:04.731064 np0000003164 nova-scheduler[95700]: DEBUG nova.scheduler.request_filter [None req-b020504d-a523-4eb5-a240-6641990025c6 tempest-DeleteServersTestJSON-973795417 tempest-DeleteServersTestJSON-973795417-project-member] Request filter 'remote_managed_ports_filter' took 0.0 seconds {{(pid=95700) wrapper /opt/stack/nova/nova/scheduler/request_filter.py:46}}
Jun 18 17:01:04.731235 np0000003164 nova-scheduler[95700]: DEBUG nova.scheduler.request_filter [None req-b020504d-a523-4eb5-a240-6641990025c6 tempest-DeleteServersTestJSON-973795417 tempest-DeleteServersTestJSON-973795417-project-member] ephemeral_encryption_filter skipped {{(pid=95700) ephemeral_encryption_filter /opt/stack/nova/nova/scheduler/request_filter.py:426}}
Jun 18 17:01:04.731404 np0000003164 nova-scheduler[95700]: DEBUG nova.scheduler.request_filter [None req-b020504d-a523-4eb5-a240-6641990025c6 tempest-DeleteServersTestJSON-973795417 tempest-DeleteServersTestJSON-973795417-project-member] virtio_sound_filter skipped {{(pid=95700) virtio_sound_filter /opt/stack/nova/nova/scheduler/request_filter.py:460}}
Jun 18 17:01:04.731568 np0000003164 nova-scheduler[95700]: DEBUG nova.scheduler.request_filter [None req-b020504d-a523-4eb5-a240-6641990025c6 tempest-DeleteServersTestJSON-973795417 tempest-DeleteServersTestJSON-973795417-project-member] tpm_secret_security_filter skipped {{(pid=95700) tpm_secret_security_filter /opt/stack/nova/nova/scheduler/request_filter.py:477}}
Jun 18 17:01:05.285476 np0000003164 nova-scheduler[95700]: INFO nova.utils [None req-b020504d-a523-4eb5-a240-6641990025c6 tempest-DeleteServersTestJSON-973795417 tempest-DeleteServersTestJSON-973795417-project-member] The cell worker thread pool ForkProcess-1.cell_worker is initialized
Jun 18 17:01:05.285617 np0000003164 nova-scheduler[95700]: DEBUG oslo_concurrency.lockutils [None req-b020504d-a523-4eb5-a240-6641990025c6 tempest-DeleteServersTestJSON-973795417 tempest-DeleteServersTestJSON-973795417-project-member] Acquiring lock "7baa76ca-9d2c-4e38-928c-d1d6e6dd1d2b" by "nova.context.set_target_cell..get_or_set_cached_cell_and_set_connections" {{(pid=95700) inner /opt/stack/data/venv/lib/python3.12/site-packages/oslo_concurrency/lockutils.py:511}}
Jun 18 17:01:05.285895 np0000003164 nova-scheduler[95700]: DEBUG oslo_concurrency.lockutils [None req-b020504d-a523-4eb5-a240-6641990025c6 tempest-DeleteServersTestJSON-973795417 tempest-DeleteServersTestJSON-973795417-project-member] Lock "7baa76ca-9d2c-4e38-928c-d1d6e6dd1d2b" acquired by "nova.context.set_target_cell..get_or_set_cached_cell_and_set_connections" :: waited 0.000s {{(pid=95700) inner /opt/stack/data/venv/lib/python3.12/site-packages/oslo_concurrency/lockutils.py:524}}
Jun 18 17:01:05.287341 np0000003164 nova-scheduler[95700]: DEBUG oslo_concurrency.lockutils [None req-b020504d-a523-4eb5-a240-6641990025c6 tempest-DeleteServersTestJSON-973795417 tempest-DeleteServersTestJSON-973795417-project-member] Lock "7baa76ca-9d2c-4e38-928c-d1d6e6dd1d2b" "released" by "nova.context.set_target_cell..get_or_set_cached_cell_and_set_connections" :: held 0.001s {{(pid=95700) inner /opt/stack/data/venv/lib/python3.12/site-packages/oslo_concurrency/lockutils.py:543}}
Jun 18 17:01:05.288832 np0000003164 nova-scheduler[95700]: INFO dbcounter [None req-b020504d-a523-4eb5-a240-6641990025c6 tempest-DeleteServersTestJSON-973795417 tempest-DeleteServersTestJSON-973795417-project-member] Registered counter for database nova_cell1
Jun 18 17:01:05.321271 np0000003164 nova-scheduler[95700]: DEBUG oslo_db.sqlalchemy.engines [None req-b020504d-a523-4eb5-a240-6641990025c6 tempest-DeleteServersTestJSON-973795417 tempest-DeleteServersTestJSON-973795417-project-member] MySQL server mode set to STRICT_TRANS_TABLES,STRICT_ALL_TABLES,NO_ZERO_IN_DATE,NO_ZERO_DATE,ERROR_FOR_DIVISION_BY_ZERO,TRADITIONAL,NO_ENGINE_SUBSTITUTION {{(pid=95700) _check_effective_sql_mode /opt/stack/data/venv/lib/python3.12/site-packages/oslo_db/sqlalchemy/engines.py:325}}
Jun 18 17:01:05.328900 np0000003164 nova-scheduler[95700]: DEBUG dbcounter [-] [95700] Writer thread running {{(pid=95700) stat_writer /opt/stack/data/venv/lib/python3.12/site-packages/dbcounter.py:102}}
Jun 18 17:01:05.340467 np0000003164 nova-scheduler[95700]: DEBUG oslo_db.sqlalchemy.engines [None req-b020504d-a523-4eb5-a240-6641990025c6 tempest-DeleteServersTestJSON-973795417 tempest-DeleteServersTestJSON-973795417-project-member] Parent process 94499 forked (95700) with an open database connection, which is being discarded and recreated. {{(pid=95700) checkout /opt/stack/data/venv/lib/python3.12/site-packages/oslo_db/sqlalchemy/engines.py:402}}
Jun 18 17:01:05.374664 np0000003164 nova-scheduler[95700]: DEBUG dbcounter [-] [95700] Writer thread running {{(pid=95700) stat_writer /opt/stack/data/venv/lib/python3.12/site-packages/dbcounter.py:102}}
Jun 18 17:01:05.377743 np0000003164 nova-scheduler[95700]: DEBUG oslo_concurrency.lockutils [None req-b020504d-a523-4eb5-a240-6641990025c6 tempest-DeleteServersTestJSON-973795417 tempest-DeleteServersTestJSON-973795417-project-member] Acquiring lock "7baa76ca-9d2c-4e38-928c-d1d6e6dd1d2b" by "nova.context.set_target_cell..get_or_set_cached_cell_and_set_connections" {{(pid=95700) inner /opt/stack/data/venv/lib/python3.12/site-packages/oslo_concurrency/lockutils.py:511}}
Jun 18 17:01:05.378065 np0000003164 nova-scheduler[95700]: DEBUG oslo_concurrency.lockutils [None req-b020504d-a523-4eb5-a240-6641990025c6 tempest-DeleteServersTestJSON-973795417 tempest-DeleteServersTestJSON-973795417-project-member] Lock "7baa76ca-9d2c-4e38-928c-d1d6e6dd1d2b" acquired by "nova.context.set_target_cell..get_or_set_cached_cell_and_set_connections" :: waited 0.000s {{(pid=95700) inner /opt/stack/data/venv/lib/python3.12/site-packages/oslo_concurrency/lockutils.py:524}}
Jun 18 17:01:05.378250 np0000003164 nova-scheduler[95700]: DEBUG oslo_concurrency.lockutils [None req-b020504d-a523-4eb5-a240-6641990025c6 tempest-DeleteServersTestJSON-973795417 tempest-DeleteServersTestJSON-973795417-project-member] Lock "7baa76ca-9d2c-4e38-928c-d1d6e6dd1d2b" "released" by "nova.context.set_target_cell..get_or_set_cached_cell_and_set_connections" :: held 0.000s {{(pid=95700) inner /opt/stack/data/venv/lib/python3.12/site-packages/oslo_concurrency/lockutils.py:543}}
Jun 18 17:01:05.381254 np0000003164 nova-scheduler[95700]: DEBUG oslo_concurrency.lockutils [None req-b020504d-a523-4eb5-a240-6641990025c6 tempest-DeleteServersTestJSON-973795417 tempest-DeleteServersTestJSON-973795417-project-member] Acquiring lock "('np0000003164', 'np0000003164')" by "nova.scheduler.host_manager.HostState.update.._locked_update" {{(pid=95700) inner /opt/stack/data/venv/lib/python3.12/site-packages/oslo_concurrency/lockutils.py:511}}
Jun 18 17:01:05.381545 np0000003164 nova-scheduler[95700]: DEBUG oslo_concurrency.lockutils [None req-b020504d-a523-4eb5-a240-6641990025c6 tempest-DeleteServersTestJSON-973795417 tempest-DeleteServersTestJSON-973795417-project-member] Lock "('np0000003164', 'np0000003164')" acquired by "nova.scheduler.host_manager.HostState.update.._locked_update" :: waited 0.000s {{(pid=95700) inner /opt/stack/data/venv/lib/python3.12/site-packages/oslo_concurrency/lockutils.py:524}}
Jun 18 17:01:05.382554 np0000003164 nova-scheduler[95700]: DEBUG nova.scheduler.host_manager [None req-b020504d-a523-4eb5-a240-6641990025c6 tempest-DeleteServersTestJSON-973795417 tempest-DeleteServersTestJSON-973795417-project-member] Update host state from compute node: ComputeNode(cpu_allocation_ratio=4.0,cpu_info='{"arch": "x86_64", "model": "EPYC-Milan", "vendor": "AMD", "topology": {"cells": 1, "sockets": 12, "cores": 1, "threads": 1}, "maxphysaddr": {"mode": "emulate", "bits": 40}, "features": ["adx", "vpclmulqdq", "lfence-always-serializing", "umip", "fsgsbase", "de", "pclmuldq", "topoext", "fxsr", "clzero", "sse2", "skip-l1dfl-vmentry", "wbnoinvd", "xsaveerptr", "mds-no", "pfthreshold", "lbrv", "sep", "gds-no", "fxsr_opt", "pse36", "erms", "fma", "lm", "sse4.1", "popcnt", "cmov", "apic", "mce", "syscall", "perfctr_core", "rdrand", "invpcid", "vme", "clwb", "smap", "avx2", "arch-capabilities", "amd-psfd", "pku", "rdseed", "arat", "pse", "cmp_legacy", "ibpb", "3dnowprefetch", "sse4.2", "amd-ssbd", "mtrr", "sse4a", "pni", "misalignsse", "sha-ni", "svm", "rdpid", "tsc", "spec-ctrl", "pdpe1gb", "rdtscp", "clflush", "null-sel-clr-base", "stibp", "xsavec", "pcid", "avx", "pschange-mc-no", "msr", "mca", "cr8legacy", "xsave", "vmcb-clean", "npt", "bmi2", "virt-ssbd", "pause-filter", "mmxext", "cx16", "no-nested-data-bp", "cx8", "fsrm", "stibp-always-on", "aes", "xsaveopt", "pge", "bmi1", "nx", "f16c", "tsc-deadline", "x2apic", "lahf_lm", "flushbyasid", "tsc-scale", "ibrs", "vaes", "pat", "vgif", "rdctl-no", "ssse3", "nrip-save", "clflushopt", "osvw", "abm", "ssbd", "v-vmsave-vmload", "svme-addr-chk", "xsaves", "pae", "smep", "sse", "amd-stibp", "hypervisor", "movbe", "mmx", "tsc_adjust", "xgetbv1", "fpu"]}',created_at=2026-06-18T16:58:50Z,current_workload=0,deleted=False,deleted_at=None,disk_allocation_ratio=1.0,disk_available_least=74,free_disk_gb=95,free_ram_mb=23518,host='np0000003164',host_ip=10.4.3.239,hypervisor_hostname='np0000003164',hypervisor_type='QEMU',hypervisor_version=8002002,id=1,local_gb=95,local_gb_used=0,mapped=1,memory_mb=24030,memory_mb_used=512,metrics='[]',numa_topology='{"nova_object.name": "NUMATopology", "nova_object.namespace": "nova", "nova_object.version": "1.2", "nova_object.data": {"cells": [{"nova_object.name": "NUMACell", "nova_object.namespace": "nova", "nova_object.version": "1.5", "nova_object.data": {"id": 0, "cpuset": [0, 1, 2, 3, 4, 5, 6, 7, 8, 9, 10, 11], "pcpuset": [0, 1, 2, 3, 4, 5, 6, 7, 8, 9, 10, 11], "memory": 24030, "cpu_usage": 0, "memory_usage": 0, "pinned_cpus": [], "siblings": [[6], [2], [5], [11], [8], [4], [1], [7], [10], [0], [3], [9]], "mempages": [{"nova_object.name": "NUMAPagesTopology", "nova_object.namespace": "nova", "nova_object.version": "1.1", "nova_object.data": {"size_kb": 4, "total": 6151798, "used": 0, "reserved": 0}, "nova_object.changes": ["size_kb", "reserved", "total", "used"]}, {"nova_object.name": "NUMAPagesTopology", "nova_object.namespace": "nova", "nova_object.version": "1.1", "nova_object.data": {"size_kb": 2048, "total": 0, "used": 0, "reserved": 0}, "nova_object.changes": ["size_kb", "reserved", "total", "used"]}, {"nova_object.name": "NUMAPagesTopology", "nova_object.namespace": "nova", "nova_object.version": "1.1", "nova_object.data": {"size_kb": 1048576, "total": 0, "used": 0, "reserved": 0}, "nova_object.changes": ["size_kb", "reserved", "total", "used"]}], "network_metadata": {"nova_object.name": "NetworkMetadata", "nova_object.namespace": "nova", "nova_object.version": "1.0", "nova_object.data": {"physnets": [], "tunneled": false}, "nova_object.changes": ["physnets", "tunneled"]}, "socket": null}, "nova_object.changes": ["pcpuset", "siblings", "cpuset", "mempages", "cpu_usage", "pinned_cpus", "memory_usage", "network_metadata", "memory", "id", "socket"]}]}, "nova_object.changes": ["cells"]}',pci_device_pools=PciDevicePoolList,ram_allocation_ratio=1.0,running_vms=0,service_id=3,stats={failed_builds='0',uptime=' 17:00:36 up 25 min, 2 users, load average: 1.21, 1.33, 0.78
Jun 18 17:01:05.382554 np0000003164 nova-scheduler[95700]: '},supported_hv_specs=[HVSpec,HVSpec,HVSpec,HVSpec,HVSpec,HVSpec,HVSpec,HVSpec,HVSpec,HVSpec,HVSpec,HVSpec,HVSpec,HVSpec,HVSpec,HVSpec,HVSpec,HVSpec,HVSpec,HVSpec,HVSpec,HVSpec,HVSpec,HVSpec,HVSpec],updated_at=2026-06-18T17:00:39Z,uuid=40cebbee-d878-4ef9-a087-0718f994a36d,vcpus=12,vcpus_used=0) {{(pid=95700) _locked_update /opt/stack/nova/nova/scheduler/host_manager.py:168}}
Jun 18 17:01:05.384460 np0000003164 nova-scheduler[95700]: DEBUG nova.scheduler.host_manager [None req-b020504d-a523-4eb5-a240-6641990025c6 tempest-DeleteServersTestJSON-973795417 tempest-DeleteServersTestJSON-973795417-project-member] Update host state with aggregates: [] {{(pid=95700) _locked_update /opt/stack/nova/nova/scheduler/host_manager.py:171}}
Jun 18 17:01:05.384460 np0000003164 nova-scheduler[95700]: DEBUG nova.scheduler.host_manager [None req-b020504d-a523-4eb5-a240-6641990025c6 tempest-DeleteServersTestJSON-973795417 tempest-DeleteServersTestJSON-973795417-project-member] Update host state with service dict: {'id': 3, 'uuid': 'a9f74c17-ce0c-4bb3-aca3-373bf9018c2d', 'host': 'np0000003164', 'binary': 'nova-compute', 'topic': 'compute', 'report_count': 2, 'disabled': False, 'disabled_reason': None, 'last_seen_up': datetime.datetime(2026, 6, 18, 17, 0, 59, tzinfo=datetime.timezone.utc), 'forced_down': False, 'version': 72, 'created_at': datetime.datetime(2026, 6, 18, 16, 58, 49, tzinfo=datetime.timezone.utc), 'updated_at': datetime.datetime(2026, 6, 18, 17, 0, 59, tzinfo=datetime.timezone.utc), 'deleted_at': None, 'deleted': False} {{(pid=95700) _locked_update /opt/stack/nova/nova/scheduler/host_manager.py:174}}
Jun 18 17:01:05.384460 np0000003164 nova-scheduler[95700]: DEBUG nova.scheduler.host_manager [None req-b020504d-a523-4eb5-a240-6641990025c6 tempest-DeleteServersTestJSON-973795417 tempest-DeleteServersTestJSON-973795417-project-member] Update host state with instances: [] {{(pid=95700) _locked_update /opt/stack/nova/nova/scheduler/host_manager.py:177}}
Jun 18 17:01:05.384460 np0000003164 nova-scheduler[95700]: DEBUG oslo_concurrency.lockutils [None req-b020504d-a523-4eb5-a240-6641990025c6 tempest-DeleteServersTestJSON-973795417 tempest-DeleteServersTestJSON-973795417-project-member] Lock "('np0000003164', 'np0000003164')" "released" by "nova.scheduler.host_manager.HostState.update.._locked_update" :: held 0.002s {{(pid=95700) inner /opt/stack/data/venv/lib/python3.12/site-packages/oslo_concurrency/lockutils.py:543}}
Jun 18 17:01:05.384460 np0000003164 nova-scheduler[95700]: DEBUG nova.filters [None req-b020504d-a523-4eb5-a240-6641990025c6 tempest-DeleteServersTestJSON-973795417 tempest-DeleteServersTestJSON-973795417-project-member] Starting with 1 host(s) {{(pid=95700) get_filtered_objects /opt/stack/nova/nova/filters.py:70}}
Jun 18 17:01:05.384460 np0000003164 nova-scheduler[95700]: DEBUG nova.filters [None req-b020504d-a523-4eb5-a240-6641990025c6 tempest-DeleteServersTestJSON-973795417 tempest-DeleteServersTestJSON-973795417-project-member] Filter ComputeFilter returned 1 host(s) {{(pid=95700) get_filtered_objects /opt/stack/nova/nova/filters.py:102}}
Jun 18 17:01:05.384767 np0000003164 nova-scheduler[95700]: DEBUG nova.filters [None req-b020504d-a523-4eb5-a240-6641990025c6 tempest-DeleteServersTestJSON-973795417 tempest-DeleteServersTestJSON-973795417-project-member] Filter ComputeCapabilitiesFilter returned 1 host(s) {{(pid=95700) get_filtered_objects /opt/stack/nova/nova/filters.py:102}}
Jun 18 17:01:05.385027 np0000003164 nova-scheduler[95700]: DEBUG nova.filters [None req-b020504d-a523-4eb5-a240-6641990025c6 tempest-DeleteServersTestJSON-973795417 tempest-DeleteServersTestJSON-973795417-project-member] Filter ImagePropertiesFilter returned 1 host(s) {{(pid=95700) get_filtered_objects /opt/stack/nova/nova/filters.py:102}}
Jun 18 17:01:05.385217 np0000003164 nova-scheduler[95700]: DEBUG nova.filters [None req-b020504d-a523-4eb5-a240-6641990025c6 tempest-DeleteServersTestJSON-973795417 tempest-DeleteServersTestJSON-973795417-project-member] Filter ServerGroupAntiAffinityFilter returned 1 host(s) {{(pid=95700) get_filtered_objects /opt/stack/nova/nova/filters.py:102}}
Jun 18 17:01:05.385423 np0000003164 nova-scheduler[95700]: DEBUG nova.filters [None req-b020504d-a523-4eb5-a240-6641990025c6 tempest-DeleteServersTestJSON-973795417 tempest-DeleteServersTestJSON-973795417-project-member] Filter ServerGroupAffinityFilter returned 1 host(s) {{(pid=95700) get_filtered_objects /opt/stack/nova/nova/filters.py:102}}
Jun 18 17:01:05.385664 np0000003164 nova-scheduler[95700]: DEBUG nova.filters [None req-b020504d-a523-4eb5-a240-6641990025c6 tempest-DeleteServersTestJSON-973795417 tempest-DeleteServersTestJSON-973795417-project-member] Filter SameHostFilter returned 1 host(s) {{(pid=95700) get_filtered_objects /opt/stack/nova/nova/filters.py:102}}
Jun 18 17:01:05.385938 np0000003164 nova-scheduler[95700]: DEBUG nova.filters [None req-b020504d-a523-4eb5-a240-6641990025c6 tempest-DeleteServersTestJSON-973795417 tempest-DeleteServersTestJSON-973795417-project-member] Filter DifferentHostFilter returned 1 host(s) {{(pid=95700) get_filtered_objects /opt/stack/nova/nova/filters.py:102}}
Jun 18 17:01:05.386158 np0000003164 nova-scheduler[95700]: DEBUG nova.scheduler.manager [None req-b020504d-a523-4eb5-a240-6641990025c6 tempest-DeleteServersTestJSON-973795417 tempest-DeleteServersTestJSON-973795417-project-member] Filtered [(np0000003164, np0000003164) ram: 23518MB disk: 75776MB io_ops: 0 instances: 0, allocation_candidates: 1] {{(pid=95700) _get_sorted_hosts /opt/stack/nova/nova/scheduler/manager.py:743}}
Jun 18 17:01:05.386487 np0000003164 nova-scheduler[95700]: DEBUG nova.scheduler.manager [None req-b020504d-a523-4eb5-a240-6641990025c6 tempest-DeleteServersTestJSON-973795417 tempest-DeleteServersTestJSON-973795417-project-member] Weighed [WeighedHost [host: (np0000003164, np0000003164) ram: 23518MB disk: 75776MB io_ops: 0 instances: 0, allocation_candidates: 1, weight: 0.0]] {{(pid=95700) _get_sorted_hosts /opt/stack/nova/nova/scheduler/manager.py:765}}
Jun 18 17:01:05.386776 np0000003164 nova-scheduler[95700]: DEBUG nova.scheduler.utils [None req-b020504d-a523-4eb5-a240-6641990025c6 tempest-DeleteServersTestJSON-973795417 tempest-DeleteServersTestJSON-973795417-project-member] Attempting to claim resources in the placement API for instance 3e62c813-1c78-44c7-a1d7-6503ac6e1e49 {{(pid=95700) claim_resources /opt/stack/nova/nova/scheduler/utils.py:1345}}
Jun 18 17:01:05.541280 np0000003164 nova-scheduler[95700]: DEBUG nova.scheduler.manager [None req-b020504d-a523-4eb5-a240-6641990025c6 tempest-DeleteServersTestJSON-973795417 tempest-DeleteServersTestJSON-973795417-project-member] [instance: 3e62c813-1c78-44c7-a1d7-6503ac6e1e49] Selected host: (np0000003164, np0000003164) ram: 23518MB disk: 75776MB io_ops: 0 instances: 0, allocation_candidates: 1 {{(pid=95700) _consume_selected_host /opt/stack/nova/nova/scheduler/manager.py:625}}
Jun 18 17:01:05.541584 np0000003164 nova-scheduler[95700]: DEBUG oslo_concurrency.lockutils [None req-b020504d-a523-4eb5-a240-6641990025c6 tempest-DeleteServersTestJSON-973795417 tempest-DeleteServersTestJSON-973795417-project-member] Acquiring lock "('np0000003164', 'np0000003164')" by "nova.scheduler.host_manager.HostState.consume_from_request.._locked" {{(pid=95700) inner /opt/stack/data/venv/lib/python3.12/site-packages/oslo_concurrency/lockutils.py:511}}
Jun 18 17:01:05.541809 np0000003164 nova-scheduler[95700]: DEBUG oslo_concurrency.lockutils [None req-b020504d-a523-4eb5-a240-6641990025c6 tempest-DeleteServersTestJSON-973795417 tempest-DeleteServersTestJSON-973795417-project-member] Lock "('np0000003164', 'np0000003164')" acquired by "nova.scheduler.host_manager.HostState.consume_from_request.._locked" :: waited 0.000s {{(pid=95700) inner /opt/stack/data/venv/lib/python3.12/site-packages/oslo_concurrency/lockutils.py:524}}
Jun 18 17:01:05.541994 np0000003164 nova-scheduler[95700]: DEBUG oslo_concurrency.lockutils [None req-b020504d-a523-4eb5-a240-6641990025c6 tempest-DeleteServersTestJSON-973795417 tempest-DeleteServersTestJSON-973795417-project-member] Lock "('np0000003164', 'np0000003164')" "released" by "nova.scheduler.host_manager.HostState.consume_from_request.._locked" :: held 0.000s {{(pid=95700) inner /opt/stack/data/venv/lib/python3.12/site-packages/oslo_concurrency/lockutils.py:543}}
Jun 18 17:01:09.453072 np0000003164 nova-scheduler[95712]: DEBUG nova.scheduler.manager [None req-4eac5a75-fe10-4991-bb25-5a6bd2b44e15 tempest-ServerActionsTestOtherB-1066223352 tempest-ServerActionsTestOtherB-1066223352-project-member] Starting to schedule for instances: ['f3f810df-84cb-41d2-9e0f-59648cf2ab4a'] {{(pid=95712) select_destinations /opt/stack/nova/nova/scheduler/manager.py:210}}
Jun 18 17:01:09.453494 np0000003164 nova-scheduler[95712]: DEBUG nova.scheduler.request_filter [None req-4eac5a75-fe10-4991-bb25-5a6bd2b44e15 tempest-ServerActionsTestOtherB-1066223352 tempest-ServerActionsTestOtherB-1066223352-project-member] compute_status_filter request filter added forbidden trait COMPUTE_STATUS_DISABLED {{(pid=95712) compute_status_filter /opt/stack/nova/nova/scheduler/request_filter.py:253}}
Jun 18 17:01:09.453818 np0000003164 nova-scheduler[95712]: DEBUG nova.scheduler.request_filter [None req-4eac5a75-fe10-4991-bb25-5a6bd2b44e15 tempest-ServerActionsTestOtherB-1066223352 tempest-ServerActionsTestOtherB-1066223352-project-member] Request filter 'compute_status_filter' took 0.0 seconds {{(pid=95712) wrapper /opt/stack/nova/nova/scheduler/request_filter.py:46}}
Jun 18 17:01:09.454428 np0000003164 nova-scheduler[95712]: DEBUG nova.scheduler.request_filter [None req-4eac5a75-fe10-4991-bb25-5a6bd2b44e15 tempest-ServerActionsTestOtherB-1066223352 tempest-ServerActionsTestOtherB-1066223352-project-member] Request filter 'accelerators_filter' took 0.0 seconds {{(pid=95712) wrapper /opt/stack/nova/nova/scheduler/request_filter.py:46}}
Jun 18 17:01:09.454993 np0000003164 nova-scheduler[95712]: DEBUG nova.scheduler.request_filter [None req-4eac5a75-fe10-4991-bb25-5a6bd2b44e15 tempest-ServerActionsTestOtherB-1066223352 tempest-ServerActionsTestOtherB-1066223352-project-member] Request filter 'packed_virtqueue_filter' took 0.0 seconds {{(pid=95712) wrapper /opt/stack/nova/nova/scheduler/request_filter.py:46}}
Jun 18 17:01:09.455257 np0000003164 nova-scheduler[95712]: DEBUG nova.scheduler.request_filter [None req-4eac5a75-fe10-4991-bb25-5a6bd2b44e15 tempest-ServerActionsTestOtherB-1066223352 tempest-ServerActionsTestOtherB-1066223352-project-member] Request filter 'remote_managed_ports_filter' took 0.0 seconds {{(pid=95712) wrapper /opt/stack/nova/nova/scheduler/request_filter.py:46}}
Jun 18 17:01:09.455498 np0000003164 nova-scheduler[95712]: DEBUG nova.scheduler.request_filter [None req-4eac5a75-fe10-4991-bb25-5a6bd2b44e15 tempest-ServerActionsTestOtherB-1066223352 tempest-ServerActionsTestOtherB-1066223352-project-member] ephemeral_encryption_filter skipped {{(pid=95712) ephemeral_encryption_filter /opt/stack/nova/nova/scheduler/request_filter.py:426}}
Jun 18 17:01:09.455686 np0000003164 nova-scheduler[95712]: DEBUG nova.scheduler.request_filter [None req-4eac5a75-fe10-4991-bb25-5a6bd2b44e15 tempest-ServerActionsTestOtherB-1066223352 tempest-ServerActionsTestOtherB-1066223352-project-member] virtio_sound_filter skipped {{(pid=95712) virtio_sound_filter /opt/stack/nova/nova/scheduler/request_filter.py:460}}
Jun 18 17:01:09.455842 np0000003164 nova-scheduler[95712]: DEBUG nova.scheduler.request_filter [None req-4eac5a75-fe10-4991-bb25-5a6bd2b44e15 tempest-ServerActionsTestOtherB-1066223352 tempest-ServerActionsTestOtherB-1066223352-project-member] tpm_secret_security_filter skipped {{(pid=95712) tpm_secret_security_filter /opt/stack/nova/nova/scheduler/request_filter.py:477}}
Jun 18 17:01:09.585126 np0000003164 nova-scheduler[95712]: INFO nova.utils [None req-4eac5a75-fe10-4991-bb25-5a6bd2b44e15 tempest-ServerActionsTestOtherB-1066223352 tempest-ServerActionsTestOtherB-1066223352-project-member] The cell worker thread pool ForkProcess-2.cell_worker is initialized
Jun 18 17:01:09.585336 np0000003164 nova-scheduler[95712]: DEBUG oslo_concurrency.lockutils [None req-4eac5a75-fe10-4991-bb25-5a6bd2b44e15 tempest-ServerActionsTestOtherB-1066223352 tempest-ServerActionsTestOtherB-1066223352-project-member] Acquiring lock "7baa76ca-9d2c-4e38-928c-d1d6e6dd1d2b" by "nova.context.set_target_cell..get_or_set_cached_cell_and_set_connections" {{(pid=95712) inner /opt/stack/data/venv/lib/python3.12/site-packages/oslo_concurrency/lockutils.py:511}}
Jun 18 17:01:09.585589 np0000003164 nova-scheduler[95712]: DEBUG oslo_concurrency.lockutils [None req-4eac5a75-fe10-4991-bb25-5a6bd2b44e15 tempest-ServerActionsTestOtherB-1066223352 tempest-ServerActionsTestOtherB-1066223352-project-member] Lock "7baa76ca-9d2c-4e38-928c-d1d6e6dd1d2b" acquired by "nova.context.set_target_cell..get_or_set_cached_cell_and_set_connections" :: waited 0.001s {{(pid=95712) inner /opt/stack/data/venv/lib/python3.12/site-packages/oslo_concurrency/lockutils.py:524}}
Jun 18 17:01:09.587550 np0000003164 nova-scheduler[95712]: DEBUG oslo_concurrency.lockutils [None req-4eac5a75-fe10-4991-bb25-5a6bd2b44e15 tempest-ServerActionsTestOtherB-1066223352 tempest-ServerActionsTestOtherB-1066223352-project-member] Lock "7baa76ca-9d2c-4e38-928c-d1d6e6dd1d2b" "released" by "nova.context.set_target_cell..get_or_set_cached_cell_and_set_connections" :: held 0.002s {{(pid=95712) inner /opt/stack/data/venv/lib/python3.12/site-packages/oslo_concurrency/lockutils.py:543}}
Jun 18 17:01:09.591866 np0000003164 nova-scheduler[95712]: INFO dbcounter [None req-4eac5a75-fe10-4991-bb25-5a6bd2b44e15 tempest-ServerActionsTestOtherB-1066223352 tempest-ServerActionsTestOtherB-1066223352-project-member] Registered counter for database nova_cell1
Jun 18 17:01:09.593801 np0000003164 nova-scheduler[95738]: DEBUG nova.scheduler.manager [None req-1dac5aa1-193f-4bd6-8bb0-3d5d801fcfa9 tempest-ServerStableDeviceRescueTest-749372309 tempest-ServerStableDeviceRescueTest-749372309-project-member] Starting to schedule for instances: ['7889a047-a15e-4916-8d6b-dba1b499bb12'] {{(pid=95738) select_destinations /opt/stack/nova/nova/scheduler/manager.py:210}}
Jun 18 17:01:09.594237 np0000003164 nova-scheduler[95738]: DEBUG nova.scheduler.request_filter [None req-1dac5aa1-193f-4bd6-8bb0-3d5d801fcfa9 tempest-ServerStableDeviceRescueTest-749372309 tempest-ServerStableDeviceRescueTest-749372309-project-member] compute_status_filter request filter added forbidden trait COMPUTE_STATUS_DISABLED {{(pid=95738) compute_status_filter /opt/stack/nova/nova/scheduler/request_filter.py:253}}
Jun 18 17:01:09.594345 np0000003164 nova-scheduler[95738]: DEBUG nova.scheduler.request_filter [None req-1dac5aa1-193f-4bd6-8bb0-3d5d801fcfa9 tempest-ServerStableDeviceRescueTest-749372309 tempest-ServerStableDeviceRescueTest-749372309-project-member] Request filter 'compute_status_filter' took 0.0 seconds {{(pid=95738) wrapper /opt/stack/nova/nova/scheduler/request_filter.py:46}}
Jun 18 17:01:09.594587 np0000003164 nova-scheduler[95738]: DEBUG nova.scheduler.request_filter [None req-1dac5aa1-193f-4bd6-8bb0-3d5d801fcfa9 tempest-ServerStableDeviceRescueTest-749372309 tempest-ServerStableDeviceRescueTest-749372309-project-member] Request filter 'accelerators_filter' took 0.0 seconds {{(pid=95738) wrapper /opt/stack/nova/nova/scheduler/request_filter.py:46}}
Jun 18 17:01:09.594967 np0000003164 nova-scheduler[95738]: DEBUG nova.scheduler.request_filter [None req-1dac5aa1-193f-4bd6-8bb0-3d5d801fcfa9 tempest-ServerStableDeviceRescueTest-749372309 tempest-ServerStableDeviceRescueTest-749372309-project-member] Request filter 'packed_virtqueue_filter' took 0.0 seconds {{(pid=95738) wrapper /opt/stack/nova/nova/scheduler/request_filter.py:46}}
Jun 18 17:01:09.595062 np0000003164 nova-scheduler[95738]: DEBUG nova.scheduler.request_filter [None req-1dac5aa1-193f-4bd6-8bb0-3d5d801fcfa9 tempest-ServerStableDeviceRescueTest-749372309 tempest-ServerStableDeviceRescueTest-749372309-project-member] Request filter 'remote_managed_ports_filter' took 0.0 seconds {{(pid=95738) wrapper /opt/stack/nova/nova/scheduler/request_filter.py:46}}
Jun 18 17:01:09.595206 np0000003164 nova-scheduler[95738]: DEBUG nova.scheduler.request_filter [None req-1dac5aa1-193f-4bd6-8bb0-3d5d801fcfa9 tempest-ServerStableDeviceRescueTest-749372309 tempest-ServerStableDeviceRescueTest-749372309-project-member] ephemeral_encryption_filter skipped {{(pid=95738) ephemeral_encryption_filter /opt/stack/nova/nova/scheduler/request_filter.py:426}}
Jun 18 17:01:09.595383 np0000003164 nova-scheduler[95738]: DEBUG nova.scheduler.request_filter [None req-1dac5aa1-193f-4bd6-8bb0-3d5d801fcfa9 tempest-ServerStableDeviceRescueTest-749372309 tempest-ServerStableDeviceRescueTest-749372309-project-member] virtio_sound_filter skipped {{(pid=95738) virtio_sound_filter /opt/stack/nova/nova/scheduler/request_filter.py:460}}
