May 21 08:22:51.479511 np0000001145 nova-scheduler[95614]: DEBUG cotyledon.oslo_config_glue [-] oslo_limit.auth_section = None {{(pid=95614) log_opt_values /opt/stack/data/venv/lib/python3.12/site-packages/oslo_config/cfg.py:3256}}
May 21 08:22:51.479511 np0000001145 nova-scheduler[95614]: DEBUG cotyledon.oslo_config_glue [-] oslo_limit.auth_type = None {{(pid=95614) log_opt_values /opt/stack/data/venv/lib/python3.12/site-packages/oslo_config/cfg.py:3256}}
May 21 08:22:51.479511 np0000001145 nova-scheduler[95614]: DEBUG cotyledon.oslo_config_glue [-] oslo_limit.cafile = None {{(pid=95614) log_opt_values /opt/stack/data/venv/lib/python3.12/site-packages/oslo_config/cfg.py:3256}}
May 21 08:22:51.479511 np0000001145 nova-scheduler[95614]: DEBUG cotyledon.oslo_config_glue [-] oslo_limit.certfile = None {{(pid=95614) log_opt_values /opt/stack/data/venv/lib/python3.12/site-packages/oslo_config/cfg.py:3256}}
May 21 08:22:51.479511 np0000001145 nova-scheduler[95614]: DEBUG cotyledon.oslo_config_glue [-] oslo_limit.collect_timing = False {{(pid=95614) log_opt_values /opt/stack/data/venv/lib/python3.12/site-packages/oslo_config/cfg.py:3256}}
May 21 08:22:51.479511 np0000001145 nova-scheduler[95614]: DEBUG cotyledon.oslo_config_glue [-] oslo_limit.connect_retries = None {{(pid=95614) log_opt_values /opt/stack/data/venv/lib/python3.12/site-packages/oslo_config/cfg.py:3256}}
May 21 08:22:51.479511 np0000001145 nova-scheduler[95614]: DEBUG cotyledon.oslo_config_glue [-] oslo_limit.connect_retry_delay = None {{(pid=95614) log_opt_values /opt/stack/data/venv/lib/python3.12/site-packages/oslo_config/cfg.py:3256}}
May 21 08:22:51.479511 np0000001145 nova-scheduler[95614]: DEBUG cotyledon.oslo_config_glue [-] oslo_limit.endpoint_id = None {{(pid=95614) log_opt_values /opt/stack/data/venv/lib/python3.12/site-packages/oslo_config/cfg.py:3256}}
May 21 08:22:51.479765 np0000001145 nova-scheduler[95614]: DEBUG cotyledon.oslo_config_glue [-] oslo_limit.endpoint_interface = public {{(pid=95614) log_opt_values /opt/stack/data/venv/lib/python3.12/site-packages/oslo_config/cfg.py:3256}}
May 21 08:22:51.479765 np0000001145 nova-scheduler[95614]: DEBUG cotyledon.oslo_config_glue [-] oslo_limit.endpoint_override = None {{(pid=95614) log_opt_values /opt/stack/data/venv/lib/python3.12/site-packages/oslo_config/cfg.py:3256}}
May 21 08:22:51.479765 np0000001145 nova-scheduler[95614]: DEBUG cotyledon.oslo_config_glue [-] oslo_limit.endpoint_region_name = None {{(pid=95614) log_opt_values /opt/stack/data/venv/lib/python3.12/site-packages/oslo_config/cfg.py:3256}}
May 21 08:22:51.479765 np0000001145 nova-scheduler[95614]: DEBUG cotyledon.oslo_config_glue [-] oslo_limit.endpoint_service_name = None {{(pid=95614) log_opt_values /opt/stack/data/venv/lib/python3.12/site-packages/oslo_config/cfg.py:3256}}
May 21 08:22:51.479765 np0000001145 nova-scheduler[95614]: DEBUG cotyledon.oslo_config_glue [-] oslo_limit.endpoint_service_type = None {{(pid=95614) log_opt_values /opt/stack/data/venv/lib/python3.12/site-packages/oslo_config/cfg.py:3256}}
May 21 08:22:51.479765 np0000001145 nova-scheduler[95614]: DEBUG cotyledon.oslo_config_glue [-] oslo_limit.insecure = False {{(pid=95614) log_opt_values /opt/stack/data/venv/lib/python3.12/site-packages/oslo_config/cfg.py:3256}}
May 21 08:22:51.479765 np0000001145 nova-scheduler[95614]: DEBUG cotyledon.oslo_config_glue [-] oslo_limit.keyfile = None {{(pid=95614) log_opt_values /opt/stack/data/venv/lib/python3.12/site-packages/oslo_config/cfg.py:3256}}
May 21 08:22:51.479765 np0000001145 nova-scheduler[95614]: DEBUG cotyledon.oslo_config_glue [-] oslo_limit.max_version = None {{(pid=95614) log_opt_values /opt/stack/data/venv/lib/python3.12/site-packages/oslo_config/cfg.py:3256}}
May 21 08:22:51.479765 np0000001145 nova-scheduler[95614]: DEBUG cotyledon.oslo_config_glue [-] oslo_limit.min_version = None {{(pid=95614) log_opt_values /opt/stack/data/venv/lib/python3.12/site-packages/oslo_config/cfg.py:3256}}
May 21 08:22:51.480053 np0000001145 nova-scheduler[95614]: DEBUG cotyledon.oslo_config_glue [-] oslo_limit.region_name = None {{(pid=95614) log_opt_values /opt/stack/data/venv/lib/python3.12/site-packages/oslo_config/cfg.py:3256}}
May 21 08:22:51.480053 np0000001145 nova-scheduler[95614]: DEBUG cotyledon.oslo_config_glue [-] oslo_limit.retriable_status_codes = None {{(pid=95614) log_opt_values /opt/stack/data/venv/lib/python3.12/site-packages/oslo_config/cfg.py:3256}}
May 21 08:22:51.480053 np0000001145 nova-scheduler[95614]: DEBUG cotyledon.oslo_config_glue [-] oslo_limit.service_name = None {{(pid=95614) log_opt_values /opt/stack/data/venv/lib/python3.12/site-packages/oslo_config/cfg.py:3256}}
May 21 08:22:51.480053 np0000001145 nova-scheduler[95614]: DEBUG cotyledon.oslo_config_glue [-] oslo_limit.service_type = None {{(pid=95614) log_opt_values /opt/stack/data/venv/lib/python3.12/site-packages/oslo_config/cfg.py:3256}}
May 21 08:22:51.480053 np0000001145 nova-scheduler[95614]: DEBUG cotyledon.oslo_config_glue [-] oslo_limit.split_loggers = False {{(pid=95614) log_opt_values /opt/stack/data/venv/lib/python3.12/site-packages/oslo_config/cfg.py:3256}}
May 21 08:22:51.480053 np0000001145 nova-scheduler[95614]: DEBUG cotyledon.oslo_config_glue [-] oslo_limit.status_code_retries = None {{(pid=95614) log_opt_values /opt/stack/data/venv/lib/python3.12/site-packages/oslo_config/cfg.py:3256}}
May 21 08:22:51.480053 np0000001145 nova-scheduler[95614]: DEBUG cotyledon.oslo_config_glue [-] oslo_limit.status_code_retry_delay = None {{(pid=95614) log_opt_values /opt/stack/data/venv/lib/python3.12/site-packages/oslo_config/cfg.py:3256}}
May 21 08:22:51.480053 np0000001145 nova-scheduler[95614]: DEBUG cotyledon.oslo_config_glue [-] oslo_limit.timeout = None {{(pid=95614) log_opt_values /opt/stack/data/venv/lib/python3.12/site-packages/oslo_config/cfg.py:3256}}
May 21 08:22:51.480053 np0000001145 nova-scheduler[95614]: DEBUG cotyledon.oslo_config_glue [-] oslo_limit.valid_interfaces = None {{(pid=95614) log_opt_values /opt/stack/data/venv/lib/python3.12/site-packages/oslo_config/cfg.py:3256}}
May 21 08:22:51.480305 np0000001145 nova-scheduler[95614]: DEBUG cotyledon.oslo_config_glue [-] oslo_limit.version = None {{(pid=95614) log_opt_values /opt/stack/data/venv/lib/python3.12/site-packages/oslo_config/cfg.py:3256}}
May 21 08:22:51.480305 np0000001145 nova-scheduler[95614]: DEBUG cotyledon.oslo_config_glue [-] oslo_reports.file_event_handler = None {{(pid=95614) log_opt_values /opt/stack/data/venv/lib/python3.12/site-packages/oslo_config/cfg.py:3256}}
May 21 08:22:51.480305 np0000001145 nova-scheduler[95614]: DEBUG cotyledon.oslo_config_glue [-] oslo_reports.file_event_handler_interval = 1 {{(pid=95614) log_opt_values /opt/stack/data/venv/lib/python3.12/site-packages/oslo_config/cfg.py:3256}}
May 21 08:22:51.480305 np0000001145 nova-scheduler[95614]: DEBUG cotyledon.oslo_config_glue [-] oslo_reports.log_dir = None {{(pid=95614) log_opt_values /opt/stack/data/venv/lib/python3.12/site-packages/oslo_config/cfg.py:3256}}
May 21 08:22:51.480305 np0000001145 nova-scheduler[95614]: DEBUG cotyledon.oslo_config_glue [-] ******************************************************************************** {{(pid=95614) log_opt_values /opt/stack/data/venv/lib/python3.12/site-packages/oslo_config/cfg.py:3263}}
May 21 08:22:51.480305 np0000001145 nova-scheduler[95614]: DEBUG cotyledon._service_worker [-] Run service ServiceWrapper(2) [95614] {{(pid=95614) wait_forever /opt/stack/data/venv/lib/python3.12/site-packages/cotyledon/_service_worker.py:218}}
May 21 08:22:51.480489 np0000001145 nova-scheduler[95585]: DEBUG oslo_db.sqlalchemy.engines [None req-920080a7-7019-4ff5-a906-2a684857e762 None None] MySQL server mode set to STRICT_TRANS_TABLES,STRICT_ALL_TABLES,NO_ZERO_IN_DATE,NO_ZERO_DATE,ERROR_FOR_DIVISION_BY_ZERO,TRADITIONAL,NO_ENGINE_SUBSTITUTION {{(pid=95585) _check_effective_sql_mode /opt/stack/data/venv/lib/python3.12/site-packages/oslo_db/sqlalchemy/engines.py:325}}
May 21 08:22:51.480526 np0000001145 nova-scheduler[95614]: INFO nova.service [-] Starting scheduler node (version 33.1.0)
May 21 08:22:51.480526 np0000001145 nova-scheduler[95614]: INFO dbcounter [None req-2254231c-0832-4cd9-abe4-b4196b7043ae None None] Registered counter for database nova_cell0
May 21 08:22:51.480589 np0000001145 nova-scheduler[95612]: DEBUG dbcounter [-] [95612] Writer thread running {{(pid=95612) stat_writer /opt/stack/data/venv/lib/python3.12/site-packages/dbcounter.py:102}}
May 21 08:22:51.480629 np0000001145 nova-scheduler[95585]: DEBUG dbcounter [-] [95585] Writer thread running {{(pid=95585) stat_writer /opt/stack/data/venv/lib/python3.12/site-packages/dbcounter.py:102}}
May 21 08:22:51.480660 np0000001145 nova-scheduler[95614]: DEBUG oslo_db.sqlalchemy.engines [None req-2254231c-0832-4cd9-abe4-b4196b7043ae None None] MySQL server mode set to STRICT_TRANS_TABLES,STRICT_ALL_TABLES,NO_ZERO_IN_DATE,NO_ZERO_DATE,ERROR_FOR_DIVISION_BY_ZERO,TRADITIONAL,NO_ENGINE_SUBSTITUTION {{(pid=95614) _check_effective_sql_mode /opt/stack/data/venv/lib/python3.12/site-packages/oslo_db/sqlalchemy/engines.py:325}}
May 21 08:22:51.483190 np0000001145 nova-scheduler[95612]: DEBUG nova.service [None req-6184fe05-555c-42e7-8e35-bf1caa675436 None None] Creating RPC server for service: nova-scheduler on topic: scheduler {{(pid=95612) start /opt/stack/nova/nova/service.py:195}}
May 21 08:22:51.485112 np0000001145 nova-scheduler[95614]: DEBUG dbcounter [-] [95614] Writer thread running {{(pid=95614) stat_writer /opt/stack/data/venv/lib/python3.12/site-packages/dbcounter.py:102}}
May 21 08:22:51.489612 np0000001145 nova-scheduler[95614]: DEBUG nova.service [None req-2254231c-0832-4cd9-abe4-b4196b7043ae None None] Creating RPC server for service: nova-scheduler on topic: scheduler {{(pid=95614) start /opt/stack/nova/nova/service.py:195}}
May 21 08:22:51.492684 np0000001145 nova-scheduler[95585]: DEBUG nova.service [None req-920080a7-7019-4ff5-a906-2a684857e762 None None] Creating RPC server for service: nova-scheduler on topic: scheduler {{(pid=95585) start /opt/stack/nova/nova/service.py:195}}
May 21 08:22:51.513228 np0000001145 nova-scheduler[95614]: DEBUG nova.service [None req-2254231c-0832-4cd9-abe4-b4196b7043ae None None] Join ServiceGroup membership for this service scheduler {{(pid=95614) start /opt/stack/nova/nova/service.py:221}}
May 21 08:22:51.513228 np0000001145 nova-scheduler[95614]: DEBUG nova.servicegroup.drivers.db [None req-2254231c-0832-4cd9-abe4-b4196b7043ae None None] DB_Driver: join new ServiceGroup member np0000001145 to the scheduler group, service = {{(pid=95614) join /opt/stack/nova/nova/servicegroup/drivers/db.py:44}}
May 21 08:22:51.514301 np0000001145 nova-scheduler[95612]: DEBUG nova.service [None req-6184fe05-555c-42e7-8e35-bf1caa675436 None None] Join ServiceGroup membership for this service scheduler {{(pid=95612) start /opt/stack/nova/nova/service.py:221}}
May 21 08:22:51.514481 np0000001145 nova-scheduler[95612]: DEBUG nova.servicegroup.drivers.db [None req-6184fe05-555c-42e7-8e35-bf1caa675436 None None] DB_Driver: join new ServiceGroup member np0000001145 to the scheduler group, service = {{(pid=95612) join /opt/stack/nova/nova/servicegroup/drivers/db.py:44}}
May 21 08:22:51.520191 np0000001145 nova-scheduler[95585]: DEBUG nova.service [None req-920080a7-7019-4ff5-a906-2a684857e762 None None] Join ServiceGroup membership for this service scheduler {{(pid=95585) start /opt/stack/nova/nova/service.py:221}}
May 21 08:22:51.520843 np0000001145 nova-scheduler[95585]: DEBUG nova.servicegroup.drivers.db [None req-920080a7-7019-4ff5-a906-2a684857e762 None None] DB_Driver: join new ServiceGroup member np0000001145 to the scheduler group, service = {{(pid=95585) join /opt/stack/nova/nova/servicegroup/drivers/db.py:44}}
May 21 08:22:56.530152 np0000001145 nova-scheduler[95614]: DEBUG oslo.service.backend._threading.loopingcall [-] Fixed interval looping call 'nova.servicegroup.drivers.db.DbDriver._report_state' sleeping for 119.98 seconds {{(pid=95614) _run_loop /opt/stack/data/venv/lib/python3.12/site-packages/oslo_service/backend/_threading/loopingcall.py:125}}
May 21 08:22:56.530721 np0000001145 nova-scheduler[95612]: DEBUG oslo.service.backend._threading.loopingcall [-] Fixed interval looping call 'nova.servicegroup.drivers.db.DbDriver._report_state' sleeping for 119.99 seconds {{(pid=95612) _run_loop /opt/stack/data/venv/lib/python3.12/site-packages/oslo_service/backend/_threading/loopingcall.py:125}}
May 21 08:22:56.534193 np0000001145 nova-scheduler[95585]: DEBUG oslo.service.backend._threading.loopingcall [-] Fixed interval looping call 'nova.servicegroup.drivers.db.DbDriver._report_state' sleeping for 119.99 seconds {{(pid=95585) _run_loop /opt/stack/data/venv/lib/python3.12/site-packages/oslo_service/backend/_threading/loopingcall.py:125}}
May 21 08:23:00.065256 np0000001145 nova-scheduler[94339]: DEBUG dbcounter [-] [94339] Writing DB stats nova_api:SELECT=3 {{(pid=94339) stat_writer /opt/stack/data/venv/lib/python3.12/site-packages/dbcounter.py:115}}
May 21 08:23:00.159842 np0000001145 nova-scheduler[94339]: DEBUG dbcounter [-] [94339] Writing DB stats nova_cell0:SELECT=1 {{(pid=94339) stat_writer /opt/stack/data/venv/lib/python3.12/site-packages/dbcounter.py:115}}
May 21 08:23:00.182430 np0000001145 nova-scheduler[94339]: DEBUG dbcounter [-] [94339] Writing DB stats nova_cell1:SELECT=1 {{(pid=94339) stat_writer /opt/stack/data/venv/lib/python3.12/site-packages/dbcounter.py:115}}
May 21 08:23:06.524733 np0000001145 nova-scheduler[95614]: DEBUG dbcounter [-] [95614] Writing DB stats nova_cell0:SELECT=3,nova_cell0:UPDATE=1 {{(pid=95614) stat_writer /opt/stack/data/venv/lib/python3.12/site-packages/dbcounter.py:115}}
May 21 08:23:06.525347 np0000001145 nova-scheduler[95612]: DEBUG dbcounter [-] [95612] Writing DB stats nova_cell0:SELECT=4,nova_cell0:INSERT=1,nova_cell0:UPDATE=1 {{(pid=95612) stat_writer /opt/stack/data/venv/lib/python3.12/site-packages/dbcounter.py:115}}
May 21 08:23:06.532940 np0000001145 nova-scheduler[95585]: DEBUG dbcounter [-] [95585] Writing DB stats nova_cell0:SELECT=5,nova_cell0:INSERT=1,nova_cell0:UPDATE=1 {{(pid=95585) stat_writer /opt/stack/data/venv/lib/python3.12/site-packages/dbcounter.py:115}}
May 21 08:23:09.516664 np0000001145 nova-scheduler[95614]: DEBUG oslo.service.backend._threading.loopingcall [None req-5376739c-b94d-4458-a0b9-c35b15346c3e None None] Dynamic interval looping call 'nova.service.Service.periodic_tasks' sleeping for 60.00 seconds {{(pid=95614) _run_loop /opt/stack/data/venv/lib/python3.12/site-packages/oslo_service/backend/_threading/loopingcall.py:125}}
May 21 08:23:10.523066 np0000001145 nova-scheduler[95585]: DEBUG oslo.service.backend._threading.loopingcall [None req-2b21c615-9704-42a4-9029-aec380bdab8d None None] Dynamic interval looping call 'nova.service.Service.periodic_tasks' sleeping for 60.00 seconds {{(pid=95585) _run_loop /opt/stack/data/venv/lib/python3.12/site-packages/oslo_service/backend/_threading/loopingcall.py:125}}
May 21 08:23:11.516200 np0000001145 nova-scheduler[95612]: DEBUG oslo.service.backend._threading.loopingcall [None req-e9499be0-e82f-4beb-84f9-f3075ffc1209 None None] Dynamic interval looping call 'nova.service.Service.periodic_tasks' sleeping for 60.00 seconds {{(pid=95612) _run_loop /opt/stack/data/venv/lib/python3.12/site-packages/oslo_service/backend/_threading/loopingcall.py:125}}
May 21 08:24:09.517255 np0000001145 nova-scheduler[95614]: DEBUG oslo.service.backend._threading.loopingcall [None req-5376739c-b94d-4458-a0b9-c35b15346c3e None None] Dynamic interval looping call 'nova.service.Service.periodic_tasks' sleeping for 60.00 seconds {{(pid=95614) _run_loop /opt/stack/data/venv/lib/python3.12/site-packages/oslo_service/backend/_threading/loopingcall.py:125}}
May 21 08:24:10.523573 np0000001145 nova-scheduler[95585]: DEBUG oslo.service.backend._threading.loopingcall [None req-2b21c615-9704-42a4-9029-aec380bdab8d None None] Dynamic interval looping call 'nova.service.Service.periodic_tasks' sleeping for 60.00 seconds {{(pid=95585) _run_loop /opt/stack/data/venv/lib/python3.12/site-packages/oslo_service/backend/_threading/loopingcall.py:125}}
May 21 08:24:11.516842 np0000001145 nova-scheduler[95612]: DEBUG oslo.service.backend._threading.loopingcall [None req-e9499be0-e82f-4beb-84f9-f3075ffc1209 None None] Dynamic interval looping call 'nova.service.Service.periodic_tasks' sleeping for 60.00 seconds {{(pid=95612) _run_loop /opt/stack/data/venv/lib/python3.12/site-packages/oslo_service/backend/_threading/loopingcall.py:125}}
May 21 08:24:56.517044 np0000001145 nova-scheduler[95614]: DEBUG oslo.service.backend._threading.loopingcall [-] Fixed interval looping call 'nova.servicegroup.drivers.db.DbDriver._report_state' sleeping for 119.99 seconds {{(pid=95614) _run_loop /opt/stack/data/venv/lib/python3.12/site-packages/oslo_service/backend/_threading/loopingcall.py:125}}
May 21 08:24:56.524111 np0000001145 nova-scheduler[95612]: DEBUG oslo.service.backend._threading.loopingcall [-] Fixed interval looping call 'nova.servicegroup.drivers.db.DbDriver._report_state' sleeping for 120.00 seconds {{(pid=95612) _run_loop /opt/stack/data/venv/lib/python3.12/site-packages/oslo_service/backend/_threading/loopingcall.py:125}}
May 21 08:24:56.527620 np0000001145 nova-scheduler[95585]: DEBUG oslo.service.backend._threading.loopingcall [-] Fixed interval looping call 'nova.servicegroup.drivers.db.DbDriver._report_state' sleeping for 120.00 seconds {{(pid=95585) _run_loop /opt/stack/data/venv/lib/python3.12/site-packages/oslo_service/backend/_threading/loopingcall.py:125}}
May 21 08:25:06.513095 np0000001145 nova-scheduler[95614]: DEBUG dbcounter [-] [95614] Writing DB stats nova_cell0:SELECT=1,nova_cell0:UPDATE=1 {{(pid=95614) stat_writer /opt/stack/data/venv/lib/python3.12/site-packages/dbcounter.py:115}}
May 21 08:25:06.522547 np0000001145 nova-scheduler[95612]: DEBUG dbcounter [-] [95612] Writing DB stats nova_cell0:SELECT=1 {{(pid=95612) stat_writer /opt/stack/data/venv/lib/python3.12/site-packages/dbcounter.py:115}}
May 21 08:25:06.526206 np0000001145 nova-scheduler[95585]: DEBUG dbcounter [-] [95585] Writing DB stats nova_cell0:SELECT=1 {{(pid=95585) stat_writer /opt/stack/data/venv/lib/python3.12/site-packages/dbcounter.py:115}}
May 21 08:25:09.517707 np0000001145 nova-scheduler[95614]: DEBUG oslo.service.backend._threading.loopingcall [None req-5376739c-b94d-4458-a0b9-c35b15346c3e None None] Dynamic interval looping call 'nova.service.Service.periodic_tasks' sleeping for 60.00 seconds {{(pid=95614) _run_loop /opt/stack/data/venv/lib/python3.12/site-packages/oslo_service/backend/_threading/loopingcall.py:125}}
May 21 08:25:10.525258 np0000001145 nova-scheduler[95585]: DEBUG oslo.service.backend._threading.loopingcall [None req-2b21c615-9704-42a4-9029-aec380bdab8d None None] Dynamic interval looping call 'nova.service.Service.periodic_tasks' sleeping for 60.00 seconds {{(pid=95585) _run_loop /opt/stack/data/venv/lib/python3.12/site-packages/oslo_service/backend/_threading/loopingcall.py:125}}
May 21 08:25:11.517318 np0000001145 nova-scheduler[95612]: DEBUG oslo.service.backend._threading.loopingcall [None req-e9499be0-e82f-4beb-84f9-f3075ffc1209 None None] Dynamic interval looping call 'nova.service.Service.periodic_tasks' sleeping for 60.00 seconds {{(pid=95612) _run_loop /opt/stack/data/venv/lib/python3.12/site-packages/oslo_service/backend/_threading/loopingcall.py:125}}
May 21 08:25:22.840734 np0000001145 nova-scheduler[95614]: DEBUG nova.scheduler.manager [None req-4298a79d-0e91-4615-b2ef-c8cc00537178 tempest-DeleteServersTestJSON-198565373 tempest-DeleteServersTestJSON-198565373-project-member] Starting to schedule for instances: ['bb54894f-73fe-47a4-845d-6276a5dc40bd'] {{(pid=95614) select_destinations /opt/stack/nova/nova/scheduler/manager.py:210}}
May 21 08:25:22.843997 np0000001145 nova-scheduler[95614]: DEBUG nova.scheduler.request_filter [None req-4298a79d-0e91-4615-b2ef-c8cc00537178 tempest-DeleteServersTestJSON-198565373 tempest-DeleteServersTestJSON-198565373-project-member] compute_status_filter request filter added forbidden trait COMPUTE_STATUS_DISABLED {{(pid=95614) compute_status_filter /opt/stack/nova/nova/scheduler/request_filter.py:253}}
May 21 08:25:22.843997 np0000001145 nova-scheduler[95614]: DEBUG nova.scheduler.request_filter [None req-4298a79d-0e91-4615-b2ef-c8cc00537178 tempest-DeleteServersTestJSON-198565373 tempest-DeleteServersTestJSON-198565373-project-member] Request filter 'compute_status_filter' took 0.0 seconds {{(pid=95614) wrapper /opt/stack/nova/nova/scheduler/request_filter.py:46}}
May 21 08:25:22.843997 np0000001145 nova-scheduler[95614]: DEBUG nova.scheduler.request_filter [None req-4298a79d-0e91-4615-b2ef-c8cc00537178 tempest-DeleteServersTestJSON-198565373 tempest-DeleteServersTestJSON-198565373-project-member] Request filter 'accelerators_filter' took 0.0 seconds {{(pid=95614) wrapper /opt/stack/nova/nova/scheduler/request_filter.py:46}}
May 21 08:25:22.843997 np0000001145 nova-scheduler[95614]: DEBUG nova.scheduler.request_filter [None req-4298a79d-0e91-4615-b2ef-c8cc00537178 tempest-DeleteServersTestJSON-198565373 tempest-DeleteServersTestJSON-198565373-project-member] Request filter 'packed_virtqueue_filter' took 0.0 seconds {{(pid=95614) wrapper /opt/stack/nova/nova/scheduler/request_filter.py:46}}
May 21 08:25:22.843997 np0000001145 nova-scheduler[95614]: DEBUG nova.scheduler.request_filter [None req-4298a79d-0e91-4615-b2ef-c8cc00537178 tempest-DeleteServersTestJSON-198565373 tempest-DeleteServersTestJSON-198565373-project-member] Request filter 'remote_managed_ports_filter' took 0.0 seconds {{(pid=95614) wrapper /opt/stack/nova/nova/scheduler/request_filter.py:46}}
May 21 08:25:22.844361 np0000001145 nova-scheduler[95614]: DEBUG nova.scheduler.request_filter [None req-4298a79d-0e91-4615-b2ef-c8cc00537178 tempest-DeleteServersTestJSON-198565373 tempest-DeleteServersTestJSON-198565373-project-member] ephemeral_encryption_filter skipped {{(pid=95614) ephemeral_encryption_filter /opt/stack/nova/nova/scheduler/request_filter.py:426}}
May 21 08:25:22.844361 np0000001145 nova-scheduler[95614]: DEBUG nova.scheduler.request_filter [None req-4298a79d-0e91-4615-b2ef-c8cc00537178 tempest-DeleteServersTestJSON-198565373 tempest-DeleteServersTestJSON-198565373-project-member] virtio_sound_filter skipped {{(pid=95614) virtio_sound_filter /opt/stack/nova/nova/scheduler/request_filter.py:460}}
May 21 08:25:22.844361 np0000001145 nova-scheduler[95614]: DEBUG nova.scheduler.request_filter [None req-4298a79d-0e91-4615-b2ef-c8cc00537178 tempest-DeleteServersTestJSON-198565373 tempest-DeleteServersTestJSON-198565373-project-member] tpm_secret_security_filter skipped {{(pid=95614) tpm_secret_security_filter /opt/stack/nova/nova/scheduler/request_filter.py:477}}
May 21 08:25:23.542292 np0000001145 nova-scheduler[95614]: INFO nova.utils [None req-4298a79d-0e91-4615-b2ef-c8cc00537178 tempest-DeleteServersTestJSON-198565373 tempest-DeleteServersTestJSON-198565373-project-member] The cell worker thread pool ForkProcess-3.cell_worker is initialized
May 21 08:25:23.542807 np0000001145 nova-scheduler[95614]: DEBUG oslo_concurrency.lockutils [None req-4298a79d-0e91-4615-b2ef-c8cc00537178 tempest-DeleteServersTestJSON-198565373 tempest-DeleteServersTestJSON-198565373-project-member] Acquiring lock "24b964e4-4c85-4fd1-a20b-0d525c06a421" by "nova.context.set_target_cell..get_or_set_cached_cell_and_set_connections" {{(pid=95614) inner /opt/stack/data/venv/lib/python3.12/site-packages/oslo_concurrency/lockutils.py:511}}
May 21 08:25:23.543091 np0000001145 nova-scheduler[95614]: DEBUG oslo_concurrency.lockutils [None req-4298a79d-0e91-4615-b2ef-c8cc00537178 tempest-DeleteServersTestJSON-198565373 tempest-DeleteServersTestJSON-198565373-project-member] Lock "24b964e4-4c85-4fd1-a20b-0d525c06a421" acquired by "nova.context.set_target_cell..get_or_set_cached_cell_and_set_connections" :: waited 0.000s {{(pid=95614) inner /opt/stack/data/venv/lib/python3.12/site-packages/oslo_concurrency/lockutils.py:524}}
May 21 08:25:23.545867 np0000001145 nova-scheduler[95614]: DEBUG oslo_concurrency.lockutils [None req-4298a79d-0e91-4615-b2ef-c8cc00537178 tempest-DeleteServersTestJSON-198565373 tempest-DeleteServersTestJSON-198565373-project-member] Lock "24b964e4-4c85-4fd1-a20b-0d525c06a421" "released" by "nova.context.set_target_cell..get_or_set_cached_cell_and_set_connections" :: held 0.002s {{(pid=95614) inner /opt/stack/data/venv/lib/python3.12/site-packages/oslo_concurrency/lockutils.py:543}}
May 21 08:25:23.547061 np0000001145 nova-scheduler[95614]: INFO dbcounter [None req-4298a79d-0e91-4615-b2ef-c8cc00537178 tempest-DeleteServersTestJSON-198565373 tempest-DeleteServersTestJSON-198565373-project-member] Registered counter for database nova_cell1
May 21 08:25:23.553662 np0000001145 nova-scheduler[95614]: DEBUG oslo_db.sqlalchemy.engines [None req-4298a79d-0e91-4615-b2ef-c8cc00537178 tempest-DeleteServersTestJSON-198565373 tempest-DeleteServersTestJSON-198565373-project-member] MySQL server mode set to STRICT_TRANS_TABLES,STRICT_ALL_TABLES,NO_ZERO_IN_DATE,NO_ZERO_DATE,ERROR_FOR_DIVISION_BY_ZERO,TRADITIONAL,NO_ENGINE_SUBSTITUTION {{(pid=95614) _check_effective_sql_mode /opt/stack/data/venv/lib/python3.12/site-packages/oslo_db/sqlalchemy/engines.py:325}}
May 21 08:25:23.559562 np0000001145 nova-scheduler[95614]: DEBUG dbcounter [-] [95614] Writer thread running {{(pid=95614) stat_writer /opt/stack/data/venv/lib/python3.12/site-packages/dbcounter.py:102}}
May 21 08:25:23.577379 np0000001145 nova-scheduler[95614]: DEBUG oslo_db.sqlalchemy.engines [None req-4298a79d-0e91-4615-b2ef-c8cc00537178 tempest-DeleteServersTestJSON-198565373 tempest-DeleteServersTestJSON-198565373-project-member] Parent process 94339 forked (95614) with an open database connection, which is being discarded and recreated. {{(pid=95614) checkout /opt/stack/data/venv/lib/python3.12/site-packages/oslo_db/sqlalchemy/engines.py:402}}
May 21 08:25:23.583682 np0000001145 nova-scheduler[95614]: DEBUG dbcounter [-] [95614] Writer thread running {{(pid=95614) stat_writer /opt/stack/data/venv/lib/python3.12/site-packages/dbcounter.py:102}}
May 21 08:25:23.587749 np0000001145 nova-scheduler[95614]: DEBUG oslo_concurrency.lockutils [None req-4298a79d-0e91-4615-b2ef-c8cc00537178 tempest-DeleteServersTestJSON-198565373 tempest-DeleteServersTestJSON-198565373-project-member] Acquiring lock "24b964e4-4c85-4fd1-a20b-0d525c06a421" by "nova.context.set_target_cell..get_or_set_cached_cell_and_set_connections" {{(pid=95614) inner /opt/stack/data/venv/lib/python3.12/site-packages/oslo_concurrency/lockutils.py:511}}
May 21 08:25:23.587749 np0000001145 nova-scheduler[95614]: DEBUG oslo_concurrency.lockutils [None req-4298a79d-0e91-4615-b2ef-c8cc00537178 tempest-DeleteServersTestJSON-198565373 tempest-DeleteServersTestJSON-198565373-project-member] Lock "24b964e4-4c85-4fd1-a20b-0d525c06a421" acquired by "nova.context.set_target_cell..get_or_set_cached_cell_and_set_connections" :: waited 0.000s {{(pid=95614) inner /opt/stack/data/venv/lib/python3.12/site-packages/oslo_concurrency/lockutils.py:524}}
May 21 08:25:23.587749 np0000001145 nova-scheduler[95614]: DEBUG oslo_concurrency.lockutils [None req-4298a79d-0e91-4615-b2ef-c8cc00537178 tempest-DeleteServersTestJSON-198565373 tempest-DeleteServersTestJSON-198565373-project-member] Lock "24b964e4-4c85-4fd1-a20b-0d525c06a421" "released" by "nova.context.set_target_cell..get_or_set_cached_cell_and_set_connections" :: held 0.000s {{(pid=95614) inner /opt/stack/data/venv/lib/python3.12/site-packages/oslo_concurrency/lockutils.py:543}}
May 21 08:25:23.593171 np0000001145 nova-scheduler[95614]: DEBUG oslo_concurrency.lockutils [None req-4298a79d-0e91-4615-b2ef-c8cc00537178 tempest-DeleteServersTestJSON-198565373 tempest-DeleteServersTestJSON-198565373-project-member] Acquiring lock "('np0000001145', 'np0000001145')" by "nova.scheduler.host_manager.HostState.update.._locked_update" {{(pid=95614) inner /opt/stack/data/venv/lib/python3.12/site-packages/oslo_concurrency/lockutils.py:511}}
May 21 08:25:23.593171 np0000001145 nova-scheduler[95614]: DEBUG oslo_concurrency.lockutils [None req-4298a79d-0e91-4615-b2ef-c8cc00537178 tempest-DeleteServersTestJSON-198565373 tempest-DeleteServersTestJSON-198565373-project-member] Lock "('np0000001145', 'np0000001145')" acquired by "nova.scheduler.host_manager.HostState.update.._locked_update" :: waited 0.000s {{(pid=95614) inner /opt/stack/data/venv/lib/python3.12/site-packages/oslo_concurrency/lockutils.py:524}}
May 21 08:25:23.593647 np0000001145 nova-scheduler[95614]: DEBUG nova.scheduler.host_manager [None req-4298a79d-0e91-4615-b2ef-c8cc00537178 tempest-DeleteServersTestJSON-198565373 tempest-DeleteServersTestJSON-198565373-project-member] Update host state from compute node: ComputeNode(cpu_allocation_ratio=4.0,cpu_info='{"arch": "x86_64", "model": "EPYC-Milan", "vendor": "AMD", "topology": {"cells": 1, "sockets": 12, "cores": 1, "threads": 1}, "maxphysaddr": {"mode": "emulate", "bits": 40}, "features": ["xgetbv1", "f16c", "pae", "cmov", "cr8legacy", "sse", "spec-ctrl", "clzero", "x2apic", "lm", "rdpid", "v-vmsave-vmload", "3dnowprefetch", "fsgsbase", "tsc-deadline", "mce", "sse4a", "adx", "pse", "invpcid", "mmx", "ibpb", "apic", "fma", "pschange-mc-no", "stibp", "misalignsse", "syscall", "sep", "tsc", "ssse3", "rdseed", "movbe", "nx", "lbrv", "clflushopt", "popcnt", "gds-no", "amd-psfd", "virt-ssbd", "hypervisor", "aes", "clwb", "tsc-scale", "nrip-save", "pfthreshold", "svme-addr-chk", "pclmuldq", "mca", "xsaveopt", "pat", "abm", "vmcb-clean", "arat", "bmi1", "bmi2", "pdpe1gb", "vaes", "osvw", "rdrand", "mds-no", "flushbyasid", "pni", "no-nested-data-bp", "null-sel-clr-base", "amd-ssbd", "topoext", "cx8", "xsaveerptr", "xsavec", "fxsr_opt", "tsc_adjust", "cx16", "rdctl-no", "cmp_legacy", "mtrr", "lfence-always-serializing", "erms", "pge", "arch-capabilities", "mmxext", "vgif", "vme", "npt", "xsaves", "amd-stibp", "perfctr_core", "ibrs", "sse2", "xsave", "fsrm", "avx", "rdtscp", "de", "umip", "fxsr", "svm", "pku", "ssbd", "sse4.1", "sse4.2", "pcid", "sha-ni", "pse36", "smap", "smep", "skip-l1dfl-vmentry", "msr", "stibp-always-on", "fpu", "clflush", "lahf_lm", "pause-filter", "vpclmulqdq", "avx2", "wbnoinvd"]}',created_at=2026-05-21T08:23:16Z,current_workload=0,deleted=False,deleted_at=None,disk_allocation_ratio=1.0,disk_available_least=74,free_disk_gb=95,free_ram_mb=23518,host='np0000001145',host_ip=10.4.3.244,hypervisor_hostname='np0000001145',hypervisor_type='QEMU',hypervisor_version=8002002,id=1,local_gb=95,local_gb_used=0,mapped=1,memory_mb=24030,memory_mb_used=512,metrics='[]',numa_topology='{"nova_object.name": "NUMATopology", "nova_object.namespace": "nova", "nova_object.version": "1.2", "nova_object.data": {"cells": [{"nova_object.name": "NUMACell", "nova_object.namespace": "nova", "nova_object.version": "1.5", "nova_object.data": {"id": 0, "cpuset": [0, 1, 2, 3, 4, 5, 6, 7, 8, 9, 10, 11], "pcpuset": [0, 1, 2, 3, 4, 5, 6, 7, 8, 9, 10, 11], "memory": 24030, "cpu_usage": 0, "memory_usage": 0, "pinned_cpus": [], "siblings": [[6], [2], [5], [11], [8], [4], [1], [7], [10], [0], [3], [9]], "mempages": [{"nova_object.name": "NUMAPagesTopology", "nova_object.namespace": "nova", "nova_object.version": "1.1", "nova_object.data": {"size_kb": 4, "total": 6151798, "used": 0, "reserved": 0}, "nova_object.changes": ["used", "size_kb", "reserved", "total"]}, {"nova_object.name": "NUMAPagesTopology", "nova_object.namespace": "nova", "nova_object.version": "1.1", "nova_object.data": {"size_kb": 2048, "total": 0, "used": 0, "reserved": 0}, "nova_object.changes": ["used", "size_kb", "reserved", "total"]}, {"nova_object.name": "NUMAPagesTopology", "nova_object.namespace": "nova", "nova_object.version": "1.1", "nova_object.data": {"size_kb": 1048576, "total": 0, "used": 0, "reserved": 0}, "nova_object.changes": ["used", "size_kb", "reserved", "total"]}], "network_metadata": {"nova_object.name": "NetworkMetadata", "nova_object.namespace": "nova", "nova_object.version": "1.0", "nova_object.data": {"physnets": [], "tunneled": false}, "nova_object.changes": ["physnets", "tunneled"]}, "socket": null}, "nova_object.changes": ["cpuset", "network_metadata", "siblings", "memory_usage", "cpu_usage", "mempages", "id", "memory", "pcpuset", "pinned_cpus", "socket"]}]}, "nova_object.changes": ["cells"]}',pci_device_pools=PciDevicePoolList,ram_allocation_ratio=1.0,running_vms=0,service_id=2,stats={failed_builds='0',uptime=' 08:25:02 up 25 min, 2 users, load average: 2.26, 1.59, 0.85
May 21 08:25:23.593647 np0000001145 nova-scheduler[95614]: '},supported_hv_specs=[HVSpec,HVSpec,HVSpec,HVSpec,HVSpec,HVSpec,HVSpec,HVSpec,HVSpec,HVSpec,HVSpec,HVSpec,HVSpec,HVSpec,HVSpec,HVSpec,HVSpec,HVSpec,HVSpec,HVSpec,HVSpec,HVSpec,HVSpec,HVSpec,HVSpec],updated_at=2026-05-21T08:25:04Z,uuid=aa6d5a68-f5e1-4ce1-a09a-4f2c8f26fa4d,vcpus=12,vcpus_used=0) {{(pid=95614) _locked_update /opt/stack/nova/nova/scheduler/host_manager.py:168}}
May 21 08:25:23.594012 np0000001145 nova-scheduler[95614]: DEBUG nova.scheduler.host_manager [None req-4298a79d-0e91-4615-b2ef-c8cc00537178 tempest-DeleteServersTestJSON-198565373 tempest-DeleteServersTestJSON-198565373-project-member] Update host state with aggregates: [] {{(pid=95614) _locked_update /opt/stack/nova/nova/scheduler/host_manager.py:171}}
May 21 08:25:23.594166 np0000001145 nova-scheduler[95614]: DEBUG nova.scheduler.host_manager [None req-4298a79d-0e91-4615-b2ef-c8cc00537178 tempest-DeleteServersTestJSON-198565373 tempest-DeleteServersTestJSON-198565373-project-member] Update host state with service dict: {'id': 2, 'uuid': '45198ab8-fc54-440b-a641-b18e811cf683', 'host': 'np0000001145', 'binary': 'nova-compute', 'topic': 'compute', 'report_count': 1, 'disabled': False, 'disabled_reason': None, 'last_seen_up': datetime.datetime(2026, 5, 21, 8, 23, 25, tzinfo=datetime.timezone.utc), 'forced_down': False, 'version': 72, 'created_at': datetime.datetime(2026, 5, 21, 8, 23, 15, tzinfo=datetime.timezone.utc), 'updated_at': datetime.datetime(2026, 5, 21, 8, 23, 25, tzinfo=datetime.timezone.utc), 'deleted_at': None, 'deleted': False} {{(pid=95614) _locked_update /opt/stack/nova/nova/scheduler/host_manager.py:174}}
May 21 08:25:23.594333 np0000001145 nova-scheduler[95614]: DEBUG nova.scheduler.host_manager [None req-4298a79d-0e91-4615-b2ef-c8cc00537178 tempest-DeleteServersTestJSON-198565373 tempest-DeleteServersTestJSON-198565373-project-member] Update host state with instances: [] {{(pid=95614) _locked_update /opt/stack/nova/nova/scheduler/host_manager.py:177}}
May 21 08:25:23.594506 np0000001145 nova-scheduler[95614]: DEBUG oslo_concurrency.lockutils [None req-4298a79d-0e91-4615-b2ef-c8cc00537178 tempest-DeleteServersTestJSON-198565373 tempest-DeleteServersTestJSON-198565373-project-member] Lock "('np0000001145', 'np0000001145')" "released" by "nova.scheduler.host_manager.HostState.update.._locked_update" :: held 0.003s {{(pid=95614) inner /opt/stack/data/venv/lib/python3.12/site-packages/oslo_concurrency/lockutils.py:543}}
May 21 08:25:23.595313 np0000001145 nova-scheduler[95614]: DEBUG nova.filters [None req-4298a79d-0e91-4615-b2ef-c8cc00537178 tempest-DeleteServersTestJSON-198565373 tempest-DeleteServersTestJSON-198565373-project-member] Starting with 1 host(s) {{(pid=95614) get_filtered_objects /opt/stack/nova/nova/filters.py:70}}
May 21 08:25:23.595580 np0000001145 nova-scheduler[95614]: DEBUG nova.filters [None req-4298a79d-0e91-4615-b2ef-c8cc00537178 tempest-DeleteServersTestJSON-198565373 tempest-DeleteServersTestJSON-198565373-project-member] Filter ComputeFilter returned 1 host(s) {{(pid=95614) get_filtered_objects /opt/stack/nova/nova/filters.py:102}}
May 21 08:25:23.595794 np0000001145 nova-scheduler[95614]: DEBUG nova.filters [None req-4298a79d-0e91-4615-b2ef-c8cc00537178 tempest-DeleteServersTestJSON-198565373 tempest-DeleteServersTestJSON-198565373-project-member] Filter ComputeCapabilitiesFilter returned 1 host(s) {{(pid=95614) get_filtered_objects /opt/stack/nova/nova/filters.py:102}}
May 21 08:25:23.596093 np0000001145 nova-scheduler[95614]: DEBUG nova.filters [None req-4298a79d-0e91-4615-b2ef-c8cc00537178 tempest-DeleteServersTestJSON-198565373 tempest-DeleteServersTestJSON-198565373-project-member] Filter ImagePropertiesFilter returned 1 host(s) {{(pid=95614) get_filtered_objects /opt/stack/nova/nova/filters.py:102}}
May 21 08:25:23.596282 np0000001145 nova-scheduler[95614]: DEBUG nova.filters [None req-4298a79d-0e91-4615-b2ef-c8cc00537178 tempest-DeleteServersTestJSON-198565373 tempest-DeleteServersTestJSON-198565373-project-member] Filter ServerGroupAntiAffinityFilter returned 1 host(s) {{(pid=95614) get_filtered_objects /opt/stack/nova/nova/filters.py:102}}
May 21 08:25:23.596459 np0000001145 nova-scheduler[95614]: DEBUG nova.filters [None req-4298a79d-0e91-4615-b2ef-c8cc00537178 tempest-DeleteServersTestJSON-198565373 tempest-DeleteServersTestJSON-198565373-project-member] Filter ServerGroupAffinityFilter returned 1 host(s) {{(pid=95614) get_filtered_objects /opt/stack/nova/nova/filters.py:102}}
May 21 08:25:23.596639 np0000001145 nova-scheduler[95614]: DEBUG nova.filters [None req-4298a79d-0e91-4615-b2ef-c8cc00537178 tempest-DeleteServersTestJSON-198565373 tempest-DeleteServersTestJSON-198565373-project-member] Filter SameHostFilter returned 1 host(s) {{(pid=95614) get_filtered_objects /opt/stack/nova/nova/filters.py:102}}
May 21 08:25:23.596821 np0000001145 nova-scheduler[95614]: DEBUG nova.filters [None req-4298a79d-0e91-4615-b2ef-c8cc00537178 tempest-DeleteServersTestJSON-198565373 tempest-DeleteServersTestJSON-198565373-project-member] Filter DifferentHostFilter returned 1 host(s) {{(pid=95614) get_filtered_objects /opt/stack/nova/nova/filters.py:102}}
May 21 08:25:23.597030 np0000001145 nova-scheduler[95614]: DEBUG nova.scheduler.manager [None req-4298a79d-0e91-4615-b2ef-c8cc00537178 tempest-DeleteServersTestJSON-198565373 tempest-DeleteServersTestJSON-198565373-project-member] Filtered [(np0000001145, np0000001145) ram: 23518MB disk: 75776MB io_ops: 0 instances: 0, allocation_candidates: 1] {{(pid=95614) _get_sorted_hosts /opt/stack/nova/nova/scheduler/manager.py:743}}
May 21 08:25:23.597270 np0000001145 nova-scheduler[95614]: DEBUG nova.scheduler.manager [None req-4298a79d-0e91-4615-b2ef-c8cc00537178 tempest-DeleteServersTestJSON-198565373 tempest-DeleteServersTestJSON-198565373-project-member] Weighed [WeighedHost [host: (np0000001145, np0000001145) ram: 23518MB disk: 75776MB io_ops: 0 instances: 0, allocation_candidates: 1, weight: 0.0]] {{(pid=95614) _get_sorted_hosts /opt/stack/nova/nova/scheduler/manager.py:765}}
May 21 08:25:23.597504 np0000001145 nova-scheduler[95614]: DEBUG nova.scheduler.utils [None req-4298a79d-0e91-4615-b2ef-c8cc00537178 tempest-DeleteServersTestJSON-198565373 tempest-DeleteServersTestJSON-198565373-project-member] Attempting to claim resources in the placement API for instance bb54894f-73fe-47a4-845d-6276a5dc40bd {{(pid=95614) claim_resources /opt/stack/nova/nova/scheduler/utils.py:1304}}
May 21 08:25:23.799238 np0000001145 nova-scheduler[95614]: DEBUG nova.scheduler.manager [None req-4298a79d-0e91-4615-b2ef-c8cc00537178 tempest-DeleteServersTestJSON-198565373 tempest-DeleteServersTestJSON-198565373-project-member] [instance: bb54894f-73fe-47a4-845d-6276a5dc40bd] Selected host: (np0000001145, np0000001145) ram: 23518MB disk: 75776MB io_ops: 0 instances: 0, allocation_candidates: 1 {{(pid=95614) _consume_selected_host /opt/stack/nova/nova/scheduler/manager.py:625}}
May 21 08:25:23.799238 np0000001145 nova-scheduler[95614]: DEBUG oslo_concurrency.lockutils [None req-4298a79d-0e91-4615-b2ef-c8cc00537178 tempest-DeleteServersTestJSON-198565373 tempest-DeleteServersTestJSON-198565373-project-member] Acquiring lock "('np0000001145', 'np0000001145')" by "nova.scheduler.host_manager.HostState.consume_from_request.._locked" {{(pid=95614) inner /opt/stack/data/venv/lib/python3.12/site-packages/oslo_concurrency/lockutils.py:511}}
May 21 08:25:23.799483 np0000001145 nova-scheduler[95614]: DEBUG oslo_concurrency.lockutils [None req-4298a79d-0e91-4615-b2ef-c8cc00537178 tempest-DeleteServersTestJSON-198565373 tempest-DeleteServersTestJSON-198565373-project-member] Lock "('np0000001145', 'np0000001145')" acquired by "nova.scheduler.host_manager.HostState.consume_from_request.._locked" :: waited 0.000s {{(pid=95614) inner /opt/stack/data/venv/lib/python3.12/site-packages/oslo_concurrency/lockutils.py:524}}
May 21 08:25:23.799595 np0000001145 nova-scheduler[95614]: DEBUG oslo_concurrency.lockutils [None req-4298a79d-0e91-4615-b2ef-c8cc00537178 tempest-DeleteServersTestJSON-198565373 tempest-DeleteServersTestJSON-198565373-project-member] Lock "('np0000001145', 'np0000001145')" "released" by "nova.scheduler.host_manager.HostState.consume_from_request.._locked" :: held 0.000s {{(pid=95614) inner /opt/stack/data/venv/lib/python3.12/site-packages/oslo_concurrency/lockutils.py:543}}
May 21 08:25:25.156397 np0000001145 nova-scheduler[95612]: DEBUG nova.scheduler.manager [None req-ea88a228-0647-4c1b-9b07-c895c5bf2966 tempest-ServerActionsTestOtherA-1599535 tempest-ServerActionsTestOtherA-1599535-project-member] Starting to schedule for instances: ['2106b9cf-6e7c-4938-ab88-41e7886712fb'] {{(pid=95612) select_destinations /opt/stack/nova/nova/scheduler/manager.py:210}}
May 21 08:25:25.157795 np0000001145 nova-scheduler[95612]: DEBUG nova.scheduler.request_filter [None req-ea88a228-0647-4c1b-9b07-c895c5bf2966 tempest-ServerActionsTestOtherA-1599535 tempest-ServerActionsTestOtherA-1599535-project-member] compute_status_filter request filter added forbidden trait COMPUTE_STATUS_DISABLED {{(pid=95612) compute_status_filter /opt/stack/nova/nova/scheduler/request_filter.py:253}}
May 21 08:25:25.157795 np0000001145 nova-scheduler[95612]: DEBUG nova.scheduler.request_filter [None req-ea88a228-0647-4c1b-9b07-c895c5bf2966 tempest-ServerActionsTestOtherA-1599535 tempest-ServerActionsTestOtherA-1599535-project-member] Request filter 'compute_status_filter' took 0.0 seconds {{(pid=95612) wrapper /opt/stack/nova/nova/scheduler/request_filter.py:46}}
May 21 08:25:25.157795 np0000001145 nova-scheduler[95612]: DEBUG nova.scheduler.request_filter [None req-ea88a228-0647-4c1b-9b07-c895c5bf2966 tempest-ServerActionsTestOtherA-1599535 tempest-ServerActionsTestOtherA-1599535-project-member] Request filter 'accelerators_filter' took 0.0 seconds {{(pid=95612) wrapper /opt/stack/nova/nova/scheduler/request_filter.py:46}}
May 21 08:25:25.159409 np0000001145 nova-scheduler[95612]: DEBUG nova.scheduler.request_filter [None req-ea88a228-0647-4c1b-9b07-c895c5bf2966 tempest-ServerActionsTestOtherA-1599535 tempest-ServerActionsTestOtherA-1599535-project-member] Request filter 'packed_virtqueue_filter' took 0.0 seconds {{(pid=95612) wrapper /opt/stack/nova/nova/scheduler/request_filter.py:46}}
May 21 08:25:25.159409 np0000001145 nova-scheduler[95612]: DEBUG nova.scheduler.request_filter [None req-ea88a228-0647-4c1b-9b07-c895c5bf2966 tempest-ServerActionsTestOtherA-1599535 tempest-ServerActionsTestOtherA-1599535-project-member] Request filter 'remote_managed_ports_filter' took 0.0 seconds {{(pid=95612) wrapper /opt/stack/nova/nova/scheduler/request_filter.py:46}}
May 21 08:25:25.159409 np0000001145 nova-scheduler[95612]: DEBUG nova.scheduler.request_filter [None req-ea88a228-0647-4c1b-9b07-c895c5bf2966 tempest-ServerActionsTestOtherA-1599535 tempest-ServerActionsTestOtherA-1599535-project-member] ephemeral_encryption_filter skipped {{(pid=95612) ephemeral_encryption_filter /opt/stack/nova/nova/scheduler/request_filter.py:426}}
May 21 08:25:25.159409 np0000001145 nova-scheduler[95612]: DEBUG nova.scheduler.request_filter [None req-ea88a228-0647-4c1b-9b07-c895c5bf2966 tempest-ServerActionsTestOtherA-1599535 tempest-ServerActionsTestOtherA-1599535-project-member] virtio_sound_filter skipped {{(pid=95612) virtio_sound_filter /opt/stack/nova/nova/scheduler/request_filter.py:460}}
May 21 08:25:25.159409 np0000001145 nova-scheduler[95612]: DEBUG nova.scheduler.request_filter [None req-ea88a228-0647-4c1b-9b07-c895c5bf2966 tempest-ServerActionsTestOtherA-1599535 tempest-ServerActionsTestOtherA-1599535-project-member] tpm_secret_security_filter skipped {{(pid=95612) tpm_secret_security_filter /opt/stack/nova/nova/scheduler/request_filter.py:477}}
May 21 08:25:25.273431 np0000001145 nova-scheduler[95612]: INFO nova.utils [None req-ea88a228-0647-4c1b-9b07-c895c5bf2966 tempest-ServerActionsTestOtherA-1599535 tempest-ServerActionsTestOtherA-1599535-project-member] The cell worker thread pool ForkProcess-2.cell_worker is initialized
May 21 08:25:25.273431 np0000001145 nova-scheduler[95612]: DEBUG oslo_concurrency.lockutils [None req-ea88a228-0647-4c1b-9b07-c895c5bf2966 tempest-ServerActionsTestOtherA-1599535 tempest-ServerActionsTestOtherA-1599535-project-member] Acquiring lock "24b964e4-4c85-4fd1-a20b-0d525c06a421" by "nova.context.set_target_cell..get_or_set_cached_cell_and_set_connections" {{(pid=95612) inner /opt/stack/data/venv/lib/python3.12/site-packages/oslo_concurrency/lockutils.py:511}}
May 21 08:25:25.273431 np0000001145 nova-scheduler[95612]: DEBUG oslo_concurrency.lockutils [None req-ea88a228-0647-4c1b-9b07-c895c5bf2966 tempest-ServerActionsTestOtherA-1599535 tempest-ServerActionsTestOtherA-1599535-project-member] Lock "24b964e4-4c85-4fd1-a20b-0d525c06a421" acquired by "nova.context.set_target_cell..get_or_set_cached_cell_and_set_connections" :: waited 0.000s {{(pid=95612) inner /opt/stack/data/venv/lib/python3.12/site-packages/oslo_concurrency/lockutils.py:524}}
May 21 08:25:25.273431 np0000001145 nova-scheduler[95612]: DEBUG oslo_concurrency.lockutils [None req-ea88a228-0647-4c1b-9b07-c895c5bf2966 tempest-ServerActionsTestOtherA-1599535 tempest-ServerActionsTestOtherA-1599535-project-member] Lock "24b964e4-4c85-4fd1-a20b-0d525c06a421" "released" by "nova.context.set_target_cell..get_or_set_cached_cell_and_set_connections" :: held 0.001s {{(pid=95612) inner /opt/stack/data/venv/lib/python3.12/site-packages/oslo_concurrency/lockutils.py:543}}
May 21 08:25:25.276262 np0000001145 nova-scheduler[95612]: INFO dbcounter [None req-ea88a228-0647-4c1b-9b07-c895c5bf2966 tempest-ServerActionsTestOtherA-1599535 tempest-ServerActionsTestOtherA-1599535-project-member] Registered counter for database nova_cell1
May 21 08:25:25.284423 np0000001145 nova-scheduler[95612]: DEBUG oslo_db.sqlalchemy.engines [None req-ea88a228-0647-4c1b-9b07-c895c5bf2966 tempest-ServerActionsTestOtherA-1599535 tempest-ServerActionsTestOtherA-1599535-project-member] MySQL server mode set to STRICT_TRANS_TABLES,STRICT_ALL_TABLES,NO_ZERO_IN_DATE,NO_ZERO_DATE,ERROR_FOR_DIVISION_BY_ZERO,TRADITIONAL,NO_ENGINE_SUBSTITUTION {{(pid=95612) _check_effective_sql_mode /opt/stack/data/venv/lib/python3.12/site-packages/oslo_db/sqlalchemy/engines.py:325}}
May 21 08:25:25.290911 np0000001145 nova-scheduler[95612]: DEBUG dbcounter [-] [95612] Writer thread running {{(pid=95612) stat_writer /opt/stack/data/venv/lib/python3.12/site-packages/dbcounter.py:102}}
May 21 08:25:25.320835 np0000001145 nova-scheduler[95612]: DEBUG dbcounter [-] [95612] Writer thread running {{(pid=95612) stat_writer /opt/stack/data/venv/lib/python3.12/site-packages/dbcounter.py:102}}
May 21 08:25:25.326171 np0000001145 nova-scheduler[95612]: DEBUG oslo_concurrency.lockutils [None req-ea88a228-0647-4c1b-9b07-c895c5bf2966 tempest-ServerActionsTestOtherA-1599535 tempest-ServerActionsTestOtherA-1599535-project-member] Acquiring lock "24b964e4-4c85-4fd1-a20b-0d525c06a421" by "nova.context.set_target_cell..get_or_set_cached_cell_and_set_connections" {{(pid=95612) inner /opt/stack/data/venv/lib/python3.12/site-packages/oslo_concurrency/lockutils.py:511}}
May 21 08:25:25.326171 np0000001145 nova-scheduler[95612]: DEBUG oslo_concurrency.lockutils [None req-ea88a228-0647-4c1b-9b07-c895c5bf2966 tempest-ServerActionsTestOtherA-1599535 tempest-ServerActionsTestOtherA-1599535-project-member] Lock "24b964e4-4c85-4fd1-a20b-0d525c06a421" acquired by "nova.context.set_target_cell..get_or_set_cached_cell_and_set_connections" :: waited 0.000s {{(pid=95612) inner /opt/stack/data/venv/lib/python3.12/site-packages/oslo_concurrency/lockutils.py:524}}
May 21 08:25:25.326171 np0000001145 nova-scheduler[95612]: DEBUG oslo_concurrency.lockutils [None req-ea88a228-0647-4c1b-9b07-c895c5bf2966 tempest-ServerActionsTestOtherA-1599535 tempest-ServerActionsTestOtherA-1599535-project-member] Lock "24b964e4-4c85-4fd1-a20b-0d525c06a421" "released" by "nova.context.set_target_cell..get_or_set_cached_cell_and_set_connections" :: held 0.000s {{(pid=95612) inner /opt/stack/data/venv/lib/python3.12/site-packages/oslo_concurrency/lockutils.py:543}}
May 21 08:25:25.331569 np0000001145 nova-scheduler[95612]: DEBUG oslo_concurrency.lockutils [None req-ea88a228-0647-4c1b-9b07-c895c5bf2966 tempest-ServerActionsTestOtherA-1599535 tempest-ServerActionsTestOtherA-1599535-project-member] Acquiring lock "('np0000001145', 'np0000001145')" by "nova.scheduler.host_manager.HostState.update.._locked_update" {{(pid=95612) inner /opt/stack/data/venv/lib/python3.12/site-packages/oslo_concurrency/lockutils.py:511}}
May 21 08:25:25.331662 np0000001145 nova-scheduler[95612]: DEBUG oslo_concurrency.lockutils [None req-ea88a228-0647-4c1b-9b07-c895c5bf2966 tempest-ServerActionsTestOtherA-1599535 tempest-ServerActionsTestOtherA-1599535-project-member] Lock "('np0000001145', 'np0000001145')" acquired by "nova.scheduler.host_manager.HostState.update.._locked_update" :: waited 0.000s {{(pid=95612) inner /opt/stack/data/venv/lib/python3.12/site-packages/oslo_concurrency/lockutils.py:524}}
