May 21 08:22:27.732055 np0000001145 neutron-periodic-workers[91891]: DEBUG cotyledon.oslo_config_glue [-] ovn.bfd_min_tx = 100 {{(pid=91891) log_opt_values /opt/stack/data/venv/lib/python3.12/site-packages/oslo_config/cfg.py:3256}}
May 21 08:22:27.732128 np0000001145 neutron-periodic-workers[91891]: DEBUG cotyledon.oslo_config_glue [-] ovn.bfd_mult = 3 {{(pid=91891) log_opt_values /opt/stack/data/venv/lib/python3.12/site-packages/oslo_config/cfg.py:3256}}
May 21 08:22:27.732214 np0000001145 neutron-periodic-workers[91891]: DEBUG cotyledon.oslo_config_glue [-] ovn.broadcast_arps_to_all_routers = True {{(pid=91891) log_opt_values /opt/stack/data/venv/lib/python3.12/site-packages/oslo_config/cfg.py:3256}}
May 21 08:22:27.732291 np0000001145 neutron-periodic-workers[91891]: DEBUG cotyledon.oslo_config_glue [-] ovn.dhcp_default_lease_time = 43200 {{(pid=91891) log_opt_values /opt/stack/data/venv/lib/python3.12/site-packages/oslo_config/cfg.py:3256}}
May 21 08:22:27.732362 np0000001145 neutron-periodic-workers[91891]: DEBUG cotyledon.oslo_config_glue [-] ovn.disable_ovn_dhcp_for_baremetal_ports = False {{(pid=91891) log_opt_values /opt/stack/data/venv/lib/python3.12/site-packages/oslo_config/cfg.py:3256}}
May 21 08:22:27.732430 np0000001145 neutron-periodic-workers[91891]: DEBUG cotyledon.oslo_config_glue [-] ovn.dns_records_ovn_owned = False {{(pid=91891) log_opt_values /opt/stack/data/venv/lib/python3.12/site-packages/oslo_config/cfg.py:3256}}
May 21 08:22:27.732546 np0000001145 neutron-periodic-workers[91891]: DEBUG cotyledon.oslo_config_glue [-] ovn.dns_servers = [] {{(pid=91891) log_opt_values /opt/stack/data/venv/lib/python3.12/site-packages/oslo_config/cfg.py:3256}}
May 21 08:22:27.732598 np0000001145 neutron-periodic-workers[91891]: DEBUG cotyledon.oslo_config_glue [-] ovn.enable_distributed_floating_ip = False {{(pid=91891) log_opt_values /opt/stack/data/venv/lib/python3.12/site-packages/oslo_config/cfg.py:3256}}
May 21 08:22:27.732639 np0000001145 neutron-periodic-workers[91891]: DEBUG cotyledon.oslo_config_glue [-] ovn.fdb_age_threshold = 300 {{(pid=91891) log_opt_values /opt/stack/data/venv/lib/python3.12/site-packages/oslo_config/cfg.py:3256}}
May 21 08:22:27.732703 np0000001145 neutron-periodic-workers[91891]: DEBUG cotyledon.oslo_config_glue [-] ovn.ha_failover_strategy = normal {{(pid=91891) log_opt_values /opt/stack/data/venv/lib/python3.12/site-packages/oslo_config/cfg.py:3256}}
May 21 08:22:27.732771 np0000001145 neutron-periodic-workers[91891]: DEBUG cotyledon.oslo_config_glue [-] ovn.live_migration_activation_strategy = rarp {{(pid=91891) log_opt_values /opt/stack/data/venv/lib/python3.12/site-packages/oslo_config/cfg.py:3256}}
May 21 08:22:27.732835 np0000001145 neutron-periodic-workers[91891]: DEBUG cotyledon.oslo_config_glue [-] ovn.localnet_learn_fdb = False {{(pid=91891) log_opt_values /opt/stack/data/venv/lib/python3.12/site-packages/oslo_config/cfg.py:3256}}
May 21 08:22:27.732945 np0000001145 neutron-periodic-workers[91891]: DEBUG cotyledon.oslo_config_glue [-] ovn.mac_binding_age_threshold = 300 {{(pid=91891) log_opt_values /opt/stack/data/venv/lib/python3.12/site-packages/oslo_config/cfg.py:3256}}
May 21 08:22:27.733036 np0000001145 neutron-periodic-workers[91891]: DEBUG cotyledon.oslo_config_glue [-] ovn.neutron_sync_mode = log {{(pid=91891) log_opt_values /opt/stack/data/venv/lib/python3.12/site-packages/oslo_config/cfg.py:3256}}
May 21 08:22:27.733121 np0000001145 neutron-periodic-workers[91891]: DEBUG cotyledon.oslo_config_glue [-] ovn.ovn_dhcp4_global_options = {} {{(pid=91891) log_opt_values /opt/stack/data/venv/lib/python3.12/site-packages/oslo_config/cfg.py:3256}}
May 21 08:22:27.733192 np0000001145 neutron-periodic-workers[91891]: DEBUG cotyledon.oslo_config_glue [-] ovn.ovn_dhcp6_global_options = {} {{(pid=91891) log_opt_values /opt/stack/data/venv/lib/python3.12/site-packages/oslo_config/cfg.py:3256}}
May 21 08:22:27.733261 np0000001145 neutron-periodic-workers[91891]: DEBUG cotyledon.oslo_config_glue [-] ovn.ovn_l3_scheduler = leastloaded {{(pid=91891) log_opt_values /opt/stack/data/venv/lib/python3.12/site-packages/oslo_config/cfg.py:3256}}
May 21 08:22:27.733322 np0000001145 neutron-periodic-workers[91891]: DEBUG cotyledon.oslo_config_glue [-] ovn.ovn_metadata_enabled = True {{(pid=91891) log_opt_values /opt/stack/data/venv/lib/python3.12/site-packages/oslo_config/cfg.py:3256}}
May 21 08:22:27.733402 np0000001145 neutron-periodic-workers[91891]: DEBUG cotyledon.oslo_config_glue [-] ovn.ovn_nb_ca_cert = /opt/stack/data/CA/int-ca/ca-chain.pem {{(pid=91891) log_opt_values /opt/stack/data/venv/lib/python3.12/site-packages/oslo_config/cfg.py:3256}}
May 21 08:22:27.733469 np0000001145 neutron-periodic-workers[91891]: DEBUG cotyledon.oslo_config_glue [-] ovn.ovn_nb_certificate = /opt/stack/data/CA/int-ca/devstack-cert.crt {{(pid=91891) log_opt_values /opt/stack/data/venv/lib/python3.12/site-packages/oslo_config/cfg.py:3256}}
May 21 08:22:27.733547 np0000001145 neutron-periodic-workers[91891]: DEBUG cotyledon.oslo_config_glue [-] ovn.ovn_nb_connection = ['ssl:10.4.3.244:6641'] {{(pid=91891) log_opt_values /opt/stack/data/venv/lib/python3.12/site-packages/oslo_config/cfg.py:3256}}
May 21 08:22:27.733615 np0000001145 neutron-periodic-workers[91891]: DEBUG cotyledon.oslo_config_glue [-] ovn.ovn_nb_private_key = /opt/stack/data/CA/int-ca/private/devstack-cert.key {{(pid=91891) log_opt_values /opt/stack/data/venv/lib/python3.12/site-packages/oslo_config/cfg.py:3256}}
May 21 08:22:27.733696 np0000001145 neutron-periodic-workers[91891]: DEBUG cotyledon.oslo_config_glue [-] ovn.ovn_router_indirect_snat = False {{(pid=91891) log_opt_values /opt/stack/data/venv/lib/python3.12/site-packages/oslo_config/cfg.py:3256}}
May 21 08:22:27.733763 np0000001145 neutron-periodic-workers[91891]: DEBUG cotyledon.oslo_config_glue [-] ovn.ovn_sb_ca_cert = /opt/stack/data/CA/int-ca/ca-chain.pem {{(pid=91891) log_opt_values /opt/stack/data/venv/lib/python3.12/site-packages/oslo_config/cfg.py:3256}}
May 21 08:22:27.733820 np0000001145 neutron-periodic-workers[91891]: DEBUG cotyledon.oslo_config_glue [-] ovn.ovn_sb_certificate = /opt/stack/data/CA/int-ca/devstack-cert.crt {{(pid=91891) log_opt_values /opt/stack/data/venv/lib/python3.12/site-packages/oslo_config/cfg.py:3256}}
May 21 08:22:27.733946 np0000001145 neutron-periodic-workers[91891]: DEBUG cotyledon.oslo_config_glue [-] ovn.ovn_sb_connection = ['ssl:10.4.3.244:6642'] {{(pid=91891) log_opt_values /opt/stack/data/venv/lib/python3.12/site-packages/oslo_config/cfg.py:3256}}
May 21 08:22:27.734029 np0000001145 neutron-periodic-workers[91891]: DEBUG cotyledon.oslo_config_glue [-] ovn.ovn_sb_private_key = /opt/stack/data/CA/int-ca/private/devstack-cert.key {{(pid=91891) log_opt_values /opt/stack/data/venv/lib/python3.12/site-packages/oslo_config/cfg.py:3256}}
May 21 08:22:27.734105 np0000001145 neutron-periodic-workers[91891]: DEBUG cotyledon.oslo_config_glue [-] ovn.ovs_create_tap = False {{(pid=91891) log_opt_values /opt/stack/data/venv/lib/python3.12/site-packages/oslo_config/cfg.py:3256}}
May 21 08:22:27.734174 np0000001145 neutron-periodic-workers[91891]: DEBUG cotyledon.oslo_config_glue [-] ovn.ovsdb_connection_timeout = 180 {{(pid=91891) log_opt_values /opt/stack/data/venv/lib/python3.12/site-packages/oslo_config/cfg.py:3256}}
May 21 08:22:27.734237 np0000001145 neutron-periodic-workers[91891]: DEBUG cotyledon.oslo_config_glue [-] ovn.ovsdb_log_level = INFO {{(pid=91891) log_opt_values /opt/stack/data/venv/lib/python3.12/site-packages/oslo_config/cfg.py:3256}}
May 21 08:22:27.734302 np0000001145 neutron-periodic-workers[91891]: DEBUG cotyledon.oslo_config_glue [-] ovn.ovsdb_probe_interval = 60000 {{(pid=91891) log_opt_values /opt/stack/data/venv/lib/python3.12/site-packages/oslo_config/cfg.py:3256}}
May 21 08:22:27.734368 np0000001145 neutron-periodic-workers[91891]: DEBUG cotyledon.oslo_config_glue [-] ovn.ovsdb_retry_max_interval = 180 {{(pid=91891) log_opt_values /opt/stack/data/venv/lib/python3.12/site-packages/oslo_config/cfg.py:3256}}
May 21 08:22:27.734435 np0000001145 neutron-periodic-workers[91891]: DEBUG cotyledon.oslo_config_glue [-] ovn.stateless_nat_enabled = False {{(pid=91891) log_opt_values /opt/stack/data/venv/lib/python3.12/site-packages/oslo_config/cfg.py:3256}}
May 21 08:22:27.734512 np0000001145 neutron-periodic-workers[91891]: DEBUG cotyledon.oslo_config_glue [-] ovn.vhost_sock_dir = /var/run/openvswitch {{(pid=91891) log_opt_values /opt/stack/data/venv/lib/python3.12/site-packages/oslo_config/cfg.py:3256}}
May 21 08:22:27.734604 np0000001145 neutron-periodic-workers[91891]: DEBUG cotyledon.oslo_config_glue [-] OVS.bridge_mac_table_size = 50000 {{(pid=91891) log_opt_values /opt/stack/data/venv/lib/python3.12/site-packages/oslo_config/cfg.py:3256}}
May 21 08:22:27.734685 np0000001145 neutron-periodic-workers[91891]: DEBUG cotyledon.oslo_config_glue [-] OVS.igmp_flood = False {{(pid=91891) log_opt_values /opt/stack/data/venv/lib/python3.12/site-packages/oslo_config/cfg.py:3256}}
May 21 08:22:27.734750 np0000001145 neutron-periodic-workers[91891]: DEBUG cotyledon.oslo_config_glue [-] OVS.igmp_flood_reports = True {{(pid=91891) log_opt_values /opt/stack/data/venv/lib/python3.12/site-packages/oslo_config/cfg.py:3256}}
May 21 08:22:27.734830 np0000001145 neutron-periodic-workers[91891]: DEBUG cotyledon.oslo_config_glue [-] OVS.igmp_flood_unregistered = False {{(pid=91891) log_opt_values /opt/stack/data/venv/lib/python3.12/site-packages/oslo_config/cfg.py:3256}}
May 21 08:22:27.734940 np0000001145 neutron-periodic-workers[91891]: DEBUG cotyledon.oslo_config_glue [-] OVS.igmp_snooping_enable = False {{(pid=91891) log_opt_values /opt/stack/data/venv/lib/python3.12/site-packages/oslo_config/cfg.py:3256}}
May 21 08:22:27.735020 np0000001145 neutron-periodic-workers[91891]: DEBUG cotyledon.oslo_config_glue [-] OVS.ovsdb_timeout = 10 {{(pid=91891) log_opt_values /opt/stack/data/venv/lib/python3.12/site-packages/oslo_config/cfg.py:3256}}
May 21 08:22:27.735101 np0000001145 neutron-periodic-workers[91891]: DEBUG cotyledon.oslo_config_glue [-] ovn_nb_global.fdb_removal_limit = 0 {{(pid=91891) log_opt_values /opt/stack/data/venv/lib/python3.12/site-packages/oslo_config/cfg.py:3256}}
May 21 08:22:27.735170 np0000001145 neutron-periodic-workers[91891]: DEBUG cotyledon.oslo_config_glue [-] ovn_nb_global.ignore_lsp_down = False {{(pid=91891) log_opt_values /opt/stack/data/venv/lib/python3.12/site-packages/oslo_config/cfg.py:3256}}
May 21 08:22:27.735252 np0000001145 neutron-periodic-workers[91891]: DEBUG cotyledon.oslo_config_glue [-] ovn_nb_global.mac_binding_removal_limit = 0 {{(pid=91891) log_opt_values /opt/stack/data/venv/lib/python3.12/site-packages/oslo_config/cfg.py:3256}}
May 21 08:22:27.735317 np0000001145 neutron-periodic-workers[91891]: DEBUG cotyledon.oslo_config_glue [-] ******************************************************************************** {{(pid=91891) log_opt_values /opt/stack/data/venv/lib/python3.12/site-packages/oslo_config/cfg.py:3263}}
May 21 08:22:27.735545 np0000001145 neutron-periodic-workers[91891]: DEBUG cotyledon._service_worker [-] Run service ServiceWrapper(0) [91891] {{(pid=91891) wait_forever /opt/stack/data/venv/lib/python3.12/site-packages/cotyledon/_service_worker.py:218}}
May 21 08:22:37.284425 np0000001145 neutron-periodic-workers[90845]: DEBUG dbcounter [-] [90845] Writing DB stats neutron:SELECT=4 {{(pid=90845) stat_writer /opt/stack/data/venv/lib/python3.12/site-packages/dbcounter.py:115}}
May 21 08:23:16.714009 np0000001145 neutron-periodic-workers[91866]: DEBUG oslo_db.sqlalchemy.engines [None req-dd3fdd91-85e1-41d7-8f76-338ec98557fe None None] Parent process 90845 forked (91866) with an open database connection, which is being discarded and recreated. {{(pid=91866) checkout /opt/stack/data/venv/lib/python3.12/site-packages/oslo_db/sqlalchemy/engines.py:402}}
May 21 08:23:16.719482 np0000001145 neutron-periodic-workers[91866]: DEBUG dbcounter [-] [91866] Writer thread running {{(pid=91866) stat_writer /opt/stack/data/venv/lib/python3.12/site-packages/dbcounter.py:102}}
May 21 08:23:16.726880 np0000001145 neutron-periodic-workers[91866]: DEBUG oslo.service.backend._threading.loopingcall [None req-dd3fdd91-85e1-41d7-8f76-338ec98557fe None None] Fixed interval looping call 'neutron.plugins.ml2.plugin.DhcpAgentSchedulerDbMixin.remove_networks_from_down_agents' sleeping for 36.98 seconds {{(pid=91866) _run_loop /opt/stack/data/venv/lib/python3.12/site-packages/oslo_service/backend/_threading/loopingcall.py:125}}
May 21 08:23:20.716074 np0000001145 neutron-periodic-workers[91881]: DEBUG dbcounter [-] [91881] Writer thread running {{(pid=91881) stat_writer /opt/stack/data/venv/lib/python3.12/site-packages/dbcounter.py:102}}
May 21 08:23:20.718958 np0000001145 neutron-periodic-workers[91881]: DEBUG neutron.db.agents_db [None req-821c1d28-6130-4ddc-a1df-9b28a0cfc883 None None] Agent healthcheck: found 0 active agents {{(pid=91881) agent_health_check /opt/stack/neutron/neutron/db/agents_db.py:322}}
May 21 08:23:20.719135 np0000001145 neutron-periodic-workers[91881]: DEBUG oslo.service.backend._threading.loopingcall [None req-821c1d28-6130-4ddc-a1df-9b28a0cfc883 None None] Fixed interval looping call 'neutron.plugins.ml2.plugin.AgentDbMixin.agent_health_check' sleeping for 36.98 seconds {{(pid=91881) _run_loop /opt/stack/data/venv/lib/python3.12/site-packages/oslo_service/backend/_threading/loopingcall.py:125}}
May 21 08:23:26.726032 np0000001145 neutron-periodic-workers[91866]: DEBUG dbcounter [-] [91866] Writing DB stats neutron:SELECT=3 {{(pid=91866) stat_writer /opt/stack/data/venv/lib/python3.12/site-packages/dbcounter.py:115}}
May 21 08:23:30.716484 np0000001145 neutron-periodic-workers[91881]: DEBUG dbcounter [-] [91881] Writing DB stats neutron:SELECT=1 {{(pid=91881) stat_writer /opt/stack/data/venv/lib/python3.12/site-packages/dbcounter.py:115}}
May 21 08:23:53.712433 np0000001145 neutron-periodic-workers[91866]: DEBUG oslo.service.backend._threading.loopingcall [None req-dd3fdd91-85e1-41d7-8f76-338ec98557fe None None] Fixed interval looping call 'neutron.plugins.ml2.plugin.DhcpAgentSchedulerDbMixin.remove_networks_from_down_agents' sleeping for 36.99 seconds {{(pid=91866) _run_loop /opt/stack/data/venv/lib/python3.12/site-packages/oslo_service/backend/_threading/loopingcall.py:125}}
May 21 08:23:57.702657 np0000001145 neutron-periodic-workers[91881]: DEBUG neutron.db.agents_db [None req-821c1d28-6130-4ddc-a1df-9b28a0cfc883 None None] Agent healthcheck: found 0 active agents {{(pid=91881) agent_health_check /opt/stack/neutron/neutron/db/agents_db.py:322}}
May 21 08:23:57.702657 np0000001145 neutron-periodic-workers[91881]: DEBUG oslo.service.backend._threading.loopingcall [None req-821c1d28-6130-4ddc-a1df-9b28a0cfc883 None None] Fixed interval looping call 'neutron.plugins.ml2.plugin.AgentDbMixin.agent_health_check' sleeping for 37.00 seconds {{(pid=91881) _run_loop /opt/stack/data/venv/lib/python3.12/site-packages/oslo_service/backend/_threading/loopingcall.py:125}}
May 21 08:24:03.711659 np0000001145 neutron-periodic-workers[91866]: DEBUG dbcounter [-] [91866] Writing DB stats neutron:SELECT=3 {{(pid=91866) stat_writer /opt/stack/data/venv/lib/python3.12/site-packages/dbcounter.py:115}}
May 21 08:24:07.701491 np0000001145 neutron-periodic-workers[91881]: DEBUG dbcounter [-] [91881] Writing DB stats neutron:SELECT=1 {{(pid=91881) stat_writer /opt/stack/data/venv/lib/python3.12/site-packages/dbcounter.py:115}}
May 21 08:24:27.746704 np0000001145 neutron-periodic-workers[91891]: DEBUG dbcounter [-] [91891] Writer thread running {{(pid=91891) stat_writer /opt/stack/data/venv/lib/python3.12/site-packages/dbcounter.py:102}}
May 21 08:24:27.748174 np0000001145 neutron-periodic-workers[91891]: DEBUG oslo.service.backend._threading.loopingcall [None req-46fa5c44-98a6-48d4-aa35-c67de8be2b81 None None] Fixed interval looping call 'neutron.db.quota.driver_nolock.DbQuotaNoLockDriver._remove_expired_reservations' sleeping for 119.99 seconds {{(pid=91891) _run_loop /opt/stack/data/venv/lib/python3.12/site-packages/oslo_service/backend/_threading/loopingcall.py:125}}
May 21 08:24:30.707711 np0000001145 neutron-periodic-workers[91866]: DEBUG oslo.service.backend._threading.loopingcall [None req-dd3fdd91-85e1-41d7-8f76-338ec98557fe None None] Fixed interval looping call 'neutron.plugins.ml2.plugin.DhcpAgentSchedulerDbMixin.remove_networks_from_down_agents' sleeping for 37.00 seconds {{(pid=91866) _run_loop /opt/stack/data/venv/lib/python3.12/site-packages/oslo_service/backend/_threading/loopingcall.py:125}}
May 21 08:24:34.705700 np0000001145 neutron-periodic-workers[91881]: DEBUG neutron.db.agents_db [None req-821c1d28-6130-4ddc-a1df-9b28a0cfc883 None None] Agent healthcheck: found 0 active agents {{(pid=91881) agent_health_check /opt/stack/neutron/neutron/db/agents_db.py:322}}
May 21 08:24:34.705700 np0000001145 neutron-periodic-workers[91881]: DEBUG oslo.service.backend._threading.loopingcall [None req-821c1d28-6130-4ddc-a1df-9b28a0cfc883 None None] Fixed interval looping call 'neutron.plugins.ml2.plugin.AgentDbMixin.agent_health_check' sleeping for 37.00 seconds {{(pid=91881) _run_loop /opt/stack/data/venv/lib/python3.12/site-packages/oslo_service/backend/_threading/loopingcall.py:125}}
May 21 08:24:37.747129 np0000001145 neutron-periodic-workers[91891]: DEBUG dbcounter [-] [91891] Writing DB stats neutron:DELETE=1 {{(pid=91891) stat_writer /opt/stack/data/venv/lib/python3.12/site-packages/dbcounter.py:115}}
May 21 08:24:40.707082 np0000001145 neutron-periodic-workers[91866]: DEBUG dbcounter [-] [91866] Writing DB stats neutron:SELECT=3 {{(pid=91866) stat_writer /opt/stack/data/venv/lib/python3.12/site-packages/dbcounter.py:115}}
May 21 08:24:44.705004 np0000001145 neutron-periodic-workers[91881]: DEBUG dbcounter [-] [91881] Writing DB stats neutron:SELECT=1 {{(pid=91881) stat_writer /opt/stack/data/venv/lib/python3.12/site-packages/dbcounter.py:115}}
May 21 08:25:07.716203 np0000001145 neutron-periodic-workers[91866]: DEBUG oslo.service.backend._threading.loopingcall [None req-dd3fdd91-85e1-41d7-8f76-338ec98557fe None None] Fixed interval looping call 'neutron.plugins.ml2.plugin.DhcpAgentSchedulerDbMixin.remove_networks_from_down_agents' sleeping for 36.99 seconds {{(pid=91866) _run_loop /opt/stack/data/venv/lib/python3.12/site-packages/oslo_service/backend/_threading/loopingcall.py:125}}
May 21 08:25:11.709797 np0000001145 neutron-periodic-workers[91881]: DEBUG neutron.db.agents_db [None req-821c1d28-6130-4ddc-a1df-9b28a0cfc883 None None] Agent healthcheck: found 0 active agents {{(pid=91881) agent_health_check /opt/stack/neutron/neutron/db/agents_db.py:322}}
May 21 08:25:11.710148 np0000001145 neutron-periodic-workers[91881]: DEBUG oslo.service.backend._threading.loopingcall [None req-821c1d28-6130-4ddc-a1df-9b28a0cfc883 None None] Fixed interval looping call 'neutron.plugins.ml2.plugin.AgentDbMixin.agent_health_check' sleeping for 37.00 seconds {{(pid=91881) _run_loop /opt/stack/data/venv/lib/python3.12/site-packages/oslo_service/backend/_threading/loopingcall.py:125}}
May 21 08:25:17.715567 np0000001145 neutron-periodic-workers[91866]: DEBUG dbcounter [-] [91866] Writing DB stats neutron:SELECT=3 {{(pid=91866) stat_writer /opt/stack/data/venv/lib/python3.12/site-packages/dbcounter.py:115}}
May 21 08:25:21.709030 np0000001145 neutron-periodic-workers[91881]: DEBUG dbcounter [-] [91881] Writing DB stats neutron:SELECT=1 {{(pid=91881) stat_writer /opt/stack/data/venv/lib/python3.12/site-packages/dbcounter.py:115}}
May 21 08:25:44.713233 np0000001145 neutron-periodic-workers[91866]: DEBUG oslo.service.backend._threading.loopingcall [None req-dd3fdd91-85e1-41d7-8f76-338ec98557fe None None] Fixed interval looping call 'neutron.plugins.ml2.plugin.DhcpAgentSchedulerDbMixin.remove_networks_from_down_agents' sleeping for 36.99 seconds {{(pid=91866) _run_loop /opt/stack/data/venv/lib/python3.12/site-packages/oslo_service/backend/_threading/loopingcall.py:125}}
May 21 08:25:48.713804 np0000001145 neutron-periodic-workers[91881]: DEBUG neutron.db.agents_db [None req-821c1d28-6130-4ddc-a1df-9b28a0cfc883 None None] Agent healthcheck: found 0 active agents {{(pid=91881) agent_health_check /opt/stack/neutron/neutron/db/agents_db.py:322}}
May 21 08:25:48.714141 np0000001145 neutron-periodic-workers[91881]: DEBUG oslo.service.backend._threading.loopingcall [None req-821c1d28-6130-4ddc-a1df-9b28a0cfc883 None None] Fixed interval looping call 'neutron.plugins.ml2.plugin.AgentDbMixin.agent_health_check' sleeping for 37.00 seconds {{(pid=91881) _run_loop /opt/stack/data/venv/lib/python3.12/site-packages/oslo_service/backend/_threading/loopingcall.py:125}}
May 21 08:25:54.712062 np0000001145 neutron-periodic-workers[91866]: DEBUG dbcounter [-] [91866] Writing DB stats neutron:SELECT=3 {{(pid=91866) stat_writer /opt/stack/data/venv/lib/python3.12/site-packages/dbcounter.py:115}}
May 21 08:25:58.712629 np0000001145 neutron-periodic-workers[91881]: DEBUG dbcounter [-] [91881] Writing DB stats neutron:SELECT=1 {{(pid=91881) stat_writer /opt/stack/data/venv/lib/python3.12/site-packages/dbcounter.py:115}}
May 21 08:26:21.721388 np0000001145 neutron-periodic-workers[91866]: DEBUG oslo.service.backend._threading.loopingcall [None req-dd3fdd91-85e1-41d7-8f76-338ec98557fe None None] Fixed interval looping call 'neutron.plugins.ml2.plugin.DhcpAgentSchedulerDbMixin.remove_networks_from_down_agents' sleeping for 36.98 seconds {{(pid=91866) _run_loop /opt/stack/data/venv/lib/python3.12/site-packages/oslo_service/backend/_threading/loopingcall.py:125}}
May 21 08:26:25.717094 np0000001145 neutron-periodic-workers[91881]: DEBUG neutron.db.agents_db [None req-821c1d28-6130-4ddc-a1df-9b28a0cfc883 None None] Agent healthcheck: found 0 active agents {{(pid=91881) agent_health_check /opt/stack/neutron/neutron/db/agents_db.py:322}}
May 21 08:26:25.717663 np0000001145 neutron-periodic-workers[91881]: DEBUG oslo.service.backend._threading.loopingcall [None req-821c1d28-6130-4ddc-a1df-9b28a0cfc883 None None] Fixed interval looping call 'neutron.plugins.ml2.plugin.AgentDbMixin.agent_health_check' sleeping for 37.00 seconds {{(pid=91881) _run_loop /opt/stack/data/venv/lib/python3.12/site-packages/oslo_service/backend/_threading/loopingcall.py:125}}
May 21 08:26:27.742600 np0000001145 neutron-periodic-workers[91891]: DEBUG oslo.service.backend._threading.loopingcall [None req-46fa5c44-98a6-48d4-aa35-c67de8be2b81 None None] Fixed interval looping call 'neutron.db.quota.driver_nolock.DbQuotaNoLockDriver._remove_expired_reservations' sleeping for 120.00 seconds {{(pid=91891) _run_loop /opt/stack/data/venv/lib/python3.12/site-packages/oslo_service/backend/_threading/loopingcall.py:125}}
May 21 08:26:31.717515 np0000001145 neutron-periodic-workers[91866]: DEBUG dbcounter [-] [91866] Writing DB stats neutron:SELECT=3 {{(pid=91866) stat_writer /opt/stack/data/venv/lib/python3.12/site-packages/dbcounter.py:115}}
May 21 08:26:35.716296 np0000001145 neutron-periodic-workers[91881]: DEBUG dbcounter [-] [91881] Writing DB stats neutron:SELECT=1 {{(pid=91881) stat_writer /opt/stack/data/venv/lib/python3.12/site-packages/dbcounter.py:115}}
May 21 08:26:37.744168 np0000001145 neutron-periodic-workers[91891]: DEBUG dbcounter [-] [91891] Writing DB stats neutron:DELETE=1 {{(pid=91891) stat_writer /opt/stack/data/venv/lib/python3.12/site-packages/dbcounter.py:115}}
May 21 08:26:58.711586 np0000001145 neutron-periodic-workers[91866]: DEBUG oslo.service.backend._threading.loopingcall [None req-dd3fdd91-85e1-41d7-8f76-338ec98557fe None None] Fixed interval looping call 'neutron.plugins.ml2.plugin.DhcpAgentSchedulerDbMixin.remove_networks_from_down_agents' sleeping for 36.99 seconds {{(pid=91866) _run_loop /opt/stack/data/venv/lib/python3.12/site-packages/oslo_service/backend/_threading/loopingcall.py:125}}
May 21 08:27:02.722030 np0000001145 neutron-periodic-workers[91881]: DEBUG neutron.db.agents_db [None req-821c1d28-6130-4ddc-a1df-9b28a0cfc883 None None] Agent healthcheck: found 0 active agents {{(pid=91881) agent_health_check /opt/stack/neutron/neutron/db/agents_db.py:322}}
May 21 08:27:02.722447 np0000001145 neutron-periodic-workers[91881]: DEBUG oslo.service.backend._threading.loopingcall [None req-821c1d28-6130-4ddc-a1df-9b28a0cfc883 None None] Fixed interval looping call 'neutron.plugins.ml2.plugin.AgentDbMixin.agent_health_check' sleeping for 37.00 seconds {{(pid=91881) _run_loop /opt/stack/data/venv/lib/python3.12/site-packages/oslo_service/backend/_threading/loopingcall.py:125}}
May 21 08:27:08.709483 np0000001145 neutron-periodic-workers[91866]: DEBUG dbcounter [-] [91866] Writing DB stats neutron:SELECT=3 {{(pid=91866) stat_writer /opt/stack/data/venv/lib/python3.12/site-packages/dbcounter.py:115}}
May 21 08:27:11.727956 np0000001145 neutron-periodic-workers[91861]: DEBUG dbcounter [-] [91861] Writer thread running {{(pid=91861) stat_writer /opt/stack/data/venv/lib/python3.12/site-packages/dbcounter.py:102}}
May 21 08:27:11.753207 np0000001145 neutron-periodic-workers[91861]: DEBUG oslo.service.backend._threading.loopingcall [None req-718b81ec-c54e-4f0c-9541-fc40d6c90e67 None None] Fixed interval looping call 'neutron.services.ovn_l3.plugin.L3_NAT_dbonly_mixin._clean_garbage' sleeping for 299.94 seconds {{(pid=91861) _run_loop /opt/stack/data/venv/lib/python3.12/site-packages/oslo_service/backend/_threading/loopingcall.py:125}}
May 21 08:27:12.719927 np0000001145 neutron-periodic-workers[91881]: DEBUG dbcounter [-] [91881] Writing DB stats neutron:SELECT=1 {{(pid=91881) stat_writer /opt/stack/data/venv/lib/python3.12/site-packages/dbcounter.py:115}}
May 21 08:27:31.728075 np0000001145 neutron-periodic-workers[91861]: DEBUG dbcounter [-] [91861] Writing DB stats neutron:SELECT=1 {{(pid=91861) stat_writer /opt/stack/data/venv/lib/python3.12/site-packages/dbcounter.py:115}}
May 21 08:27:35.713842 np0000001145 neutron-periodic-workers[91866]: DEBUG oslo.service.backend._threading.loopingcall [None req-dd3fdd91-85e1-41d7-8f76-338ec98557fe None None] Fixed interval looping call 'neutron.plugins.ml2.plugin.DhcpAgentSchedulerDbMixin.remove_networks_from_down_agents' sleeping for 36.99 seconds {{(pid=91866) _run_loop /opt/stack/data/venv/lib/python3.12/site-packages/oslo_service/backend/_threading/loopingcall.py:125}}
May 21 08:27:39.725754 np0000001145 neutron-periodic-workers[91881]: DEBUG neutron.db.agents_db [None req-821c1d28-6130-4ddc-a1df-9b28a0cfc883 None None] Agent healthcheck: found 0 active agents {{(pid=91881) agent_health_check /opt/stack/neutron/neutron/db/agents_db.py:322}}
May 21 08:27:39.726325 np0000001145 neutron-periodic-workers[91881]: DEBUG oslo.service.backend._threading.loopingcall [None req-821c1d28-6130-4ddc-a1df-9b28a0cfc883 None None] Fixed interval looping call 'neutron.plugins.ml2.plugin.AgentDbMixin.agent_health_check' sleeping for 37.00 seconds {{(pid=91881) _run_loop /opt/stack/data/venv/lib/python3.12/site-packages/oslo_service/backend/_threading/loopingcall.py:125}}
May 21 08:27:45.712304 np0000001145 neutron-periodic-workers[91866]: DEBUG dbcounter [-] [91866] Writing DB stats neutron:SELECT=3 {{(pid=91866) stat_writer /opt/stack/data/venv/lib/python3.12/site-packages/dbcounter.py:115}}
May 21 08:27:49.726278 np0000001145 neutron-periodic-workers[91881]: DEBUG dbcounter [-] [91881] Writing DB stats neutron:SELECT=1 {{(pid=91881) stat_writer /opt/stack/data/venv/lib/python3.12/site-packages/dbcounter.py:115}}
May 21 08:28:12.714399 np0000001145 neutron-periodic-workers[91866]: DEBUG oslo.service.backend._threading.loopingcall [None req-dd3fdd91-85e1-41d7-8f76-338ec98557fe None None] Fixed interval looping call 'neutron.plugins.ml2.plugin.DhcpAgentSchedulerDbMixin.remove_networks_from_down_agents' sleeping for 36.99 seconds {{(pid=91866) _run_loop /opt/stack/data/venv/lib/python3.12/site-packages/oslo_service/backend/_threading/loopingcall.py:125}}
May 21 08:28:16.729493 np0000001145 neutron-periodic-workers[91881]: DEBUG neutron.db.agents_db [None req-821c1d28-6130-4ddc-a1df-9b28a0cfc883 None None] Agent healthcheck: found 0 active agents {{(pid=91881) agent_health_check /opt/stack/neutron/neutron/db/agents_db.py:322}}
May 21 08:28:16.730007 np0000001145 neutron-periodic-workers[91881]: DEBUG oslo.service.backend._threading.loopingcall [None req-821c1d28-6130-4ddc-a1df-9b28a0cfc883 None None] Fixed interval looping call 'neutron.plugins.ml2.plugin.AgentDbMixin.agent_health_check' sleeping for 37.00 seconds {{(pid=91881) _run_loop /opt/stack/data/venv/lib/python3.12/site-packages/oslo_service/backend/_threading/loopingcall.py:125}}
May 21 08:28:22.720074 np0000001145 neutron-periodic-workers[91866]: DEBUG dbcounter [-] [91866] Writing DB stats neutron:SELECT=3 {{(pid=91866) stat_writer /opt/stack/data/venv/lib/python3.12/site-packages/dbcounter.py:115}}
May 21 08:28:26.728375 np0000001145 neutron-periodic-workers[91881]: DEBUG dbcounter [-] [91881] Writing DB stats neutron:SELECT=1 {{(pid=91881) stat_writer /opt/stack/data/venv/lib/python3.12/site-packages/dbcounter.py:115}}
May 21 08:28:27.748750 np0000001145 neutron-periodic-workers[91891]: DEBUG oslo.service.backend._threading.loopingcall [None req-46fa5c44-98a6-48d4-aa35-c67de8be2b81 None None] Fixed interval looping call 'neutron.db.quota.driver_nolock.DbQuotaNoLockDriver._remove_expired_reservations' sleeping for 119.99 seconds {{(pid=91891) _run_loop /opt/stack/data/venv/lib/python3.12/site-packages/oslo_service/backend/_threading/loopingcall.py:125}}
May 21 08:28:37.745461 np0000001145 neutron-periodic-workers[91891]: DEBUG dbcounter [-] [91891] Writing DB stats neutron:DELETE=1 {{(pid=91891) stat_writer /opt/stack/data/venv/lib/python3.12/site-packages/dbcounter.py:115}}
May 21 08:28:49.713442 np0000001145 neutron-periodic-workers[91866]: DEBUG oslo.service.backend._threading.loopingcall [None req-dd3fdd91-85e1-41d7-8f76-338ec98557fe None None] Fixed interval looping call 'neutron.plugins.ml2.plugin.DhcpAgentSchedulerDbMixin.remove_networks_from_down_agents' sleeping for 36.99 seconds {{(pid=91866) _run_loop /opt/stack/data/venv/lib/python3.12/site-packages/oslo_service/backend/_threading/loopingcall.py:125}}
May 21 08:28:53.734335 np0000001145 neutron-periodic-workers[91881]: DEBUG neutron.db.agents_db [None req-821c1d28-6130-4ddc-a1df-9b28a0cfc883 None None] Agent healthcheck: found 0 active agents {{(pid=91881) agent_health_check /opt/stack/neutron/neutron/db/agents_db.py:322}}
May 21 08:28:53.734911 np0000001145 neutron-periodic-workers[91881]: DEBUG oslo.service.backend._threading.loopingcall [None req-821c1d28-6130-4ddc-a1df-9b28a0cfc883 None None] Fixed interval looping call 'neutron.plugins.ml2.plugin.AgentDbMixin.agent_health_check' sleeping for 37.00 seconds {{(pid=91881) _run_loop /opt/stack/data/venv/lib/python3.12/site-packages/oslo_service/backend/_threading/loopingcall.py:125}}
May 21 08:28:59.715864 np0000001145 neutron-periodic-workers[91866]: DEBUG dbcounter [-] [91866] Writing DB stats neutron:SELECT=3 {{(pid=91866) stat_writer /opt/stack/data/venv/lib/python3.12/site-packages/dbcounter.py:115}}
May 21 08:29:03.733483 np0000001145 neutron-periodic-workers[91881]: DEBUG dbcounter [-] [91881] Writing DB stats neutron:SELECT=1 {{(pid=91881) stat_writer /opt/stack/data/venv/lib/python3.12/site-packages/dbcounter.py:115}}
May 21 08:29:26.715386 np0000001145 neutron-periodic-workers[91866]: DEBUG oslo.service.backend._threading.loopingcall [None req-dd3fdd91-85e1-41d7-8f76-338ec98557fe None None] Fixed interval looping call 'neutron.plugins.ml2.plugin.DhcpAgentSchedulerDbMixin.remove_networks_from_down_agents' sleeping for 36.99 seconds {{(pid=91866) _run_loop /opt/stack/data/venv/lib/python3.12/site-packages/oslo_service/backend/_threading/loopingcall.py:125}}
May 21 08:29:30.740391 np0000001145 neutron-periodic-workers[91881]: DEBUG neutron.db.agents_db [None req-821c1d28-6130-4ddc-a1df-9b28a0cfc883 None None] Agent healthcheck: found 0 active agents {{(pid=91881) agent_health_check /opt/stack/neutron/neutron/db/agents_db.py:322}}
May 21 08:29:30.740391 np0000001145 neutron-periodic-workers[91881]: DEBUG oslo.service.backend._threading.loopingcall [None req-821c1d28-6130-4ddc-a1df-9b28a0cfc883 None None] Fixed interval looping call 'neutron.plugins.ml2.plugin.AgentDbMixin.agent_health_check' sleeping for 36.99 seconds {{(pid=91881) _run_loop /opt/stack/data/venv/lib/python3.12/site-packages/oslo_service/backend/_threading/loopingcall.py:125}}
May 21 08:29:36.712370 np0000001145 neutron-periodic-workers[91866]: DEBUG dbcounter [-] [91866] Writing DB stats neutron:SELECT=3 {{(pid=91866) stat_writer /opt/stack/data/venv/lib/python3.12/site-packages/dbcounter.py:115}}
May 21 08:29:40.738707 np0000001145 neutron-periodic-workers[91881]: DEBUG dbcounter [-] [91881] Writing DB stats neutron:SELECT=1 {{(pid=91881) stat_writer /opt/stack/data/venv/lib/python3.12/site-packages/dbcounter.py:115}}
May 21 08:30:03.712773 np0000001145 neutron-periodic-workers[91866]: DEBUG oslo.service.backend._threading.loopingcall [None req-dd3fdd91-85e1-41d7-8f76-338ec98557fe None None] Fixed interval looping call 'neutron.plugins.ml2.plugin.DhcpAgentSchedulerDbMixin.remove_networks_from_down_agents' sleeping for 36.99 seconds {{(pid=91866) _run_loop /opt/stack/data/venv/lib/python3.12/site-packages/oslo_service/backend/_threading/loopingcall.py:125}}
May 21 08:30:07.734657 np0000001145 neutron-periodic-workers[91881]: DEBUG neutron.db.agents_db [None req-821c1d28-6130-4ddc-a1df-9b28a0cfc883 None None] Agent healthcheck: found 0 active agents {{(pid=91881) agent_health_check /opt/stack/neutron/neutron/db/agents_db.py:322}}
May 21 08:30:07.734657 np0000001145 neutron-periodic-workers[91881]: DEBUG oslo.service.backend._threading.loopingcall [None req-821c1d28-6130-4ddc-a1df-9b28a0cfc883 None None] Fixed interval looping call 'neutron.plugins.ml2.plugin.AgentDbMixin.agent_health_check' sleeping for 37.00 seconds {{(pid=91881) _run_loop /opt/stack/data/venv/lib/python3.12/site-packages/oslo_service/backend/_threading/loopingcall.py:125}}
May 21 08:30:13.711704 np0000001145 neutron-periodic-workers[91866]: DEBUG dbcounter [-] [91866] Writing DB stats neutron:SELECT=3 {{(pid=91866) stat_writer /opt/stack/data/venv/lib/python3.12/site-packages/dbcounter.py:115}}
May 21 08:30:17.734815 np0000001145 neutron-periodic-workers[91881]: DEBUG dbcounter [-] [91881] Writing DB stats neutron:SELECT=1 {{(pid=91881) stat_writer /opt/stack/data/venv/lib/python3.12/site-packages/dbcounter.py:115}}
May 21 08:30:27.742598 np0000001145 neutron-periodic-workers[91891]: DEBUG oslo.service.backend._threading.loopingcall [None req-46fa5c44-98a6-48d4-aa35-c67de8be2b81 None None] Fixed interval looping call 'neutron.db.quota.driver_nolock.DbQuotaNoLockDriver._remove_expired_reservations' sleeping for 120.00 seconds {{(pid=91891) _run_loop /opt/stack/data/venv/lib/python3.12/site-packages/oslo_service/backend/_threading/loopingcall.py:125}}
May 21 08:30:37.741246 np0000001145 neutron-periodic-workers[91891]: DEBUG dbcounter [-] [91891] Writing DB stats neutron:DELETE=1 {{(pid=91891) stat_writer /opt/stack/data/venv/lib/python3.12/site-packages/dbcounter.py:115}}
May 21 08:30:40.718385 np0000001145 neutron-periodic-workers[91866]: DEBUG oslo.service.backend._threading.loopingcall [None req-dd3fdd91-85e1-41d7-8f76-338ec98557fe None None] Fixed interval looping call 'neutron.plugins.ml2.plugin.DhcpAgentSchedulerDbMixin.remove_networks_from_down_agents' sleeping for 36.98 seconds {{(pid=91866) _run_loop /opt/stack/data/venv/lib/python3.12/site-packages/oslo_service/backend/_threading/loopingcall.py:125}}
May 21 08:30:44.742241 np0000001145 neutron-periodic-workers[91881]: DEBUG neutron.db.agents_db [None req-821c1d28-6130-4ddc-a1df-9b28a0cfc883 None None] Agent healthcheck: found 0 active agents {{(pid=91881) agent_health_check /opt/stack/neutron/neutron/db/agents_db.py:322}}
May 21 08:30:44.742644 np0000001145 neutron-periodic-workers[91881]: DEBUG oslo.service.backend._threading.loopingcall [None req-821c1d28-6130-4ddc-a1df-9b28a0cfc883 None None] Fixed interval looping call 'neutron.plugins.ml2.plugin.AgentDbMixin.agent_health_check' sleeping for 36.99 seconds {{(pid=91881) _run_loop /opt/stack/data/venv/lib/python3.12/site-packages/oslo_service/backend/_threading/loopingcall.py:125}}
May 21 08:30:50.717403 np0000001145 neutron-periodic-workers[91866]: DEBUG dbcounter [-] [91866] Writing DB stats neutron:SELECT=3 {{(pid=91866) stat_writer /opt/stack/data/venv/lib/python3.12/site-packages/dbcounter.py:115}}
May 21 08:30:54.738368 np0000001145 neutron-periodic-workers[91881]: DEBUG dbcounter [-] [91881] Writing DB stats neutron:SELECT=1 {{(pid=91881) stat_writer /opt/stack/data/venv/lib/python3.12/site-packages/dbcounter.py:115}}
May 21 08:31:17.707445 np0000001145 neutron-periodic-workers[91866]: DEBUG oslo.service.backend._threading.loopingcall [None req-dd3fdd91-85e1-41d7-8f76-338ec98557fe None None] Fixed interval looping call 'neutron.plugins.ml2.plugin.DhcpAgentSchedulerDbMixin.remove_networks_from_down_agents' sleeping for 36.99 seconds {{(pid=91866) _run_loop /opt/stack/data/venv/lib/python3.12/site-packages/oslo_service/backend/_threading/loopingcall.py:125}}
May 21 08:31:21.736226 np0000001145 neutron-periodic-workers[91881]: DEBUG neutron.db.agents_db [None req-821c1d28-6130-4ddc-a1df-9b28a0cfc883 None None] Agent healthcheck: found 0 active agents {{(pid=91881) agent_health_check /opt/stack/neutron/neutron/db/agents_db.py:322}}
May 21 08:31:21.736831 np0000001145 neutron-periodic-workers[91881]: DEBUG oslo.service.backend._threading.loopingcall [None req-821c1d28-6130-4ddc-a1df-9b28a0cfc883 None None] Fixed interval looping call 'neutron.plugins.ml2.plugin.AgentDbMixin.agent_health_check' sleeping for 37.00 seconds {{(pid=91881) _run_loop /opt/stack/data/venv/lib/python3.12/site-packages/oslo_service/backend/_threading/loopingcall.py:125}}
May 21 08:31:27.706392 np0000001145 neutron-periodic-workers[91866]: DEBUG dbcounter [-] [91866] Writing DB stats neutron:SELECT=3 {{(pid=91866) stat_writer /opt/stack/data/venv/lib/python3.12/site-packages/dbcounter.py:115}}
May 21 08:31:31.735536 np0000001145 neutron-periodic-workers[91881]: DEBUG dbcounter [-] [91881] Writing DB stats neutron:SELECT=1 {{(pid=91881) stat_writer /opt/stack/data/venv/lib/python3.12/site-packages/dbcounter.py:115}}
May 21 08:31:54.715209 np0000001145 neutron-periodic-workers[91866]: DEBUG oslo.service.backend._threading.loopingcall [None req-dd3fdd91-85e1-41d7-8f76-338ec98557fe None None] Fixed interval looping call 'neutron.plugins.ml2.plugin.DhcpAgentSchedulerDbMixin.remove_networks_from_down_agents' sleeping for 36.98 seconds {{(pid=91866) _run_loop /opt/stack/data/venv/lib/python3.12/site-packages/oslo_service/backend/_threading/loopingcall.py:125}}
May 21 08:31:58.742256 np0000001145 neutron-periodic-workers[91881]: DEBUG neutron.db.agents_db [None req-821c1d28-6130-4ddc-a1df-9b28a0cfc883 None None] Agent healthcheck: found 0 active agents {{(pid=91881) agent_health_check /opt/stack/neutron/neutron/db/agents_db.py:322}}
May 21 08:31:58.742256 np0000001145 neutron-periodic-workers[91881]: DEBUG oslo.service.backend._threading.loopingcall [None req-821c1d28-6130-4ddc-a1df-9b28a0cfc883 None None] Fixed interval looping call 'neutron.plugins.ml2.plugin.AgentDbMixin.agent_health_check' sleeping for 37.00 seconds {{(pid=91881) _run_loop /opt/stack/data/venv/lib/python3.12/site-packages/oslo_service/backend/_threading/loopingcall.py:125}}
May 21 08:32:04.715245 np0000001145 neutron-periodic-workers[91866]: DEBUG dbcounter [-] [91866] Writing DB stats neutron:SELECT=3 {{(pid=91866) stat_writer /opt/stack/data/venv/lib/python3.12/site-packages/dbcounter.py:115}}
May 21 08:32:08.741262 np0000001145 neutron-periodic-workers[91881]: DEBUG dbcounter [-] [91881] Writing DB stats neutron:SELECT=1 {{(pid=91881) stat_writer /opt/stack/data/venv/lib/python3.12/site-packages/dbcounter.py:115}}
May 21 08:32:11.699799 np0000001145 neutron-periodic-workers[91861]: DEBUG oslo.service.backend._threading.loopingcall [None req-718b81ec-c54e-4f0c-9541-fc40d6c90e67 None None] Fixed interval looping call 'neutron.services.ovn_l3.plugin.L3_NAT_dbonly_mixin._clean_garbage' sleeping for 299.99 seconds {{(pid=91861) _run_loop /opt/stack/data/venv/lib/python3.12/site-packages/oslo_service/backend/_threading/loopingcall.py:125}}
May 21 08:32:21.695294 np0000001145 neutron-periodic-workers[91861]: DEBUG dbcounter [-] [91861] Writing DB stats neutron:SELECT=1 {{(pid=91861) stat_writer /opt/stack/data/venv/lib/python3.12/site-packages/dbcounter.py:115}}
May 21 08:32:27.748667 np0000001145 neutron-periodic-workers[91891]: DEBUG oslo.service.backend._threading.loopingcall [None req-46fa5c44-98a6-48d4-aa35-c67de8be2b81 None None] Fixed interval looping call 'neutron.db.quota.driver_nolock.DbQuotaNoLockDriver._remove_expired_reservations' sleeping for 120.00 seconds {{(pid=91891) _run_loop /opt/stack/data/venv/lib/python3.12/site-packages/oslo_service/backend/_threading/loopingcall.py:125}}
May 21 08:32:31.707999 np0000001145 neutron-periodic-workers[91866]: DEBUG oslo.service.backend._threading.loopingcall [None req-dd3fdd91-85e1-41d7-8f76-338ec98557fe None None] Fixed interval looping call 'neutron.plugins.ml2.plugin.DhcpAgentSchedulerDbMixin.remove_networks_from_down_agents' sleeping for 36.99 seconds {{(pid=91866) _run_loop /opt/stack/data/venv/lib/python3.12/site-packages/oslo_service/backend/_threading/loopingcall.py:125}}
May 21 08:32:35.746120 np0000001145 neutron-periodic-workers[91881]: DEBUG neutron.db.agents_db [None req-821c1d28-6130-4ddc-a1df-9b28a0cfc883 None None] Agent healthcheck: found 0 active agents {{(pid=91881) agent_health_check /opt/stack/neutron/neutron/db/agents_db.py:322}}
May 21 08:32:35.746921 np0000001145 neutron-periodic-workers[91881]: DEBUG oslo.service.backend._threading.loopingcall [None req-821c1d28-6130-4ddc-a1df-9b28a0cfc883 None None] Fixed interval looping call 'neutron.plugins.ml2.plugin.AgentDbMixin.agent_health_check' sleeping for 37.00 seconds {{(pid=91881) _run_loop /opt/stack/data/venv/lib/python3.12/site-packages/oslo_service/backend/_threading/loopingcall.py:125}}
May 21 08:32:37.748656 np0000001145 neutron-periodic-workers[91891]: DEBUG dbcounter [-] [91891] Writing DB stats neutron:DELETE=1 {{(pid=91891) stat_writer /opt/stack/data/venv/lib/python3.12/site-packages/dbcounter.py:115}}
May 21 08:32:41.706624 np0000001145 neutron-periodic-workers[91866]: DEBUG dbcounter [-] [91866] Writing DB stats neutron:SELECT=3 {{(pid=91866) stat_writer /opt/stack/data/venv/lib/python3.12/site-packages/dbcounter.py:115}}
May 21 08:32:45.744691 np0000001145 neutron-periodic-workers[91881]: DEBUG dbcounter [-] [91881] Writing DB stats neutron:SELECT=1 {{(pid=91881) stat_writer /opt/stack/data/venv/lib/python3.12/site-packages/dbcounter.py:115}}
May 21 08:33:08.705581 np0000001145 neutron-periodic-workers[91866]: DEBUG oslo.service.backend._threading.loopingcall [None req-dd3fdd91-85e1-41d7-8f76-338ec98557fe None None] Fixed interval looping call 'neutron.plugins.ml2.plugin.DhcpAgentSchedulerDbMixin.remove_networks_from_down_agents' sleeping for 36.99 seconds {{(pid=91866) _run_loop /opt/stack/data/venv/lib/python3.12/site-packages/oslo_service/backend/_threading/loopingcall.py:125}}
May 21 08:33:12.752803 np0000001145 neutron-periodic-workers[91881]: DEBUG neutron.db.agents_db [None req-821c1d28-6130-4ddc-a1df-9b28a0cfc883 None None] Agent healthcheck: found 0 active agents {{(pid=91881) agent_health_check /opt/stack/neutron/neutron/db/agents_db.py:322}}
May 21 08:33:12.754501 np0000001145 neutron-periodic-workers[91881]: DEBUG oslo.service.backend._threading.loopingcall [None req-821c1d28-6130-4ddc-a1df-9b28a0cfc883 None None] Fixed interval looping call 'neutron.plugins.ml2.plugin.AgentDbMixin.agent_health_check' sleeping for 36.99 seconds {{(pid=91881) _run_loop /opt/stack/data/venv/lib/python3.12/site-packages/oslo_service/backend/_threading/loopingcall.py:125}}
May 21 08:33:18.704615 np0000001145 neutron-periodic-workers[91866]: DEBUG dbcounter [-] [91866] Writing DB stats neutron:SELECT=3 {{(pid=91866) stat_writer /opt/stack/data/venv/lib/python3.12/site-packages/dbcounter.py:115}}
May 21 08:33:22.751698 np0000001145 neutron-periodic-workers[91881]: DEBUG dbcounter [-] [91881] Writing DB stats neutron:SELECT=1 {{(pid=91881) stat_writer /opt/stack/data/venv/lib/python3.12/site-packages/dbcounter.py:115}}
May 21 08:33:45.704308 np0000001145 neutron-periodic-workers[91866]: DEBUG oslo.service.backend._threading.loopingcall [None req-dd3fdd91-85e1-41d7-8f76-338ec98557fe None None] Fixed interval looping call 'neutron.plugins.ml2.plugin.DhcpAgentSchedulerDbMixin.remove_networks_from_down_agents' sleeping for 36.99 seconds {{(pid=91866) _run_loop /opt/stack/data/venv/lib/python3.12/site-packages/oslo_service/backend/_threading/loopingcall.py:125}}
May 21 08:33:49.754358 np0000001145 neutron-periodic-workers[91881]: DEBUG neutron.db.agents_db [None req-821c1d28-6130-4ddc-a1df-9b28a0cfc883 None None] Agent healthcheck: found 0 active agents {{(pid=91881) agent_health_check /opt/stack/neutron/neutron/db/agents_db.py:322}}
May 21 08:33:49.754818 np0000001145 neutron-periodic-workers[91881]: DEBUG oslo.service.backend._threading.loopingcall [None req-821c1d28-6130-4ddc-a1df-9b28a0cfc883 None None] Fixed interval looping call 'neutron.plugins.ml2.plugin.AgentDbMixin.agent_health_check' sleeping for 36.99 seconds {{(pid=91881) _run_loop /opt/stack/data/venv/lib/python3.12/site-packages/oslo_service/backend/_threading/loopingcall.py:125}}
May 21 08:33:55.703259 np0000001145 neutron-periodic-workers[91866]: DEBUG dbcounter [-] [91866] Writing DB stats neutron:SELECT=3 {{(pid=91866) stat_writer /opt/stack/data/venv/lib/python3.12/site-packages/dbcounter.py:115}}
May 21 08:33:59.753198 np0000001145 neutron-periodic-workers[91881]: DEBUG dbcounter [-] [91881] Writing DB stats neutron:SELECT=1 {{(pid=91881) stat_writer /opt/stack/data/venv/lib/python3.12/site-packages/dbcounter.py:115}}
May 21 08:34:22.700791 np0000001145 neutron-periodic-workers[91866]: DEBUG oslo.service.backend._threading.loopingcall [None req-dd3fdd91-85e1-41d7-8f76-338ec98557fe None None] Fixed interval looping call 'neutron.plugins.ml2.plugin.DhcpAgentSchedulerDbMixin.remove_networks_from_down_agents' sleeping for 36.99 seconds {{(pid=91866) _run_loop /opt/stack/data/venv/lib/python3.12/site-packages/oslo_service/backend/_threading/loopingcall.py:125}}
May 21 08:34:26.751467 np0000001145 neutron-periodic-workers[91881]: DEBUG neutron.db.agents_db [None req-821c1d28-6130-4ddc-a1df-9b28a0cfc883 None None] Agent healthcheck: found 0 active agents {{(pid=91881) agent_health_check /opt/stack/neutron/neutron/db/agents_db.py:322}}
May 21 08:34:26.751940 np0000001145 neutron-periodic-workers[91881]: DEBUG oslo.service.backend._threading.loopingcall [None req-821c1d28-6130-4ddc-a1df-9b28a0cfc883 None None] Fixed interval looping call 'neutron.plugins.ml2.plugin.AgentDbMixin.agent_health_check' sleeping for 36.99 seconds {{(pid=91881) _run_loop /opt/stack/data/venv/lib/python3.12/site-packages/oslo_service/backend/_threading/loopingcall.py:125}}
May 21 08:34:27.752065 np0000001145 neutron-periodic-workers[91891]: DEBUG oslo.service.backend._threading.loopingcall [None req-46fa5c44-98a6-48d4-aa35-c67de8be2b81 None None] Fixed interval looping call 'neutron.db.quota.driver_nolock.DbQuotaNoLockDriver._remove_expired_reservations' sleeping for 120.00 seconds {{(pid=91891) _run_loop /opt/stack/data/venv/lib/python3.12/site-packages/oslo_service/backend/_threading/loopingcall.py:125}}
May 21 08:34:32.700387 np0000001145 neutron-periodic-workers[91866]: DEBUG dbcounter [-] [91866] Writing DB stats neutron:SELECT=3 {{(pid=91866) stat_writer /opt/stack/data/venv/lib/python3.12/site-packages/dbcounter.py:115}}
May 21 08:34:36.750776 np0000001145 neutron-periodic-workers[91881]: DEBUG dbcounter [-] [91881] Writing DB stats neutron:SELECT=1 {{(pid=91881) stat_writer /opt/stack/data/venv/lib/python3.12/site-packages/dbcounter.py:115}}
May 21 08:34:37.750884 np0000001145 neutron-periodic-workers[91891]: DEBUG dbcounter [-] [91891] Writing DB stats neutron:DELETE=1 {{(pid=91891) stat_writer /opt/stack/data/venv/lib/python3.12/site-packages/dbcounter.py:115}}
May 21 08:34:59.699596 np0000001145 neutron-periodic-workers[91866]: DEBUG oslo.service.backend._threading.loopingcall [None req-dd3fdd91-85e1-41d7-8f76-338ec98557fe None None] Fixed interval looping call 'neutron.plugins.ml2.plugin.DhcpAgentSchedulerDbMixin.remove_networks_from_down_agents' sleeping for 36.99 seconds {{(pid=91866) _run_loop /opt/stack/data/venv/lib/python3.12/site-packages/oslo_service/backend/_threading/loopingcall.py:125}}
May 21 08:35:03.746779 np0000001145 neutron-periodic-workers[91881]: DEBUG neutron.db.agents_db [None req-821c1d28-6130-4ddc-a1df-9b28a0cfc883 None None] Agent healthcheck: found 0 active agents {{(pid=91881) agent_health_check /opt/stack/neutron/neutron/db/agents_db.py:322}}
May 21 08:35:03.747300 np0000001145 neutron-periodic-workers[91881]: DEBUG oslo.service.backend._threading.loopingcall [None req-821c1d28-6130-4ddc-a1df-9b28a0cfc883 None None] Fixed interval looping call 'neutron.plugins.ml2.plugin.AgentDbMixin.agent_health_check' sleeping for 37.00 seconds {{(pid=91881) _run_loop /opt/stack/data/venv/lib/python3.12/site-packages/oslo_service/backend/_threading/loopingcall.py:125}}
May 21 08:35:09.698504 np0000001145 neutron-periodic-workers[91866]: DEBUG dbcounter [-] [91866] Writing DB stats neutron:SELECT=3 {{(pid=91866) stat_writer /opt/stack/data/venv/lib/python3.12/site-packages/dbcounter.py:115}}
May 21 08:35:13.746014 np0000001145 neutron-periodic-workers[91881]: DEBUG dbcounter [-] [91881] Writing DB stats neutron:SELECT=1 {{(pid=91881) stat_writer /opt/stack/data/venv/lib/python3.12/site-packages/dbcounter.py:115}}
