Jun 12 07:55:15.828152 np0000002714 devstack@g-api.service[98907]: DEBUG glance.api.middleware.version_negotiation [None req-63878628-d948-424a-8c46-53c852a9b232 tempest-ServerBootFromVolumeStableRescueTest-386683116 tempest-ServerBootFromVolumeStableRescueTest-386683116-project-member] Using url versioning {{(pid=98907) process_request /opt/stack/glance/glance/api/middleware/version_negotiation.py:57}}
Jun 12 07:55:15.828298 np0000002714 devstack@g-api.service[98907]: DEBUG glance.api.middleware.version_negotiation [None req-63878628-d948-424a-8c46-53c852a9b232 tempest-ServerBootFromVolumeStableRescueTest-386683116 tempest-ServerBootFromVolumeStableRescueTest-386683116-project-member] Matched version: v2 {{(pid=98907) process_request /opt/stack/glance/glance/api/middleware/version_negotiation.py:69}}
Jun 12 07:55:15.828490 np0000002714 devstack@g-api.service[98907]: DEBUG glance.api.middleware.version_negotiation [None req-63878628-d948-424a-8c46-53c852a9b232 tempest-ServerBootFromVolumeStableRescueTest-386683116 tempest-ServerBootFromVolumeStableRescueTest-386683116-project-member] new path /v2/images/8e1316fd-8433-4168-8a12-71326e7992ab {{(pid=98907) process_request /opt/stack/glance/glance/api/middleware/version_negotiation.py:70}}
Jun 12 07:55:15.859697 np0000002714 devstack@g-api.service[98907]: WARNING glance.api.v2.images [None req-28093866-c6f6-4470-a056-3ff156e653b4 tempest-AttachVolumeShelveTestJSON-1085653618 tempest-AttachVolumeShelveTestJSON-1085653618-project-member] After upload to backend, deletion of staged image data has failed because it cannot be found at /tmp/staging//8e1316fd-8433-4168-8a12-71326e7992ab
Jun 12 07:55:15.860588 np0000002714 devstack@g-api.service[98907]: DEBUG glance_store.backend [None req-28093866-c6f6-4470-a056-3ff156e653b4 tempest-AttachVolumeShelveTestJSON-1085653618 tempest-AttachVolumeShelveTestJSON-1085653618-project-member] Attempting to import store swift {{(pid=98907) _load_store /opt/stack/data/venv/lib/python3.12/site-packages/glance_store/backend.py:215}}
Jun 12 07:55:15.869851 np0000002714 devstack@g-api.service[98907]: DEBUG glance_store.capabilities [None req-28093866-c6f6-4470-a056-3ff156e653b4 tempest-AttachVolumeShelveTestJSON-1085653618 tempest-AttachVolumeShelveTestJSON-1085653618-project-member] Store glance_store._drivers.swift.store.SingleTenantStore doesn't support updating dynamic storage capabilities. Please overwrite 'update_capabilities' method of the store to implement updating logics if needed. {{(pid=98907) update_capabilities /opt/stack/data/venv/lib/python3.12/site-packages/glance_store/capabilities.py:91}}
Jun 12 07:55:15.871214 np0000002714 devstack@g-api.service[98907]: DEBUG glance_store.driver [None req-28093866-c6f6-4470-a056-3ff156e653b4 tempest-AttachVolumeShelveTestJSON-1085653618 tempest-AttachVolumeShelveTestJSON-1085653618-project-member] Late loading location class glance_store._drivers.swift.store.StoreLocation {{(pid=98907) get_store_location_class /opt/stack/data/venv/lib/python3.12/site-packages/glance_store/driver.py:134}}
Jun 12 07:55:15.871303 np0000002714 devstack@g-api.service[98908]: DEBUG glance.api.middleware.version_negotiation [None req-a591960c-23dc-49e9-bb35-6ac2970a3962 tempest-ServerBootFromVolumeStableRescueTest-386683116 tempest-ServerBootFromVolumeStableRescueTest-386683116-project-member] Determining version of request: GET /v2/images/50b23b46-f7d3-4633-84d8-307498b77e84 Accept: */* {{(pid=98908) process_request /opt/stack/glance/glance/api/middleware/version_negotiation.py:44}}
Jun 12 07:55:15.871362 np0000002714 devstack@g-api.service[98907]: DEBUG glance_store.location [None req-28093866-c6f6-4470-a056-3ff156e653b4 tempest-AttachVolumeShelveTestJSON-1085653618 tempest-AttachVolumeShelveTestJSON-1085653618-project-member] Registering scheme swift+https with {'store': , 'location_class': , 'store_entry': 'swift'} {{(pid=98907) register_scheme_map /opt/stack/data/venv/lib/python3.12/site-packages/glance_store/location.py:146}}
Jun 12 07:55:15.871362 np0000002714 devstack@g-api.service[98907]: DEBUG glance_store.location [None req-28093866-c6f6-4470-a056-3ff156e653b4 tempest-AttachVolumeShelveTestJSON-1085653618 tempest-AttachVolumeShelveTestJSON-1085653618-project-member] Registering scheme swift+https with {'store': , 'location_class': , 'store_entry': 'swift'} {{(pid=98907) register_scheme_map /opt/stack/data/venv/lib/python3.12/site-packages/glance_store/location.py:146}}
Jun 12 07:55:15.871362 np0000002714 devstack@g-api.service[98907]: DEBUG glance_store.location [None req-28093866-c6f6-4470-a056-3ff156e653b4 tempest-AttachVolumeShelveTestJSON-1085653618 tempest-AttachVolumeShelveTestJSON-1085653618-project-member] Registering scheme swift with {'store': , 'location_class': , 'store_entry': 'swift'} {{(pid=98907) register_scheme_map /opt/stack/data/venv/lib/python3.12/site-packages/glance_store/location.py:146}}
Jun 12 07:55:15.871557 np0000002714 devstack@g-api.service[98908]: DEBUG glance.api.middleware.version_negotiation [None req-a591960c-23dc-49e9-bb35-6ac2970a3962 tempest-ServerBootFromVolumeStableRescueTest-386683116 tempest-ServerBootFromVolumeStableRescueTest-386683116-project-member] Using url versioning {{(pid=98908) process_request /opt/stack/glance/glance/api/middleware/version_negotiation.py:57}}
Jun 12 07:55:15.871606 np0000002714 devstack@g-api.service[98907]: DEBUG glance_store.location [None req-28093866-c6f6-4470-a056-3ff156e653b4 tempest-AttachVolumeShelveTestJSON-1085653618 tempest-AttachVolumeShelveTestJSON-1085653618-project-member] Registering scheme swift+https with {'store': , 'location_class': , 'store_entry': 'swift'} {{(pid=98907) register_scheme_map /opt/stack/data/venv/lib/python3.12/site-packages/glance_store/location.py:146}}
Jun 12 07:55:15.871606 np0000002714 devstack@g-api.service[98907]: DEBUG glance_store.location [None req-28093866-c6f6-4470-a056-3ff156e653b4 tempest-AttachVolumeShelveTestJSON-1085653618 tempest-AttachVolumeShelveTestJSON-1085653618-project-member] Registering scheme swift with {'store': , 'location_class': , 'store_entry': 'swift'} {{(pid=98907) register_scheme_map /opt/stack/data/venv/lib/python3.12/site-packages/glance_store/location.py:146}}
Jun 12 07:55:15.871715 np0000002714 devstack@g-api.service[98908]: DEBUG glance.api.middleware.version_negotiation [None req-a591960c-23dc-49e9-bb35-6ac2970a3962 tempest-ServerBootFromVolumeStableRescueTest-386683116 tempest-ServerBootFromVolumeStableRescueTest-386683116-project-member] Matched version: v2 {{(pid=98908) process_request /opt/stack/glance/glance/api/middleware/version_negotiation.py:69}}
Jun 12 07:55:15.871769 np0000002714 devstack@g-api.service[98907]: DEBUG glance_store.location [None req-28093866-c6f6-4470-a056-3ff156e653b4 tempest-AttachVolumeShelveTestJSON-1085653618 tempest-AttachVolumeShelveTestJSON-1085653618-project-member] Registering scheme swift+http with {'store': , 'location_class': , 'store_entry': 'swift'} {{(pid=98907) register_scheme_map /opt/stack/data/venv/lib/python3.12/site-packages/glance_store/location.py:146}}
Jun 12 07:55:15.873128 np0000002714 devstack@g-api.service[98908]: DEBUG glance.api.middleware.version_negotiation [None req-a591960c-23dc-49e9-bb35-6ac2970a3962 tempest-ServerBootFromVolumeStableRescueTest-386683116 tempest-ServerBootFromVolumeStableRescueTest-386683116-project-member] new path /v2/images/50b23b46-f7d3-4633-84d8-307498b77e84 {{(pid=98908) process_request /opt/stack/glance/glance/api/middleware/version_negotiation.py:70}}
Jun 12 07:55:15.874188 np0000002714 devstack@g-api.service[98907]: DEBUG glance_store.location [None req-28093866-c6f6-4470-a056-3ff156e653b4 tempest-AttachVolumeShelveTestJSON-1085653618 tempest-AttachVolumeShelveTestJSON-1085653618-project-member] Registering scheme swift+https with {'store': , 'location_class': , 'store_entry': 'swift'} {{(pid=98907) register_scheme_map /opt/stack/data/venv/lib/python3.12/site-packages/glance_store/location.py:146}}
Jun 12 07:55:15.874991 np0000002714 devstack@g-api.service[98907]: DEBUG glance_store.location [None req-28093866-c6f6-4470-a056-3ff156e653b4 tempest-AttachVolumeShelveTestJSON-1085653618 tempest-AttachVolumeShelveTestJSON-1085653618-project-member] Registering scheme swift with {'store': , 'location_class': , 'store_entry': 'swift'} {{(pid=98907) register_scheme_map /opt/stack/data/venv/lib/python3.12/site-packages/glance_store/location.py:146}}
Jun 12 07:55:15.876740 np0000002714 devstack@g-api.service[98907]: DEBUG glance_store.location [None req-28093866-c6f6-4470-a056-3ff156e653b4 tempest-AttachVolumeShelveTestJSON-1085653618 tempest-AttachVolumeShelveTestJSON-1085653618-project-member] Registering scheme swift+http with {'store': , 'location_class': , 'store_entry': 'swift'} {{(pid=98907) register_scheme_map /opt/stack/data/venv/lib/python3.12/site-packages/glance_store/location.py:146}}
Jun 12 07:55:15.876977 np0000002714 devstack@g-api.service[98907]: DEBUG glance_store.location [None req-28093866-c6f6-4470-a056-3ff156e653b4 tempest-AttachVolumeShelveTestJSON-1085653618 tempest-AttachVolumeShelveTestJSON-1085653618-project-member] Registering scheme swift+config with {'store': , 'location_class': , 'store_entry': 'swift'} {{(pid=98907) register_scheme_map /opt/stack/data/venv/lib/python3.12/site-packages/glance_store/location.py:146}}
Jun 12 07:55:15.877612 np0000002714 devstack@g-api.service[98907]: DEBUG keystoneclient.auth.identity.v3.base [None req-28093866-c6f6-4470-a056-3ff156e653b4 tempest-AttachVolumeShelveTestJSON-1085653618 tempest-AttachVolumeShelveTestJSON-1085653618-project-member] Making authentication request to https://10.4.3.131/identity/v3/auth/tokens {{(pid=98907) get_auth_ref /opt/stack/data/venv/lib/python3.12/site-packages/keystoneclient/auth/identity/v3/base.py:185}}
Jun 12 07:55:15.920121 np0000002714 devstack@g-api.service[98908]: [pid: 98908|app: 0|req: 97/176] 127.0.0.1 () {44 vars in 1115 bytes} [Fri Jun 12 07:55:15 2026] GET /v2/images/50b23b46-f7d3-4633-84d8-307498b77e84 => generated 1357 bytes in 52 msecs (HTTP/1.1 200) 4 headers in 158 bytes (1 switches on core 0)
Jun 12 07:55:15.995164 np0000002714 devstack@g-api.service[98907]: DEBUG keystoneclient.auth.identity.v3.base [None req-28093866-c6f6-4470-a056-3ff156e653b4 tempest-AttachVolumeShelveTestJSON-1085653618 tempest-AttachVolumeShelveTestJSON-1085653618-project-member] {"token": {"methods": ["password"], "user": {"domain": {"id": "default", "name": "Default"}, "id": "b27537e1bc01465797f29910bd4bad58", "name": "glance-swift", "password_expires_at": null}, "audit_ids": ["flbz2FL3SEqc2fHPt3kvvw"], "expires_at": "2026-06-12T08:55:15.000000Z", "issued_at": "2026-06-12T07:55:15.000000Z", "project": {"domain": {"id": "default", "name": "Default"}, "id": "0f6ecccd3f8e4cbbbd333745a236a70a", "name": "service"}, "is_domain": false, "roles": [{"id": "e38ea4b3e1674d87aa8bef8150a02666", "name": "service"}, {"id": "f3fd7d4efcca486b88e238da0d0cee3c", "name": "ResellerAdmin"}], "catalog": [{"endpoints": [{"id": "b48a281af7bb43468794e43919c36f1d", "interface": "public", "region_id": "RegionOne", "url": "https://10.4.3.131/compute/v2.1", "region": "RegionOne"}], "id": "08e4d996cce345b1bd4e2a3e2d5cb458", "type": "compute", "name": "nova"}, {"endpoints": [{"id": "62e16880e88e4dc0a140ffdd60e3d5ab", "interface": "public", "region_id": "RegionOne", "url": "https://10.4.3.131/networking", "region": "RegionOne"}], "id": "0ac578bf82c44636b90f463cfa68d75d", "type": "network", "name": "neutron"}, {"endpoints": [{"id": "d387f4ca0ea3447e8f9f00289b82dd56", "interface": "public", "region_id": "RegionOne", "url": "https://10.4.3.131/placement", "region": "RegionOne"}], "id": "0fd17be4803748999499a387bb59e09c", "type": "placement", "name": "placement"}, {"endpoints": [{"id": "fb350184be384580b95e5747dd071d48", "interface": "public", "region_id": "RegionOne", "url": "https://10.4.3.131/compute/v2/0f6ecccd3f8e4cbbbd333745a236a70a", "region": "RegionOne"}], "id": "15459f6016b7406ba64fa2e68736048b", "type": "compute_legacy", "name": "nova_legacy"}, {"endpoints": [{"id": "08e2dcf41564405ba2aeb6dce91dca57", "interface": "admin", "region_id": "RegionOne", "url": "https://10.4.3.131:8080", "region": "RegionOne"}, {"id": "b4a65053e74b44d29d202898f2a59ad8", "interface": "public", "region_id": "RegionOne", "url": "https://10.4.3.131:8080/v1/AUTH_0f6ecccd3f8e4cbbbd333745a236a70a", "region": "RegionOne"}], "id": "205e77972ea84a79be76cabd58ed8f58", "type": "object-store", "name": "swift"}, {"endpoints": [{"id": "f11efa83065248ee9211a3e6a4c12d67", "interface": "public", "region_id": "RegionOne", "url": "https://10.4.3.131/volume/v3", "region": "RegionOne"}], "id": "6b8fcb8c414e45249b2ff0349cd47d7a", "type": "block-storage", "name": "cinder"}, {"endpoints": [{"id": "e0189d970539463c8e708546dcb10513", "interface": "public", "region_id": "RegionOne", "url": "https://10.4.3.131/identity", "region": "RegionOne"}], "id": "a53310d818574c968a89458048d008c7", "type": "identity", "name": "keystone"}, {"endpoints": [{"id": "e753972f8dde42b89fc43e9f92b3a711", "interface": "public", "region_id": "RegionOne", "url": "https://10.4.3.131/image", "region": "RegionOne"}], "id": "a5e3fe76e91e4fc5b69aa2e3c3ac6dd6", "type": "image", "name": "glance"}]}} {{(pid=98907) get_auth_ref /opt/stack/data/venv/lib/python3.12/site-packages/keystoneclient/auth/identity/v3/base.py:190}}
Jun 12 07:55:15.996920 np0000002714 devstack@g-api.service[98907]: DEBUG keystoneclient.httpclient [None req-28093866-c6f6-4470-a056-3ff156e653b4 tempest-AttachVolumeShelveTestJSON-1085653618 tempest-AttachVolumeShelveTestJSON-1085653618-project-member] Failed to find endpoint for management url admin endpoint for identity service not found {{(pid=98907) _process_management_url /opt/stack/data/venv/lib/python3.12/site-packages/keystoneclient/httpclient.py:670}}
Jun 12 07:55:16.112343 np0000002714 devstack@g-api.service[98908]: DEBUG glance.api.middleware.version_negotiation [None req-b7f4bc17-7b22-4d5a-90ad-6dad3f83eaf3 tempest-ServerBootFromVolumeStableRescueTest-386683116 tempest-ServerBootFromVolumeStableRescueTest-386683116-project-member] Determining version of request: GET /v2/schemas/image Accept: */* {{(pid=98908) process_request /opt/stack/glance/glance/api/middleware/version_negotiation.py:44}}
Jun 12 07:55:16.112657 np0000002714 devstack@g-api.service[98908]: DEBUG glance.api.middleware.version_negotiation [None req-b7f4bc17-7b22-4d5a-90ad-6dad3f83eaf3 tempest-ServerBootFromVolumeStableRescueTest-386683116 tempest-ServerBootFromVolumeStableRescueTest-386683116-project-member] Using url versioning {{(pid=98908) process_request /opt/stack/glance/glance/api/middleware/version_negotiation.py:57}}
Jun 12 07:55:16.112874 np0000002714 devstack@g-api.service[98908]: DEBUG glance.api.middleware.version_negotiation [None req-b7f4bc17-7b22-4d5a-90ad-6dad3f83eaf3 tempest-ServerBootFromVolumeStableRescueTest-386683116 tempest-ServerBootFromVolumeStableRescueTest-386683116-project-member] Matched version: v2 {{(pid=98908) process_request /opt/stack/glance/glance/api/middleware/version_negotiation.py:69}}
Jun 12 07:55:16.113126 np0000002714 devstack@g-api.service[98908]: DEBUG glance.api.middleware.version_negotiation [None req-b7f4bc17-7b22-4d5a-90ad-6dad3f83eaf3 tempest-ServerBootFromVolumeStableRescueTest-386683116 tempest-ServerBootFromVolumeStableRescueTest-386683116-project-member] new path /v2/schemas/image {{(pid=98908) process_request /opt/stack/glance/glance/api/middleware/version_negotiation.py:70}}
Jun 12 07:55:16.115799 np0000002714 devstack@g-api.service[98908]: [pid: 98908|app: 0|req: 98/177] 127.0.0.1 () {44 vars in 1055 bytes} [Fri Jun 12 07:55:16 2026] GET /v2/schemas/image => generated 6083 bytes in 5 msecs (HTTP/1.1 200) 4 headers in 158 bytes (1 switches on core 0)
Jun 12 07:55:16.243706 np0000002714 devstack@g-api.service[98908]: DEBUG glance.api.middleware.version_negotiation [None req-b7f4bc17-7b22-4d5a-90ad-6dad3f83eaf3 tempest-ServerBootFromVolumeStableRescueTest-386683116 tempest-ServerBootFromVolumeStableRescueTest-386683116-project-member] Determining version of request: GET /v2/images/50b23b46-f7d3-4633-84d8-307498b77e84 Accept: application/json {{(pid=98908) process_request /opt/stack/glance/glance/api/middleware/version_negotiation.py:44}}
Jun 12 07:55:16.244285 np0000002714 devstack@g-api.service[98908]: DEBUG glance.api.middleware.version_negotiation [None req-b7f4bc17-7b22-4d5a-90ad-6dad3f83eaf3 tempest-ServerBootFromVolumeStableRescueTest-386683116 tempest-ServerBootFromVolumeStableRescueTest-386683116-project-member] Using url versioning {{(pid=98908) process_request /opt/stack/glance/glance/api/middleware/version_negotiation.py:57}}
Jun 12 07:55:16.244700 np0000002714 devstack@g-api.service[98908]: DEBUG glance.api.middleware.version_negotiation [None req-b7f4bc17-7b22-4d5a-90ad-6dad3f83eaf3 tempest-ServerBootFromVolumeStableRescueTest-386683116 tempest-ServerBootFromVolumeStableRescueTest-386683116-project-member] Matched version: v2 {{(pid=98908) process_request /opt/stack/glance/glance/api/middleware/version_negotiation.py:69}}
Jun 12 07:55:16.244928 np0000002714 devstack@g-api.service[98908]: DEBUG glance.api.middleware.version_negotiation [None req-b7f4bc17-7b22-4d5a-90ad-6dad3f83eaf3 tempest-ServerBootFromVolumeStableRescueTest-386683116 tempest-ServerBootFromVolumeStableRescueTest-386683116-project-member] new path /v2/images/50b23b46-f7d3-4633-84d8-307498b77e84 {{(pid=98908) process_request /opt/stack/glance/glance/api/middleware/version_negotiation.py:70}}
Jun 12 07:55:16.273161 np0000002714 devstack@g-api.service[98908]: [pid: 98908|app: 0|req: 99/178] 127.0.0.1 () {40 vars in 838 bytes} [Fri Jun 12 07:55:16 2026] GET /v2/images/50b23b46-f7d3-4633-84d8-307498b77e84 => generated 1357 bytes in 30 msecs (HTTP/1.1 200) 4 headers in 158 bytes (1 switches on core 0)
Jun 12 07:55:16.341290 np0000002714 devstack@g-api.service[98907]: DEBUG swiftclient [None req-28093866-c6f6-4470-a056-3ff156e653b4 tempest-AttachVolumeShelveTestJSON-1085653618 tempest-AttachVolumeShelveTestJSON-1085653618-project-member] REQ: curl -i https://10.4.3.131:8080/v1/AUTH_0f6ecccd3f8e4cbbbd333745a236a70a/glance/8e1316fd-8433-4168-8a12-71326e7992ab -I -H "X-Auth-Token: gAAAAABqK7tjnHjb..." {{(pid=98907) http_log /opt/stack/data/venv/lib/python3.12/site-packages/swiftclient/client.py:160}}
Jun 12 07:55:16.341461 np0000002714 devstack@g-api.service[98907]: DEBUG swiftclient [None req-28093866-c6f6-4470-a056-3ff156e653b4 tempest-AttachVolumeShelveTestJSON-1085653618 tempest-AttachVolumeShelveTestJSON-1085653618-project-member] RESP STATUS: 200 OK {{(pid=98907) http_log /opt/stack/data/venv/lib/python3.12/site-packages/swiftclient/client.py:161}}
Jun 12 07:55:16.341790 np0000002714 devstack@g-api.service[98907]: DEBUG swiftclient [None req-28093866-c6f6-4470-a056-3ff156e653b4 tempest-AttachVolumeShelveTestJSON-1085653618 tempest-AttachVolumeShelveTestJSON-1085653618-project-member] RESP HEADERS: {'Date': 'Fri, 12 Jun 2026 07:55:16 GMT', 'Server': 'Apache/2.4.58 (Ubuntu)', 'Content-Type': 'application/octet-stream', 'Content-Length': '53477376', 'X-Object-Manifest': 'glance/8e1316fd-8433-4168-8a12-71326e7992ab-', 'Last-Modified': 'Fri, 12 Jun 2026 07:54:29 GMT', 'X-Timestamp': '1781250868.70416', 'Accept-Ranges': 'bytes', 'Etag': '"0a5fff577ce240e7934b3ee9c490413b"', 'X-Trans-Id': 'txb95599fc658646f1a92ad-006a2bbb64', 'X-Openstack-Request-Id': 'txb95599fc658646f1a92ad-006a2bbb64', 'Connection': 'close'} {{(pid=98907) http_log /opt/stack/data/venv/lib/python3.12/site-packages/swiftclient/client.py:162}}
Jun 12 07:55:16.419044 np0000002714 devstack@g-api.service[98907]: DEBUG swiftclient [None req-28093866-c6f6-4470-a056-3ff156e653b4 tempest-AttachVolumeShelveTestJSON-1085653618 tempest-AttachVolumeShelveTestJSON-1085653618-project-member] REQ: curl -i https://10.4.3.131:8080/v1/AUTH_0f6ecccd3f8e4cbbbd333745a236a70a/glance?format=json&prefix=8e1316fd-8433-4168-8a12-71326e7992ab- -X GET -H "X-Auth-Token: gAAAAABqK7tjnHjb..." -H "Accept-Encoding: gzip" {{(pid=98907) http_log /opt/stack/data/venv/lib/python3.12/site-packages/swiftclient/client.py:160}}
Jun 12 07:55:16.419187 np0000002714 devstack@g-api.service[98907]: DEBUG swiftclient [None req-28093866-c6f6-4470-a056-3ff156e653b4 tempest-AttachVolumeShelveTestJSON-1085653618 tempest-AttachVolumeShelveTestJSON-1085653618-project-member] RESP STATUS: 200 OK {{(pid=98907) http_log /opt/stack/data/venv/lib/python3.12/site-packages/swiftclient/client.py:161}}
Jun 12 07:55:16.419326 np0000002714 devstack@g-api.service[98907]: DEBUG swiftclient [None req-28093866-c6f6-4470-a056-3ff156e653b4 tempest-AttachVolumeShelveTestJSON-1085653618 tempest-AttachVolumeShelveTestJSON-1085653618-project-member] RESP HEADERS: {'Date': 'Fri, 12 Jun 2026 07:55:16 GMT', 'Server': 'Apache/2.4.58 (Ubuntu)', 'Content-Type': 'application/json; charset=utf-8', 'Content-Length': '210', 'X-Container-Object-Count': '5', 'X-Container-Bytes-Used': '117833728', 'X-Timestamp': '1781250556.12659', 'Last-Modified': 'Fri, 12 Jun 2026 07:49:17 GMT', 'Accept-Ranges': 'bytes', 'X-Storage-Policy': 'Policy-0', 'X-Container-Sharding': 'False', 'X-Trans-Id': 'tx353aeea9855346929f8d5-006a2bbb64', 'X-Openstack-Request-Id': 'tx353aeea9855346929f8d5-006a2bbb64', 'Connection': 'close'} {{(pid=98907) http_log /opt/stack/data/venv/lib/python3.12/site-packages/swiftclient/client.py:162}}
Jun 12 07:55:16.419469 np0000002714 devstack@g-api.service[98907]: DEBUG swiftclient [None req-28093866-c6f6-4470-a056-3ff156e653b4 tempest-AttachVolumeShelveTestJSON-1085653618 tempest-AttachVolumeShelveTestJSON-1085653618-project-member] RESP BODY: b'[{"bytes": 53477376, "hash": "688776bd60524564ae464b4cd453ac77", "name": "8e1316fd-8433-4168-8a12-71326e7992ab-00001", "content_type": "application/octet-stream", "last_modified": "2026-06-12T07:54:28.113090"}]' {{(pid=98907) http_log /opt/stack/data/venv/lib/python3.12/site-packages/swiftclient/client.py:166}}
Jun 12 07:55:16.472103 np0000002714 devstack@g-api.service[98907]: DEBUG swiftclient [None req-28093866-c6f6-4470-a056-3ff156e653b4 tempest-AttachVolumeShelveTestJSON-1085653618 tempest-AttachVolumeShelveTestJSON-1085653618-project-member] REQ: curl -i https://10.4.3.131:8080/v1/AUTH_0f6ecccd3f8e4cbbbd333745a236a70a/glance/8e1316fd-8433-4168-8a12-71326e7992ab-00001 DELETE -H "X-Auth-Token: gAAAAABqK7tjnHjb..." {{(pid=98907) http_log /opt/stack/data/venv/lib/python3.12/site-packages/swiftclient/client.py:160}}
Jun 12 07:55:16.472803 np0000002714 devstack@g-api.service[98907]: DEBUG swiftclient [None req-28093866-c6f6-4470-a056-3ff156e653b4 tempest-AttachVolumeShelveTestJSON-1085653618 tempest-AttachVolumeShelveTestJSON-1085653618-project-member] RESP STATUS: 204 No Content {{(pid=98907) http_log /opt/stack/data/venv/lib/python3.12/site-packages/swiftclient/client.py:161}}
Jun 12 07:55:16.473344 np0000002714 devstack@g-api.service[98907]: DEBUG swiftclient [None req-28093866-c6f6-4470-a056-3ff156e653b4 tempest-AttachVolumeShelveTestJSON-1085653618 tempest-AttachVolumeShelveTestJSON-1085653618-project-member] RESP HEADERS: {'Date': 'Fri, 12 Jun 2026 07:55:16 GMT', 'Server': 'Apache/2.4.58 (Ubuntu)', 'Content-Type': 'text/html; charset=UTF-8', 'X-Trans-Id': 'txe5b287a158e241cb8d033-006a2bbb64', 'X-Openstack-Request-Id': 'txe5b287a158e241cb8d033-006a2bbb64', 'Connection': 'close'} {{(pid=98907) http_log /opt/stack/data/venv/lib/python3.12/site-packages/swiftclient/client.py:162}}
Jun 12 07:55:16.510873 np0000002714 devstack@g-api.service[98907]: DEBUG swiftclient [None req-28093866-c6f6-4470-a056-3ff156e653b4 tempest-AttachVolumeShelveTestJSON-1085653618 tempest-AttachVolumeShelveTestJSON-1085653618-project-member] REQ: curl -i https://10.4.3.131:8080/v1/AUTH_0f6ecccd3f8e4cbbbd333745a236a70a/glance/8e1316fd-8433-4168-8a12-71326e7992ab DELETE -H "X-Auth-Token: gAAAAABqK7tjnHjb..." {{(pid=98907) http_log /opt/stack/data/venv/lib/python3.12/site-packages/swiftclient/client.py:160}}
Jun 12 07:55:16.511075 np0000002714 devstack@g-api.service[98907]: DEBUG swiftclient [None req-28093866-c6f6-4470-a056-3ff156e653b4 tempest-AttachVolumeShelveTestJSON-1085653618 tempest-AttachVolumeShelveTestJSON-1085653618-project-member] RESP STATUS: 204 No Content {{(pid=98907) http_log /opt/stack/data/venv/lib/python3.12/site-packages/swiftclient/client.py:161}}
Jun 12 07:55:16.511158 np0000002714 devstack@g-api.service[98907]: DEBUG swiftclient [None req-28093866-c6f6-4470-a056-3ff156e653b4 tempest-AttachVolumeShelveTestJSON-1085653618 tempest-AttachVolumeShelveTestJSON-1085653618-project-member] RESP HEADERS: {'Date': 'Fri, 12 Jun 2026 07:55:16 GMT', 'Server': 'Apache/2.4.58 (Ubuntu)', 'Content-Type': 'text/html; charset=UTF-8', 'X-Trans-Id': 'tx1e1d36c5a09a4b1d9ea06-006a2bbb64', 'X-Openstack-Request-Id': 'tx1e1d36c5a09a4b1d9ea06-006a2bbb64', 'Connection': 'close'} {{(pid=98907) http_log /opt/stack/data/venv/lib/python3.12/site-packages/swiftclient/client.py:162}}
Jun 12 07:55:16.707805 np0000002714 devstack@g-api.service[98907]: DEBUG glance.api.middleware.cache [None req-28093866-c6f6-4470-a056-3ff156e653b4 tempest-AttachVolumeShelveTestJSON-1085653618 tempest-AttachVolumeShelveTestJSON-1085653618-project-member] Removing image 8e1316fd-8433-4168-8a12-71326e7992ab from cache {{(pid=98907) _process_DELETE_response /opt/stack/glance/glance/api/middleware/cache.py:264}}
Jun 12 07:55:16.707805 np0000002714 devstack@g-api.service[98907]: DEBUG glance.image_cache.drivers.centralized_db [None req-28093866-c6f6-4470-a056-3ff156e653b4 tempest-AttachVolumeShelveTestJSON-1085653618 tempest-AttachVolumeShelveTestJSON-1085653618-project-member] Deleting image cache file '/opt/stack/data/glance/cache/8e1316fd-8433-4168-8a12-71326e7992ab' {{(pid=98907) delete_cached_file /opt/stack/glance/glance/image_cache/drivers/centralized_db.py:395}}
Jun 12 07:55:16.753084 np0000002714 devstack@g-api.service[98907]: [pid: 98907|app: 0|req: 80/179] 127.0.0.1 () {46 vars in 1137 bytes} [Fri Jun 12 07:55:15 2026] DELETE /v2/images/8e1316fd-8433-4168-8a12-71326e7992ab => generated 0 bytes in 927 msecs (HTTP/1.1 204) 4 headers in 171 bytes (1 switches on core 0)
Jun 12 07:55:17.283746 np0000002714 devstack@g-api.service[98908]: DEBUG glance.api.middleware.version_negotiation [None req-9a6811c6-9651-49a6-8818-8e1433ba3e1c tempest-ServerBootFromVolumeStableRescueTest-386683116 tempest-ServerBootFromVolumeStableRescueTest-386683116-project-member] Determining version of request: GET /v2/images/50b23b46-f7d3-4633-84d8-307498b77e84 Accept: application/json {{(pid=98908) process_request /opt/stack/glance/glance/api/middleware/version_negotiation.py:44}}
Jun 12 07:55:17.285724 np0000002714 devstack@g-api.service[98908]: DEBUG glance.api.middleware.version_negotiation [None req-9a6811c6-9651-49a6-8818-8e1433ba3e1c tempest-ServerBootFromVolumeStableRescueTest-386683116 tempest-ServerBootFromVolumeStableRescueTest-386683116-project-member] Using url versioning {{(pid=98908) process_request /opt/stack/glance/glance/api/middleware/version_negotiation.py:57}}
Jun 12 07:55:17.287310 np0000002714 devstack@g-api.service[98908]: DEBUG glance.api.middleware.version_negotiation [None req-9a6811c6-9651-49a6-8818-8e1433ba3e1c tempest-ServerBootFromVolumeStableRescueTest-386683116 tempest-ServerBootFromVolumeStableRescueTest-386683116-project-member] Matched version: v2 {{(pid=98908) process_request /opt/stack/glance/glance/api/middleware/version_negotiation.py:69}}
Jun 12 07:55:17.288366 np0000002714 devstack@g-api.service[98908]: DEBUG glance.api.middleware.version_negotiation [None req-9a6811c6-9651-49a6-8818-8e1433ba3e1c tempest-ServerBootFromVolumeStableRescueTest-386683116 tempest-ServerBootFromVolumeStableRescueTest-386683116-project-member] new path /v2/images/50b23b46-f7d3-4633-84d8-307498b77e84 {{(pid=98908) process_request /opt/stack/glance/glance/api/middleware/version_negotiation.py:70}}
Jun 12 07:55:17.315204 np0000002714 devstack@g-api.service[98908]: [pid: 98908|app: 0|req: 100/180] 127.0.0.1 () {40 vars in 838 bytes} [Fri Jun 12 07:55:17 2026] GET /v2/images/50b23b46-f7d3-4633-84d8-307498b77e84 => generated 1357 bytes in 32 msecs (HTTP/1.1 200) 4 headers in 158 bytes (1 switches on core 0)
Jun 12 07:55:18.329098 np0000002714 devstack@g-api.service[98907]: DEBUG glance.api.middleware.version_negotiation [None req-28093866-c6f6-4470-a056-3ff156e653b4 tempest-AttachVolumeShelveTestJSON-1085653618 tempest-AttachVolumeShelveTestJSON-1085653618-project-member] Determining version of request: GET /v2/images/50b23b46-f7d3-4633-84d8-307498b77e84 Accept: application/json {{(pid=98907) process_request /opt/stack/glance/glance/api/middleware/version_negotiation.py:44}}
Jun 12 07:55:18.329098 np0000002714 devstack@g-api.service[98907]: DEBUG glance.api.middleware.version_negotiation [None req-28093866-c6f6-4470-a056-3ff156e653b4 tempest-AttachVolumeShelveTestJSON-1085653618 tempest-AttachVolumeShelveTestJSON-1085653618-project-member] Using url versioning {{(pid=98907) process_request /opt/stack/glance/glance/api/middleware/version_negotiation.py:57}}
Jun 12 07:55:18.329662 np0000002714 devstack@g-api.service[98907]: DEBUG glance.api.middleware.version_negotiation [None req-28093866-c6f6-4470-a056-3ff156e653b4 tempest-AttachVolumeShelveTestJSON-1085653618 tempest-AttachVolumeShelveTestJSON-1085653618-project-member] Matched version: v2 {{(pid=98907) process_request /opt/stack/glance/glance/api/middleware/version_negotiation.py:69}}
Jun 12 07:55:18.329662 np0000002714 devstack@g-api.service[98907]: DEBUG glance.api.middleware.version_negotiation [None req-28093866-c6f6-4470-a056-3ff156e653b4 tempest-AttachVolumeShelveTestJSON-1085653618 tempest-AttachVolumeShelveTestJSON-1085653618-project-member] new path /v2/images/50b23b46-f7d3-4633-84d8-307498b77e84 {{(pid=98907) process_request /opt/stack/glance/glance/api/middleware/version_negotiation.py:70}}
Jun 12 07:55:18.354969 np0000002714 devstack@g-api.service[98907]: [pid: 98907|app: 0|req: 81/181] 127.0.0.1 () {40 vars in 838 bytes} [Fri Jun 12 07:55:18 2026] GET /v2/images/50b23b46-f7d3-4633-84d8-307498b77e84 => generated 1357 bytes in 27 msecs (HTTP/1.1 200) 4 headers in 158 bytes (1 switches on core 0)
Jun 12 07:55:19.162006 np0000002714 devstack@g-api.service[98908]: DEBUG glance.api.middleware.version_negotiation [None req-485634ec-8101-4b82-9e7e-d7a8bbf68bf4 tempest-ServerBootFromVolumeStableRescueTest-386683116 tempest-ServerBootFromVolumeStableRescueTest-386683116-project-member] Determining version of request: GET /v2/images/50b23b46-f7d3-4633-84d8-307498b77e84 Accept: */* {{(pid=98908) process_request /opt/stack/glance/glance/api/middleware/version_negotiation.py:44}}
Jun 12 07:55:19.162407 np0000002714 devstack@g-api.service[98908]: DEBUG glance.api.middleware.version_negotiation [None req-485634ec-8101-4b82-9e7e-d7a8bbf68bf4 tempest-ServerBootFromVolumeStableRescueTest-386683116 tempest-ServerBootFromVolumeStableRescueTest-386683116-project-member] Using url versioning {{(pid=98908) process_request /opt/stack/glance/glance/api/middleware/version_negotiation.py:57}}
Jun 12 07:55:19.162407 np0000002714 devstack@g-api.service[98908]: DEBUG glance.api.middleware.version_negotiation [None req-485634ec-8101-4b82-9e7e-d7a8bbf68bf4 tempest-ServerBootFromVolumeStableRescueTest-386683116 tempest-ServerBootFromVolumeStableRescueTest-386683116-project-member] Matched version: v2 {{(pid=98908) process_request /opt/stack/glance/glance/api/middleware/version_negotiation.py:69}}
Jun 12 07:55:19.162407 np0000002714 devstack@g-api.service[98908]: DEBUG glance.api.middleware.version_negotiation [None req-485634ec-8101-4b82-9e7e-d7a8bbf68bf4 tempest-ServerBootFromVolumeStableRescueTest-386683116 tempest-ServerBootFromVolumeStableRescueTest-386683116-project-member] new path /v2/images/50b23b46-f7d3-4633-84d8-307498b77e84 {{(pid=98908) process_request /opt/stack/glance/glance/api/middleware/version_negotiation.py:70}}
Jun 12 07:55:19.182084 np0000002714 devstack@g-api.service[98908]: [pid: 98908|app: 0|req: 101/182] 127.0.0.1 () {44 vars in 1115 bytes} [Fri Jun 12 07:55:19 2026] GET /v2/images/50b23b46-f7d3-4633-84d8-307498b77e84 => generated 1357 bytes in 17 msecs (HTTP/1.1 200) 4 headers in 158 bytes (1 switches on core 0)
Jun 12 07:55:19.228923 np0000002714 devstack@g-api.service[98907]: DEBUG glance.api.middleware.version_negotiation [None req-382087b6-94c8-4007-bdff-4d853f7645e9 tempest-ServerBootFromVolumeStableRescueTest-386683116 tempest-ServerBootFromVolumeStableRescueTest-386683116-project-member] Determining version of request: GET /v2/schemas/image Accept: */* {{(pid=98907) process_request /opt/stack/glance/glance/api/middleware/version_negotiation.py:44}}
Jun 12 07:55:19.229217 np0000002714 devstack@g-api.service[98907]: DEBUG glance.api.middleware.version_negotiation [None req-382087b6-94c8-4007-bdff-4d853f7645e9 tempest-ServerBootFromVolumeStableRescueTest-386683116 tempest-ServerBootFromVolumeStableRescueTest-386683116-project-member] Using url versioning {{(pid=98907) process_request /opt/stack/glance/glance/api/middleware/version_negotiation.py:57}}
Jun 12 07:55:19.229403 np0000002714 devstack@g-api.service[98907]: DEBUG glance.api.middleware.version_negotiation [None req-382087b6-94c8-4007-bdff-4d853f7645e9 tempest-ServerBootFromVolumeStableRescueTest-386683116 tempest-ServerBootFromVolumeStableRescueTest-386683116-project-member] Matched version: v2 {{(pid=98907) process_request /opt/stack/glance/glance/api/middleware/version_negotiation.py:69}}
Jun 12 07:55:19.229532 np0000002714 devstack@g-api.service[98907]: DEBUG glance.api.middleware.version_negotiation [None req-382087b6-94c8-4007-bdff-4d853f7645e9 tempest-ServerBootFromVolumeStableRescueTest-386683116 tempest-ServerBootFromVolumeStableRescueTest-386683116-project-member] new path /v2/schemas/image {{(pid=98907) process_request /opt/stack/glance/glance/api/middleware/version_negotiation.py:70}}
Jun 12 07:55:19.233714 np0000002714 devstack@g-api.service[98907]: [pid: 98907|app: 0|req: 82/183] 127.0.0.1 () {44 vars in 1055 bytes} [Fri Jun 12 07:55:19 2026] GET /v2/schemas/image => generated 6083 bytes in 5 msecs (HTTP/1.1 200) 4 headers in 158 bytes (1 switches on core 0)
Jun 12 07:55:19.281810 np0000002714 devstack@g-api.service[98908]: DEBUG glance.api.middleware.version_negotiation [None req-b7f4bc17-7b22-4d5a-90ad-6dad3f83eaf3 tempest-ServerBootFromVolumeStableRescueTest-386683116 tempest-ServerBootFromVolumeStableRescueTest-386683116-project-member] Determining version of request: GET /v2/schemas/image Accept: */* {{(pid=98908) process_request /opt/stack/glance/glance/api/middleware/version_negotiation.py:44}}
Jun 12 07:55:19.281958 np0000002714 devstack@g-api.service[98908]: DEBUG glance.api.middleware.version_negotiation [None req-b7f4bc17-7b22-4d5a-90ad-6dad3f83eaf3 tempest-ServerBootFromVolumeStableRescueTest-386683116 tempest-ServerBootFromVolumeStableRescueTest-386683116-project-member] Using url versioning {{(pid=98908) process_request /opt/stack/glance/glance/api/middleware/version_negotiation.py:57}}
Jun 12 07:55:19.282309 np0000002714 devstack@g-api.service[98908]: DEBUG glance.api.middleware.version_negotiation [None req-b7f4bc17-7b22-4d5a-90ad-6dad3f83eaf3 tempest-ServerBootFromVolumeStableRescueTest-386683116 tempest-ServerBootFromVolumeStableRescueTest-386683116-project-member] Matched version: v2 {{(pid=98908) process_request /opt/stack/glance/glance/api/middleware/version_negotiation.py:69}}
Jun 12 07:55:19.282537 np0000002714 devstack@g-api.service[98908]: DEBUG glance.api.middleware.version_negotiation [None req-b7f4bc17-7b22-4d5a-90ad-6dad3f83eaf3 tempest-ServerBootFromVolumeStableRescueTest-386683116 tempest-ServerBootFromVolumeStableRescueTest-386683116-project-member] new path /v2/schemas/image {{(pid=98908) process_request /opt/stack/glance/glance/api/middleware/version_negotiation.py:70}}
Jun 12 07:55:19.285583 np0000002714 devstack@g-api.service[98908]: [pid: 98908|app: 0|req: 102/184] 127.0.0.1 () {44 vars in 1055 bytes} [Fri Jun 12 07:55:19 2026] GET /v2/schemas/image => generated 6083 bytes in 4 msecs (HTTP/1.1 200) 4 headers in 158 bytes (1 switches on core 0)
Jun 12 07:55:19.329086 np0000002714 devstack@g-api.service[98907]: DEBUG glance.api.middleware.version_negotiation [None req-b7f4bc17-7b22-4d5a-90ad-6dad3f83eaf3 tempest-ServerBootFromVolumeStableRescueTest-386683116 tempest-ServerBootFromVolumeStableRescueTest-386683116-project-member] Determining version of request: PATCH /v2/images/50b23b46-f7d3-4633-84d8-307498b77e84 Accept: */* {{(pid=98907) process_request /opt/stack/glance/glance/api/middleware/version_negotiation.py:44}}
Jun 12 07:55:19.329086 np0000002714 devstack@g-api.service[98907]: DEBUG glance.api.middleware.version_negotiation [None req-b7f4bc17-7b22-4d5a-90ad-6dad3f83eaf3 tempest-ServerBootFromVolumeStableRescueTest-386683116 tempest-ServerBootFromVolumeStableRescueTest-386683116-project-member] Using url versioning {{(pid=98907) process_request /opt/stack/glance/glance/api/middleware/version_negotiation.py:57}}
Jun 12 07:55:19.329769 np0000002714 devstack@g-api.service[98907]: DEBUG glance.api.middleware.version_negotiation [None req-b7f4bc17-7b22-4d5a-90ad-6dad3f83eaf3 tempest-ServerBootFromVolumeStableRescueTest-386683116 tempest-ServerBootFromVolumeStableRescueTest-386683116-project-member] Matched version: v2 {{(pid=98907) process_request /opt/stack/glance/glance/api/middleware/version_negotiation.py:69}}
Jun 12 07:55:19.329769 np0000002714 devstack@g-api.service[98907]: DEBUG glance.api.middleware.version_negotiation [None req-b7f4bc17-7b22-4d5a-90ad-6dad3f83eaf3 tempest-ServerBootFromVolumeStableRescueTest-386683116 tempest-ServerBootFromVolumeStableRescueTest-386683116-project-member] new path /v2/images/50b23b46-f7d3-4633-84d8-307498b77e84 {{(pid=98907) process_request /opt/stack/glance/glance/api/middleware/version_negotiation.py:70}}
Jun 12 07:55:19.368099 np0000002714 devstack@g-api.service[98908]: DEBUG glance.api.middleware.version_negotiation [None req-b7f4bc17-7b22-4d5a-90ad-6dad3f83eaf3 tempest-ServerBootFromVolumeStableRescueTest-386683116 tempest-ServerBootFromVolumeStableRescueTest-386683116-project-member] Determining version of request: GET /v2/images/50b23b46-f7d3-4633-84d8-307498b77e84 Accept: application/json {{(pid=98908) process_request /opt/stack/glance/glance/api/middleware/version_negotiation.py:44}}
Jun 12 07:55:19.368290 np0000002714 devstack@g-api.service[98908]: DEBUG glance.api.middleware.version_negotiation [None req-b7f4bc17-7b22-4d5a-90ad-6dad3f83eaf3 tempest-ServerBootFromVolumeStableRescueTest-386683116 tempest-ServerBootFromVolumeStableRescueTest-386683116-project-member] Using url versioning {{(pid=98908) process_request /opt/stack/glance/glance/api/middleware/version_negotiation.py:57}}
Jun 12 07:55:19.368412 np0000002714 devstack@g-api.service[98908]: DEBUG glance.api.middleware.version_negotiation [None req-b7f4bc17-7b22-4d5a-90ad-6dad3f83eaf3 tempest-ServerBootFromVolumeStableRescueTest-386683116 tempest-ServerBootFromVolumeStableRescueTest-386683116-project-member] Matched version: v2 {{(pid=98908) process_request /opt/stack/glance/glance/api/middleware/version_negotiation.py:69}}
Jun 12 07:55:19.368534 np0000002714 devstack@g-api.service[98908]: DEBUG glance.api.middleware.version_negotiation [None req-b7f4bc17-7b22-4d5a-90ad-6dad3f83eaf3 tempest-ServerBootFromVolumeStableRescueTest-386683116 tempest-ServerBootFromVolumeStableRescueTest-386683116-project-member] new path /v2/images/50b23b46-f7d3-4633-84d8-307498b77e84 {{(pid=98908) process_request /opt/stack/glance/glance/api/middleware/version_negotiation.py:70}}
Jun 12 07:55:19.399263 np0000002714 devstack@g-api.service[98908]: [pid: 98908|app: 0|req: 103/185] 127.0.0.1 () {40 vars in 838 bytes} [Fri Jun 12 07:55:19 2026] GET /v2/images/50b23b46-f7d3-4633-84d8-307498b77e84 => generated 1357 bytes in 31 msecs (HTTP/1.1 200) 4 headers in 158 bytes (1 switches on core 0)
Jun 12 07:55:19.549659 np0000002714 devstack@g-api.service[98907]: [pid: 98907|app: 0|req: 83/186] 127.0.0.1 () {46 vars in 1158 bytes} [Fri Jun 12 07:55:19 2026] PATCH /v2/images/50b23b46-f7d3-4633-84d8-307498b77e84 => generated 1468 bytes in 221 msecs (HTTP/1.1 200) 4 headers in 158 bytes (1 switches on core 0)
Jun 12 07:55:19.605029 np0000002714 devstack@g-api.service[98908]: DEBUG glance.api.middleware.version_negotiation [None req-a1597d16-c84f-4a53-a8e7-528c513bdf51 tempest-ServerBootFromVolumeStableRescueTest-386683116 tempest-ServerBootFromVolumeStableRescueTest-386683116-project-member] Determining version of request: GET /v2/images/50b23b46-f7d3-4633-84d8-307498b77e84 Accept: */* {{(pid=98908) process_request /opt/stack/glance/glance/api/middleware/version_negotiation.py:44}}
Jun 12 07:55:19.605316 np0000002714 devstack@g-api.service[98908]: DEBUG glance.api.middleware.version_negotiation [None req-a1597d16-c84f-4a53-a8e7-528c513bdf51 tempest-ServerBootFromVolumeStableRescueTest-386683116 tempest-ServerBootFromVolumeStableRescueTest-386683116-project-member] Using url versioning {{(pid=98908) process_request /opt/stack/glance/glance/api/middleware/version_negotiation.py:57}}
Jun 12 07:55:19.605512 np0000002714 devstack@g-api.service[98908]: DEBUG glance.api.middleware.version_negotiation [None req-a1597d16-c84f-4a53-a8e7-528c513bdf51 tempest-ServerBootFromVolumeStableRescueTest-386683116 tempest-ServerBootFromVolumeStableRescueTest-386683116-project-member] Matched version: v2 {{(pid=98908) process_request /opt/stack/glance/glance/api/middleware/version_negotiation.py:69}}
Jun 12 07:55:19.606326 np0000002714 devstack@g-api.service[98908]: DEBUG glance.api.middleware.version_negotiation [None req-a1597d16-c84f-4a53-a8e7-528c513bdf51 tempest-ServerBootFromVolumeStableRescueTest-386683116 tempest-ServerBootFromVolumeStableRescueTest-386683116-project-member] new path /v2/images/50b23b46-f7d3-4633-84d8-307498b77e84 {{(pid=98908) process_request /opt/stack/glance/glance/api/middleware/version_negotiation.py:70}}
Jun 12 07:55:19.618903 np0000002714 devstack@g-api.service[98908]: [pid: 98908|app: 0|req: 104/187] 127.0.0.1 () {44 vars in 1115 bytes} [Fri Jun 12 07:55:19 2026] GET /v2/images/50b23b46-f7d3-4633-84d8-307498b77e84 => generated 1468 bytes in 14 msecs (HTTP/1.1 200) 4 headers in 158 bytes (1 switches on core 0)
Jun 12 07:55:19.672976 np0000002714 devstack@g-api.service[98907]: DEBUG glance.api.middleware.version_negotiation [None req-b7f4bc17-7b22-4d5a-90ad-6dad3f83eaf3 tempest-ServerBootFromVolumeStableRescueTest-386683116 tempest-ServerBootFromVolumeStableRescueTest-386683116-project-member] Determining version of request: PUT /v2/images/50b23b46-f7d3-4633-84d8-307498b77e84/file Accept: */* {{(pid=98907) process_request /opt/stack/glance/glance/api/middleware/version_negotiation.py:44}}
Jun 12 07:55:19.673143 np0000002714 devstack@g-api.service[98907]: DEBUG glance.api.middleware.version_negotiation [None req-b7f4bc17-7b22-4d5a-90ad-6dad3f83eaf3 tempest-ServerBootFromVolumeStableRescueTest-386683116 tempest-ServerBootFromVolumeStableRescueTest-386683116-project-member] Using url versioning {{(pid=98907) process_request /opt/stack/glance/glance/api/middleware/version_negotiation.py:57}}
Jun 12 07:55:19.673287 np0000002714 devstack@g-api.service[98907]: DEBUG glance.api.middleware.version_negotiation [None req-b7f4bc17-7b22-4d5a-90ad-6dad3f83eaf3 tempest-ServerBootFromVolumeStableRescueTest-386683116 tempest-ServerBootFromVolumeStableRescueTest-386683116-project-member] Matched version: v2 {{(pid=98907) process_request /opt/stack/glance/glance/api/middleware/version_negotiation.py:69}}
Jun 12 07:55:19.674192 np0000002714 devstack@g-api.service[98907]: DEBUG glance.api.middleware.version_negotiation [None req-b7f4bc17-7b22-4d5a-90ad-6dad3f83eaf3 tempest-ServerBootFromVolumeStableRescueTest-386683116 tempest-ServerBootFromVolumeStableRescueTest-386683116-project-member] new path /v2/images/50b23b46-f7d3-4633-84d8-307498b77e84/file {{(pid=98907) process_request /opt/stack/glance/glance/api/middleware/version_negotiation.py:70}}
Jun 12 07:55:20.286286 np0000002714 devstack@g-api.service[98907]: INFO glance.api.v2.image_data [None req-b7f4bc17-7b22-4d5a-90ad-6dad3f83eaf3 tempest-ServerBootFromVolumeStableRescueTest-386683116 tempest-ServerBootFromVolumeStableRescueTest-386683116-project-member] Unable to create trust: no such option collect_timing in group [keystone_authtoken] Use the existing user token.
Jun 12 07:55:20.408804 np0000002714 devstack@g-api.service[98908]: DEBUG glance.api.middleware.version_negotiation [None req-b7f4bc17-7b22-4d5a-90ad-6dad3f83eaf3 tempest-ServerBootFromVolumeStableRescueTest-386683116 tempest-ServerBootFromVolumeStableRescueTest-386683116-project-member] Determining version of request: GET /v2/images/50b23b46-f7d3-4633-84d8-307498b77e84 Accept: application/json {{(pid=98908) process_request /opt/stack/glance/glance/api/middleware/version_negotiation.py:44}}
Jun 12 07:55:20.408804 np0000002714 devstack@g-api.service[98908]: DEBUG glance.api.middleware.version_negotiation [None req-b7f4bc17-7b22-4d5a-90ad-6dad3f83eaf3 tempest-ServerBootFromVolumeStableRescueTest-386683116 tempest-ServerBootFromVolumeStableRescueTest-386683116-project-member] Using url versioning {{(pid=98908) process_request /opt/stack/glance/glance/api/middleware/version_negotiation.py:57}}
Jun 12 07:55:20.408804 np0000002714 devstack@g-api.service[98908]: DEBUG glance.api.middleware.version_negotiation [None req-b7f4bc17-7b22-4d5a-90ad-6dad3f83eaf3 tempest-ServerBootFromVolumeStableRescueTest-386683116 tempest-ServerBootFromVolumeStableRescueTest-386683116-project-member] Matched version: v2 {{(pid=98908) process_request /opt/stack/glance/glance/api/middleware/version_negotiation.py:69}}
Jun 12 07:55:20.408804 np0000002714 devstack@g-api.service[98908]: DEBUG glance.api.middleware.version_negotiation [None req-b7f4bc17-7b22-4d5a-90ad-6dad3f83eaf3 tempest-ServerBootFromVolumeStableRescueTest-386683116 tempest-ServerBootFromVolumeStableRescueTest-386683116-project-member] new path /v2/images/50b23b46-f7d3-4633-84d8-307498b77e84 {{(pid=98908) process_request /opt/stack/glance/glance/api/middleware/version_negotiation.py:70}}
Jun 12 07:55:20.434339 np0000002714 devstack@g-api.service[98908]: [pid: 98908|app: 0|req: 105/188] 127.0.0.1 () {40 vars in 838 bytes} [Fri Jun 12 07:55:20 2026] GET /v2/images/50b23b46-f7d3-4633-84d8-307498b77e84 => generated 1468 bytes in 26 msecs (HTTP/1.1 200) 4 headers in 158 bytes (1 switches on core 0)
Jun 12 07:55:20.989837 np0000002714 devstack@g-api.service[98907]: DEBUG glance.location [None req-b7f4bc17-7b22-4d5a-90ad-6dad3f83eaf3 tempest-ServerBootFromVolumeStableRescueTest-386683116 tempest-ServerBootFromVolumeStableRescueTest-386683116-project-member] Enabling in-flight format inspection for qcow2 {{(pid=98907) set_data /opt/stack/glance/glance/location.py:616}}
Jun 12 07:55:20.990848 np0000002714 devstack@g-api.service[98907]: DEBUG glance_store.backend [None req-b7f4bc17-7b22-4d5a-90ad-6dad3f83eaf3 tempest-ServerBootFromVolumeStableRescueTest-386683116 tempest-ServerBootFromVolumeStableRescueTest-386683116-project-member] Attempting to import store swift {{(pid=98907) _load_store /opt/stack/data/venv/lib/python3.12/site-packages/glance_store/backend.py:215}}
Jun 12 07:55:20.992770 np0000002714 devstack@g-api.service[98907]: DEBUG glance_store.capabilities [None req-b7f4bc17-7b22-4d5a-90ad-6dad3f83eaf3 tempest-ServerBootFromVolumeStableRescueTest-386683116 tempest-ServerBootFromVolumeStableRescueTest-386683116-project-member] Store glance_store._drivers.swift.store.SingleTenantStore doesn't support updating dynamic storage capabilities. Please overwrite 'update_capabilities' method of the store to implement updating logics if needed. {{(pid=98907) update_capabilities /opt/stack/data/venv/lib/python3.12/site-packages/glance_store/capabilities.py:91}}
Jun 12 07:55:20.992981 np0000002714 devstack@g-api.service[98907]: DEBUG glance_store.driver [None req-b7f4bc17-7b22-4d5a-90ad-6dad3f83eaf3 tempest-ServerBootFromVolumeStableRescueTest-386683116 tempest-ServerBootFromVolumeStableRescueTest-386683116-project-member] Late loading location class glance_store._drivers.swift.store.StoreLocation {{(pid=98907) get_store_location_class /opt/stack/data/venv/lib/python3.12/site-packages/glance_store/driver.py:134}}
Jun 12 07:55:20.993091 np0000002714 devstack@g-api.service[98907]: DEBUG glance_store.location [None req-b7f4bc17-7b22-4d5a-90ad-6dad3f83eaf3 tempest-ServerBootFromVolumeStableRescueTest-386683116 tempest-ServerBootFromVolumeStableRescueTest-386683116-project-member] Registering scheme swift+https with {'store': , 'location_class': , 'store_entry': 'swift'} {{(pid=98907) register_scheme_map /opt/stack/data/venv/lib/python3.12/site-packages/glance_store/location.py:146}}
Jun 12 07:55:20.993393 np0000002714 devstack@g-api.service[98907]: DEBUG glance_store.location [None req-b7f4bc17-7b22-4d5a-90ad-6dad3f83eaf3 tempest-ServerBootFromVolumeStableRescueTest-386683116 tempest-ServerBootFromVolumeStableRescueTest-386683116-project-member] Registering scheme swift+https with {'store': , 'location_class': , 'store_entry': 'swift'} {{(pid=98907) register_scheme_map /opt/stack/data/venv/lib/python3.12/site-packages/glance_store/location.py:146}}
Jun 12 07:55:20.993393 np0000002714 devstack@g-api.service[98907]: DEBUG glance_store.location [None req-b7f4bc17-7b22-4d5a-90ad-6dad3f83eaf3 tempest-ServerBootFromVolumeStableRescueTest-386683116 tempest-ServerBootFromVolumeStableRescueTest-386683116-project-member] Registering scheme swift with {'store': , 'location_class': , 'store_entry': 'swift'} {{(pid=98907) register_scheme_map /opt/stack/data/venv/lib/python3.12/site-packages/glance_store/location.py:146}}
