May 27 20:02:46.794873 np0000001547 nova-scheduler[95709]: DEBUG cotyledon.oslo_config_glue [-] oslo_limit.endpoint_interface = public {{(pid=95709) log_opt_values /opt/stack/data/venv/lib/python3.12/site-packages/oslo_config/cfg.py:3256}}
May 27 20:02:46.794873 np0000001547 nova-scheduler[95709]: DEBUG cotyledon.oslo_config_glue [-] oslo_limit.endpoint_override = None {{(pid=95709) log_opt_values /opt/stack/data/venv/lib/python3.12/site-packages/oslo_config/cfg.py:3256}}
May 27 20:02:46.794873 np0000001547 nova-scheduler[95709]: DEBUG cotyledon.oslo_config_glue [-] oslo_limit.endpoint_region_name = None {{(pid=95709) log_opt_values /opt/stack/data/venv/lib/python3.12/site-packages/oslo_config/cfg.py:3256}}
May 27 20:02:46.794873 np0000001547 nova-scheduler[95709]: DEBUG cotyledon.oslo_config_glue [-] oslo_limit.endpoint_service_name = None {{(pid=95709) log_opt_values /opt/stack/data/venv/lib/python3.12/site-packages/oslo_config/cfg.py:3256}}
May 27 20:02:46.794873 np0000001547 nova-scheduler[95709]: DEBUG cotyledon.oslo_config_glue [-] oslo_limit.endpoint_service_type = None {{(pid=95709) log_opt_values /opt/stack/data/venv/lib/python3.12/site-packages/oslo_config/cfg.py:3256}}
May 27 20:02:46.794873 np0000001547 nova-scheduler[95709]: DEBUG cotyledon.oslo_config_glue [-] oslo_limit.insecure = False {{(pid=95709) log_opt_values /opt/stack/data/venv/lib/python3.12/site-packages/oslo_config/cfg.py:3256}}
May 27 20:02:46.794873 np0000001547 nova-scheduler[95709]: DEBUG cotyledon.oslo_config_glue [-] oslo_limit.keyfile = None {{(pid=95709) log_opt_values /opt/stack/data/venv/lib/python3.12/site-packages/oslo_config/cfg.py:3256}}
May 27 20:02:46.794873 np0000001547 nova-scheduler[95709]: DEBUG cotyledon.oslo_config_glue [-] oslo_limit.max_version = None {{(pid=95709) log_opt_values /opt/stack/data/venv/lib/python3.12/site-packages/oslo_config/cfg.py:3256}}
May 27 20:02:46.794873 np0000001547 nova-scheduler[95709]: DEBUG cotyledon.oslo_config_glue [-] oslo_limit.min_version = None {{(pid=95709) log_opt_values /opt/stack/data/venv/lib/python3.12/site-packages/oslo_config/cfg.py:3256}}
May 27 20:02:46.795128 np0000001547 nova-scheduler[95709]: DEBUG cotyledon.oslo_config_glue [-] oslo_limit.region_name = None {{(pid=95709) log_opt_values /opt/stack/data/venv/lib/python3.12/site-packages/oslo_config/cfg.py:3256}}
May 27 20:02:46.795128 np0000001547 nova-scheduler[95709]: DEBUG cotyledon.oslo_config_glue [-] oslo_limit.retriable_status_codes = None {{(pid=95709) log_opt_values /opt/stack/data/venv/lib/python3.12/site-packages/oslo_config/cfg.py:3256}}
May 27 20:02:46.795128 np0000001547 nova-scheduler[95709]: DEBUG cotyledon.oslo_config_glue [-] oslo_limit.service_name = None {{(pid=95709) log_opt_values /opt/stack/data/venv/lib/python3.12/site-packages/oslo_config/cfg.py:3256}}
May 27 20:02:46.795128 np0000001547 nova-scheduler[95709]: DEBUG cotyledon.oslo_config_glue [-] oslo_limit.service_type = None {{(pid=95709) log_opt_values /opt/stack/data/venv/lib/python3.12/site-packages/oslo_config/cfg.py:3256}}
May 27 20:02:46.795128 np0000001547 nova-scheduler[95709]: DEBUG cotyledon.oslo_config_glue [-] oslo_limit.split_loggers = False {{(pid=95709) log_opt_values /opt/stack/data/venv/lib/python3.12/site-packages/oslo_config/cfg.py:3256}}
May 27 20:02:46.795128 np0000001547 nova-scheduler[95709]: DEBUG cotyledon.oslo_config_glue [-] oslo_limit.status_code_retries = None {{(pid=95709) log_opt_values /opt/stack/data/venv/lib/python3.12/site-packages/oslo_config/cfg.py:3256}}
May 27 20:02:46.795128 np0000001547 nova-scheduler[95709]: DEBUG cotyledon.oslo_config_glue [-] oslo_limit.status_code_retry_delay = None {{(pid=95709) log_opt_values /opt/stack/data/venv/lib/python3.12/site-packages/oslo_config/cfg.py:3256}}
May 27 20:02:46.795128 np0000001547 nova-scheduler[95709]: DEBUG cotyledon.oslo_config_glue [-] oslo_limit.timeout = None {{(pid=95709) log_opt_values /opt/stack/data/venv/lib/python3.12/site-packages/oslo_config/cfg.py:3256}}
May 27 20:02:46.795128 np0000001547 nova-scheduler[95709]: DEBUG cotyledon.oslo_config_glue [-] oslo_limit.valid_interfaces = None {{(pid=95709) log_opt_values /opt/stack/data/venv/lib/python3.12/site-packages/oslo_config/cfg.py:3256}}
May 27 20:02:46.795354 np0000001547 nova-scheduler[95709]: DEBUG cotyledon.oslo_config_glue [-] oslo_limit.version = None {{(pid=95709) log_opt_values /opt/stack/data/venv/lib/python3.12/site-packages/oslo_config/cfg.py:3256}}
May 27 20:02:46.795354 np0000001547 nova-scheduler[95709]: DEBUG cotyledon.oslo_config_glue [-] oslo_reports.file_event_handler = None {{(pid=95709) log_opt_values /opt/stack/data/venv/lib/python3.12/site-packages/oslo_config/cfg.py:3256}}
May 27 20:02:46.795354 np0000001547 nova-scheduler[95709]: DEBUG cotyledon.oslo_config_glue [-] oslo_reports.file_event_handler_interval = 1 {{(pid=95709) log_opt_values /opt/stack/data/venv/lib/python3.12/site-packages/oslo_config/cfg.py:3256}}
May 27 20:02:46.795354 np0000001547 nova-scheduler[95709]: DEBUG cotyledon.oslo_config_glue [-] oslo_reports.log_dir = None {{(pid=95709) log_opt_values /opt/stack/data/venv/lib/python3.12/site-packages/oslo_config/cfg.py:3256}}
May 27 20:02:46.795354 np0000001547 nova-scheduler[95709]: DEBUG cotyledon.oslo_config_glue [-] ******************************************************************************** {{(pid=95709) log_opt_values /opt/stack/data/venv/lib/python3.12/site-packages/oslo_config/cfg.py:3263}}
May 27 20:02:46.795354 np0000001547 nova-scheduler[95709]: DEBUG cotyledon._service_worker [-] Run service ServiceWrapper(1) [95709] {{(pid=95709) wait_forever /opt/stack/data/venv/lib/python3.12/site-packages/cotyledon/_service_worker.py:218}}
May 27 20:02:46.795472 np0000001547 nova-scheduler[95707]: INFO dbcounter [None req-36641a45-7c94-40d7-8aaa-b6fba6e4c25a None None] Registered counter for database nova_cell0
May 27 20:02:46.795496 np0000001547 nova-scheduler[95709]: INFO nova.service [-] Starting scheduler node (version 33.1.0)
May 27 20:02:46.798603 np0000001547 nova-scheduler[95709]: INFO dbcounter [None req-f8f5e4f6-1588-4b55-b1f1-52d3a132179a None None] Registered counter for database nova_cell0
May 27 20:02:46.832078 np0000001547 nova-scheduler[95707]: DEBUG oslo_db.sqlalchemy.engines [None req-36641a45-7c94-40d7-8aaa-b6fba6e4c25a None None] MySQL server mode set to STRICT_TRANS_TABLES,STRICT_ALL_TABLES,NO_ZERO_IN_DATE,NO_ZERO_DATE,ERROR_FOR_DIVISION_BY_ZERO,TRADITIONAL,NO_ENGINE_SUBSTITUTION {{(pid=95707) _check_effective_sql_mode /opt/stack/data/venv/lib/python3.12/site-packages/oslo_db/sqlalchemy/engines.py:325}}
May 27 20:02:46.834931 np0000001547 nova-scheduler[95711]: DEBUG oslo_db.sqlalchemy.engines [None req-d8ba09d2-1724-4932-a716-e153372a9018 None None] MySQL server mode set to STRICT_TRANS_TABLES,STRICT_ALL_TABLES,NO_ZERO_IN_DATE,NO_ZERO_DATE,ERROR_FOR_DIVISION_BY_ZERO,TRADITIONAL,NO_ENGINE_SUBSTITUTION {{(pid=95711) _check_effective_sql_mode /opt/stack/data/venv/lib/python3.12/site-packages/oslo_db/sqlalchemy/engines.py:325}}
May 27 20:02:46.846597 np0000001547 nova-scheduler[95707]: DEBUG dbcounter [-] [95707] Writer thread running {{(pid=95707) stat_writer /opt/stack/data/venv/lib/python3.12/site-packages/dbcounter.py:102}}
May 27 20:02:46.846971 np0000001547 nova-scheduler[95711]: DEBUG dbcounter [-] [95711] Writer thread running {{(pid=95711) stat_writer /opt/stack/data/venv/lib/python3.12/site-packages/dbcounter.py:102}}
May 27 20:02:46.850562 np0000001547 nova-scheduler[95709]: DEBUG oslo_db.sqlalchemy.engines [None req-f8f5e4f6-1588-4b55-b1f1-52d3a132179a None None] MySQL server mode set to STRICT_TRANS_TABLES,STRICT_ALL_TABLES,NO_ZERO_IN_DATE,NO_ZERO_DATE,ERROR_FOR_DIVISION_BY_ZERO,TRADITIONAL,NO_ENGINE_SUBSTITUTION {{(pid=95709) _check_effective_sql_mode /opt/stack/data/venv/lib/python3.12/site-packages/oslo_db/sqlalchemy/engines.py:325}}
May 27 20:02:46.860874 np0000001547 nova-scheduler[95709]: DEBUG dbcounter [-] [95709] Writer thread running {{(pid=95709) stat_writer /opt/stack/data/venv/lib/python3.12/site-packages/dbcounter.py:102}}
May 27 20:02:46.869839 np0000001547 nova-scheduler[95707]: DEBUG nova.service [None req-36641a45-7c94-40d7-8aaa-b6fba6e4c25a None None] Creating RPC server for service: nova-scheduler on topic: scheduler {{(pid=95707) start /opt/stack/nova/nova/service.py:195}}
May 27 20:02:46.871904 np0000001547 nova-scheduler[95711]: DEBUG nova.service [None req-d8ba09d2-1724-4932-a716-e153372a9018 None None] Creating RPC server for service: nova-scheduler on topic: scheduler {{(pid=95711) start /opt/stack/nova/nova/service.py:195}}
May 27 20:02:46.877906 np0000001547 nova-scheduler[95709]: DEBUG nova.service [None req-f8f5e4f6-1588-4b55-b1f1-52d3a132179a None None] Creating RPC server for service: nova-scheduler on topic: scheduler {{(pid=95709) start /opt/stack/nova/nova/service.py:195}}
May 27 20:02:46.897560 np0000001547 nova-scheduler[95711]: DEBUG nova.service [None req-d8ba09d2-1724-4932-a716-e153372a9018 None None] Join ServiceGroup membership for this service scheduler {{(pid=95711) start /opt/stack/nova/nova/service.py:221}}
May 27 20:02:46.897560 np0000001547 nova-scheduler[95711]: DEBUG nova.servicegroup.drivers.db [None req-d8ba09d2-1724-4932-a716-e153372a9018 None None] DB_Driver: join new ServiceGroup member np0000001547 to the scheduler group, service = {{(pid=95711) join /opt/stack/nova/nova/servicegroup/drivers/db.py:44}}
May 27 20:02:46.898317 np0000001547 nova-scheduler[95707]: DEBUG nova.service [None req-36641a45-7c94-40d7-8aaa-b6fba6e4c25a None None] Join ServiceGroup membership for this service scheduler {{(pid=95707) start /opt/stack/nova/nova/service.py:221}}
May 27 20:02:46.898531 np0000001547 nova-scheduler[95707]: DEBUG nova.servicegroup.drivers.db [None req-36641a45-7c94-40d7-8aaa-b6fba6e4c25a None None] DB_Driver: join new ServiceGroup member np0000001547 to the scheduler group, service = {{(pid=95707) join /opt/stack/nova/nova/servicegroup/drivers/db.py:44}}
May 27 20:02:46.899988 np0000001547 nova-scheduler[95709]: DEBUG nova.service [None req-f8f5e4f6-1588-4b55-b1f1-52d3a132179a None None] Join ServiceGroup membership for this service scheduler {{(pid=95709) start /opt/stack/nova/nova/service.py:221}}
May 27 20:02:46.900179 np0000001547 nova-scheduler[95709]: DEBUG nova.servicegroup.drivers.db [None req-f8f5e4f6-1588-4b55-b1f1-52d3a132179a None None] DB_Driver: join new ServiceGroup member np0000001547 to the scheduler group, service = {{(pid=95709) join /opt/stack/nova/nova/servicegroup/drivers/db.py:44}}
May 27 20:02:51.912738 np0000001547 nova-scheduler[95709]: DEBUG oslo.service.backend._threading.loopingcall [-] Fixed interval looping call 'nova.servicegroup.drivers.db.DbDriver._report_state' sleeping for 119.99 seconds {{(pid=95709) _run_loop /opt/stack/data/venv/lib/python3.12/site-packages/oslo_service/backend/_threading/loopingcall.py:125}}
May 27 20:02:51.913912 np0000001547 nova-scheduler[95707]: DEBUG oslo.service.backend._threading.loopingcall [-] Fixed interval looping call 'nova.servicegroup.drivers.db.DbDriver._report_state' sleeping for 119.99 seconds {{(pid=95707) _run_loop /opt/stack/data/venv/lib/python3.12/site-packages/oslo_service/backend/_threading/loopingcall.py:125}}
May 27 20:02:51.915144 np0000001547 nova-scheduler[95711]: DEBUG oslo.service.backend._threading.loopingcall [-] Fixed interval looping call 'nova.servicegroup.drivers.db.DbDriver._report_state' sleeping for 119.98 seconds {{(pid=95711) _run_loop /opt/stack/data/venv/lib/python3.12/site-packages/oslo_service/backend/_threading/loopingcall.py:125}}
May 27 20:02:53.899691 np0000001547 nova-scheduler[95711]: DEBUG oslo.service.backend._threading.loopingcall [None req-11faf9c2-eee3-437c-9eea-627585ff080e None None] Dynamic interval looping call 'nova.service.Service.periodic_tasks' sleeping for 60.00 seconds {{(pid=95711) _run_loop /opt/stack/data/venv/lib/python3.12/site-packages/oslo_service/backend/_threading/loopingcall.py:125}}
May 27 20:02:55.391333 np0000001547 nova-scheduler[94432]: DEBUG dbcounter [-] [94432] Writing DB stats nova_api:SELECT=3 {{(pid=94432) stat_writer /opt/stack/data/venv/lib/python3.12/site-packages/dbcounter.py:115}}
May 27 20:02:55.563799 np0000001547 nova-scheduler[94432]: DEBUG dbcounter [-] [94432] Writing DB stats nova_cell1:SELECT=1 {{(pid=94432) stat_writer /opt/stack/data/venv/lib/python3.12/site-packages/dbcounter.py:115}}
May 27 20:02:55.569083 np0000001547 nova-scheduler[94432]: DEBUG dbcounter [-] [94432] Writing DB stats nova_cell0:SELECT=1 {{(pid=94432) stat_writer /opt/stack/data/venv/lib/python3.12/site-packages/dbcounter.py:115}}
May 27 20:03:01.906602 np0000001547 nova-scheduler[95709]: DEBUG dbcounter [-] [95709] Writing DB stats nova_cell0:SELECT=4,nova_cell0:INSERT=1,nova_cell0:UPDATE=1 {{(pid=95709) stat_writer /opt/stack/data/venv/lib/python3.12/site-packages/dbcounter.py:115}}
May 27 20:03:01.909197 np0000001547 nova-scheduler[95707]: DEBUG dbcounter [-] [95707] Writing DB stats nova_cell0:SELECT=4,nova_cell0:INSERT=1,nova_cell0:UPDATE=1 {{(pid=95707) stat_writer /opt/stack/data/venv/lib/python3.12/site-packages/dbcounter.py:115}}
May 27 20:03:01.910047 np0000001547 nova-scheduler[95711]: DEBUG dbcounter [-] [95711] Writing DB stats nova_cell0:SELECT=5,nova_cell0:INSERT=1,nova_cell0:UPDATE=1 {{(pid=95711) stat_writer /opt/stack/data/venv/lib/python3.12/site-packages/dbcounter.py:115}}
May 27 20:03:23.902129 np0000001547 nova-scheduler[95709]: DEBUG oslo.service.backend._threading.loopingcall [None req-1e609b13-8eb0-4e28-a2d8-09a27e1f2f32 None None] Dynamic interval looping call 'nova.service.Service.periodic_tasks' sleeping for 60.00 seconds {{(pid=95709) _run_loop /opt/stack/data/venv/lib/python3.12/site-packages/oslo_service/backend/_threading/loopingcall.py:125}}
May 27 20:03:41.900396 np0000001547 nova-scheduler[95707]: DEBUG oslo.service.backend._threading.loopingcall [None req-6fb1a08d-6d90-49a1-aa24-6dd31581f999 None None] Dynamic interval looping call 'nova.service.Service.periodic_tasks' sleeping for 60.00 seconds {{(pid=95707) _run_loop /opt/stack/data/venv/lib/python3.12/site-packages/oslo_service/backend/_threading/loopingcall.py:125}}
May 27 20:03:53.900173 np0000001547 nova-scheduler[95711]: DEBUG oslo.service.backend._threading.loopingcall [None req-11faf9c2-eee3-437c-9eea-627585ff080e None None] Dynamic interval looping call 'nova.service.Service.periodic_tasks' sleeping for 60.00 seconds {{(pid=95711) _run_loop /opt/stack/data/venv/lib/python3.12/site-packages/oslo_service/backend/_threading/loopingcall.py:125}}
May 27 20:04:23.902730 np0000001547 nova-scheduler[95709]: DEBUG oslo.service.backend._threading.loopingcall [None req-1e609b13-8eb0-4e28-a2d8-09a27e1f2f32 None None] Dynamic interval looping call 'nova.service.Service.periodic_tasks' sleeping for 60.00 seconds {{(pid=95709) _run_loop /opt/stack/data/venv/lib/python3.12/site-packages/oslo_service/backend/_threading/loopingcall.py:125}}
May 27 20:04:41.901243 np0000001547 nova-scheduler[95707]: DEBUG oslo.service.backend._threading.loopingcall [None req-6fb1a08d-6d90-49a1-aa24-6dd31581f999 None None] Dynamic interval looping call 'nova.service.Service.periodic_tasks' sleeping for 60.00 seconds {{(pid=95707) _run_loop /opt/stack/data/venv/lib/python3.12/site-packages/oslo_service/backend/_threading/loopingcall.py:125}}
May 27 20:04:51.902497 np0000001547 nova-scheduler[95711]: DEBUG oslo.service.backend._threading.loopingcall [-] Fixed interval looping call 'nova.servicegroup.drivers.db.DbDriver._report_state' sleeping for 119.99 seconds {{(pid=95711) _run_loop /opt/stack/data/venv/lib/python3.12/site-packages/oslo_service/backend/_threading/loopingcall.py:125}}
May 27 20:04:51.906817 np0000001547 nova-scheduler[95709]: DEBUG oslo.service.backend._threading.loopingcall [-] Fixed interval looping call 'nova.servicegroup.drivers.db.DbDriver._report_state' sleeping for 120.00 seconds {{(pid=95709) _run_loop /opt/stack/data/venv/lib/python3.12/site-packages/oslo_service/backend/_threading/loopingcall.py:125}}
May 27 20:04:51.907407 np0000001547 nova-scheduler[95707]: DEBUG oslo.service.backend._threading.loopingcall [-] Fixed interval looping call 'nova.servicegroup.drivers.db.DbDriver._report_state' sleeping for 120.00 seconds {{(pid=95707) _run_loop /opt/stack/data/venv/lib/python3.12/site-packages/oslo_service/backend/_threading/loopingcall.py:125}}
May 27 20:04:53.900599 np0000001547 nova-scheduler[95711]: DEBUG oslo.service.backend._threading.loopingcall [None req-11faf9c2-eee3-437c-9eea-627585ff080e None None] Dynamic interval looping call 'nova.service.Service.periodic_tasks' sleeping for 60.00 seconds {{(pid=95711) _run_loop /opt/stack/data/venv/lib/python3.12/site-packages/oslo_service/backend/_threading/loopingcall.py:125}}
May 27 20:05:01.899830 np0000001547 nova-scheduler[95711]: DEBUG dbcounter [-] [95711] Writing DB stats nova_cell0:SELECT=1,nova_cell0:UPDATE=1 {{(pid=95711) stat_writer /opt/stack/data/venv/lib/python3.12/site-packages/dbcounter.py:115}}
May 27 20:05:01.905728 np0000001547 nova-scheduler[95707]: DEBUG dbcounter [-] [95707] Writing DB stats nova_cell0:SELECT=1 {{(pid=95707) stat_writer /opt/stack/data/venv/lib/python3.12/site-packages/dbcounter.py:115}}
May 27 20:05:01.906950 np0000001547 nova-scheduler[95709]: DEBUG dbcounter [-] [95709] Writing DB stats nova_cell0:SELECT=1 {{(pid=95709) stat_writer /opt/stack/data/venv/lib/python3.12/site-packages/dbcounter.py:115}}
May 27 20:05:16.706251 np0000001547 nova-scheduler[95711]: DEBUG nova.scheduler.manager [None req-45b79f3d-19c7-4eb9-ab24-51c9f65759cc tempest-DeleteServersTestJSON-928165670 tempest-DeleteServersTestJSON-928165670-project-member] Starting to schedule for instances: ['82ba7828-b255-4bf7-95d4-c80a0fe6b18c'] {{(pid=95711) select_destinations /opt/stack/nova/nova/scheduler/manager.py:210}}
May 27 20:05:16.709598 np0000001547 nova-scheduler[95711]: DEBUG nova.scheduler.request_filter [None req-45b79f3d-19c7-4eb9-ab24-51c9f65759cc tempest-DeleteServersTestJSON-928165670 tempest-DeleteServersTestJSON-928165670-project-member] compute_status_filter request filter added forbidden trait COMPUTE_STATUS_DISABLED {{(pid=95711) compute_status_filter /opt/stack/nova/nova/scheduler/request_filter.py:253}}
May 27 20:05:16.710006 np0000001547 nova-scheduler[95711]: DEBUG nova.scheduler.request_filter [None req-45b79f3d-19c7-4eb9-ab24-51c9f65759cc tempest-DeleteServersTestJSON-928165670 tempest-DeleteServersTestJSON-928165670-project-member] Request filter 'compute_status_filter' took 0.0 seconds {{(pid=95711) wrapper /opt/stack/nova/nova/scheduler/request_filter.py:46}}
May 27 20:05:16.710006 np0000001547 nova-scheduler[95711]: DEBUG nova.scheduler.request_filter [None req-45b79f3d-19c7-4eb9-ab24-51c9f65759cc tempest-DeleteServersTestJSON-928165670 tempest-DeleteServersTestJSON-928165670-project-member] Request filter 'accelerators_filter' took 0.0 seconds {{(pid=95711) wrapper /opt/stack/nova/nova/scheduler/request_filter.py:46}}
May 27 20:05:16.710138 np0000001547 nova-scheduler[95711]: DEBUG nova.scheduler.request_filter [None req-45b79f3d-19c7-4eb9-ab24-51c9f65759cc tempest-DeleteServersTestJSON-928165670 tempest-DeleteServersTestJSON-928165670-project-member] Request filter 'packed_virtqueue_filter' took 0.0 seconds {{(pid=95711) wrapper /opt/stack/nova/nova/scheduler/request_filter.py:46}}
May 27 20:05:16.710322 np0000001547 nova-scheduler[95711]: DEBUG nova.scheduler.request_filter [None req-45b79f3d-19c7-4eb9-ab24-51c9f65759cc tempest-DeleteServersTestJSON-928165670 tempest-DeleteServersTestJSON-928165670-project-member] Request filter 'remote_managed_ports_filter' took 0.0 seconds {{(pid=95711) wrapper /opt/stack/nova/nova/scheduler/request_filter.py:46}}
May 27 20:05:16.710469 np0000001547 nova-scheduler[95711]: DEBUG nova.scheduler.request_filter [None req-45b79f3d-19c7-4eb9-ab24-51c9f65759cc tempest-DeleteServersTestJSON-928165670 tempest-DeleteServersTestJSON-928165670-project-member] ephemeral_encryption_filter skipped {{(pid=95711) ephemeral_encryption_filter /opt/stack/nova/nova/scheduler/request_filter.py:426}}
May 27 20:05:16.710575 np0000001547 nova-scheduler[95711]: DEBUG nova.scheduler.request_filter [None req-45b79f3d-19c7-4eb9-ab24-51c9f65759cc tempest-DeleteServersTestJSON-928165670 tempest-DeleteServersTestJSON-928165670-project-member] virtio_sound_filter skipped {{(pid=95711) virtio_sound_filter /opt/stack/nova/nova/scheduler/request_filter.py:460}}
May 27 20:05:16.710691 np0000001547 nova-scheduler[95711]: DEBUG nova.scheduler.request_filter [None req-45b79f3d-19c7-4eb9-ab24-51c9f65759cc tempest-DeleteServersTestJSON-928165670 tempest-DeleteServersTestJSON-928165670-project-member] tpm_secret_security_filter skipped {{(pid=95711) tpm_secret_security_filter /opt/stack/nova/nova/scheduler/request_filter.py:477}}
May 27 20:05:17.286917 np0000001547 nova-scheduler[95711]: INFO nova.utils [None req-45b79f3d-19c7-4eb9-ab24-51c9f65759cc tempest-DeleteServersTestJSON-928165670 tempest-DeleteServersTestJSON-928165670-project-member] The cell worker thread pool ForkProcess-3.cell_worker is initialized
May 27 20:05:17.286917 np0000001547 nova-scheduler[95711]: DEBUG oslo_concurrency.lockutils [None req-45b79f3d-19c7-4eb9-ab24-51c9f65759cc tempest-DeleteServersTestJSON-928165670 tempest-DeleteServersTestJSON-928165670-project-member] Acquiring lock "1343c692-0131-4979-9d67-d4cc4509dc62" by "nova.context.set_target_cell..get_or_set_cached_cell_and_set_connections" {{(pid=95711) inner /opt/stack/data/venv/lib/python3.12/site-packages/oslo_concurrency/lockutils.py:511}}
May 27 20:05:17.286917 np0000001547 nova-scheduler[95711]: DEBUG oslo_concurrency.lockutils [None req-45b79f3d-19c7-4eb9-ab24-51c9f65759cc tempest-DeleteServersTestJSON-928165670 tempest-DeleteServersTestJSON-928165670-project-member] Lock "1343c692-0131-4979-9d67-d4cc4509dc62" acquired by "nova.context.set_target_cell..get_or_set_cached_cell_and_set_connections" :: waited 0.000s {{(pid=95711) inner /opt/stack/data/venv/lib/python3.12/site-packages/oslo_concurrency/lockutils.py:524}}
May 27 20:05:17.286917 np0000001547 nova-scheduler[95711]: DEBUG oslo_concurrency.lockutils [None req-45b79f3d-19c7-4eb9-ab24-51c9f65759cc tempest-DeleteServersTestJSON-928165670 tempest-DeleteServersTestJSON-928165670-project-member] Lock "1343c692-0131-4979-9d67-d4cc4509dc62" "released" by "nova.context.set_target_cell..get_or_set_cached_cell_and_set_connections" :: held 0.002s {{(pid=95711) inner /opt/stack/data/venv/lib/python3.12/site-packages/oslo_concurrency/lockutils.py:543}}
May 27 20:05:17.288344 np0000001547 nova-scheduler[95711]: INFO dbcounter [None req-45b79f3d-19c7-4eb9-ab24-51c9f65759cc tempest-DeleteServersTestJSON-928165670 tempest-DeleteServersTestJSON-928165670-project-member] Registered counter for database nova_cell1
May 27 20:05:17.346622 np0000001547 nova-scheduler[95711]: DEBUG oslo_db.sqlalchemy.engines [None req-45b79f3d-19c7-4eb9-ab24-51c9f65759cc tempest-DeleteServersTestJSON-928165670 tempest-DeleteServersTestJSON-928165670-project-member] MySQL server mode set to STRICT_TRANS_TABLES,STRICT_ALL_TABLES,NO_ZERO_IN_DATE,NO_ZERO_DATE,ERROR_FOR_DIVISION_BY_ZERO,TRADITIONAL,NO_ENGINE_SUBSTITUTION {{(pid=95711) _check_effective_sql_mode /opt/stack/data/venv/lib/python3.12/site-packages/oslo_db/sqlalchemy/engines.py:325}}
May 27 20:05:17.357349 np0000001547 nova-scheduler[95711]: DEBUG dbcounter [-] [95711] Writer thread running {{(pid=95711) stat_writer /opt/stack/data/venv/lib/python3.12/site-packages/dbcounter.py:102}}
May 27 20:05:17.371408 np0000001547 nova-scheduler[95711]: DEBUG oslo_db.sqlalchemy.engines [None req-45b79f3d-19c7-4eb9-ab24-51c9f65759cc tempest-DeleteServersTestJSON-928165670 tempest-DeleteServersTestJSON-928165670-project-member] Parent process 94432 forked (95711) with an open database connection, which is being discarded and recreated. {{(pid=95711) checkout /opt/stack/data/venv/lib/python3.12/site-packages/oslo_db/sqlalchemy/engines.py:402}}
May 27 20:05:17.406086 np0000001547 nova-scheduler[95711]: DEBUG dbcounter [-] [95711] Writer thread running {{(pid=95711) stat_writer /opt/stack/data/venv/lib/python3.12/site-packages/dbcounter.py:102}}
May 27 20:05:17.408534 np0000001547 nova-scheduler[95711]: DEBUG oslo_concurrency.lockutils [None req-45b79f3d-19c7-4eb9-ab24-51c9f65759cc tempest-DeleteServersTestJSON-928165670 tempest-DeleteServersTestJSON-928165670-project-member] Acquiring lock "1343c692-0131-4979-9d67-d4cc4509dc62" by "nova.context.set_target_cell..get_or_set_cached_cell_and_set_connections" {{(pid=95711) inner /opt/stack/data/venv/lib/python3.12/site-packages/oslo_concurrency/lockutils.py:511}}
May 27 20:05:17.408712 np0000001547 nova-scheduler[95711]: DEBUG oslo_concurrency.lockutils [None req-45b79f3d-19c7-4eb9-ab24-51c9f65759cc tempest-DeleteServersTestJSON-928165670 tempest-DeleteServersTestJSON-928165670-project-member] Lock "1343c692-0131-4979-9d67-d4cc4509dc62" acquired by "nova.context.set_target_cell..get_or_set_cached_cell_and_set_connections" :: waited 0.000s {{(pid=95711) inner /opt/stack/data/venv/lib/python3.12/site-packages/oslo_concurrency/lockutils.py:524}}
May 27 20:05:17.408869 np0000001547 nova-scheduler[95711]: DEBUG oslo_concurrency.lockutils [None req-45b79f3d-19c7-4eb9-ab24-51c9f65759cc tempest-DeleteServersTestJSON-928165670 tempest-DeleteServersTestJSON-928165670-project-member] Lock "1343c692-0131-4979-9d67-d4cc4509dc62" "released" by "nova.context.set_target_cell..get_or_set_cached_cell_and_set_connections" :: held 0.000s {{(pid=95711) inner /opt/stack/data/venv/lib/python3.12/site-packages/oslo_concurrency/lockutils.py:543}}
May 27 20:05:17.411833 np0000001547 nova-scheduler[95711]: DEBUG oslo_concurrency.lockutils [None req-45b79f3d-19c7-4eb9-ab24-51c9f65759cc tempest-DeleteServersTestJSON-928165670 tempest-DeleteServersTestJSON-928165670-project-member] Acquiring lock "('np0000001547', 'np0000001547')" by "nova.scheduler.host_manager.HostState.update.._locked_update" {{(pid=95711) inner /opt/stack/data/venv/lib/python3.12/site-packages/oslo_concurrency/lockutils.py:511}}
May 27 20:05:17.412023 np0000001547 nova-scheduler[95711]: DEBUG oslo_concurrency.lockutils [None req-45b79f3d-19c7-4eb9-ab24-51c9f65759cc tempest-DeleteServersTestJSON-928165670 tempest-DeleteServersTestJSON-928165670-project-member] Lock "('np0000001547', 'np0000001547')" acquired by "nova.scheduler.host_manager.HostState.update.._locked_update" :: waited 0.000s {{(pid=95711) inner /opt/stack/data/venv/lib/python3.12/site-packages/oslo_concurrency/lockutils.py:524}}
May 27 20:05:17.413027 np0000001547 nova-scheduler[95711]: DEBUG nova.scheduler.host_manager [None req-45b79f3d-19c7-4eb9-ab24-51c9f65759cc tempest-DeleteServersTestJSON-928165670 tempest-DeleteServersTestJSON-928165670-project-member] Update host state from compute node: ComputeNode(cpu_allocation_ratio=4.0,cpu_info='{"arch": "x86_64", "model": "EPYC-Milan", "vendor": "AMD", "topology": {"cells": 1, "sockets": 12, "cores": 1, "threads": 1}, "maxphysaddr": {"mode": "emulate", "bits": 40}, "features": ["rdpid", "ibpb", "clwb", "bmi1", "hypervisor", "erms", "de", "ibrs", "amd-stibp", "pku", "fxsr", "pat", "abm", "bmi2", "v-vmsave-vmload", "cx16", "fsgsbase", "sha-ni", "cmp_legacy", "pfthreshold", "pge", "stibp", "smap", "adx", "x2apic", "xsaves", "apic", "null-sel-clr-base", "sep", "clflush", "vgif", "mca", "rdseed", "sse4a", "vme", "wbnoinvd", "invpcid", "pae", "sse2", "amd-ssbd", "xsave", "tsc", "ssse3", "vaes", "virt-ssbd", "popcnt", "lfence-always-serializing", "gds-no", "smep", "osvw", "sse4.1", "lm", "flushbyasid", "lbrv", "nrip-save", "xsaveerptr", "rdctl-no", "pclmuldq", "spec-ctrl", "fma", "fpu", "pni", "xsavec", "tsc-scale", "sse4.2", "svme-addr-chk", "mce", "umip", "misalignsse", "mds-no", "arat", "lahf_lm", "cx8", "pse", "msr", "stibp-always-on", "arch-capabilities", "ssbd", "f16c", "amd-psfd", "mtrr", "vpclmulqdq", "npt", "avx", "pcid", "rdrand", "avx2", "pse36", "fxsr_opt", "syscall", "tsc-deadline", "sse", "aes", "no-nested-data-bp", "cr8legacy", "xgetbv1", "fsrm", "mmx", "mmxext", "xsaveopt", "clflushopt", "perfctr_core", "nx", "svm", "vmcb-clean", "tsc_adjust", "clzero", "pause-filter", "topoext", "movbe", "skip-l1dfl-vmentry", "rdtscp", "3dnowprefetch", "cmov", "pschange-mc-no", "pdpe1gb"]}',created_at=2026-05-27T20:03:11Z,current_workload=0,deleted=False,deleted_at=None,disk_allocation_ratio=1.0,disk_available_least=74,free_disk_gb=95,free_ram_mb=23518,host='np0000001547',host_ip=10.4.3.197,hypervisor_hostname='np0000001547',hypervisor_type='QEMU',hypervisor_version=8002002,id=1,local_gb=95,local_gb_used=0,mapped=1,memory_mb=24030,memory_mb_used=512,metrics='[]',numa_topology='{"nova_object.name": "NUMATopology", "nova_object.namespace": "nova", "nova_object.version": "1.2", "nova_object.data": {"cells": [{"nova_object.name": "NUMACell", "nova_object.namespace": "nova", "nova_object.version": "1.5", "nova_object.data": {"id": 0, "cpuset": [0, 1, 2, 3, 4, 5, 6, 7, 8, 9, 10, 11], "pcpuset": [0, 1, 2, 3, 4, 5, 6, 7, 8, 9, 10, 11], "memory": 24030, "cpu_usage": 0, "memory_usage": 0, "pinned_cpus": [], "siblings": [[6], [2], [5], [11], [8], [4], [1], [7], [10], [0], [3], [9]], "mempages": [{"nova_object.name": "NUMAPagesTopology", "nova_object.namespace": "nova", "nova_object.version": "1.1", "nova_object.data": {"size_kb": 4, "total": 6151798, "used": 0, "reserved": 0}, "nova_object.changes": ["size_kb", "reserved", "used", "total"]}, {"nova_object.name": "NUMAPagesTopology", "nova_object.namespace": "nova", "nova_object.version": "1.1", "nova_object.data": {"size_kb": 2048, "total": 0, "used": 0, "reserved": 0}, "nova_object.changes": ["size_kb", "reserved", "used", "total"]}, {"nova_object.name": "NUMAPagesTopology", "nova_object.namespace": "nova", "nova_object.version": "1.1", "nova_object.data": {"size_kb": 1048576, "total": 0, "used": 0, "reserved": 0}, "nova_object.changes": ["size_kb", "reserved", "used", "total"]}], "network_metadata": {"nova_object.name": "NetworkMetadata", "nova_object.namespace": "nova", "nova_object.version": "1.0", "nova_object.data": {"physnets": [], "tunneled": false}, "nova_object.changes": ["physnets", "tunneled"]}, "socket": null}, "nova_object.changes": ["socket", "pcpuset", "mempages", "network_metadata", "siblings", "cpuset", "memory_usage", "memory", "id", "pinned_cpus", "cpu_usage"]}]}, "nova_object.changes": ["cells"]}',pci_device_pools=PciDevicePoolList,ram_allocation_ratio=1.0,running_vms=0,service_id=3,stats={failed_builds='0',uptime=' 20:04:57 up 27 min, 2 users, load average: 2.12, 1.62, 0.89
May 27 20:05:17.413027 np0000001547 nova-scheduler[95711]: '},supported_hv_specs=[HVSpec,HVSpec,HVSpec,HVSpec,HVSpec,HVSpec,HVSpec,HVSpec,HVSpec,HVSpec,HVSpec,HVSpec,HVSpec,HVSpec,HVSpec,HVSpec,HVSpec,HVSpec,HVSpec,HVSpec,HVSpec,HVSpec,HVSpec,HVSpec,HVSpec],updated_at=2026-05-27T20:04:59Z,uuid=0379c070-57f4-4a34-9151-dbc53152f803,vcpus=12,vcpus_used=0) {{(pid=95711) _locked_update /opt/stack/nova/nova/scheduler/host_manager.py:168}}
May 27 20:05:17.413829 np0000001547 nova-scheduler[95711]: DEBUG nova.scheduler.host_manager [None req-45b79f3d-19c7-4eb9-ab24-51c9f65759cc tempest-DeleteServersTestJSON-928165670 tempest-DeleteServersTestJSON-928165670-project-member] Update host state with aggregates: [] {{(pid=95711) _locked_update /opt/stack/nova/nova/scheduler/host_manager.py:171}}
May 27 20:05:17.414001 np0000001547 nova-scheduler[95711]: DEBUG nova.scheduler.host_manager [None req-45b79f3d-19c7-4eb9-ab24-51c9f65759cc tempest-DeleteServersTestJSON-928165670 tempest-DeleteServersTestJSON-928165670-project-member] Update host state with service dict: {'id': 3, 'uuid': '0994278a-d588-4ea8-bfa6-58e5da0a6f3c', 'host': 'np0000001547', 'binary': 'nova-compute', 'topic': 'compute', 'report_count': 1, 'disabled': False, 'disabled_reason': None, 'last_seen_up': datetime.datetime(2026, 5, 27, 20, 3, 20, tzinfo=datetime.timezone.utc), 'forced_down': False, 'version': 72, 'created_at': datetime.datetime(2026, 5, 27, 20, 3, 10, tzinfo=datetime.timezone.utc), 'updated_at': datetime.datetime(2026, 5, 27, 20, 3, 20, tzinfo=datetime.timezone.utc), 'deleted_at': None, 'deleted': False} {{(pid=95711) _locked_update /opt/stack/nova/nova/scheduler/host_manager.py:174}}
May 27 20:05:17.414160 np0000001547 nova-scheduler[95711]: DEBUG nova.scheduler.host_manager [None req-45b79f3d-19c7-4eb9-ab24-51c9f65759cc tempest-DeleteServersTestJSON-928165670 tempest-DeleteServersTestJSON-928165670-project-member] Update host state with instances: [] {{(pid=95711) _locked_update /opt/stack/nova/nova/scheduler/host_manager.py:177}}
May 27 20:05:17.414323 np0000001547 nova-scheduler[95711]: DEBUG oslo_concurrency.lockutils [None req-45b79f3d-19c7-4eb9-ab24-51c9f65759cc tempest-DeleteServersTestJSON-928165670 tempest-DeleteServersTestJSON-928165670-project-member] Lock "('np0000001547', 'np0000001547')" "released" by "nova.scheduler.host_manager.HostState.update.._locked_update" :: held 0.002s {{(pid=95711) inner /opt/stack/data/venv/lib/python3.12/site-packages/oslo_concurrency/lockutils.py:543}}
May 27 20:05:17.414852 np0000001547 nova-scheduler[95711]: DEBUG nova.filters [None req-45b79f3d-19c7-4eb9-ab24-51c9f65759cc tempest-DeleteServersTestJSON-928165670 tempest-DeleteServersTestJSON-928165670-project-member] Starting with 1 host(s) {{(pid=95711) get_filtered_objects /opt/stack/nova/nova/filters.py:70}}
May 27 20:05:17.415129 np0000001547 nova-scheduler[95711]: DEBUG nova.filters [None req-45b79f3d-19c7-4eb9-ab24-51c9f65759cc tempest-DeleteServersTestJSON-928165670 tempest-DeleteServersTestJSON-928165670-project-member] Filter ComputeFilter returned 1 host(s) {{(pid=95711) get_filtered_objects /opt/stack/nova/nova/filters.py:102}}
May 27 20:05:17.415322 np0000001547 nova-scheduler[95711]: DEBUG nova.filters [None req-45b79f3d-19c7-4eb9-ab24-51c9f65759cc tempest-DeleteServersTestJSON-928165670 tempest-DeleteServersTestJSON-928165670-project-member] Filter ComputeCapabilitiesFilter returned 1 host(s) {{(pid=95711) get_filtered_objects /opt/stack/nova/nova/filters.py:102}}
May 27 20:05:17.415548 np0000001547 nova-scheduler[95711]: DEBUG nova.filters [None req-45b79f3d-19c7-4eb9-ab24-51c9f65759cc tempest-DeleteServersTestJSON-928165670 tempest-DeleteServersTestJSON-928165670-project-member] Filter ImagePropertiesFilter returned 1 host(s) {{(pid=95711) get_filtered_objects /opt/stack/nova/nova/filters.py:102}}
May 27 20:05:17.415708 np0000001547 nova-scheduler[95711]: DEBUG nova.filters [None req-45b79f3d-19c7-4eb9-ab24-51c9f65759cc tempest-DeleteServersTestJSON-928165670 tempest-DeleteServersTestJSON-928165670-project-member] Filter ServerGroupAntiAffinityFilter returned 1 host(s) {{(pid=95711) get_filtered_objects /opt/stack/nova/nova/filters.py:102}}
May 27 20:05:17.415869 np0000001547 nova-scheduler[95711]: DEBUG nova.filters [None req-45b79f3d-19c7-4eb9-ab24-51c9f65759cc tempest-DeleteServersTestJSON-928165670 tempest-DeleteServersTestJSON-928165670-project-member] Filter ServerGroupAffinityFilter returned 1 host(s) {{(pid=95711) get_filtered_objects /opt/stack/nova/nova/filters.py:102}}
May 27 20:05:17.416040 np0000001547 nova-scheduler[95711]: DEBUG nova.filters [None req-45b79f3d-19c7-4eb9-ab24-51c9f65759cc tempest-DeleteServersTestJSON-928165670 tempest-DeleteServersTestJSON-928165670-project-member] Filter SameHostFilter returned 1 host(s) {{(pid=95711) get_filtered_objects /opt/stack/nova/nova/filters.py:102}}
May 27 20:05:17.416194 np0000001547 nova-scheduler[95711]: DEBUG nova.filters [None req-45b79f3d-19c7-4eb9-ab24-51c9f65759cc tempest-DeleteServersTestJSON-928165670 tempest-DeleteServersTestJSON-928165670-project-member] Filter DifferentHostFilter returned 1 host(s) {{(pid=95711) get_filtered_objects /opt/stack/nova/nova/filters.py:102}}
May 27 20:05:17.416397 np0000001547 nova-scheduler[95711]: DEBUG nova.scheduler.manager [None req-45b79f3d-19c7-4eb9-ab24-51c9f65759cc tempest-DeleteServersTestJSON-928165670 tempest-DeleteServersTestJSON-928165670-project-member] Filtered [(np0000001547, np0000001547) ram: 23518MB disk: 75776MB io_ops: 0 instances: 0, allocation_candidates: 1] {{(pid=95711) _get_sorted_hosts /opt/stack/nova/nova/scheduler/manager.py:743}}
May 27 20:05:17.416618 np0000001547 nova-scheduler[95711]: DEBUG nova.scheduler.manager [None req-45b79f3d-19c7-4eb9-ab24-51c9f65759cc tempest-DeleteServersTestJSON-928165670 tempest-DeleteServersTestJSON-928165670-project-member] Weighed [WeighedHost [host: (np0000001547, np0000001547) ram: 23518MB disk: 75776MB io_ops: 0 instances: 0, allocation_candidates: 1, weight: 0.0]] {{(pid=95711) _get_sorted_hosts /opt/stack/nova/nova/scheduler/manager.py:765}}
May 27 20:05:17.416830 np0000001547 nova-scheduler[95711]: DEBUG nova.scheduler.utils [None req-45b79f3d-19c7-4eb9-ab24-51c9f65759cc tempest-DeleteServersTestJSON-928165670 tempest-DeleteServersTestJSON-928165670-project-member] Attempting to claim resources in the placement API for instance 82ba7828-b255-4bf7-95d4-c80a0fe6b18c {{(pid=95711) claim_resources /opt/stack/nova/nova/scheduler/utils.py:1304}}
May 27 20:05:17.601633 np0000001547 nova-scheduler[95711]: DEBUG nova.scheduler.manager [None req-45b79f3d-19c7-4eb9-ab24-51c9f65759cc tempest-DeleteServersTestJSON-928165670 tempest-DeleteServersTestJSON-928165670-project-member] [instance: 82ba7828-b255-4bf7-95d4-c80a0fe6b18c] Selected host: (np0000001547, np0000001547) ram: 23518MB disk: 75776MB io_ops: 0 instances: 0, allocation_candidates: 1 {{(pid=95711) _consume_selected_host /opt/stack/nova/nova/scheduler/manager.py:625}}
May 27 20:05:17.602659 np0000001547 nova-scheduler[95711]: DEBUG oslo_concurrency.lockutils [None req-45b79f3d-19c7-4eb9-ab24-51c9f65759cc tempest-DeleteServersTestJSON-928165670 tempest-DeleteServersTestJSON-928165670-project-member] Acquiring lock "('np0000001547', 'np0000001547')" by "nova.scheduler.host_manager.HostState.consume_from_request.._locked" {{(pid=95711) inner /opt/stack/data/venv/lib/python3.12/site-packages/oslo_concurrency/lockutils.py:511}}
May 27 20:05:17.602659 np0000001547 nova-scheduler[95711]: DEBUG oslo_concurrency.lockutils [None req-45b79f3d-19c7-4eb9-ab24-51c9f65759cc tempest-DeleteServersTestJSON-928165670 tempest-DeleteServersTestJSON-928165670-project-member] Lock "('np0000001547', 'np0000001547')" acquired by "nova.scheduler.host_manager.HostState.consume_from_request.._locked" :: waited 0.000s {{(pid=95711) inner /opt/stack/data/venv/lib/python3.12/site-packages/oslo_concurrency/lockutils.py:524}}
May 27 20:05:17.602659 np0000001547 nova-scheduler[95711]: DEBUG oslo_concurrency.lockutils [None req-45b79f3d-19c7-4eb9-ab24-51c9f65759cc tempest-DeleteServersTestJSON-928165670 tempest-DeleteServersTestJSON-928165670-project-member] Lock "('np0000001547', 'np0000001547')" "released" by "nova.scheduler.host_manager.HostState.consume_from_request.._locked" :: held 0.000s {{(pid=95711) inner /opt/stack/data/venv/lib/python3.12/site-packages/oslo_concurrency/lockutils.py:543}}
May 27 20:05:20.813225 np0000001547 nova-scheduler[95707]: DEBUG nova.scheduler.manager [None req-c0b5a372-1a26-44bd-bb0e-89d8a3c3805d tempest-ServerActionsTestOtherB-1325362718 tempest-ServerActionsTestOtherB-1325362718-project-member] Starting to schedule for instances: ['34654293-1b7a-4fcf-8eec-1047310bbe13'] {{(pid=95707) select_destinations /opt/stack/nova/nova/scheduler/manager.py:210}}
May 27 20:05:20.813708 np0000001547 nova-scheduler[95707]: DEBUG nova.scheduler.request_filter [None req-c0b5a372-1a26-44bd-bb0e-89d8a3c3805d tempest-ServerActionsTestOtherB-1325362718 tempest-ServerActionsTestOtherB-1325362718-project-member] compute_status_filter request filter added forbidden trait COMPUTE_STATUS_DISABLED {{(pid=95707) compute_status_filter /opt/stack/nova/nova/scheduler/request_filter.py:253}}
May 27 20:05:20.814524 np0000001547 nova-scheduler[95707]: DEBUG nova.scheduler.request_filter [None req-c0b5a372-1a26-44bd-bb0e-89d8a3c3805d tempest-ServerActionsTestOtherB-1325362718 tempest-ServerActionsTestOtherB-1325362718-project-member] Request filter 'compute_status_filter' took 0.0 seconds {{(pid=95707) wrapper /opt/stack/nova/nova/scheduler/request_filter.py:46}}
May 27 20:05:20.814524 np0000001547 nova-scheduler[95707]: DEBUG nova.scheduler.request_filter [None req-c0b5a372-1a26-44bd-bb0e-89d8a3c3805d tempest-ServerActionsTestOtherB-1325362718 tempest-ServerActionsTestOtherB-1325362718-project-member] Request filter 'accelerators_filter' took 0.0 seconds {{(pid=95707) wrapper /opt/stack/nova/nova/scheduler/request_filter.py:46}}
May 27 20:05:20.814637 np0000001547 nova-scheduler[95707]: DEBUG nova.scheduler.request_filter [None req-c0b5a372-1a26-44bd-bb0e-89d8a3c3805d tempest-ServerActionsTestOtherB-1325362718 tempest-ServerActionsTestOtherB-1325362718-project-member] Request filter 'packed_virtqueue_filter' took 0.0 seconds {{(pid=95707) wrapper /opt/stack/nova/nova/scheduler/request_filter.py:46}}
May 27 20:05:20.814978 np0000001547 nova-scheduler[95707]: DEBUG nova.scheduler.request_filter [None req-c0b5a372-1a26-44bd-bb0e-89d8a3c3805d tempest-ServerActionsTestOtherB-1325362718 tempest-ServerActionsTestOtherB-1325362718-project-member] Request filter 'remote_managed_ports_filter' took 0.0 seconds {{(pid=95707) wrapper /opt/stack/nova/nova/scheduler/request_filter.py:46}}
May 27 20:05:20.815200 np0000001547 nova-scheduler[95707]: DEBUG nova.scheduler.request_filter [None req-c0b5a372-1a26-44bd-bb0e-89d8a3c3805d tempest-ServerActionsTestOtherB-1325362718 tempest-ServerActionsTestOtherB-1325362718-project-member] ephemeral_encryption_filter skipped {{(pid=95707) ephemeral_encryption_filter /opt/stack/nova/nova/scheduler/request_filter.py:426}}
May 27 20:05:20.815688 np0000001547 nova-scheduler[95707]: DEBUG nova.scheduler.request_filter [None req-c0b5a372-1a26-44bd-bb0e-89d8a3c3805d tempest-ServerActionsTestOtherB-1325362718 tempest-ServerActionsTestOtherB-1325362718-project-member] virtio_sound_filter skipped {{(pid=95707) virtio_sound_filter /opt/stack/nova/nova/scheduler/request_filter.py:460}}
May 27 20:05:20.815688 np0000001547 nova-scheduler[95707]: DEBUG nova.scheduler.request_filter [None req-c0b5a372-1a26-44bd-bb0e-89d8a3c3805d tempest-ServerActionsTestOtherB-1325362718 tempest-ServerActionsTestOtherB-1325362718-project-member] tpm_secret_security_filter skipped {{(pid=95707) tpm_secret_security_filter /opt/stack/nova/nova/scheduler/request_filter.py:477}}
May 27 20:05:20.825942 np0000001547 nova-scheduler[95709]: DEBUG nova.scheduler.manager [None req-40c3ada8-b838-4a59-ad7d-d7d6c63877c0 tempest-AttachVolumeShelveTestJSON-953738189 tempest-AttachVolumeShelveTestJSON-953738189-project-member] Starting to schedule for instances: ['c3975e85-e20e-4cb6-aab0-bbc27f9810ca'] {{(pid=95709) select_destinations /opt/stack/nova/nova/scheduler/manager.py:210}}
May 27 20:05:20.826684 np0000001547 nova-scheduler[95709]: DEBUG nova.scheduler.request_filter [None req-40c3ada8-b838-4a59-ad7d-d7d6c63877c0 tempest-AttachVolumeShelveTestJSON-953738189 tempest-AttachVolumeShelveTestJSON-953738189-project-member] compute_status_filter request filter added forbidden trait COMPUTE_STATUS_DISABLED {{(pid=95709) compute_status_filter /opt/stack/nova/nova/scheduler/request_filter.py:253}}
May 27 20:05:20.827172 np0000001547 nova-scheduler[95709]: DEBUG nova.scheduler.request_filter [None req-40c3ada8-b838-4a59-ad7d-d7d6c63877c0 tempest-AttachVolumeShelveTestJSON-953738189 tempest-AttachVolumeShelveTestJSON-953738189-project-member] Request filter 'compute_status_filter' took 0.0 seconds {{(pid=95709) wrapper /opt/stack/nova/nova/scheduler/request_filter.py:46}}
May 27 20:05:20.827578 np0000001547 nova-scheduler[95709]: DEBUG nova.scheduler.request_filter [None req-40c3ada8-b838-4a59-ad7d-d7d6c63877c0 tempest-AttachVolumeShelveTestJSON-953738189 tempest-AttachVolumeShelveTestJSON-953738189-project-member] Request filter 'accelerators_filter' took 0.0 seconds {{(pid=95709) wrapper /opt/stack/nova/nova/scheduler/request_filter.py:46}}
May 27 20:05:20.828939 np0000001547 nova-scheduler[95709]: DEBUG nova.scheduler.request_filter [None req-40c3ada8-b838-4a59-ad7d-d7d6c63877c0 tempest-AttachVolumeShelveTestJSON-953738189 tempest-AttachVolumeShelveTestJSON-953738189-project-member] Request filter 'packed_virtqueue_filter' took 0.0 seconds {{(pid=95709) wrapper /opt/stack/nova/nova/scheduler/request_filter.py:46}}
May 27 20:05:20.828939 np0000001547 nova-scheduler[95709]: DEBUG nova.scheduler.request_filter [None req-40c3ada8-b838-4a59-ad7d-d7d6c63877c0 tempest-AttachVolumeShelveTestJSON-953738189 tempest-AttachVolumeShelveTestJSON-953738189-project-member] Request filter 'remote_managed_ports_filter' took 0.0 seconds {{(pid=95709) wrapper /opt/stack/nova/nova/scheduler/request_filter.py:46}}
May 27 20:05:20.828939 np0000001547 nova-scheduler[95709]: DEBUG nova.scheduler.request_filter [None req-40c3ada8-b838-4a59-ad7d-d7d6c63877c0 tempest-AttachVolumeShelveTestJSON-953738189 tempest-AttachVolumeShelveTestJSON-953738189-project-member] ephemeral_encryption_filter skipped {{(pid=95709) ephemeral_encryption_filter /opt/stack/nova/nova/scheduler/request_filter.py:426}}
May 27 20:05:20.828939 np0000001547 nova-scheduler[95709]: DEBUG nova.scheduler.request_filter [None req-40c3ada8-b838-4a59-ad7d-d7d6c63877c0 tempest-AttachVolumeShelveTestJSON-953738189 tempest-AttachVolumeShelveTestJSON-953738189-project-member] virtio_sound_filter skipped {{(pid=95709) virtio_sound_filter /opt/stack/nova/nova/scheduler/request_filter.py:460}}
May 27 20:05:20.829166 np0000001547 nova-scheduler[95709]: DEBUG nova.scheduler.request_filter [None req-40c3ada8-b838-4a59-ad7d-d7d6c63877c0 tempest-AttachVolumeShelveTestJSON-953738189 tempest-AttachVolumeShelveTestJSON-953738189-project-member] tpm_secret_security_filter skipped {{(pid=95709) tpm_secret_security_filter /opt/stack/nova/nova/scheduler/request_filter.py:477}}
May 27 20:05:20.933936 np0000001547 nova-scheduler[95707]: INFO nova.utils [None req-c0b5a372-1a26-44bd-bb0e-89d8a3c3805d tempest-ServerActionsTestOtherB-1325362718 tempest-ServerActionsTestOtherB-1325362718-project-member] The cell worker thread pool ForkProcess-1.cell_worker is initialized
May 27 20:05:20.934321 np0000001547 nova-scheduler[95707]: DEBUG oslo_concurrency.lockutils [None req-c0b5a372-1a26-44bd-bb0e-89d8a3c3805d tempest-ServerActionsTestOtherB-1325362718 tempest-ServerActionsTestOtherB-1325362718-project-member] Acquiring lock "1343c692-0131-4979-9d67-d4cc4509dc62" by "nova.context.set_target_cell..get_or_set_cached_cell_and_set_connections" {{(pid=95707) inner /opt/stack/data/venv/lib/python3.12/site-packages/oslo_concurrency/lockutils.py:511}}
May 27 20:05:20.934548 np0000001547 nova-scheduler[95707]: DEBUG oslo_concurrency.lockutils [None req-c0b5a372-1a26-44bd-bb0e-89d8a3c3805d tempest-ServerActionsTestOtherB-1325362718 tempest-ServerActionsTestOtherB-1325362718-project-member] Lock "1343c692-0131-4979-9d67-d4cc4509dc62" acquired by "nova.context.set_target_cell..get_or_set_cached_cell_and_set_connections" :: waited 0.000s {{(pid=95707) inner /opt/stack/data/venv/lib/python3.12/site-packages/oslo_concurrency/lockutils.py:524}}
May 27 20:05:20.935870 np0000001547 nova-scheduler[95707]: DEBUG oslo_concurrency.lockutils [None req-c0b5a372-1a26-44bd-bb0e-89d8a3c3805d tempest-ServerActionsTestOtherB-1325362718 tempest-ServerActionsTestOtherB-1325362718-project-member] Lock "1343c692-0131-4979-9d67-d4cc4509dc62" "released" by "nova.context.set_target_cell..get_or_set_cached_cell_and_set_connections" :: held 0.001s {{(pid=95707) inner /opt/stack/data/venv/lib/python3.12/site-packages/oslo_concurrency/lockutils.py:543}}
May 27 20:05:20.937660 np0000001547 nova-scheduler[95707]: INFO dbcounter [None req-c0b5a372-1a26-44bd-bb0e-89d8a3c3805d tempest-ServerActionsTestOtherB-1325362718 tempest-ServerActionsTestOtherB-1325362718-project-member] Registered counter for database nova_cell1
May 27 20:05:20.968823 np0000001547 nova-scheduler[95709]: INFO nova.utils [None req-40c3ada8-b838-4a59-ad7d-d7d6c63877c0 tempest-AttachVolumeShelveTestJSON-953738189 tempest-AttachVolumeShelveTestJSON-953738189-project-member] The cell worker thread pool ForkProcess-2.cell_worker is initialized
May 27 20:05:20.969220 np0000001547 nova-scheduler[95709]: DEBUG oslo_concurrency.lockutils [None req-40c3ada8-b838-4a59-ad7d-d7d6c63877c0 tempest-AttachVolumeShelveTestJSON-953738189 tempest-AttachVolumeShelveTestJSON-953738189-project-member] Acquiring lock "1343c692-0131-4979-9d67-d4cc4509dc62" by "nova.context.set_target_cell..get_or_set_cached_cell_and_set_connections" {{(pid=95709) inner /opt/stack/data/venv/lib/python3.12/site-packages/oslo_concurrency/lockutils.py:511}}
May 27 20:05:20.969443 np0000001547 nova-scheduler[95709]: DEBUG oslo_concurrency.lockutils [None req-40c3ada8-b838-4a59-ad7d-d7d6c63877c0 tempest-AttachVolumeShelveTestJSON-953738189 tempest-AttachVolumeShelveTestJSON-953738189-project-member] Lock "1343c692-0131-4979-9d67-d4cc4509dc62" acquired by "nova.context.set_target_cell..get_or_set_cached_cell_and_set_connections" :: waited 0.000s {{(pid=95709) inner /opt/stack/data/venv/lib/python3.12/site-packages/oslo_concurrency/lockutils.py:524}}
May 27 20:05:20.971234 np0000001547 nova-scheduler[95709]: DEBUG oslo_concurrency.lockutils [None req-40c3ada8-b838-4a59-ad7d-d7d6c63877c0 tempest-AttachVolumeShelveTestJSON-953738189 tempest-AttachVolumeShelveTestJSON-953738189-project-member] Lock "1343c692-0131-4979-9d67-d4cc4509dc62" "released" by "nova.context.set_target_cell..get_or_set_cached_cell_and_set_connections" :: held 0.002s {{(pid=95709) inner /opt/stack/data/venv/lib/python3.12/site-packages/oslo_concurrency/lockutils.py:543}}
