May 27 20:02:21.937348 np0000001547 neutron-periodic-workers[91936]: DEBUG cotyledon.oslo_config_glue [-] database.connection_parameters = {{(pid=91936) log_opt_values /opt/stack/data/venv/lib/python3.12/site-packages/oslo_config/cfg.py:3256}}
May 27 20:02:21.937348 np0000001547 neutron-periodic-workers[91936]: DEBUG cotyledon.oslo_config_glue [-] database.connection_recycle_time = 3600 {{(pid=91936) log_opt_values /opt/stack/data/venv/lib/python3.12/site-packages/oslo_config/cfg.py:3256}}
May 27 20:02:21.937348 np0000001547 neutron-periodic-workers[91936]: DEBUG cotyledon.oslo_config_glue [-] database.connection_trace = False {{(pid=91936) log_opt_values /opt/stack/data/venv/lib/python3.12/site-packages/oslo_config/cfg.py:3256}}
May 27 20:02:21.937348 np0000001547 neutron-periodic-workers[91936]: DEBUG cotyledon.oslo_config_glue [-] database.db_inc_retry_interval = True {{(pid=91936) log_opt_values /opt/stack/data/venv/lib/python3.12/site-packages/oslo_config/cfg.py:3256}}
May 27 20:02:21.937348 np0000001547 neutron-periodic-workers[91936]: DEBUG cotyledon.oslo_config_glue [-] database.db_max_retries = 20 {{(pid=91936) log_opt_values /opt/stack/data/venv/lib/python3.12/site-packages/oslo_config/cfg.py:3256}}
May 27 20:02:21.937348 np0000001547 neutron-periodic-workers[91936]: DEBUG cotyledon.oslo_config_glue [-] database.db_max_retry_interval = 10 {{(pid=91936) log_opt_values /opt/stack/data/venv/lib/python3.12/site-packages/oslo_config/cfg.py:3256}}
May 27 20:02:21.937348 np0000001547 neutron-periodic-workers[91936]: DEBUG cotyledon.oslo_config_glue [-] database.db_retry_interval = 1 {{(pid=91936) log_opt_values /opt/stack/data/venv/lib/python3.12/site-packages/oslo_config/cfg.py:3256}}
May 27 20:02:21.937348 np0000001547 neutron-periodic-workers[91936]: DEBUG cotyledon.oslo_config_glue [-] database.max_overflow = 50 {{(pid=91936) log_opt_values /opt/stack/data/venv/lib/python3.12/site-packages/oslo_config/cfg.py:3256}}
May 27 20:02:21.937703 np0000001547 neutron-periodic-workers[91936]: DEBUG cotyledon.oslo_config_glue [-] database.max_pool_size = 5 {{(pid=91936) log_opt_values /opt/stack/data/venv/lib/python3.12/site-packages/oslo_config/cfg.py:3256}}
May 27 20:02:21.937703 np0000001547 neutron-periodic-workers[91936]: DEBUG cotyledon.oslo_config_glue [-] database.max_retries = 10 {{(pid=91936) log_opt_values /opt/stack/data/venv/lib/python3.12/site-packages/oslo_config/cfg.py:3256}}
May 27 20:02:21.937703 np0000001547 neutron-periodic-workers[91936]: DEBUG cotyledon.oslo_config_glue [-] database.mysql_sql_mode = TRADITIONAL {{(pid=91936) log_opt_values /opt/stack/data/venv/lib/python3.12/site-packages/oslo_config/cfg.py:3256}}
May 27 20:02:21.937703 np0000001547 neutron-periodic-workers[91936]: DEBUG cotyledon.oslo_config_glue [-] database.mysql_wsrep_sync_wait = None {{(pid=91936) log_opt_values /opt/stack/data/venv/lib/python3.12/site-packages/oslo_config/cfg.py:3256}}
May 27 20:02:21.937703 np0000001547 neutron-periodic-workers[91936]: DEBUG cotyledon.oslo_config_glue [-] database.pool_timeout = None {{(pid=91936) log_opt_values /opt/stack/data/venv/lib/python3.12/site-packages/oslo_config/cfg.py:3256}}
May 27 20:02:21.937703 np0000001547 neutron-periodic-workers[91936]: DEBUG cotyledon.oslo_config_glue [-] database.retry_interval = 10 {{(pid=91936) log_opt_values /opt/stack/data/venv/lib/python3.12/site-packages/oslo_config/cfg.py:3256}}
May 27 20:02:21.937703 np0000001547 neutron-periodic-workers[91936]: DEBUG cotyledon.oslo_config_glue [-] database.slave_connection = **** {{(pid=91936) log_opt_values /opt/stack/data/venv/lib/python3.12/site-packages/oslo_config/cfg.py:3256}}
May 27 20:02:21.937703 np0000001547 neutron-periodic-workers[91936]: DEBUG cotyledon.oslo_config_glue [-] database.sqlite_synchronous = True {{(pid=91936) log_opt_values /opt/stack/data/venv/lib/python3.12/site-packages/oslo_config/cfg.py:3256}}
May 27 20:02:21.937703 np0000001547 neutron-periodic-workers[91936]: DEBUG cotyledon.oslo_config_glue [-] database.synchronous_reader = True {{(pid=91936) log_opt_values /opt/stack/data/venv/lib/python3.12/site-packages/oslo_config/cfg.py:3256}}
May 27 20:02:21.938082 np0000001547 neutron-periodic-workers[91936]: DEBUG cotyledon.oslo_config_glue [-] database.use_db_reconnect = False {{(pid=91936) log_opt_values /opt/stack/data/venv/lib/python3.12/site-packages/oslo_config/cfg.py:3256}}
May 27 20:02:21.938082 np0000001547 neutron-periodic-workers[91936]: DEBUG cotyledon.oslo_config_glue [-] ovn.bfd_min_rx = 1000 {{(pid=91936) log_opt_values /opt/stack/data/venv/lib/python3.12/site-packages/oslo_config/cfg.py:3256}}
May 27 20:02:21.938082 np0000001547 neutron-periodic-workers[91936]: DEBUG cotyledon.oslo_config_glue [-] ovn.bfd_min_tx = 100 {{(pid=91936) log_opt_values /opt/stack/data/venv/lib/python3.12/site-packages/oslo_config/cfg.py:3256}}
May 27 20:02:21.938082 np0000001547 neutron-periodic-workers[91936]: DEBUG cotyledon.oslo_config_glue [-] ovn.bfd_mult = 3 {{(pid=91936) log_opt_values /opt/stack/data/venv/lib/python3.12/site-packages/oslo_config/cfg.py:3256}}
May 27 20:02:21.938082 np0000001547 neutron-periodic-workers[91936]: DEBUG cotyledon.oslo_config_glue [-] ovn.broadcast_arps_to_all_routers = True {{(pid=91936) log_opt_values /opt/stack/data/venv/lib/python3.12/site-packages/oslo_config/cfg.py:3256}}
May 27 20:02:21.938082 np0000001547 neutron-periodic-workers[91936]: DEBUG cotyledon.oslo_config_glue [-] ovn.dhcp_default_lease_time = 43200 {{(pid=91936) log_opt_values /opt/stack/data/venv/lib/python3.12/site-packages/oslo_config/cfg.py:3256}}
May 27 20:02:21.938082 np0000001547 neutron-periodic-workers[91936]: DEBUG cotyledon.oslo_config_glue [-] ovn.disable_ovn_dhcp_for_baremetal_ports = False {{(pid=91936) log_opt_values /opt/stack/data/venv/lib/python3.12/site-packages/oslo_config/cfg.py:3256}}
May 27 20:02:21.938082 np0000001547 neutron-periodic-workers[91936]: DEBUG cotyledon.oslo_config_glue [-] ovn.dns_records_ovn_owned = False {{(pid=91936) log_opt_values /opt/stack/data/venv/lib/python3.12/site-packages/oslo_config/cfg.py:3256}}
May 27 20:02:21.938082 np0000001547 neutron-periodic-workers[91936]: DEBUG cotyledon.oslo_config_glue [-] ovn.dns_servers = [] {{(pid=91936) log_opt_values /opt/stack/data/venv/lib/python3.12/site-packages/oslo_config/cfg.py:3256}}
May 27 20:02:21.938428 np0000001547 neutron-periodic-workers[91936]: DEBUG cotyledon.oslo_config_glue [-] ovn.enable_distributed_floating_ip = False {{(pid=91936) log_opt_values /opt/stack/data/venv/lib/python3.12/site-packages/oslo_config/cfg.py:3256}}
May 27 20:02:21.938428 np0000001547 neutron-periodic-workers[91936]: DEBUG cotyledon.oslo_config_glue [-] ovn.fdb_age_threshold = 300 {{(pid=91936) log_opt_values /opt/stack/data/venv/lib/python3.12/site-packages/oslo_config/cfg.py:3256}}
May 27 20:02:21.938428 np0000001547 neutron-periodic-workers[91936]: DEBUG cotyledon.oslo_config_glue [-] ovn.ha_failover_strategy = normal {{(pid=91936) log_opt_values /opt/stack/data/venv/lib/python3.12/site-packages/oslo_config/cfg.py:3256}}
May 27 20:02:21.938428 np0000001547 neutron-periodic-workers[91936]: DEBUG cotyledon.oslo_config_glue [-] ovn.live_migration_activation_strategy = rarp {{(pid=91936) log_opt_values /opt/stack/data/venv/lib/python3.12/site-packages/oslo_config/cfg.py:3256}}
May 27 20:02:21.938428 np0000001547 neutron-periodic-workers[91936]: DEBUG cotyledon.oslo_config_glue [-] ovn.localnet_learn_fdb = False {{(pid=91936) log_opt_values /opt/stack/data/venv/lib/python3.12/site-packages/oslo_config/cfg.py:3256}}
May 27 20:02:21.938428 np0000001547 neutron-periodic-workers[91936]: DEBUG cotyledon.oslo_config_glue [-] ovn.mac_binding_age_threshold = 300 {{(pid=91936) log_opt_values /opt/stack/data/venv/lib/python3.12/site-packages/oslo_config/cfg.py:3256}}
May 27 20:02:21.938428 np0000001547 neutron-periodic-workers[91936]: DEBUG cotyledon.oslo_config_glue [-] ovn.neutron_sync_mode = log {{(pid=91936) log_opt_values /opt/stack/data/venv/lib/python3.12/site-packages/oslo_config/cfg.py:3256}}
May 27 20:02:21.938428 np0000001547 neutron-periodic-workers[91936]: DEBUG cotyledon.oslo_config_glue [-] ovn.ovn_dhcp4_global_options = {} {{(pid=91936) log_opt_values /opt/stack/data/venv/lib/python3.12/site-packages/oslo_config/cfg.py:3256}}
May 27 20:02:21.938428 np0000001547 neutron-periodic-workers[91936]: DEBUG cotyledon.oslo_config_glue [-] ovn.ovn_dhcp6_global_options = {} {{(pid=91936) log_opt_values /opt/stack/data/venv/lib/python3.12/site-packages/oslo_config/cfg.py:3256}}
May 27 20:02:21.938780 np0000001547 neutron-periodic-workers[91936]: DEBUG cotyledon.oslo_config_glue [-] ovn.ovn_l3_scheduler = leastloaded {{(pid=91936) log_opt_values /opt/stack/data/venv/lib/python3.12/site-packages/oslo_config/cfg.py:3256}}
May 27 20:02:21.938780 np0000001547 neutron-periodic-workers[91936]: DEBUG cotyledon.oslo_config_glue [-] ovn.ovn_metadata_enabled = True {{(pid=91936) log_opt_values /opt/stack/data/venv/lib/python3.12/site-packages/oslo_config/cfg.py:3256}}
May 27 20:02:21.938780 np0000001547 neutron-periodic-workers[91936]: DEBUG cotyledon.oslo_config_glue [-] ovn.ovn_nb_ca_cert = /opt/stack/data/CA/int-ca/ca-chain.pem {{(pid=91936) log_opt_values /opt/stack/data/venv/lib/python3.12/site-packages/oslo_config/cfg.py:3256}}
May 27 20:02:21.938780 np0000001547 neutron-periodic-workers[91936]: DEBUG cotyledon.oslo_config_glue [-] ovn.ovn_nb_certificate = /opt/stack/data/CA/int-ca/devstack-cert.crt {{(pid=91936) log_opt_values /opt/stack/data/venv/lib/python3.12/site-packages/oslo_config/cfg.py:3256}}
May 27 20:02:21.938780 np0000001547 neutron-periodic-workers[91936]: DEBUG cotyledon.oslo_config_glue [-] ovn.ovn_nb_connection = ['ssl:10.4.3.197:6641'] {{(pid=91936) log_opt_values /opt/stack/data/venv/lib/python3.12/site-packages/oslo_config/cfg.py:3256}}
May 27 20:02:21.938780 np0000001547 neutron-periodic-workers[91936]: DEBUG cotyledon.oslo_config_glue [-] ovn.ovn_nb_private_key = /opt/stack/data/CA/int-ca/private/devstack-cert.key {{(pid=91936) log_opt_values /opt/stack/data/venv/lib/python3.12/site-packages/oslo_config/cfg.py:3256}}
May 27 20:02:21.938780 np0000001547 neutron-periodic-workers[91936]: DEBUG cotyledon.oslo_config_glue [-] ovn.ovn_router_indirect_snat = False {{(pid=91936) log_opt_values /opt/stack/data/venv/lib/python3.12/site-packages/oslo_config/cfg.py:3256}}
May 27 20:02:21.938780 np0000001547 neutron-periodic-workers[91936]: DEBUG cotyledon.oslo_config_glue [-] ovn.ovn_sb_ca_cert = /opt/stack/data/CA/int-ca/ca-chain.pem {{(pid=91936) log_opt_values /opt/stack/data/venv/lib/python3.12/site-packages/oslo_config/cfg.py:3256}}
May 27 20:02:21.939119 np0000001547 neutron-periodic-workers[91936]: DEBUG cotyledon.oslo_config_glue [-] ovn.ovn_sb_certificate = /opt/stack/data/CA/int-ca/devstack-cert.crt {{(pid=91936) log_opt_values /opt/stack/data/venv/lib/python3.12/site-packages/oslo_config/cfg.py:3256}}
May 27 20:02:21.939119 np0000001547 neutron-periodic-workers[91936]: DEBUG cotyledon.oslo_config_glue [-] ovn.ovn_sb_connection = ['ssl:10.4.3.197:6642'] {{(pid=91936) log_opt_values /opt/stack/data/venv/lib/python3.12/site-packages/oslo_config/cfg.py:3256}}
May 27 20:02:21.939119 np0000001547 neutron-periodic-workers[91936]: DEBUG cotyledon.oslo_config_glue [-] ovn.ovn_sb_private_key = /opt/stack/data/CA/int-ca/private/devstack-cert.key {{(pid=91936) log_opt_values /opt/stack/data/venv/lib/python3.12/site-packages/oslo_config/cfg.py:3256}}
May 27 20:02:21.939119 np0000001547 neutron-periodic-workers[91936]: DEBUG cotyledon.oslo_config_glue [-] ovn.ovs_create_tap = False {{(pid=91936) log_opt_values /opt/stack/data/venv/lib/python3.12/site-packages/oslo_config/cfg.py:3256}}
May 27 20:02:21.939119 np0000001547 neutron-periodic-workers[91936]: DEBUG cotyledon.oslo_config_glue [-] ovn.ovsdb_connection_timeout = 180 {{(pid=91936) log_opt_values /opt/stack/data/venv/lib/python3.12/site-packages/oslo_config/cfg.py:3256}}
May 27 20:02:21.939119 np0000001547 neutron-periodic-workers[91936]: DEBUG cotyledon.oslo_config_glue [-] ovn.ovsdb_log_level = INFO {{(pid=91936) log_opt_values /opt/stack/data/venv/lib/python3.12/site-packages/oslo_config/cfg.py:3256}}
May 27 20:02:21.939119 np0000001547 neutron-periodic-workers[91936]: DEBUG cotyledon.oslo_config_glue [-] ovn.ovsdb_probe_interval = 60000 {{(pid=91936) log_opt_values /opt/stack/data/venv/lib/python3.12/site-packages/oslo_config/cfg.py:3256}}
May 27 20:02:21.939119 np0000001547 neutron-periodic-workers[91936]: DEBUG cotyledon.oslo_config_glue [-] ovn.ovsdb_retry_max_interval = 180 {{(pid=91936) log_opt_values /opt/stack/data/venv/lib/python3.12/site-packages/oslo_config/cfg.py:3256}}
May 27 20:02:21.939119 np0000001547 neutron-periodic-workers[91936]: DEBUG cotyledon.oslo_config_glue [-] ovn.stateless_nat_enabled = False {{(pid=91936) log_opt_values /opt/stack/data/venv/lib/python3.12/site-packages/oslo_config/cfg.py:3256}}
May 27 20:02:21.939472 np0000001547 neutron-periodic-workers[91936]: DEBUG cotyledon.oslo_config_glue [-] ovn.vhost_sock_dir = /var/run/openvswitch {{(pid=91936) log_opt_values /opt/stack/data/venv/lib/python3.12/site-packages/oslo_config/cfg.py:3256}}
May 27 20:02:21.939472 np0000001547 neutron-periodic-workers[91936]: DEBUG cotyledon.oslo_config_glue [-] OVS.bridge_mac_table_size = 50000 {{(pid=91936) log_opt_values /opt/stack/data/venv/lib/python3.12/site-packages/oslo_config/cfg.py:3256}}
May 27 20:02:21.939472 np0000001547 neutron-periodic-workers[91936]: DEBUG cotyledon.oslo_config_glue [-] OVS.igmp_flood = False {{(pid=91936) log_opt_values /opt/stack/data/venv/lib/python3.12/site-packages/oslo_config/cfg.py:3256}}
May 27 20:02:21.939472 np0000001547 neutron-periodic-workers[91936]: DEBUG cotyledon.oslo_config_glue [-] OVS.igmp_flood_reports = True {{(pid=91936) log_opt_values /opt/stack/data/venv/lib/python3.12/site-packages/oslo_config/cfg.py:3256}}
May 27 20:02:21.939472 np0000001547 neutron-periodic-workers[91936]: DEBUG cotyledon.oslo_config_glue [-] OVS.igmp_flood_unregistered = False {{(pid=91936) log_opt_values /opt/stack/data/venv/lib/python3.12/site-packages/oslo_config/cfg.py:3256}}
May 27 20:02:21.939472 np0000001547 neutron-periodic-workers[91936]: DEBUG cotyledon.oslo_config_glue [-] OVS.igmp_snooping_enable = False {{(pid=91936) log_opt_values /opt/stack/data/venv/lib/python3.12/site-packages/oslo_config/cfg.py:3256}}
May 27 20:02:21.939472 np0000001547 neutron-periodic-workers[91936]: DEBUG cotyledon.oslo_config_glue [-] OVS.ovsdb_timeout = 10 {{(pid=91936) log_opt_values /opt/stack/data/venv/lib/python3.12/site-packages/oslo_config/cfg.py:3256}}
May 27 20:02:21.939472 np0000001547 neutron-periodic-workers[91936]: DEBUG cotyledon.oslo_config_glue [-] ovn_nb_global.fdb_removal_limit = 0 {{(pid=91936) log_opt_values /opt/stack/data/venv/lib/python3.12/site-packages/oslo_config/cfg.py:3256}}
May 27 20:02:21.939472 np0000001547 neutron-periodic-workers[91936]: DEBUG cotyledon.oslo_config_glue [-] ovn_nb_global.ignore_lsp_down = False {{(pid=91936) log_opt_values /opt/stack/data/venv/lib/python3.12/site-packages/oslo_config/cfg.py:3256}}
May 27 20:02:21.939817 np0000001547 neutron-periodic-workers[91936]: DEBUG cotyledon.oslo_config_glue [-] ovn_nb_global.mac_binding_removal_limit = 0 {{(pid=91936) log_opt_values /opt/stack/data/venv/lib/python3.12/site-packages/oslo_config/cfg.py:3256}}
May 27 20:02:21.939817 np0000001547 neutron-periodic-workers[91936]: DEBUG cotyledon.oslo_config_glue [-] ******************************************************************************** {{(pid=91936) log_opt_values /opt/stack/data/venv/lib/python3.12/site-packages/oslo_config/cfg.py:3263}}
May 27 20:02:21.939817 np0000001547 neutron-periodic-workers[91936]: DEBUG cotyledon._service_worker [-] Run service ServiceWrapper(0) [91936] {{(pid=91936) wait_forever /opt/stack/data/venv/lib/python3.12/site-packages/cotyledon/_service_worker.py:218}}
May 27 20:02:21.939817 np0000001547 neutron-periodic-workers[91936]: DEBUG neutron.worker [-] PeriodicWorker start called, description: Periodic worker for "DbQuotaNoLockDriver" {{(pid=91936) wrapper /opt/stack/neutron/neutron/common/utils.py:197}}
May 27 20:02:21.939817 np0000001547 neutron-periodic-workers[91936]: DEBUG neutron.worker [-] PeriodicWorker start finished, description: Periodic worker for "DbQuotaNoLockDriver" {{(pid=91936) wrapper /opt/stack/neutron/neutron/common/utils.py:200}}
May 27 20:02:21.939817 np0000001547 neutron-periodic-workers[91936]: DEBUG neutron.worker [-] PeriodicWorker wait called, description: Periodic worker for "DbQuotaNoLockDriver" {{(pid=91936) wrapper /opt/stack/neutron/neutron/common/utils.py:197}}
May 27 20:02:31.542640 np0000001547 neutron-periodic-workers[90957]: DEBUG dbcounter [-] [90957] Writing DB stats neutron:SELECT=4 {{(pid=90957) stat_writer /opt/stack/data/venv/lib/python3.12/site-packages/dbcounter.py:115}}
May 27 20:02:59.903398 np0000001547 neutron-periodic-workers[91930]: DEBUG oslo_db.sqlalchemy.engines [None req-6a177eac-3cf7-4e56-9f1e-fc0b1facf428 None None] Parent process 90957 forked (91930) with an open database connection, which is being discarded and recreated. {{(pid=91930) checkout /opt/stack/data/venv/lib/python3.12/site-packages/oslo_db/sqlalchemy/engines.py:402}}
May 27 20:02:59.943300 np0000001547 neutron-periodic-workers[91930]: DEBUG dbcounter [-] [91930] Writer thread running {{(pid=91930) stat_writer /opt/stack/data/venv/lib/python3.12/site-packages/dbcounter.py:102}}
May 27 20:02:59.946424 np0000001547 neutron-periodic-workers[91930]: DEBUG neutron.db.agents_db [None req-6a177eac-3cf7-4e56-9f1e-fc0b1facf428 None None] Agent healthcheck: found 0 active agents {{(pid=91930) agent_health_check /opt/stack/neutron/neutron/db/agents_db.py:322}}
May 27 20:02:59.946640 np0000001547 neutron-periodic-workers[91930]: DEBUG oslo.service.backend._threading.loopingcall [None req-6a177eac-3cf7-4e56-9f1e-fc0b1facf428 None None] Fixed interval looping call 'neutron.plugins.ml2.plugin.AgentDbMixin.agent_health_check' sleeping for 36.95 seconds {{(pid=91930) _run_loop /opt/stack/data/venv/lib/python3.12/site-packages/oslo_service/backend/_threading/loopingcall.py:125}}
May 27 20:03:00.947673 np0000001547 neutron-periodic-workers[91922]: DEBUG dbcounter [-] [91922] Writer thread running {{(pid=91922) stat_writer /opt/stack/data/venv/lib/python3.12/site-packages/dbcounter.py:102}}
May 27 20:03:00.955648 np0000001547 neutron-periodic-workers[91922]: DEBUG oslo.service.backend._threading.loopingcall [None req-a6cb98d6-2e0d-4a85-825a-135ebdf03201 None None] Fixed interval looping call 'neutron.plugins.ml2.plugin.DhcpAgentSchedulerDbMixin.remove_networks_from_down_agents' sleeping for 36.95 seconds {{(pid=91922) _run_loop /opt/stack/data/venv/lib/python3.12/site-packages/oslo_service/backend/_threading/loopingcall.py:125}}
May 27 20:03:09.943734 np0000001547 neutron-periodic-workers[91930]: DEBUG dbcounter [-] [91930] Writing DB stats neutron:SELECT=1 {{(pid=91930) stat_writer /opt/stack/data/venv/lib/python3.12/site-packages/dbcounter.py:115}}
May 27 20:03:10.954780 np0000001547 neutron-periodic-workers[91922]: DEBUG dbcounter [-] [91922] Writing DB stats neutron:SELECT=3 {{(pid=91922) stat_writer /opt/stack/data/venv/lib/python3.12/site-packages/dbcounter.py:115}}
May 27 20:03:36.900007 np0000001547 neutron-periodic-workers[91930]: DEBUG neutron.db.agents_db [None req-6a177eac-3cf7-4e56-9f1e-fc0b1facf428 None None] Agent healthcheck: found 0 active agents {{(pid=91930) agent_health_check /opt/stack/neutron/neutron/db/agents_db.py:322}}
May 27 20:03:36.900359 np0000001547 neutron-periodic-workers[91930]: DEBUG oslo.service.backend._threading.loopingcall [None req-6a177eac-3cf7-4e56-9f1e-fc0b1facf428 None None] Fixed interval looping call 'neutron.plugins.ml2.plugin.AgentDbMixin.agent_health_check' sleeping for 37.00 seconds {{(pid=91930) _run_loop /opt/stack/data/venv/lib/python3.12/site-packages/oslo_service/backend/_threading/loopingcall.py:125}}
May 27 20:03:37.914374 np0000001547 neutron-periodic-workers[91922]: DEBUG oslo.service.backend._threading.loopingcall [None req-a6cb98d6-2e0d-4a85-825a-135ebdf03201 None None] Fixed interval looping call 'neutron.plugins.ml2.plugin.DhcpAgentSchedulerDbMixin.remove_networks_from_down_agents' sleeping for 36.99 seconds {{(pid=91922) _run_loop /opt/stack/data/venv/lib/python3.12/site-packages/oslo_service/backend/_threading/loopingcall.py:125}}
May 27 20:03:46.898995 np0000001547 neutron-periodic-workers[91930]: DEBUG dbcounter [-] [91930] Writing DB stats neutron:SELECT=1 {{(pid=91930) stat_writer /opt/stack/data/venv/lib/python3.12/site-packages/dbcounter.py:115}}
May 27 20:03:47.910815 np0000001547 neutron-periodic-workers[91922]: DEBUG dbcounter [-] [91922] Writing DB stats neutron:SELECT=3 {{(pid=91922) stat_writer /opt/stack/data/venv/lib/python3.12/site-packages/dbcounter.py:115}}
May 27 20:04:13.903519 np0000001547 neutron-periodic-workers[91930]: DEBUG neutron.db.agents_db [None req-6a177eac-3cf7-4e56-9f1e-fc0b1facf428 None None] Agent healthcheck: found 0 active agents {{(pid=91930) agent_health_check /opt/stack/neutron/neutron/db/agents_db.py:322}}
May 27 20:04:13.903965 np0000001547 neutron-periodic-workers[91930]: DEBUG oslo.service.backend._threading.loopingcall [None req-6a177eac-3cf7-4e56-9f1e-fc0b1facf428 None None] Fixed interval looping call 'neutron.plugins.ml2.plugin.AgentDbMixin.agent_health_check' sleeping for 37.00 seconds {{(pid=91930) _run_loop /opt/stack/data/venv/lib/python3.12/site-packages/oslo_service/backend/_threading/loopingcall.py:125}}
May 27 20:04:14.910544 np0000001547 neutron-periodic-workers[91922]: DEBUG oslo.service.backend._threading.loopingcall [None req-a6cb98d6-2e0d-4a85-825a-135ebdf03201 None None] Fixed interval looping call 'neutron.plugins.ml2.plugin.DhcpAgentSchedulerDbMixin.remove_networks_from_down_agents' sleeping for 36.99 seconds {{(pid=91922) _run_loop /opt/stack/data/venv/lib/python3.12/site-packages/oslo_service/backend/_threading/loopingcall.py:125}}
May 27 20:04:21.951848 np0000001547 neutron-periodic-workers[91936]: DEBUG dbcounter [-] [91936] Writer thread running {{(pid=91936) stat_writer /opt/stack/data/venv/lib/python3.12/site-packages/dbcounter.py:102}}
May 27 20:04:21.953663 np0000001547 neutron-periodic-workers[91936]: DEBUG oslo.service.backend._threading.loopingcall [None req-0046b9b1-5fcf-467a-b046-8a8d5c42ec20 None None] Fixed interval looping call 'neutron.db.quota.driver_nolock.DbQuotaNoLockDriver._remove_expired_reservations' sleeping for 119.96 seconds {{(pid=91936) _run_loop /opt/stack/data/venv/lib/python3.12/site-packages/oslo_service/backend/_threading/loopingcall.py:125}}
May 27 20:04:23.902332 np0000001547 neutron-periodic-workers[91930]: DEBUG dbcounter [-] [91930] Writing DB stats neutron:SELECT=1 {{(pid=91930) stat_writer /opt/stack/data/venv/lib/python3.12/site-packages/dbcounter.py:115}}
May 27 20:04:24.909592 np0000001547 neutron-periodic-workers[91922]: DEBUG dbcounter [-] [91922] Writing DB stats neutron:SELECT=3 {{(pid=91922) stat_writer /opt/stack/data/venv/lib/python3.12/site-packages/dbcounter.py:115}}
May 27 20:04:31.952313 np0000001547 neutron-periodic-workers[91936]: DEBUG dbcounter [-] [91936] Writing DB stats neutron:DELETE=1 {{(pid=91936) stat_writer /opt/stack/data/venv/lib/python3.12/site-packages/dbcounter.py:115}}
May 27 20:04:50.907752 np0000001547 neutron-periodic-workers[91930]: DEBUG neutron.db.agents_db [None req-6a177eac-3cf7-4e56-9f1e-fc0b1facf428 None None] Agent healthcheck: found 0 active agents {{(pid=91930) agent_health_check /opt/stack/neutron/neutron/db/agents_db.py:322}}
May 27 20:04:50.908185 np0000001547 neutron-periodic-workers[91930]: DEBUG oslo.service.backend._threading.loopingcall [None req-6a177eac-3cf7-4e56-9f1e-fc0b1facf428 None None] Fixed interval looping call 'neutron.plugins.ml2.plugin.AgentDbMixin.agent_health_check' sleeping for 37.00 seconds {{(pid=91930) _run_loop /opt/stack/data/venv/lib/python3.12/site-packages/oslo_service/backend/_threading/loopingcall.py:125}}
May 27 20:04:51.907104 np0000001547 neutron-periodic-workers[91922]: DEBUG oslo.service.backend._threading.loopingcall [None req-a6cb98d6-2e0d-4a85-825a-135ebdf03201 None None] Fixed interval looping call 'neutron.plugins.ml2.plugin.DhcpAgentSchedulerDbMixin.remove_networks_from_down_agents' sleeping for 36.99 seconds {{(pid=91922) _run_loop /opt/stack/data/venv/lib/python3.12/site-packages/oslo_service/backend/_threading/loopingcall.py:125}}
May 27 20:05:00.907834 np0000001547 neutron-periodic-workers[91930]: DEBUG dbcounter [-] [91930] Writing DB stats neutron:SELECT=1 {{(pid=91930) stat_writer /opt/stack/data/venv/lib/python3.12/site-packages/dbcounter.py:115}}
May 27 20:05:01.907658 np0000001547 neutron-periodic-workers[91922]: DEBUG dbcounter [-] [91922] Writing DB stats neutron:SELECT=3 {{(pid=91922) stat_writer /opt/stack/data/venv/lib/python3.12/site-packages/dbcounter.py:115}}
May 27 20:05:27.918274 np0000001547 neutron-periodic-workers[91930]: DEBUG neutron.db.agents_db [None req-6a177eac-3cf7-4e56-9f1e-fc0b1facf428 None None] Agent healthcheck: found 0 active agents {{(pid=91930) agent_health_check /opt/stack/neutron/neutron/db/agents_db.py:322}}
May 27 20:05:27.918713 np0000001547 neutron-periodic-workers[91930]: DEBUG oslo.service.backend._threading.loopingcall [None req-6a177eac-3cf7-4e56-9f1e-fc0b1facf428 None None] Fixed interval looping call 'neutron.plugins.ml2.plugin.AgentDbMixin.agent_health_check' sleeping for 36.99 seconds {{(pid=91930) _run_loop /opt/stack/data/venv/lib/python3.12/site-packages/oslo_service/backend/_threading/loopingcall.py:125}}
May 27 20:05:28.909618 np0000001547 neutron-periodic-workers[91922]: DEBUG oslo.service.backend._threading.loopingcall [None req-a6cb98d6-2e0d-4a85-825a-135ebdf03201 None None] Fixed interval looping call 'neutron.plugins.ml2.plugin.DhcpAgentSchedulerDbMixin.remove_networks_from_down_agents' sleeping for 36.99 seconds {{(pid=91922) _run_loop /opt/stack/data/venv/lib/python3.12/site-packages/oslo_service/backend/_threading/loopingcall.py:125}}
May 27 20:05:38.273789 np0000001547 neutron-periodic-workers[91930]: DEBUG dbcounter [-] [91930] Writing DB stats neutron:SELECT=1 {{(pid=91930) stat_writer /opt/stack/data/venv/lib/python3.12/site-packages/dbcounter.py:115}}
May 27 20:05:38.904232 np0000001547 neutron-periodic-workers[91922]: DEBUG dbcounter [-] [91922] Writing DB stats neutron:SELECT=3 {{(pid=91922) stat_writer /opt/stack/data/venv/lib/python3.12/site-packages/dbcounter.py:115}}
May 27 20:05:44.952526 np0000001547 neutron-periodic-workers[91910]: DEBUG dbcounter [-] [91910] Writer thread running {{(pid=91910) stat_writer /opt/stack/data/venv/lib/python3.12/site-packages/dbcounter.py:102}}
May 27 20:05:44.963118 np0000001547 neutron-periodic-workers[91910]: DEBUG oslo.service.backend._threading.loopingcall [None req-4fbfb807-9d22-4439-958b-ae328856e184 None None] Fixed interval looping call 'neutron.services.ovn_l3.plugin.L3_NAT_dbonly_mixin._clean_garbage' sleeping for 299.90 seconds {{(pid=91910) _run_loop /opt/stack/data/venv/lib/python3.12/site-packages/oslo_service/backend/_threading/loopingcall.py:125}}
May 27 20:06:04.912610 np0000001547 neutron-periodic-workers[91930]: DEBUG neutron.db.agents_db [None req-6a177eac-3cf7-4e56-9f1e-fc0b1facf428 None None] Agent healthcheck: found 0 active agents {{(pid=91930) agent_health_check /opt/stack/neutron/neutron/db/agents_db.py:322}}
May 27 20:06:04.913065 np0000001547 neutron-periodic-workers[91930]: DEBUG oslo.service.backend._threading.loopingcall [None req-6a177eac-3cf7-4e56-9f1e-fc0b1facf428 None None] Fixed interval looping call 'neutron.plugins.ml2.plugin.AgentDbMixin.agent_health_check' sleeping for 37.00 seconds {{(pid=91930) _run_loop /opt/stack/data/venv/lib/python3.12/site-packages/oslo_service/backend/_threading/loopingcall.py:125}}
May 27 20:06:04.953159 np0000001547 neutron-periodic-workers[91910]: DEBUG dbcounter [-] [91910] Writing DB stats neutron:SELECT=1 {{(pid=91910) stat_writer /opt/stack/data/venv/lib/python3.12/site-packages/dbcounter.py:115}}
May 27 20:06:05.905709 np0000001547 neutron-periodic-workers[91922]: DEBUG oslo.service.backend._threading.loopingcall [None req-a6cb98d6-2e0d-4a85-825a-135ebdf03201 None None] Fixed interval looping call 'neutron.plugins.ml2.plugin.DhcpAgentSchedulerDbMixin.remove_networks_from_down_agents' sleeping for 36.99 seconds {{(pid=91922) _run_loop /opt/stack/data/venv/lib/python3.12/site-packages/oslo_service/backend/_threading/loopingcall.py:125}}
May 27 20:06:14.911526 np0000001547 neutron-periodic-workers[91930]: DEBUG dbcounter [-] [91930] Writing DB stats neutron:SELECT=1 {{(pid=91930) stat_writer /opt/stack/data/venv/lib/python3.12/site-packages/dbcounter.py:115}}
May 27 20:06:15.904703 np0000001547 neutron-periodic-workers[91922]: DEBUG dbcounter [-] [91922] Writing DB stats neutron:SELECT=3 {{(pid=91922) stat_writer /opt/stack/data/venv/lib/python3.12/site-packages/dbcounter.py:115}}
May 27 20:06:21.927457 np0000001547 neutron-periodic-workers[91936]: DEBUG oslo.service.backend._threading.loopingcall [None req-0046b9b1-5fcf-467a-b046-8a8d5c42ec20 None None] Fixed interval looping call 'neutron.db.quota.driver_nolock.DbQuotaNoLockDriver._remove_expired_reservations' sleeping for 119.99 seconds {{(pid=91936) _run_loop /opt/stack/data/venv/lib/python3.12/site-packages/oslo_service/backend/_threading/loopingcall.py:125}}
May 27 20:06:31.922928 np0000001547 neutron-periodic-workers[91936]: DEBUG dbcounter [-] [91936] Writing DB stats neutron:DELETE=1 {{(pid=91936) stat_writer /opt/stack/data/venv/lib/python3.12/site-packages/dbcounter.py:115}}
May 27 20:06:41.916301 np0000001547 neutron-periodic-workers[91930]: DEBUG neutron.db.agents_db [None req-6a177eac-3cf7-4e56-9f1e-fc0b1facf428 None None] Agent healthcheck: found 0 active agents {{(pid=91930) agent_health_check /opt/stack/neutron/neutron/db/agents_db.py:322}}
May 27 20:06:41.916301 np0000001547 neutron-periodic-workers[91930]: DEBUG oslo.service.backend._threading.loopingcall [None req-6a177eac-3cf7-4e56-9f1e-fc0b1facf428 None None] Fixed interval looping call 'neutron.plugins.ml2.plugin.AgentDbMixin.agent_health_check' sleeping for 37.00 seconds {{(pid=91930) _run_loop /opt/stack/data/venv/lib/python3.12/site-packages/oslo_service/backend/_threading/loopingcall.py:125}}
May 27 20:06:42.906424 np0000001547 neutron-periodic-workers[91922]: DEBUG oslo.service.backend._threading.loopingcall [None req-a6cb98d6-2e0d-4a85-825a-135ebdf03201 None None] Fixed interval looping call 'neutron.plugins.ml2.plugin.DhcpAgentSchedulerDbMixin.remove_networks_from_down_agents' sleeping for 36.99 seconds {{(pid=91922) _run_loop /opt/stack/data/venv/lib/python3.12/site-packages/oslo_service/backend/_threading/loopingcall.py:125}}
May 27 20:06:51.915100 np0000001547 neutron-periodic-workers[91930]: DEBUG dbcounter [-] [91930] Writing DB stats neutron:SELECT=1 {{(pid=91930) stat_writer /opt/stack/data/venv/lib/python3.12/site-packages/dbcounter.py:115}}
May 27 20:06:52.903838 np0000001547 neutron-periodic-workers[91922]: DEBUG dbcounter [-] [91922] Writing DB stats neutron:SELECT=3 {{(pid=91922) stat_writer /opt/stack/data/venv/lib/python3.12/site-packages/dbcounter.py:115}}
May 27 20:07:18.923682 np0000001547 neutron-periodic-workers[91930]: DEBUG neutron.db.agents_db [None req-6a177eac-3cf7-4e56-9f1e-fc0b1facf428 None None] Agent healthcheck: found 0 active agents {{(pid=91930) agent_health_check /opt/stack/neutron/neutron/db/agents_db.py:322}}
May 27 20:07:18.924106 np0000001547 neutron-periodic-workers[91930]: DEBUG oslo.service.backend._threading.loopingcall [None req-6a177eac-3cf7-4e56-9f1e-fc0b1facf428 None None] Fixed interval looping call 'neutron.plugins.ml2.plugin.AgentDbMixin.agent_health_check' sleeping for 36.99 seconds {{(pid=91930) _run_loop /opt/stack/data/venv/lib/python3.12/site-packages/oslo_service/backend/_threading/loopingcall.py:125}}
May 27 20:07:19.903765 np0000001547 neutron-periodic-workers[91922]: DEBUG oslo.service.backend._threading.loopingcall [None req-a6cb98d6-2e0d-4a85-825a-135ebdf03201 None None] Fixed interval looping call 'neutron.plugins.ml2.plugin.DhcpAgentSchedulerDbMixin.remove_networks_from_down_agents' sleeping for 36.99 seconds {{(pid=91922) _run_loop /opt/stack/data/venv/lib/python3.12/site-packages/oslo_service/backend/_threading/loopingcall.py:125}}
May 27 20:07:28.922177 np0000001547 neutron-periodic-workers[91930]: DEBUG dbcounter [-] [91930] Writing DB stats neutron:SELECT=1 {{(pid=91930) stat_writer /opt/stack/data/venv/lib/python3.12/site-packages/dbcounter.py:115}}
May 27 20:07:29.903178 np0000001547 neutron-periodic-workers[91922]: DEBUG dbcounter [-] [91922] Writing DB stats neutron:SELECT=3 {{(pid=91922) stat_writer /opt/stack/data/venv/lib/python3.12/site-packages/dbcounter.py:115}}
May 27 20:07:55.918194 np0000001547 neutron-periodic-workers[91930]: DEBUG neutron.db.agents_db [None req-6a177eac-3cf7-4e56-9f1e-fc0b1facf428 None None] Agent healthcheck: found 0 active agents {{(pid=91930) agent_health_check /opt/stack/neutron/neutron/db/agents_db.py:322}}
May 27 20:07:55.918485 np0000001547 neutron-periodic-workers[91930]: DEBUG oslo.service.backend._threading.loopingcall [None req-6a177eac-3cf7-4e56-9f1e-fc0b1facf428 None None] Fixed interval looping call 'neutron.plugins.ml2.plugin.AgentDbMixin.agent_health_check' sleeping for 37.00 seconds {{(pid=91930) _run_loop /opt/stack/data/venv/lib/python3.12/site-packages/oslo_service/backend/_threading/loopingcall.py:125}}
May 27 20:07:56.902558 np0000001547 neutron-periodic-workers[91922]: DEBUG oslo.service.backend._threading.loopingcall [None req-a6cb98d6-2e0d-4a85-825a-135ebdf03201 None None] Fixed interval looping call 'neutron.plugins.ml2.plugin.DhcpAgentSchedulerDbMixin.remove_networks_from_down_agents' sleeping for 36.99 seconds {{(pid=91922) _run_loop /opt/stack/data/venv/lib/python3.12/site-packages/oslo_service/backend/_threading/loopingcall.py:125}}
May 27 20:08:05.916867 np0000001547 neutron-periodic-workers[91930]: DEBUG dbcounter [-] [91930] Writing DB stats neutron:SELECT=1 {{(pid=91930) stat_writer /opt/stack/data/venv/lib/python3.12/site-packages/dbcounter.py:115}}
May 27 20:08:06.901346 np0000001547 neutron-periodic-workers[91922]: DEBUG dbcounter [-] [91922] Writing DB stats neutron:SELECT=3 {{(pid=91922) stat_writer /opt/stack/data/venv/lib/python3.12/site-packages/dbcounter.py:115}}
May 27 20:08:21.921609 np0000001547 neutron-periodic-workers[91936]: DEBUG oslo.service.backend._threading.loopingcall [None req-0046b9b1-5fcf-467a-b046-8a8d5c42ec20 None None] Fixed interval looping call 'neutron.db.quota.driver_nolock.DbQuotaNoLockDriver._remove_expired_reservations' sleeping for 120.00 seconds {{(pid=91936) _run_loop /opt/stack/data/venv/lib/python3.12/site-packages/oslo_service/backend/_threading/loopingcall.py:125}}
May 27 20:08:31.920827 np0000001547 neutron-periodic-workers[91936]: DEBUG dbcounter [-] [91936] Writing DB stats neutron:DELETE=1 {{(pid=91936) stat_writer /opt/stack/data/venv/lib/python3.12/site-packages/dbcounter.py:115}}
May 27 20:08:32.926058 np0000001547 neutron-periodic-workers[91930]: DEBUG neutron.db.agents_db [None req-6a177eac-3cf7-4e56-9f1e-fc0b1facf428 None None] Agent healthcheck: found 0 active agents {{(pid=91930) agent_health_check /opt/stack/neutron/neutron/db/agents_db.py:322}}
May 27 20:08:32.926058 np0000001547 neutron-periodic-workers[91930]: DEBUG oslo.service.backend._threading.loopingcall [None req-6a177eac-3cf7-4e56-9f1e-fc0b1facf428 None None] Fixed interval looping call 'neutron.plugins.ml2.plugin.AgentDbMixin.agent_health_check' sleeping for 36.99 seconds {{(pid=91930) _run_loop /opt/stack/data/venv/lib/python3.12/site-packages/oslo_service/backend/_threading/loopingcall.py:125}}
May 27 20:08:33.901165 np0000001547 neutron-periodic-workers[91922]: DEBUG oslo.service.backend._threading.loopingcall [None req-a6cb98d6-2e0d-4a85-825a-135ebdf03201 None None] Fixed interval looping call 'neutron.plugins.ml2.plugin.DhcpAgentSchedulerDbMixin.remove_networks_from_down_agents' sleeping for 36.99 seconds {{(pid=91922) _run_loop /opt/stack/data/venv/lib/python3.12/site-packages/oslo_service/backend/_threading/loopingcall.py:125}}
May 27 20:08:42.923826 np0000001547 neutron-periodic-workers[91930]: DEBUG dbcounter [-] [91930] Writing DB stats neutron:SELECT=1 {{(pid=91930) stat_writer /opt/stack/data/venv/lib/python3.12/site-packages/dbcounter.py:115}}
May 27 20:08:43.899923 np0000001547 neutron-periodic-workers[91922]: DEBUG dbcounter [-] [91922] Writing DB stats neutron:SELECT=3 {{(pid=91922) stat_writer /opt/stack/data/venv/lib/python3.12/site-packages/dbcounter.py:115}}
May 27 20:09:09.919063 np0000001547 neutron-periodic-workers[91930]: DEBUG neutron.db.agents_db [None req-6a177eac-3cf7-4e56-9f1e-fc0b1facf428 None None] Agent healthcheck: found 0 active agents {{(pid=91930) agent_health_check /opt/stack/neutron/neutron/db/agents_db.py:322}}
May 27 20:09:09.919523 np0000001547 neutron-periodic-workers[91930]: DEBUG oslo.service.backend._threading.loopingcall [None req-6a177eac-3cf7-4e56-9f1e-fc0b1facf428 None None] Fixed interval looping call 'neutron.plugins.ml2.plugin.AgentDbMixin.agent_health_check' sleeping for 37.00 seconds {{(pid=91930) _run_loop /opt/stack/data/venv/lib/python3.12/site-packages/oslo_service/backend/_threading/loopingcall.py:125}}
May 27 20:09:10.898459 np0000001547 neutron-periodic-workers[91922]: DEBUG oslo.service.backend._threading.loopingcall [None req-a6cb98d6-2e0d-4a85-825a-135ebdf03201 None None] Fixed interval looping call 'neutron.plugins.ml2.plugin.DhcpAgentSchedulerDbMixin.remove_networks_from_down_agents' sleeping for 36.99 seconds {{(pid=91922) _run_loop /opt/stack/data/venv/lib/python3.12/site-packages/oslo_service/backend/_threading/loopingcall.py:125}}
May 27 20:09:19.919187 np0000001547 neutron-periodic-workers[91930]: DEBUG dbcounter [-] [91930] Writing DB stats neutron:SELECT=1 {{(pid=91930) stat_writer /opt/stack/data/venv/lib/python3.12/site-packages/dbcounter.py:115}}
May 27 20:09:20.897288 np0000001547 neutron-periodic-workers[91922]: DEBUG dbcounter [-] [91922] Writing DB stats neutron:SELECT=3 {{(pid=91922) stat_writer /opt/stack/data/venv/lib/python3.12/site-packages/dbcounter.py:115}}
May 27 20:09:46.926179 np0000001547 neutron-periodic-workers[91930]: DEBUG neutron.db.agents_db [None req-6a177eac-3cf7-4e56-9f1e-fc0b1facf428 None None] Agent healthcheck: found 0 active agents {{(pid=91930) agent_health_check /opt/stack/neutron/neutron/db/agents_db.py:322}}
May 27 20:09:46.926179 np0000001547 neutron-periodic-workers[91930]: DEBUG oslo.service.backend._threading.loopingcall [None req-6a177eac-3cf7-4e56-9f1e-fc0b1facf428 None None] Fixed interval looping call 'neutron.plugins.ml2.plugin.AgentDbMixin.agent_health_check' sleeping for 36.99 seconds {{(pid=91930) _run_loop /opt/stack/data/venv/lib/python3.12/site-packages/oslo_service/backend/_threading/loopingcall.py:125}}
May 27 20:09:47.900156 np0000001547 neutron-periodic-workers[91922]: DEBUG oslo.service.backend._threading.loopingcall [None req-a6cb98d6-2e0d-4a85-825a-135ebdf03201 None None] Fixed interval looping call 'neutron.plugins.ml2.plugin.DhcpAgentSchedulerDbMixin.remove_networks_from_down_agents' sleeping for 36.99 seconds {{(pid=91922) _run_loop /opt/stack/data/venv/lib/python3.12/site-packages/oslo_service/backend/_threading/loopingcall.py:125}}
May 27 20:09:56.924130 np0000001547 neutron-periodic-workers[91930]: DEBUG dbcounter [-] [91930] Writing DB stats neutron:SELECT=1 {{(pid=91930) stat_writer /opt/stack/data/venv/lib/python3.12/site-packages/dbcounter.py:115}}
May 27 20:09:57.899137 np0000001547 neutron-periodic-workers[91922]: DEBUG dbcounter [-] [91922] Writing DB stats neutron:SELECT=3 {{(pid=91922) stat_writer /opt/stack/data/venv/lib/python3.12/site-packages/dbcounter.py:115}}
May 27 20:10:21.924793 np0000001547 neutron-periodic-workers[91936]: DEBUG oslo.service.backend._threading.loopingcall [None req-0046b9b1-5fcf-467a-b046-8a8d5c42ec20 None None] Fixed interval looping call 'neutron.db.quota.driver_nolock.DbQuotaNoLockDriver._remove_expired_reservations' sleeping for 120.00 seconds {{(pid=91936) _run_loop /opt/stack/data/venv/lib/python3.12/site-packages/oslo_service/backend/_threading/loopingcall.py:125}}
May 27 20:10:23.922491 np0000001547 neutron-periodic-workers[91930]: DEBUG neutron.db.agents_db [None req-6a177eac-3cf7-4e56-9f1e-fc0b1facf428 None None] Agent healthcheck: found 0 active agents {{(pid=91930) agent_health_check /opt/stack/neutron/neutron/db/agents_db.py:322}}
May 27 20:10:23.922772 np0000001547 neutron-periodic-workers[91930]: DEBUG oslo.service.backend._threading.loopingcall [None req-6a177eac-3cf7-4e56-9f1e-fc0b1facf428 None None] Fixed interval looping call 'neutron.plugins.ml2.plugin.AgentDbMixin.agent_health_check' sleeping for 36.99 seconds {{(pid=91930) _run_loop /opt/stack/data/venv/lib/python3.12/site-packages/oslo_service/backend/_threading/loopingcall.py:125}}
May 27 20:10:24.902991 np0000001547 neutron-periodic-workers[91922]: DEBUG oslo.service.backend._threading.loopingcall [None req-a6cb98d6-2e0d-4a85-825a-135ebdf03201 None None] Fixed interval looping call 'neutron.plugins.ml2.plugin.DhcpAgentSchedulerDbMixin.remove_networks_from_down_agents' sleeping for 36.99 seconds {{(pid=91922) _run_loop /opt/stack/data/venv/lib/python3.12/site-packages/oslo_service/backend/_threading/loopingcall.py:125}}
May 27 20:10:31.924479 np0000001547 neutron-periodic-workers[91936]: DEBUG dbcounter [-] [91936] Writing DB stats neutron:DELETE=1 {{(pid=91936) stat_writer /opt/stack/data/venv/lib/python3.12/site-packages/dbcounter.py:115}}
May 27 20:10:33.918324 np0000001547 neutron-periodic-workers[91930]: DEBUG dbcounter [-] [91930] Writing DB stats neutron:SELECT=1 {{(pid=91930) stat_writer /opt/stack/data/venv/lib/python3.12/site-packages/dbcounter.py:115}}
May 27 20:10:34.901641 np0000001547 neutron-periodic-workers[91922]: DEBUG dbcounter [-] [91922] Writing DB stats neutron:SELECT=3 {{(pid=91922) stat_writer /opt/stack/data/venv/lib/python3.12/site-packages/dbcounter.py:115}}
May 27 20:10:44.876451 np0000001547 neutron-periodic-workers[91910]: DEBUG oslo.service.backend._threading.loopingcall [None req-4fbfb807-9d22-4439-958b-ae328856e184 None None] Fixed interval looping call 'neutron.services.ovn_l3.plugin.L3_NAT_dbonly_mixin._clean_garbage' sleeping for 299.99 seconds {{(pid=91910) _run_loop /opt/stack/data/venv/lib/python3.12/site-packages/oslo_service/backend/_threading/loopingcall.py:125}}
May 27 20:10:54.866459 np0000001547 neutron-periodic-workers[91910]: DEBUG dbcounter [-] [91910] Writing DB stats neutron:SELECT=1 {{(pid=91910) stat_writer /opt/stack/data/venv/lib/python3.12/site-packages/dbcounter.py:115}}
May 27 20:11:00.917529 np0000001547 neutron-periodic-workers[91930]: DEBUG neutron.db.agents_db [None req-6a177eac-3cf7-4e56-9f1e-fc0b1facf428 None None] Agent healthcheck: found 0 active agents {{(pid=91930) agent_health_check /opt/stack/neutron/neutron/db/agents_db.py:322}}
May 27 20:11:00.917529 np0000001547 neutron-periodic-workers[91930]: DEBUG oslo.service.backend._threading.loopingcall [None req-6a177eac-3cf7-4e56-9f1e-fc0b1facf428 None None] Fixed interval looping call 'neutron.plugins.ml2.plugin.AgentDbMixin.agent_health_check' sleeping for 37.00 seconds {{(pid=91930) _run_loop /opt/stack/data/venv/lib/python3.12/site-packages/oslo_service/backend/_threading/loopingcall.py:125}}
May 27 20:11:01.907389 np0000001547 neutron-periodic-workers[91922]: DEBUG oslo.service.backend._threading.loopingcall [None req-a6cb98d6-2e0d-4a85-825a-135ebdf03201 None None] Fixed interval looping call 'neutron.plugins.ml2.plugin.DhcpAgentSchedulerDbMixin.remove_networks_from_down_agents' sleeping for 36.99 seconds {{(pid=91922) _run_loop /opt/stack/data/venv/lib/python3.12/site-packages/oslo_service/backend/_threading/loopingcall.py:125}}
May 27 20:11:10.916575 np0000001547 neutron-periodic-workers[91930]: DEBUG dbcounter [-] [91930] Writing DB stats neutron:SELECT=1 {{(pid=91930) stat_writer /opt/stack/data/venv/lib/python3.12/site-packages/dbcounter.py:115}}
May 27 20:11:11.905757 np0000001547 neutron-periodic-workers[91922]: DEBUG dbcounter [-] [91922] Writing DB stats neutron:SELECT=3 {{(pid=91922) stat_writer /opt/stack/data/venv/lib/python3.12/site-packages/dbcounter.py:115}}
May 27 20:11:37.922500 np0000001547 neutron-periodic-workers[91930]: DEBUG neutron.db.agents_db [None req-6a177eac-3cf7-4e56-9f1e-fc0b1facf428 None None] Agent healthcheck: found 0 active agents {{(pid=91930) agent_health_check /opt/stack/neutron/neutron/db/agents_db.py:322}}
May 27 20:11:37.923094 np0000001547 neutron-periodic-workers[91930]: DEBUG oslo.service.backend._threading.loopingcall [None req-6a177eac-3cf7-4e56-9f1e-fc0b1facf428 None None] Fixed interval looping call 'neutron.plugins.ml2.plugin.AgentDbMixin.agent_health_check' sleeping for 37.00 seconds {{(pid=91930) _run_loop /opt/stack/data/venv/lib/python3.12/site-packages/oslo_service/backend/_threading/loopingcall.py:125}}
May 27 20:11:38.913172 np0000001547 neutron-periodic-workers[91922]: DEBUG oslo.service.backend._threading.loopingcall [None req-a6cb98d6-2e0d-4a85-825a-135ebdf03201 None None] Fixed interval looping call 'neutron.plugins.ml2.plugin.DhcpAgentSchedulerDbMixin.remove_networks_from_down_agents' sleeping for 36.98 seconds {{(pid=91922) _run_loop /opt/stack/data/venv/lib/python3.12/site-packages/oslo_service/backend/_threading/loopingcall.py:125}}
May 27 20:11:47.920494 np0000001547 neutron-periodic-workers[91930]: DEBUG dbcounter [-] [91930] Writing DB stats neutron:SELECT=1 {{(pid=91930) stat_writer /opt/stack/data/venv/lib/python3.12/site-packages/dbcounter.py:115}}
May 27 20:11:48.915327 np0000001547 neutron-periodic-workers[91922]: DEBUG dbcounter [-] [91922] Writing DB stats neutron:SELECT=3 {{(pid=91922) stat_writer /opt/stack/data/venv/lib/python3.12/site-packages/dbcounter.py:115}}
May 27 20:12:14.929919 np0000001547 neutron-periodic-workers[91930]: DEBUG neutron.db.agents_db [None req-6a177eac-3cf7-4e56-9f1e-fc0b1facf428 None None] Agent healthcheck: found 0 active agents {{(pid=91930) agent_health_check /opt/stack/neutron/neutron/db/agents_db.py:322}}
May 27 20:12:14.930514 np0000001547 neutron-periodic-workers[91930]: DEBUG oslo.service.backend._threading.loopingcall [None req-6a177eac-3cf7-4e56-9f1e-fc0b1facf428 None None] Fixed interval looping call 'neutron.plugins.ml2.plugin.AgentDbMixin.agent_health_check' sleeping for 36.99 seconds {{(pid=91930) _run_loop /opt/stack/data/venv/lib/python3.12/site-packages/oslo_service/backend/_threading/loopingcall.py:125}}
May 27 20:12:15.902483 np0000001547 neutron-periodic-workers[91922]: DEBUG oslo.service.backend._threading.loopingcall [None req-a6cb98d6-2e0d-4a85-825a-135ebdf03201 None None] Fixed interval looping call 'neutron.plugins.ml2.plugin.DhcpAgentSchedulerDbMixin.remove_networks_from_down_agents' sleeping for 36.99 seconds {{(pid=91922) _run_loop /opt/stack/data/venv/lib/python3.12/site-packages/oslo_service/backend/_threading/loopingcall.py:125}}
May 27 20:12:21.930070 np0000001547 neutron-periodic-workers[91936]: DEBUG oslo.service.backend._threading.loopingcall [None req-0046b9b1-5fcf-467a-b046-8a8d5c42ec20 None None] Fixed interval looping call 'neutron.db.quota.driver_nolock.DbQuotaNoLockDriver._remove_expired_reservations' sleeping for 120.00 seconds {{(pid=91936) _run_loop /opt/stack/data/venv/lib/python3.12/site-packages/oslo_service/backend/_threading/loopingcall.py:125}}
May 27 20:12:24.927822 np0000001547 neutron-periodic-workers[91930]: DEBUG dbcounter [-] [91930] Writing DB stats neutron:SELECT=1 {{(pid=91930) stat_writer /opt/stack/data/venv/lib/python3.12/site-packages/dbcounter.py:115}}
May 27 20:12:25.900661 np0000001547 neutron-periodic-workers[91922]: DEBUG dbcounter [-] [91922] Writing DB stats neutron:SELECT=3 {{(pid=91922) stat_writer /opt/stack/data/venv/lib/python3.12/site-packages/dbcounter.py:115}}
May 27 20:12:31.929049 np0000001547 neutron-periodic-workers[91936]: DEBUG dbcounter [-] [91936] Writing DB stats neutron:DELETE=1 {{(pid=91936) stat_writer /opt/stack/data/venv/lib/python3.12/site-packages/dbcounter.py:115}}
May 27 20:12:51.924611 np0000001547 neutron-periodic-workers[91930]: DEBUG neutron.db.agents_db [None req-6a177eac-3cf7-4e56-9f1e-fc0b1facf428 None None] Agent healthcheck: found 0 active agents {{(pid=91930) agent_health_check /opt/stack/neutron/neutron/db/agents_db.py:322}}
May 27 20:12:51.924928 np0000001547 neutron-periodic-workers[91930]: DEBUG oslo.service.backend._threading.loopingcall [None req-6a177eac-3cf7-4e56-9f1e-fc0b1facf428 None None] Fixed interval looping call 'neutron.plugins.ml2.plugin.AgentDbMixin.agent_health_check' sleeping for 37.00 seconds {{(pid=91930) _run_loop /opt/stack/data/venv/lib/python3.12/site-packages/oslo_service/backend/_threading/loopingcall.py:125}}
May 27 20:12:52.899512 np0000001547 neutron-periodic-workers[91922]: DEBUG oslo.service.backend._threading.loopingcall [None req-a6cb98d6-2e0d-4a85-825a-135ebdf03201 None None] Fixed interval looping call 'neutron.plugins.ml2.plugin.DhcpAgentSchedulerDbMixin.remove_networks_from_down_agents' sleeping for 36.99 seconds {{(pid=91922) _run_loop /opt/stack/data/venv/lib/python3.12/site-packages/oslo_service/backend/_threading/loopingcall.py:125}}
May 27 20:13:01.922810 np0000001547 neutron-periodic-workers[91930]: DEBUG dbcounter [-] [91930] Writing DB stats neutron:SELECT=1 {{(pid=91930) stat_writer /opt/stack/data/venv/lib/python3.12/site-packages/dbcounter.py:115}}
May 27 20:13:02.899390 np0000001547 neutron-periodic-workers[91922]: DEBUG dbcounter [-] [91922] Writing DB stats neutron:SELECT=3 {{(pid=91922) stat_writer /opt/stack/data/venv/lib/python3.12/site-packages/dbcounter.py:115}}
