Jun 25 18:31:50.955357 np0000003632 devstack@neutron-api.service[87381]: DEBUG neutron.plugins.ml2.drivers.ovn.mech_driver.ovsdb.ovsdb_monitor [None req-d35743db-ca70-4e3e-9f89-74b9e3b6ed27 None None] Touching Hash Ring node "2b72c43161c05411801bf5858eb208f6" from IDL notify handler {{(pid=87381) notify /opt/stack/neutron/neutron/plugins/ml2/drivers/ovn/mech_driver/ovsdb/ovsdb_monitor.py:1007}}
Jun 25 18:31:50.955486 np0000003632 devstack@neutron-api.service[87380]: DEBUG neutron.plugins.ml2.drivers.ovn.mech_driver.ovsdb.ovsdb_monitor [None req-f40fc357-4f49-4d5b-8940-f08ff5705b00 None None] Hash Ring: Node 04488850b52f54be8733336c5ff00117 (host: np0000003632) handling event "create" for row 1cb027f5-d8e9-45dd-98ae-620b19a67a4a (table: NAT) {{(pid=87380) notify /opt/stack/neutron/neutron/plugins/ml2/drivers/ovn/mech_driver/ovsdb/ovsdb_monitor.py:1015}}
Jun 25 18:31:50.957307 np0000003632 devstack@neutron-api.service[87379]: DEBUG neutron.plugins.ml2.drivers.ovn.mech_driver.ovsdb.ovsdb_monitor [None req-31609367-e53e-4301-b610-963dabe765b0 None None] Touching Hash Ring node "d49034aeba215bacafc1a0568380c541" from IDL notify handler {{(pid=87379) notify /opt/stack/neutron/neutron/plugins/ml2/drivers/ovn/mech_driver/ovsdb/ovsdb_monitor.py:1007}}
Jun 25 18:31:50.957587 np0000003632 devstack@neutron-api.service[87381]: DEBUG neutron.plugins.ml2.drivers.ovn.mech_driver.ovsdb.ovsdb_monitor [None req-465a22fd-7331-49ba-81b6-80e18800a70b None None] Hash Ring: Node 2b72c43161c05411801bf5858eb208f6 (host: np0000003632) handling event "create" for row 8c323569-d513-4a8b-9809-cb8d7d984821 (table: Datapath_Binding) {{(pid=87381) notify /opt/stack/neutron/neutron/plugins/ml2/drivers/ovn/mech_driver/ovsdb/ovsdb_monitor.py:1015}}
Jun 25 18:31:50.961095 np0000003632 devstack@neutron-api.service[87381]: DEBUG neutron.plugins.ml2.drivers.ovn.mech_driver.ovsdb.ovsdb_monitor [None req-d35743db-ca70-4e3e-9f89-74b9e3b6ed27 None None] Hash Ring: Node 2b72c43161c05411801bf5858eb208f6 (host: np0000003632) handling event "create" for row f9cdcfea-2bc3-4fab-96c2-15a368c63e72 (table: Logical_Router_Port) {{(pid=87381) notify /opt/stack/neutron/neutron/plugins/ml2/drivers/ovn/mech_driver/ovsdb/ovsdb_monitor.py:1015}}
Jun 25 18:31:50.964085 np0000003632 devstack@neutron-api.service[87379]: DEBUG neutron.plugins.ml2.drivers.ovn.mech_driver.ovsdb.ovsdb_monitor [None req-5a6c9dd7-5796-4014-ab87-8e7b8d64d19a None None] Hash Ring: Node d49034aeba215bacafc1a0568380c541 (host: np0000003632) handling event "create" for row 840bfcab-e2ea-4b1c-9d0c-c3b87d35b027 (table: HA_Chassis_Group) {{(pid=87379) notify /opt/stack/neutron/neutron/plugins/ml2/drivers/ovn/mech_driver/ovsdb/ovsdb_monitor.py:1015}}
Jun 25 18:31:50.965731 np0000003632 devstack@neutron-api.service[87381]: DEBUG ovsdbapp.backend.ovs_idl.event [None req-d35743db-ca70-4e3e-9f89-74b9e3b6ed27 None None] Matched CREATE: LogicalRouterPortEvent(events=('create', 'delete'), table='Logical_Router_Port', conditions=None, old_conditions=None), priority=20 to row=Logical_Router_Port(uuid=f9cdcfea-2bc3-4fab-96c2-15a368c63e72, enabled=[], external_ids={'neutron:is_ext_gw': 'True', 'neutron:network_name': 'neutron-9b0c67c5-6770-4772-970d-21b76e8e65e6', 'neutron:revision_number': '1', 'neutron:router_name': 'neutron-3c30b31c-6f51-468e-aa59-1b7deacabe92', 'neutron:subnet_ids': '33ecb19c-21f8-4d14-8c9c-cfed2a09e0c9 5da561de-c2ef-4285-9268-587d247226fc'}, gateway_chassis=[], ha_chassis_group=840bfcab-e2ea-4b1c-9d0c-c3b87d35b027, ipv6_prefix=[], ipv6_ra_configs={}, mac='fa:16:3e:87:70:f3', name='lrp-a127fff8-0766-4ef2-aff6-eef09de94d3f', networks=['172.24.5.31/24', '2001:db8::91/64'], options={'gateway_mtu': '1430', 'reside-on-redirect-chassis': 'true'}, peer=[], status={}) old= {{(pid=87381) matches /opt/stack/data/venv/lib/python3.12/site-packages/ovsdbapp/backend/ovs_idl/event.py:55}}
Jun 25 18:31:50.970529 np0000003632 devstack@neutron-api.service[87381]: DEBUG neutron.plugins.ml2.drivers.ovn.mech_driver.ovsdb.ovsdb_monitor [None req-d35743db-ca70-4e3e-9f89-74b9e3b6ed27 None None] Touching Hash Ring node "2b72c43161c05411801bf5858eb208f6" from IDL notify handler {{(pid=87381) notify /opt/stack/neutron/neutron/plugins/ml2/drivers/ovn/mech_driver/ovsdb/ovsdb_monitor.py:1007}}
Jun 25 18:31:50.976185 np0000003632 devstack@neutron-api.service[87379]: DEBUG neutron.plugins.ml2.drivers.ovn.mech_driver.ovsdb.ovsdb_monitor [None req-31609367-e53e-4301-b610-963dabe765b0 None None] Hash Ring: Node d49034aeba215bacafc1a0568380c541 (host: np0000003632) handling event "update" for row 357f8219-ae56-4205-82ee-cad4f6f9c348 (table: Port_Binding) {{(pid=87379) notify /opt/stack/neutron/neutron/plugins/ml2/drivers/ovn/mech_driver/ovsdb/ovsdb_monitor.py:1015}}
Jun 25 18:31:50.977353 np0000003632 devstack@neutron-api.service[87379]: DEBUG neutron.plugins.ml2.drivers.ovn.mech_driver.ovsdb.ovsdb_monitor [None req-5a6c9dd7-5796-4014-ab87-8e7b8d64d19a None None] Touching Hash Ring node "d49034aeba215bacafc1a0568380c541" from IDL notify handler {{(pid=87379) notify /opt/stack/neutron/neutron/plugins/ml2/drivers/ovn/mech_driver/ovsdb/ovsdb_monitor.py:1007}}
Jun 25 18:31:50.981082 np0000003632 devstack@neutron-api.service[87379]: DEBUG neutron.api.rpc.handlers.resources_rpc [None req-fe715f5b-390d-40dc-ab6d-75028f3fd4c1 admin admin] Pushing event updated for resources: {'Port': ['ID=058f5d0d-f353-48d2-bbf0-bbbf4acd6f3c,revision_number=1']} {{(pid=87379) push /opt/stack/neutron/neutron/api/rpc/handlers/resources_rpc.py:237}}
Jun 25 18:31:50.982896 np0000003632 devstack@neutron-api.service[87379]: DEBUG neutron.plugins.ml2.drivers.ovn.mech_driver.ovsdb.ovsdb_monitor [None req-31609367-e53e-4301-b610-963dabe765b0 None None] Touching Hash Ring node "d49034aeba215bacafc1a0568380c541" from IDL notify handler {{(pid=87379) notify /opt/stack/neutron/neutron/plugins/ml2/drivers/ovn/mech_driver/ovsdb/ovsdb_monitor.py:1007}}
Jun 25 18:31:50.984398 np0000003632 devstack@neutron-api.service[87381]: DEBUG neutron.plugins.ml2.drivers.ovn.mech_driver.ovsdb.ovsdb_monitor [None req-d35743db-ca70-4e3e-9f89-74b9e3b6ed27 None None] Hash Ring: Node 2b72c43161c05411801bf5858eb208f6 (host: np0000003632) handling event "update" for row f9cdcfea-2bc3-4fab-96c2-15a368c63e72 (table: Logical_Router_Port) {{(pid=87381) notify /opt/stack/neutron/neutron/plugins/ml2/drivers/ovn/mech_driver/ovsdb/ovsdb_monitor.py:1015}}
Jun 25 18:31:50.985728 np0000003632 devstack@neutron-api.service[87379]: DEBUG neutron.plugins.ml2.drivers.ovn.mech_driver.ovsdb.ovsdb_monitor [None req-5a6c9dd7-5796-4014-ab87-8e7b8d64d19a None None] Hash Ring: Node d49034aeba215bacafc1a0568380c541 (host: np0000003632) handling event "create" for row 83781476-be24-4c94-b136-bf6ba013cca7 (table: Logical_Router_Static_Route) {{(pid=87379) notify /opt/stack/neutron/neutron/plugins/ml2/drivers/ovn/mech_driver/ovsdb/ovsdb_monitor.py:1015}}
Jun 25 18:31:50.990866 np0000003632 devstack@neutron-api.service[87379]: DEBUG neutron.plugins.ml2.drivers.ovn.mech_driver.ovsdb.ovsdb_monitor [None req-31609367-e53e-4301-b610-963dabe765b0 None None] Hash Ring: Node d49034aeba215bacafc1a0568380c541 (host: np0000003632) handling event "create" for row d1b13881-9d6f-40cb-8afc-40b4f8c75d08 (table: Port_Binding) {{(pid=87379) notify /opt/stack/neutron/neutron/plugins/ml2/drivers/ovn/mech_driver/ovsdb/ovsdb_monitor.py:1015}}
Jun 25 18:31:50.993242 np0000003632 devstack@neutron-api.service[87379]: DEBUG neutron.plugins.ml2.drivers.ovn.mech_driver.ovsdb.ovsdb_monitor [None req-5a6c9dd7-5796-4014-ab87-8e7b8d64d19a None None] Touching Hash Ring node "d49034aeba215bacafc1a0568380c541" from IDL notify handler {{(pid=87379) notify /opt/stack/neutron/neutron/plugins/ml2/drivers/ovn/mech_driver/ovsdb/ovsdb_monitor.py:1007}}
Jun 25 18:31:50.994052 np0000003632 devstack@neutron-api.service[87380]: INFO neutron.db.ovn_revision_numbers_db [None req-71ad73fc-fe81-426f-98bf-9a1c9324d35f admin admin] Successfully bumped revision number for resource a127fff8-0766-4ef2-aff6-eef09de94d3f (type: router_ports) to 1
Jun 25 18:31:50.996546 np0000003632 devstack@neutron-api.service[87379]: DEBUG neutron.plugins.ml2.drivers.ovn.mech_driver.ovsdb.ovsdb_monitor [None req-31609367-e53e-4301-b610-963dabe765b0 None None] Touching Hash Ring node "d49034aeba215bacafc1a0568380c541" from IDL notify handler {{(pid=87379) notify /opt/stack/neutron/neutron/plugins/ml2/drivers/ovn/mech_driver/ovsdb/ovsdb_monitor.py:1007}}
Jun 25 18:31:51.003156 np0000003632 devstack@neutron-api.service[87379]: DEBUG neutron.plugins.ml2.drivers.ovn.mech_driver.ovsdb.ovsdb_monitor [None req-31609367-e53e-4301-b610-963dabe765b0 None None] Hash Ring: Node d49034aeba215bacafc1a0568380c541 (host: np0000003632) handling event "update" for row d1b13881-9d6f-40cb-8afc-40b4f8c75d08 (table: Port_Binding) {{(pid=87379) notify /opt/stack/neutron/neutron/plugins/ml2/drivers/ovn/mech_driver/ovsdb/ovsdb_monitor.py:1015}}
Jun 25 18:31:51.004416 np0000003632 devstack@neutron-api.service[87379]: DEBUG ovsdbapp.backend.ovs_idl.event [None req-31609367-e53e-4301-b610-963dabe765b0 None None] Matched UPDATE: PortBindingChassisEvent(events=('update',), table='Port_Binding', conditions=None, old_conditions=None), priority=20 to row=Port_Binding(uuid=d1b13881-9d6f-40cb-8afc-40b4f8c75d08, additional_chassis=[], additional_encap=[], chassis=01de96c6-6b00-4894-9f4d-d20c1035cb56, datapath=8c323569-d513-4a8b-9809-cb8d7d984821, encap=[], external_ids={'neutron:is_ext_gw': 'True', 'neutron:network_name': 'neutron-9b0c67c5-6770-4772-970d-21b76e8e65e6', 'neutron:revision_number': '1', 'neutron:router_name': 'neutron-3c30b31c-6f51-468e-aa59-1b7deacabe92', 'neutron:subnet_ids': '33ecb19c-21f8-4d14-8c9c-cfed2a09e0c9 5da561de-c2ef-4285-9268-587d247226fc'}, gateway_chassis=[], logical_port='cr-lrp-a127fff8-0766-4ef2-aff6-eef09de94d3f', mac=['fa:16:3e:87:70:f3 172.24.5.31/24 2001:db8::91/64'], mirror_rules=[], nat_addresses=[], options={'always-redirect': 'true', 'distributed-port': 'lrp-a127fff8-0766-4ef2-aff6-eef09de94d3f'}, parent_port=[], port_security=[], requested_additional_chassis=[], requested_chassis=[], tag=[], tunnel_key=2, type='chassisredirect', up=True, virtual_parent=[]) old=Port_Binding(uuid=d1b13881-9d6f-40cb-8afc-40b4f8c75d08, chassis=[], up=False) {{(pid=87379) matches /opt/stack/data/venv/lib/python3.12/site-packages/ovsdbapp/backend/ovs_idl/event.py:55}}
Jun 25 18:31:51.005188 np0000003632 devstack@neutron-api.service[87379]: DEBUG neutron.plugins.ml2.drivers.ovn.mech_driver.ovsdb.ovsdb_monitor [None req-5a6c9dd7-5796-4014-ab87-8e7b8d64d19a None None] Hash Ring: Node d49034aeba215bacafc1a0568380c541 (host: np0000003632) handling event "create" for row ac5a3942-6a93-400e-aef7-1a2ebbc76f0c (table: Logical_Router_Static_Route) {{(pid=87379) notify /opt/stack/neutron/neutron/plugins/ml2/drivers/ovn/mech_driver/ovsdb/ovsdb_monitor.py:1015}}
Jun 25 18:31:51.006740 np0000003632 devstack@neutron-api.service[87379]: INFO neutron.plugins.ml2.drivers.ovn.mech_driver.ovsdb.ovsdb_monitor [None req-8f2c2333-470b-47f4-bdfa-e82c6d1cc9cc None None] Router 3c30b31c-6f51-468e-aa59-1b7deacabe92 is bound to host np0000003632
Jun 25 18:31:51.009453 np0000003632 devstack@neutron-api.service[87379]: DEBUG neutron.plugins.ml2.drivers.ovn.mech_driver.ovsdb.ovsdb_monitor [None req-5a6c9dd7-5796-4014-ab87-8e7b8d64d19a None None] Touching Hash Ring node "d49034aeba215bacafc1a0568380c541" from IDL notify handler {{(pid=87379) notify /opt/stack/neutron/neutron/plugins/ml2/drivers/ovn/mech_driver/ovsdb/ovsdb_monitor.py:1007}}
Jun 25 18:31:51.015461 np0000003632 devstack@neutron-api.service[87381]: DEBUG neutron_lib.callbacks.manager [None req-dd4d5dd8-e227-4445-8e9e-9a4c7d87f903 admin admin] Publish callbacks ['neutron.services.ovn_l3.service_providers.ovn.OvnDriver._process_router_create-16614119'] for router (e6f98d65-7f93-4800-b4c7-f9161939a7e3), after_create {{(pid=87381) _notify_loop /opt/stack/data/venv/lib/python3.12/site-packages/neutron_lib/callbacks/manager.py:184}}
Jun 25 18:31:51.022719 np0000003632 devstack@neutron-api.service[87379]: DEBUG neutron.plugins.ml2.drivers.ovn.mech_driver.ovsdb.ovsdb_monitor [None req-5a6c9dd7-5796-4014-ab87-8e7b8d64d19a None None] Hash Ring: Node d49034aeba215bacafc1a0568380c541 (host: np0000003632) handling event "update" for row 6487a613-c0d5-4b65-b5fd-51605b608cec (table: Logical_Switch_Port) {{(pid=87379) notify /opt/stack/neutron/neutron/plugins/ml2/drivers/ovn/mech_driver/ovsdb/ovsdb_monitor.py:1015}}
Jun 25 18:31:51.030137 np0000003632 devstack@neutron-api.service[87379]: DEBUG neutron.plugins.ml2.drivers.ovn.mech_driver.ovsdb.ovsdb_monitor [None req-5a6c9dd7-5796-4014-ab87-8e7b8d64d19a None None] Touching Hash Ring node "d49034aeba215bacafc1a0568380c541" from IDL notify handler {{(pid=87379) notify /opt/stack/neutron/neutron/plugins/ml2/drivers/ovn/mech_driver/ovsdb/ovsdb_monitor.py:1007}}
Jun 25 18:31:51.045003 np0000003632 devstack@neutron-api.service[87379]: DEBUG neutron.plugins.ml2.drivers.ovn.mech_driver.ovsdb.ovsdb_monitor [None req-5a6c9dd7-5796-4014-ab87-8e7b8d64d19a None None] Hash Ring: Node d49034aeba215bacafc1a0568380c541 (host: np0000003632) handling event "update" for row 6487a613-c0d5-4b65-b5fd-51605b608cec (table: Logical_Switch_Port) {{(pid=87379) notify /opt/stack/neutron/neutron/plugins/ml2/drivers/ovn/mech_driver/ovsdb/ovsdb_monitor.py:1015}}
Jun 25 18:31:51.047082 np0000003632 devstack@neutron-api.service[87379]: DEBUG ovsdbapp.backend.ovs_idl.event [None req-5a6c9dd7-5796-4014-ab87-8e7b8d64d19a None None] Matched UPDATE: LogicalSwitchPortUpdateUpEvent(events=('update',), table='Logical_Switch_Port', conditions=None, old_conditions=None), priority=20 to row=Logical_Switch_Port(uuid=6487a613-c0d5-4b65-b5fd-51605b608cec, addresses=['router'], dhcpv4_options=[], dhcpv6_options=[], dynamic_addresses=[], enabled=True, external_ids={'neutron:cidrs': '172.24.5.31/24 2001:db8::91/64', 'neutron:device_id': '3c30b31c-6f51-468e-aa59-1b7deacabe92', 'neutron:device_owner': 'network:router_gateway', 'neutron:mtu': '', 'neutron:network_name': 'neutron-9b0c67c5-6770-4772-970d-21b76e8e65e6', 'neutron:port_capabilities': '', 'neutron:port_name': '', 'neutron:project_id': '', 'neutron:revision_number': '1', 'neutron:security_group_ids': '', 'neutron:subnet_pool_addr_scope4': '', 'neutron:subnet_pool_addr_scope6': '', 'neutron:vnic_type': 'normal'}, ha_chassis_group=[], mirror_rules=[], name='a127fff8-0766-4ef2-aff6-eef09de94d3f', options={'exclude-lb-vips-from-garp': 'true', 'nat-addresses': 'router', 'router-port': 'lrp-a127fff8-0766-4ef2-aff6-eef09de94d3f'}, parent_name=[], port_security=[], tag=[], tag_request=[], type='router', up=True) old=Logical_Switch_Port(uuid=6487a613-c0d5-4b65-b5fd-51605b608cec, up=False) {{(pid=87379) matches /opt/stack/data/venv/lib/python3.12/site-packages/ovsdbapp/backend/ovs_idl/event.py:55}}
Jun 25 18:31:51.050046 np0000003632 devstack@neutron-api.service[87381]: ERROR ovsdbapp.backend.ovs_idl.command [None req-dd4d5dd8-e227-4445-8e9e-9a4c7d87f903 admin admin] Error executing command (DbGetCommand): ovsdbapp.backend.ovs_idl.idlutils.RowNotFound: Cannot find Logical_Router_Port with name=lrp-b358f533-3851-4f1b-a725-c4fea03f8ad4
Jun 25 18:31:51.050046 np0000003632 devstack@neutron-api.service[87381]: ERROR ovsdbapp.backend.ovs_idl.command
Traceback (most recent call last):
Jun 25 18:31:51.050046 np0000003632 devstack@neutron-api.service[87381]: ERROR ovsdbapp.backend.ovs_idl.command
File "/opt/stack/data/venv/lib/python3.12/site-packages/ovsdbapp/backend/ovs_idl/command.py", line 47, in execute
Jun 25 18:31:51.050046 np0000003632 devstack@neutron-api.service[87381]: ERROR ovsdbapp.backend.ovs_idl.command self.run_idl(None)
Jun 25 18:31:51.050046 np0000003632 devstack@neutron-api.service[87381]: ERROR ovsdbapp.backend.ovs_idl.command
File "/opt/stack/data/venv/lib/python3.12/site-packages/ovsdbapp/backend/ovs_idl/command.py", line 235, in run_idl
Jun 25 18:31:51.050046 np0000003632 devstack@neutron-api.service[87381]: ERROR ovsdbapp.backend.ovs_idl.command record = self.api.lookup(self.table, self.record)
Jun 25 18:31:51.050046 np0000003632 devstack@neutron-api.service[87381]: ERROR ovsdbapp.backend.ovs_idl.command ^^^^^^^^^^^^^^^^^^^^^^^^^^^^^^^^^^^^^^^^
Jun 25 18:31:51.050046 np0000003632 devstack@neutron-api.service[87381]: ERROR ovsdbapp.backend.ovs_idl.command
File "/opt/stack/data/venv/lib/python3.12/site-packages/ovsdbapp/backend/ovs_idl/__init__.py", line 184, in lookup
Jun 25 18:31:51.050046 np0000003632 devstack@neutron-api.service[87381]: ERROR ovsdbapp.backend.ovs_idl.command return self._lookup(table, record)
Jun 25 18:31:51.050046 np0000003632 devstack@neutron-api.service[87381]: ERROR ovsdbapp.backend.ovs_idl.command ^^^^^^^^^^^^^^^^^^^^^^^^^^^
Jun 25 18:31:51.050046 np0000003632 devstack@neutron-api.service[87381]: ERROR ovsdbapp.backend.ovs_idl.command
File "/opt/stack/data/venv/lib/python3.12/site-packages/ovsdbapp/backend/ovs_idl/__init__.py", line 235, in _lookup
Jun 25 18:31:51.050046 np0000003632 devstack@neutron-api.service[87381]: ERROR ovsdbapp.backend.ovs_idl.command row = idlutils.row_by_value(self, rl.table, rl.column, record)
Jun 25 18:31:51.050046 np0000003632 devstack@neutron-api.service[87381]: ERROR ovsdbapp.backend.ovs_idl.command ^^^^^^^^^^^^^^^^^^^^^^^^^^^^^^^^^^^^^^^^^^^^^^^^^^^^^^^^
Jun 25 18:31:51.050046 np0000003632 devstack@neutron-api.service[87381]: ERROR ovsdbapp.backend.ovs_idl.command
File "/opt/stack/data/venv/lib/python3.12/site-packages/ovsdbapp/backend/ovs_idl/idlutils.py", line 116, in row_by_value
Jun 25 18:31:51.050046 np0000003632 devstack@neutron-api.service[87381]: ERROR ovsdbapp.backend.ovs_idl.command raise RowNotFound(table=table, col=column, match=match)
Jun 25 18:31:51.050046 np0000003632 devstack@neutron-api.service[87381]: ERROR ovsdbapp.backend.ovs_idl.command ovsdbapp.backend.ovs_idl.idlutils.RowNotFound: Cannot find Logical_Router_Port with name=lrp-b358f533-3851-4f1b-a725-c4fea03f8ad4
Jun 25 18:31:51.050046 np0000003632 devstack@neutron-api.service[87381]: ERROR ovsdbapp.backend.ovs_idl.command
Jun 25 18:31:51.051566 np0000003632 devstack@neutron-api.service[87379]: INFO neutron.plugins.ml2.drivers.ovn.mech_driver.mech_driver [None req-2deb1978-cc0b-402a-8d99-1fa4b0cac96a None None] OVN reports status up for port: a127fff8-0766-4ef2-aff6-eef09de94d3f
Jun 25 18:31:51.067155 np0000003632 devstack@neutron-api.service[87379]: DEBUG neutron.plugins.ml2.drivers.ovn.mech_driver.ovsdb.commands [None req-fe715f5b-390d-40dc-ab6d-75028f3fd4c1 admin admin] Converting tag [] to a tag_request {{(pid=87379) _tag_column_to_tag_request /opt/stack/neutron/neutron/plugins/ml2/drivers/ovn/mech_driver/ovsdb/commands.py:205}}
Jun 25 18:31:51.067935 np0000003632 devstack@neutron-api.service[87380]: INFO neutron.db.ovn_revision_numbers_db [None req-71ad73fc-fe81-426f-98bf-9a1c9324d35f admin admin] Successfully bumped revision number for resource 3c30b31c-6f51-468e-aa59-1b7deacabe92 (type: routers) to 2
Jun 25 18:31:51.068912 np0000003632 devstack@neutron-api.service[87379]: DEBUG neutron.db.provisioning_blocks [None req-2deb1978-cc0b-402a-8d99-1fa4b0cac96a None None] Provisioning for port a127fff8-0766-4ef2-aff6-eef09de94d3f completed by entity L2. {{(pid=87379) provisioning_complete /opt/stack/neutron/neutron/db/provisioning_blocks.py:133}}
Jun 25 18:31:51.075326 np0000003632 devstack@neutron-api.service[87379]: DEBUG ovsdbapp.backend.ovs_idl.transaction [None req-5a6c9dd7-5796-4014-ab87-8e7b8d64d19a None None] Running txn n=1 command(idx=0): AddLSwitchPortCommand(_result=None, lport=058f5d0d-f353-48d2-bbf0-bbbf4acd6f3c, lswitch=neutron-9b0c67c5-6770-4772-970d-21b76e8e65e6, may_exist=True, network_uuid=9b0c67c5-6770-4772-970d-21b76e8e65e6, columns={'addresses': ['unknown'], 'external_ids': {'neutron:port_name': '', 'neutron:device_id': '1a2110a4-4b90-4b61-a006-6626befdf552', 'neutron:project_id': '', 'neutron:cidrs': '172.24.5.106/24 2001:db8::2a0/64', 'neutron:device_owner': 'network:router_gateway', 'neutron:subnet_pool_addr_scope4': '', 'neutron:subnet_pool_addr_scope6': '', 'neutron:network_name': 'neutron-9b0c67c5-6770-4772-970d-21b76e8e65e6', 'neutron:security_group_ids': '', 'neutron:revision_number': '1', 'neutron:vnic_type': 'normal', 'neutron:port_capabilities': '', 'neutron:mtu': ''}, 'parent_name': [], 'enabled': True, 'options': {}, 'type': '', 'port_security': [], 'dhcpv4_options': [], 'dhcpv6_options': [], 'tag_request': []}) {{(pid=87379) do_commit /opt/stack/data/venv/lib/python3.12/site-packages/ovsdbapp/backend/ovs_idl/transaction.py:89}}
Jun 25 18:31:51.075952 np0000003632 devstack@neutron-api.service[87379]: DEBUG ovsdbapp.backend.ovs_idl.transaction [None req-5a6c9dd7-5796-4014-ab87-8e7b8d64d19a None None] Running txn n=1 command(idx=1): QoSDelCommand(_result=None, switch=neutron-9b0c67c5-6770-4772-970d-21b76e8e65e6, conditions=[('direction', '=', 'to-lport'), ('priority', '=', 2002), ('match', '=', 'outport == "058f5d0d-f353-48d2-bbf0-bbbf4acd6f3c"')], if_exists=True) {{(pid=87379) do_commit /opt/stack/data/venv/lib/python3.12/site-packages/ovsdbapp/backend/ovs_idl/transaction.py:89}}
Jun 25 18:31:51.077362 np0000003632 devstack@neutron-api.service[87379]: DEBUG ovsdbapp.backend.ovs_idl.transaction [None req-5a6c9dd7-5796-4014-ab87-8e7b8d64d19a None None] Running txn n=1 command(idx=2): QoSDelCommand(_result=None, switch=neutron-9b0c67c5-6770-4772-970d-21b76e8e65e6, conditions=[('direction', '=', 'from-lport'), ('priority', '=', 2002), ('match', '=', 'inport == "058f5d0d-f353-48d2-bbf0-bbbf4acd6f3c"')], if_exists=True) {{(pid=87379) do_commit /opt/stack/data/venv/lib/python3.12/site-packages/ovsdbapp/backend/ovs_idl/transaction.py:89}}
Jun 25 18:31:51.077634 np0000003632 devstack@neutron-api.service[87379]: DEBUG ovsdbapp.backend.ovs_idl.transaction [None req-5a6c9dd7-5796-4014-ab87-8e7b8d64d19a None None] Running txn n=1 command(idx=3): UpdateLSwitchPortQosOptionsCommand(_result=None, lport=AddLSwitchPortCommand(_result=76564885-c0dc-47cd-bb37-ea35418d3108, lport=058f5d0d-f353-48d2-bbf0-bbbf4acd6f3c, lswitch=neutron-9b0c67c5-6770-4772-970d-21b76e8e65e6, may_exist=True, network_uuid=9b0c67c5-6770-4772-970d-21b76e8e65e6, columns={'addresses': ['unknown'], 'external_ids': {'neutron:port_name': '', 'neutron:device_id': '1a2110a4-4b90-4b61-a006-6626befdf552', 'neutron:project_id': '', 'neutron:cidrs': '172.24.5.106/24 2001:db8::2a0/64', 'neutron:device_owner': 'network:router_gateway', 'neutron:subnet_pool_addr_scope4': '', 'neutron:subnet_pool_addr_scope6': '', 'neutron:network_name': 'neutron-9b0c67c5-6770-4772-970d-21b76e8e65e6', 'neutron:security_group_ids': '', 'neutron:revision_number': '1', 'neutron:vnic_type': 'normal', 'neutron:port_capabilities': '', 'neutron:mtu': ''}, 'parent_name': [], 'enabled': True, 'options': {}, 'type': '', 'port_security': [], 'tag_request': []}), if_exists=True, qos={'qos_max_rate': None, 'qos_burst': None, 'qos_min_rate': None}) {{(pid=87379) do_commit /opt/stack/data/venv/lib/python3.12/site-packages/ovsdbapp/backend/ovs_idl/transaction.py:89}}
Jun 25 18:31:51.077722 np0000003632 devstack@neutron-api.service[87380]: DEBUG neutron_lib.callbacks.manager [None req-71ad73fc-fe81-426f-98bf-9a1c9324d35f admin admin] Publish callbacks [] for router (None), before_response {{(pid=87380) _notify_loop /opt/stack/data/venv/lib/python3.12/site-packages/neutron_lib/callbacks/manager.py:184}}
Jun 25 18:31:51.078118 np0000003632 devstack@neutron-api.service[87380]: [pid: 87380|app: 0|req: 19/58] 10.4.3.225 () {68 vars in 1274 bytes} [Thu Jun 25 18:31:49 2026] POST /networking/v2.0/routers => generated 1143 bytes in 1148 msecs (HTTP/1.1 201) 4 headers in 163 bytes (1 switches on core 0)
Jun 25 18:31:51.080491 np0000003632 devstack@neutron-api.service[87380]: DEBUG neutron.api.v2.base [None req-a2bdc875-24f0-42f6-b914-8e2476c96e0f admin admin] Request body: {'router': {'name': 'tempest-TaggedAttachmentsTest-1263387949-router', 'project_id': '8d28b8528f484885b439a9af0a90c396', 'external_gateway_info': {'network_id': '9b0c67c5-6770-4772-970d-21b76e8e65e6'}}} {{(pid=87380) prepare_request_body /opt/stack/neutron/neutron/api/v2/base.py:727}}
Jun 25 18:31:51.089529 np0000003632 devstack@neutron-api.service[87379]: DEBUG neutron.db.provisioning_blocks [None req-2deb1978-cc0b-402a-8d99-1fa4b0cac96a None None] Provisioning complete for port a127fff8-0766-4ef2-aff6-eef09de94d3f triggered by entity L2. {{(pid=87379) provisioning_complete /opt/stack/neutron/neutron/db/provisioning_blocks.py:141}}
Jun 25 18:31:51.093310 np0000003632 devstack@neutron-api.service[87379]: DEBUG neutron_lib.callbacks.manager [None req-2deb1978-cc0b-402a-8d99-1fa4b0cac96a None None] Publish callbacks ['neutron.plugins.ml2.plugin.Ml2Plugin._port_provisioned-1743074'] for port (a127fff8-0766-4ef2-aff6-eef09de94d3f), provisioning_complete {{(pid=87379) _notify_loop /opt/stack/data/venv/lib/python3.12/site-packages/neutron_lib/callbacks/manager.py:184}}
Jun 25 18:31:51.094654 np0000003632 devstack@neutron-api.service[87379]: INFO neutron.plugins.ml2.plugin [None req-2deb1978-cc0b-402a-8d99-1fa4b0cac96a None None] Attempt 1 to provision port a127fff8-0766-4ef2-aff6-eef09de94d3f
Jun 25 18:31:51.097938 np0000003632 devstack@neutron-api.service[87380]: DEBUG neutron_lib.callbacks.manager [None req-a2bdc875-24f0-42f6-b914-8e2476c96e0f admin admin] Publish callbacks ['neutron.services.ovn_l3.service_providers.driver_controller.DriverController._check_router_request-100635'] for router (025dc66a-d2ab-4539-a0d7-fdc79a94519d), before_create {{(pid=87380) _notify_loop /opt/stack/data/venv/lib/python3.12/site-packages/neutron_lib/callbacks/manager.py:184}}
Jun 25 18:31:51.098740 np0000003632 devstack@neutron-api.service[87380]: DEBUG neutron_lib.callbacks.manager [None req-a2bdc875-24f0-42f6-b914-8e2476c96e0f admin admin] Publish callbacks ['neutron.services.ovn_l3.service_providers.ovn.OVN_L3_HA_db_mixin._precommit_router_create-77240', 'neutron.services.ovn_l3.plugin.RouterAvailabilityZoneMixin._process_az_request-16497662', 'neutron.services.ovn_l3.plugin.ExtraGatewaysDbOnlyMixin._process_bfd_ecmp_create-164878', 'neutron.services.ovn_l3.service_providers.ovn.OvnDriver._process_router_create_precommit-77234', 'neutron.services.ovn_l3.service_providers.driver_controller.DriverController._set_router_provider-110313'] for router (025dc66a-d2ab-4539-a0d7-fdc79a94519d), precommit_create {{(pid=87380) _notify_loop /opt/stack/data/venv/lib/python3.12/site-packages/neutron_lib/callbacks/manager.py:184}}
Jun 25 18:31:51.101023 np0000003632 devstack@neutron-api.service[87379]: DEBUG neutron_lib.callbacks.manager [None req-8f2c2333-470b-47f4-bdfa-e82c6d1cc9cc None None] Publish callbacks ['neutron.plugins.ml2.plugin.SecurityGroupDbMixin._ensure_default_security_group_handler-2022048', 'neutron.services.ovn_l3.plugin.OVNL3RouterPlugin._port_update-7705110969388', 'neutron.db.l3_db.L3_NAT_dbonly_mixin._prevent_internal_ip_change_for_fip-7705113441564'] for port (a127fff8-0766-4ef2-aff6-eef09de94d3f), before_update {{(pid=87379) _notify_loop /opt/stack/data/venv/lib/python3.12/site-packages/neutron_lib/callbacks/manager.py:184}}
Jun 25 18:31:51.101514 np0000003632 devstack@neutron-api.service[87381]: DEBUG neutron.plugins.ml2.drivers.ovn.mech_driver.ovsdb.ovsdb_monitor [None req-d35743db-ca70-4e3e-9f89-74b9e3b6ed27 None None] Touching Hash Ring node "2b72c43161c05411801bf5858eb208f6" from IDL notify handler {{(pid=87381) notify /opt/stack/neutron/neutron/plugins/ml2/drivers/ovn/mech_driver/ovsdb/ovsdb_monitor.py:1007}}
Jun 25 18:31:51.104548 np0000003632 devstack@neutron-api.service[87379]: DEBUG neutron.plugins.ml2.drivers.ovn.mech_driver.ovsdb.ovsdb_monitor [None req-31609367-e53e-4301-b610-963dabe765b0 None None] Touching Hash Ring node "d49034aeba215bacafc1a0568380c541" from IDL notify handler {{(pid=87379) notify /opt/stack/neutron/neutron/plugins/ml2/drivers/ovn/mech_driver/ovsdb/ovsdb_monitor.py:1007}}
Jun 25 18:31:51.107323 np0000003632 devstack@neutron-api.service[87380]: DEBUG neutron.db.ovn_revision_numbers_db [None req-a2bdc875-24f0-42f6-b914-8e2476c96e0f admin admin] create_initial_revision uuid=025dc66a-d2ab-4539-a0d7-fdc79a94519d, type=routers, rev=-1 {{(pid=87380) create_initial_revision /opt/stack/neutron/neutron/db/ovn_revision_numbers_db.py:98}}
Jun 25 18:31:51.111681 np0000003632 devstack@neutron-api.service[87381]: DEBUG neutron.plugins.ml2.drivers.ovn.mech_driver.ovsdb.ovsdb_monitor [None req-d35743db-ca70-4e3e-9f89-74b9e3b6ed27 None None] Hash Ring: Node 2b72c43161c05411801bf5858eb208f6 (host: np0000003632) handling event "update" for row 9b0c67c5-6770-4772-970d-21b76e8e65e6 (table: Logical_Switch) {{(pid=87381) notify /opt/stack/neutron/neutron/plugins/ml2/drivers/ovn/mech_driver/ovsdb/ovsdb_monitor.py:1015}}
Jun 25 18:31:51.118812 np0000003632 devstack@neutron-api.service[87381]: DEBUG neutron.plugins.ml2.drivers.ovn.mech_driver.ovsdb.ovsdb_monitor [None req-d35743db-ca70-4e3e-9f89-74b9e3b6ed27 None None] Touching Hash Ring node "2b72c43161c05411801bf5858eb208f6" from IDL notify handler {{(pid=87381) notify /opt/stack/neutron/neutron/plugins/ml2/drivers/ovn/mech_driver/ovsdb/ovsdb_monitor.py:1007}}
Jun 25 18:31:51.126692 np0000003632 devstack@neutron-api.service[87379]: DEBUG neutron.plugins.ml2.drivers.ovn.mech_driver.ovsdb.ovsdb_monitor [None req-31609367-e53e-4301-b610-963dabe765b0 None None] Hash Ring: Node d49034aeba215bacafc1a0568380c541 (host: np0000003632) handling event "create" for row 59128522-91dd-4fb0-9931-19b5ce4e3246 (table: Port_Binding) {{(pid=87379) notify /opt/stack/neutron/neutron/plugins/ml2/drivers/ovn/mech_driver/ovsdb/ovsdb_monitor.py:1015}}
Jun 25 18:31:51.128785 np0000003632 devstack@neutron-api.service[87381]: DEBUG neutron.plugins.ml2.drivers.ovn.mech_driver.ovsdb.ovsdb_monitor [None req-d35743db-ca70-4e3e-9f89-74b9e3b6ed27 None None] Hash Ring: Node 2b72c43161c05411801bf5858eb208f6 (host: np0000003632) handling event "create" for row abad9b50-debd-42b5-a1d4-f00ead4c9681 (table: Logical_Switch_Port) {{(pid=87381) notify /opt/stack/neutron/neutron/plugins/ml2/drivers/ovn/mech_driver/ovsdb/ovsdb_monitor.py:1015}}
Jun 25 18:31:51.129669 np0000003632 devstack@neutron-api.service[87381]: DEBUG ovsdbapp.backend.ovs_idl.event [None req-d35743db-ca70-4e3e-9f89-74b9e3b6ed27 None None] Matched CREATE: LogicalSwitchPortCreateEvent(events=('create',), table='Logical_Switch_Port', conditions=[], old_conditions=None), priority=20 to row=Logical_Switch_Port(uuid=abad9b50-debd-42b5-a1d4-f00ead4c9681, addresses=['unknown'], dhcpv4_options=[], dhcpv6_options=[], dynamic_addresses=[], enabled=True, external_ids={'neutron:cidrs': '172.24.5.106/24 2001:db8::2a0/64', 'neutron:device_id': '1a2110a4-4b90-4b61-a006-6626befdf552', 'neutron:device_owner': 'network:router_gateway', 'neutron:mtu': '', 'neutron:network_name': 'neutron-9b0c67c5-6770-4772-970d-21b76e8e65e6', 'neutron:port_capabilities': '', 'neutron:port_name': '', 'neutron:project_id': '', 'neutron:revision_number': '1', 'neutron:security_group_ids': '', 'neutron:subnet_pool_addr_scope4': '', 'neutron:subnet_pool_addr_scope6': '', 'neutron:vnic_type': 'normal'}, ha_chassis_group=[], mirror_rules=[], name='058f5d0d-f353-48d2-bbf0-bbbf4acd6f3c', options={}, parent_name=[], port_security=[], tag=[], tag_request=[], type='', up=[]) old= {{(pid=87381) matches /opt/stack/data/venv/lib/python3.12/site-packages/ovsdbapp/backend/ovs_idl/event.py:55}}
Jun 25 18:31:51.130593 np0000003632 devstack@neutron-api.service[87381]: INFO neutron.plugins.ml2.drivers.ovn.mech_driver.mech_driver [None req-d1cf89e9-7616-42ea-b6c0-0b94f3a4bfeb None None] OVN reports status down for port: 058f5d0d-f353-48d2-bbf0-bbbf4acd6f3c
Jun 25 18:31:51.132097 np0000003632 devstack@neutron-api.service[87380]: DEBUG neutron_lib.callbacks.manager [None req-a2bdc875-24f0-42f6-b914-8e2476c96e0f admin admin] Publish callbacks [] for router_controller (025dc66a-d2ab-4539-a0d7-fdc79a94519d), precommit_add_association {{(pid=87380) _notify_loop /opt/stack/data/venv/lib/python3.12/site-packages/neutron_lib/callbacks/manager.py:184}}
Jun 25 18:31:51.139996 np0000003632 devstack@neutron-api.service[87381]: DEBUG neutron.plugins.ml2.drivers.ovn.mech_driver.ovsdb.ovsdb_monitor [None req-d35743db-ca70-4e3e-9f89-74b9e3b6ed27 None None] Touching Hash Ring node "2b72c43161c05411801bf5858eb208f6" from IDL notify handler {{(pid=87381) notify /opt/stack/neutron/neutron/plugins/ml2/drivers/ovn/mech_driver/ovsdb/ovsdb_monitor.py:1007}}
Jun 25 18:31:51.146988 np0000003632 devstack@neutron-api.service[87381]: DEBUG neutron.plugins.ml2.drivers.ovn.mech_driver.ovsdb.ovsdb_monitor [None req-d35743db-ca70-4e3e-9f89-74b9e3b6ed27 None None] Hash Ring: Node 2b72c43161c05411801bf5858eb208f6 (host: np0000003632) handling event "update" for row abad9b50-debd-42b5-a1d4-f00ead4c9681 (table: Logical_Switch_Port) {{(pid=87381) notify /opt/stack/neutron/neutron/plugins/ml2/drivers/ovn/mech_driver/ovsdb/ovsdb_monitor.py:1015}}
Jun 25 18:31:51.166312 np0000003632 devstack@neutron-api.service[87379]: DEBUG neutron.plugins.ml2.plugin [None req-2deb1978-cc0b-402a-8d99-1fa4b0cac96a None None] Port a127fff8-0766-4ef2-aff6-eef09de94d3f cannot update to ACTIVE because it is not bound. {{(pid=87379) _port_provisioned /opt/stack/neutron/neutron/plugins/ml2/plugin.py:393}}
Jun 25 18:31:51.183757 np0000003632 devstack@neutron-api.service[87379]: INFO neutron.db.ovn_revision_numbers_db [None req-fe715f5b-390d-40dc-ab6d-75028f3fd4c1 admin admin] Successfully bumped revision number for resource 058f5d0d-f353-48d2-bbf0-bbbf4acd6f3c (type: ports) to 1
Jun 25 18:31:51.194657 np0000003632 devstack@neutron-api.service[87380]: DEBUG neutron_lib.callbacks.manager [None req-a2bdc875-24f0-42f6-b914-8e2476c96e0f admin admin] Publish callbacks [] for router_gateway (025dc66a-d2ab-4539-a0d7-fdc79a94519d), precommit_update {{(pid=87380) _notify_loop /opt/stack/data/venv/lib/python3.12/site-packages/neutron_lib/callbacks/manager.py:184}}
Jun 25 18:31:51.201702 np0000003632 devstack@neutron-api.service[87381]: DEBUG neutron.db.provisioning_blocks [None req-d1cf89e9-7616-42ea-b6c0-0b94f3a4bfeb None None] Transition to ACTIVE for port object 058f5d0d-f353-48d2-bbf0-bbbf4acd6f3c will not be triggered until provisioned by entity L2. {{(pid=87381) add_provisioning_component /opt/stack/neutron/neutron/db/provisioning_blocks.py:74}}
Jun 25 18:31:51.268342 np0000003632 devstack@neutron-api.service[87380]: DEBUG neutron_lib.callbacks.manager [None req-a2bdc875-24f0-42f6-b914-8e2476c96e0f admin admin] Publish callbacks [] for router_gateway (025dc66a-d2ab-4539-a0d7-fdc79a94519d), before_create {{(pid=87380) _notify_loop /opt/stack/data/venv/lib/python3.12/site-packages/neutron_lib/callbacks/manager.py:184}}
Jun 25 18:31:51.268801 np0000003632 devstack@neutron-api.service[87380]: DEBUG neutron_lib.callbacks.manager [None req-a2bdc875-24f0-42f6-b914-8e2476c96e0f admin admin] Publish callbacks ['neutron.plugins.ml2.plugin.SecurityGroupDbMixin._ensure_default_security_group_handler-221303'] for port (None), before_create {{(pid=87380) _notify_loop /opt/stack/data/venv/lib/python3.12/site-packages/neutron_lib/callbacks/manager.py:184}}
Jun 25 18:31:51.274699 np0000003632 devstack@neutron-api.service[87381]: DEBUG neutron.plugins.ml2.plugin [None req-d1cf89e9-7616-42ea-b6c0-0b94f3a4bfeb None None] Current status of the port 058f5d0d-f353-48d2-bbf0-bbbf4acd6f3c is: DOWN; New status is: DOWN {{(pid=87381) _update_individual_port_db_status /opt/stack/neutron/neutron/plugins/ml2/plugin.py:2473}}
Jun 25 18:31:51.277123 np0000003632 devstack@neutron-api.service[87381]: DEBUG ovsdbapp.backend.ovs_idl.transaction [None req-d35743db-ca70-4e3e-9f89-74b9e3b6ed27 None None] Running txn n=1 command(idx=0): DbRemoveCommand(_result=None, table=Logical_Switch_Port, record=058f5d0d-f353-48d2-bbf0-bbbf4acd6f3c, column=external_ids, values=('neutron:host_id',), keyvalues={}, if_exists=True) {{(pid=87381) do_commit /opt/stack/data/venv/lib/python3.12/site-packages/ovsdbapp/backend/ovs_idl/transaction.py:89}}
Jun 25 18:31:51.331470 np0000003632 devstack@neutron-api.service[87380]: DEBUG neutron.db.db_base_plugin_common [None req-a2bdc875-24f0-42f6-b914-8e2476c96e0f admin admin] Allocated IP 172.24.5.157 (9b0c67c5-6770-4772-970d-21b76e8e65e6/33ecb19c-21f8-4d14-8c9c-cfed2a09e0c9/d7ef31cd-690e-4b76-af4d-4ddc92d9691d) {{(pid=87380) _store_ip_allocation /opt/stack/neutron/neutron/db/db_base_plugin_common.py:131}}
Jun 25 18:31:51.336166 np0000003632 devstack@neutron-api.service[87380]: DEBUG neutron.db.db_base_plugin_common [None req-a2bdc875-24f0-42f6-b914-8e2476c96e0f admin admin] Allocated IP 2001:db8::129 (9b0c67c5-6770-4772-970d-21b76e8e65e6/5da561de-c2ef-4285-9268-587d247226fc/d7ef31cd-690e-4b76-af4d-4ddc92d9691d) {{(pid=87380) _store_ip_allocation /opt/stack/neutron/neutron/db/db_base_plugin_common.py:131}}
Jun 25 18:31:51.342098 np0000003632 devstack@neutron-api.service[87381]: DEBUG ovsdbapp.backend.ovs_idl.transaction [None req-d35743db-ca70-4e3e-9f89-74b9e3b6ed27 None None] Running txn n=1 command(idx=0): LrAddCommand(_result=None, router=neutron-e6f98d65-7f93-4800-b4c7-f9161939a7e3, may_exist=True, columns={'external_ids': {'neutron:router_name': 'tempest-ServerActionsTestOtherA-1556707734-router', 'neutron:revision_number': '2', 'neutron:availability_zone_hints': ''}, 'enabled': True, 'options': {'always_learn_from_arp_request': 'false', 'dynamic_neigh_routers': 'true', 'mac_binding_age_threshold': '300'}}) {{(pid=87381) do_commit /opt/stack/data/venv/lib/python3.12/site-packages/ovsdbapp/backend/ovs_idl/transaction.py:89}}
Jun 25 18:31:51.342450 np0000003632 devstack@neutron-api.service[87381]: DEBUG ovsdbapp.backend.ovs_idl.transaction [None req-d35743db-ca70-4e3e-9f89-74b9e3b6ed27 None None] Running txn n=1 command(idx=1): AddLRouterPortCommand(_result=None, name=lrp-b358f533-3851-4f1b-a725-c4fea03f8ad4, lrouter=neutron-e6f98d65-7f93-4800-b4c7-f9161939a7e3, may_exist=True, columns={'mac': 'fa:16:3e:79:d2:72', 'networks': ['172.24.5.139/24', '2001:db8::168/64'], 'external_ids': {'neutron:revision_number': '1', 'neutron:subnet_ids': '33ecb19c-21f8-4d14-8c9c-cfed2a09e0c9 5da561de-c2ef-4285-9268-587d247226fc', 'neutron:network_name': 'neutron-9b0c67c5-6770-4772-970d-21b76e8e65e6', 'neutron:is_ext_gw': 'True', 'neutron:router_name': 'neutron-e6f98d65-7f93-4800-b4c7-f9161939a7e3'}, 'options': {'reside-on-redirect-chassis': 'true', 'gateway_mtu': '1430'}}) {{(pid=87381) do_commit /opt/stack/data/venv/lib/python3.12/site-packages/ovsdbapp/backend/ovs_idl/transaction.py:89}}
Jun 25 18:31:51.342862 np0000003632 devstack@neutron-api.service[87381]: DEBUG ovsdbapp.backend.ovs_idl.transaction [None req-d35743db-ca70-4e3e-9f89-74b9e3b6ed27 None None] Running txn n=1 command(idx=2): ScheduleNewGatewayCommand(_result=None, g_name=lrp-b358f533-3851-4f1b-a725-c4fea03f8ad4, sb_api=, lrouter_name=neutron-e6f98d65-7f93-4800-b4c7-f9161939a7e3, ovn_client=, scheduler=, physnet=public, az_hints=[]) {{(pid=87381) do_commit /opt/stack/data/venv/lib/python3.12/site-packages/ovsdbapp/backend/ovs_idl/transaction.py:89}}
Jun 25 18:31:51.343280 np0000003632 devstack@neutron-api.service[87381]: DEBUG neutron.plugins.ml2.drivers.ovn.mech_driver.ovsdb.ovn_client [None req-d35743db-ca70-4e3e-9f89-74b9e3b6ed27 None None] Chassis candidates for scheduling gateway router ports for "public" physical network: ['5cd307c8-5643-44f0-bf7c-92091d8e9ea0'] {{(pid=87381) get_candidates_for_scheduling /opt/stack/neutron/neutron/plugins/ml2/drivers/ovn/mech_driver/ovsdb/ovn_client.py:1759}}
Jun 25 18:31:51.344426 np0000003632 devstack@neutron-api.service[87381]: DEBUG neutron.scheduler.l3_ovn_scheduler [None req-d35743db-ca70-4e3e-9f89-74b9e3b6ed27 None None] Gateway lrp-b358f533-3851-4f1b-a725-c4fea03f8ad4 scheduled on chassis ['5cd307c8-5643-44f0-bf7c-92091d8e9ea0'] {{(pid=87381) _schedule_gateway /opt/stack/neutron/neutron/scheduler/l3_ovn_scheduler.py:88}}
Jun 25 18:31:51.344426 np0000003632 devstack@neutron-api.service[87381]: DEBUG ovsdbapp.backend.ovs_idl.transaction [None req-d35743db-ca70-4e3e-9f89-74b9e3b6ed27 None None] Running txn n=1 command(idx=3): SetLRouterPortInLSwitchPortCommand(_result=None, lswitch_port=b358f533-3851-4f1b-a725-c4fea03f8ad4, lrouter_port=lrp-b358f533-3851-4f1b-a725-c4fea03f8ad4, is_gw_port=True, if_exists=True, lsp_address=router) {{(pid=87381) do_commit /opt/stack/data/venv/lib/python3.12/site-packages/ovsdbapp/backend/ovs_idl/transaction.py:89}}
Jun 25 18:31:51.344426 np0000003632 devstack@neutron-api.service[87381]: DEBUG ovsdbapp.backend.ovs_idl.transaction [None req-d35743db-ca70-4e3e-9f89-74b9e3b6ed27 None None] Running txn n=1 command(idx=4): AddStaticRouteCommand(_result=None, lrouter=neutron-e6f98d65-7f93-4800-b4c7-f9161939a7e3, maintain_bfd=False, columns={'ip_prefix': '0.0.0.0/0', 'nexthop': '172.24.5.1', 'external_ids': {'neutron:is_ext_gw': 'true', 'neutron:subnet_id': '33ecb19c-21f8-4d14-8c9c-cfed2a09e0c9', 'neutron:is_static_route': 'true'}}) {{(pid=87381) do_commit /opt/stack/data/venv/lib/python3.12/site-packages/ovsdbapp/backend/ovs_idl/transaction.py:89}}
Jun 25 18:31:51.344626 np0000003632 devstack@neutron-api.service[87381]: DEBUG ovsdbapp.backend.ovs_idl.transaction [None req-d35743db-ca70-4e3e-9f89-74b9e3b6ed27 None None] Running txn n=1 command(idx=5): AddStaticRouteCommand(_result=None, lrouter=neutron-e6f98d65-7f93-4800-b4c7-f9161939a7e3, maintain_bfd=False, columns={'ip_prefix': '::/0', 'nexthop': '2001:db8::2', 'external_ids': {'neutron:is_ext_gw': 'true', 'neutron:subnet_id': '5da561de-c2ef-4285-9268-587d247226fc', 'neutron:is_static_route': 'true'}}) {{(pid=87381) do_commit /opt/stack/data/venv/lib/python3.12/site-packages/ovsdbapp/backend/ovs_idl/transaction.py:89}}
Jun 25 18:31:51.344672 np0000003632 devstack@neutron-api.service[87381]: DEBUG ovsdbapp.backend.ovs_idl.transaction [None req-d35743db-ca70-4e3e-9f89-74b9e3b6ed27 None None] Running txn n=1 command(idx=6): AddNATRuleInLRouterCommand(_result=None, lrouter=neutron-e6f98d65-7f93-4800-b4c7-f9161939a7e3, nat_uuid=None, columns={'type': 'snat', 'logical_ip': '0.0.0.0/0', 'external_ip': '172.24.5.139'}) {{(pid=87381) do_commit /opt/stack/data/venv/lib/python3.12/site-packages/ovsdbapp/backend/ovs_idl/transaction.py:89}}
Jun 25 18:31:51.344849 np0000003632 devstack@neutron-api.service[87381]: DEBUG ovsdbapp.backend.ovs_idl.transaction [None req-d35743db-ca70-4e3e-9f89-74b9e3b6ed27 None None] Running txn n=1 command(idx=7): QoSDelCommand(_result=None, switch=neutron-9b0c67c5-6770-4772-970d-21b76e8e65e6, conditions=[('direction', '=', 'from-lport'), ('priority', '=', 2002), ('match', '=', 'inport == "b358f533-3851-4f1b-a725-c4fea03f8ad4"')], if_exists=True) {{(pid=87381) do_commit /opt/stack/data/venv/lib/python3.12/site-packages/ovsdbapp/backend/ovs_idl/transaction.py:89}}
Jun 25 18:31:51.345032 np0000003632 devstack@neutron-api.service[87381]: DEBUG ovsdbapp.backend.ovs_idl.transaction [None req-d35743db-ca70-4e3e-9f89-74b9e3b6ed27 None None] Running txn n=1 command(idx=8): QoSDelCommand(_result=None, switch=neutron-9b0c67c5-6770-4772-970d-21b76e8e65e6, conditions=[('direction', '=', 'to-lport'), ('priority', '=', 2002), ('match', '=', 'outport == "b358f533-3851-4f1b-a725-c4fea03f8ad4"')], if_exists=True) {{(pid=87381) do_commit /opt/stack/data/venv/lib/python3.12/site-packages/ovsdbapp/backend/ovs_idl/transaction.py:89}}
Jun 25 18:31:51.360449 np0000003632 devstack@neutron-api.service[87381]: DEBUG neutron.plugins.ml2.drivers.ovn.mech_driver.ovsdb.ovsdb_monitor [None req-d35743db-ca70-4e3e-9f89-74b9e3b6ed27 None None] Touching Hash Ring node "2b72c43161c05411801bf5858eb208f6" from IDL notify handler {{(pid=87381) notify /opt/stack/neutron/neutron/plugins/ml2/drivers/ovn/mech_driver/ovsdb/ovsdb_monitor.py:1007}}
Jun 25 18:31:51.367622 np0000003632 devstack@neutron-api.service[87380]: DEBUG neutron.plugins.ml2.drivers.ovn.mech_driver.ovsdb.ovsdb_monitor [None req-f40fc357-4f49-4d5b-8940-f08ff5705b00 None None] Touching Hash Ring node "04488850b52f54be8733336c5ff00117" from IDL notify handler {{(pid=87380) notify /opt/stack/neutron/neutron/plugins/ml2/drivers/ovn/mech_driver/ovsdb/ovsdb_monitor.py:1007}}
Jun 25 18:31:51.372191 np0000003632 devstack@neutron-api.service[87381]: DEBUG neutron.plugins.ml2.drivers.ovn.mech_driver.ovsdb.ovsdb_monitor [None req-465a22fd-7331-49ba-81b6-80e18800a70b None None] Touching Hash Ring node "2b72c43161c05411801bf5858eb208f6" from IDL notify handler {{(pid=87381) notify /opt/stack/neutron/neutron/plugins/ml2/drivers/ovn/mech_driver/ovsdb/ovsdb_monitor.py:1007}}
Jun 25 18:31:51.377459 np0000003632 devstack@neutron-api.service[87380]: DEBUG neutron.plugins.ml2.drivers.ovn.mech_driver.ovsdb.ovsdb_monitor [None req-f40fc357-4f49-4d5b-8940-f08ff5705b00 None None] Hash Ring: Node 04488850b52f54be8733336c5ff00117 (host: np0000003632) handling event "create" for row fa2fa297-de1a-4c51-bb4b-a49fc44eb5e4 (table: NAT) {{(pid=87380) notify /opt/stack/neutron/neutron/plugins/ml2/drivers/ovn/mech_driver/ovsdb/ovsdb_monitor.py:1015}}
Jun 25 18:31:51.378975 np0000003632 devstack@neutron-api.service[87381]: DEBUG neutron.plugins.ml2.drivers.ovn.mech_driver.ovsdb.ovsdb_monitor [None req-d35743db-ca70-4e3e-9f89-74b9e3b6ed27 None None] Hash Ring: Node 2b72c43161c05411801bf5858eb208f6 (host: np0000003632) handling event "create" for row 3f90f9e5-0d91-4c55-9797-275e22515f47 (table: HA_Chassis) {{(pid=87381) notify /opt/stack/neutron/neutron/plugins/ml2/drivers/ovn/mech_driver/ovsdb/ovsdb_monitor.py:1015}}
Jun 25 18:31:51.380080 np0000003632 devstack@neutron-api.service[87381]: DEBUG neutron.plugins.ml2.drivers.ovn.mech_driver.ovsdb.ovsdb_monitor [None req-465a22fd-7331-49ba-81b6-80e18800a70b None None] Hash Ring: Node 2b72c43161c05411801bf5858eb208f6 (host: np0000003632) handling event "create" for row a6228e6c-da51-47e7-8eb5-1fcf16becd29 (table: Port_Binding) {{(pid=87381) notify /opt/stack/neutron/neutron/plugins/ml2/drivers/ovn/mech_driver/ovsdb/ovsdb_monitor.py:1015}}
Jun 25 18:31:51.381775 np0000003632 devstack@neutron-api.service[87381]: DEBUG neutron.plugins.ml2.drivers.ovn.mech_driver.ovsdb.ovsdb_monitor [None req-465a22fd-7331-49ba-81b6-80e18800a70b None None] Touching Hash Ring node "2b72c43161c05411801bf5858eb208f6" from IDL notify handler {{(pid=87381) notify /opt/stack/neutron/neutron/plugins/ml2/drivers/ovn/mech_driver/ovsdb/ovsdb_monitor.py:1007}}
Jun 25 18:31:51.382274 np0000003632 devstack@neutron-api.service[87380]: DEBUG neutron.plugins.ml2.drivers.ovn.mech_driver.ovsdb.ovsdb_monitor [None req-f46e5b63-6d31-4001-8e03-2f8088357b3a None None] Touching Hash Ring node "04488850b52f54be8733336c5ff00117" from IDL notify handler {{(pid=87380) notify /opt/stack/neutron/neutron/plugins/ml2/drivers/ovn/mech_driver/ovsdb/ovsdb_monitor.py:1007}}
Jun 25 18:31:51.383360 np0000003632 devstack@neutron-api.service[87381]: DEBUG neutron.plugins.ml2.drivers.ovn.mech_driver.ovsdb.ovsdb_monitor [None req-d35743db-ca70-4e3e-9f89-74b9e3b6ed27 None None] Touching Hash Ring node "2b72c43161c05411801bf5858eb208f6" from IDL notify handler {{(pid=87381) notify /opt/stack/neutron/neutron/plugins/ml2/drivers/ovn/mech_driver/ovsdb/ovsdb_monitor.py:1007}}
Jun 25 18:31:51.386497 np0000003632 devstack@neutron-api.service[87381]: DEBUG neutron.plugins.ml2.drivers.ovn.mech_driver.ovsdb.ovsdb_monitor [None req-465a22fd-7331-49ba-81b6-80e18800a70b None None] Hash Ring: Node 2b72c43161c05411801bf5858eb208f6 (host: np0000003632) handling event "update" for row a6228e6c-da51-47e7-8eb5-1fcf16becd29 (table: Port_Binding) {{(pid=87381) notify /opt/stack/neutron/neutron/plugins/ml2/drivers/ovn/mech_driver/ovsdb/ovsdb_monitor.py:1015}}
Jun 25 18:31:51.388061 np0000003632 devstack@neutron-api.service[87381]: DEBUG ovsdbapp.backend.ovs_idl.event [None req-465a22fd-7331-49ba-81b6-80e18800a70b None None] Matched UPDATE: PortBindingChassisEvent(events=('update',), table='Port_Binding', conditions=None, old_conditions=None), priority=20 to row=Port_Binding(uuid=a6228e6c-da51-47e7-8eb5-1fcf16becd29, additional_chassis=[], additional_encap=[], chassis=01de96c6-6b00-4894-9f4d-d20c1035cb56, datapath=47dc141b-a2c8-41a6-81a5-10b2d3dc6191, encap=[], external_ids={'neutron:is_ext_gw': 'True', 'neutron:network_name': 'neutron-9b0c67c5-6770-4772-970d-21b76e8e65e6', 'neutron:revision_number': '1', 'neutron:router_name': 'neutron-e6f98d65-7f93-4800-b4c7-f9161939a7e3', 'neutron:subnet_ids': '33ecb19c-21f8-4d14-8c9c-cfed2a09e0c9 5da561de-c2ef-4285-9268-587d247226fc'}, gateway_chassis=[], logical_port='cr-lrp-b358f533-3851-4f1b-a725-c4fea03f8ad4', mac=['fa:16:3e:79:d2:72 172.24.5.139/24 2001:db8::168/64'], mirror_rules=[], nat_addresses=[], options={'always-redirect': 'true', 'distributed-port': 'lrp-b358f533-3851-4f1b-a725-c4fea03f8ad4'}, parent_port=[], port_security=[], requested_additional_chassis=[], requested_chassis=[], tag=[], tunnel_key=2, type='chassisredirect', up=True, virtual_parent=[]) old=Port_Binding(uuid=a6228e6c-da51-47e7-8eb5-1fcf16becd29, chassis=[], up=False) {{(pid=87381) matches /opt/stack/data/venv/lib/python3.12/site-packages/ovsdbapp/backend/ovs_idl/event.py:55}}
Jun 25 18:31:51.390562 np0000003632 devstack@neutron-api.service[87381]: INFO neutron.plugins.ml2.drivers.ovn.mech_driver.ovsdb.ovsdb_monitor [None req-3ff4bd6d-bfac-4368-9c83-f9d0430c30e2 None None] Router e6f98d65-7f93-4800-b4c7-f9161939a7e3 is bound to host np0000003632
Jun 25 18:31:51.391288 np0000003632 devstack@neutron-api.service[87380]: DEBUG neutron.plugins.ml2.drivers.ovn.mech_driver.ovsdb.ovsdb_monitor [None req-f46e5b63-6d31-4001-8e03-2f8088357b3a None None] Hash Ring: Node 04488850b52f54be8733336c5ff00117 (host: np0000003632) handling event "create" for row 47dc141b-a2c8-41a6-81a5-10b2d3dc6191 (table: Datapath_Binding) {{(pid=87380) notify /opt/stack/neutron/neutron/plugins/ml2/drivers/ovn/mech_driver/ovsdb/ovsdb_monitor.py:1015}}
