Aug 13 07:59:25.115047 np0000007178 devstack@g-api.service[99851]: DEBUG glance_store.backend [-] Attempting to import store http {{(pid=99851) _load_store /opt/stack/data/venv/lib/python3.12/site-packages/glance_store/backend.py:215}}
Aug 13 07:59:25.115246 np0000007178 devstack@g-api.service[99851]: DEBUG glance_store.capabilities [-] Store glance_store._drivers.http.Store doesn't support updating dynamic storage capabilities. Please overwrite 'update_capabilities' method of the store to implement updating logics if needed. {{(pid=99851) update_capabilities /opt/stack/data/venv/lib/python3.12/site-packages/glance_store/capabilities.py:91}}
Aug 13 07:59:25.115290 np0000007178 devstack@g-api.service[99851]: DEBUG glance_store.backend [-] Registering store http with schemes ('http', 'https') {{(pid=99851) create_stores /opt/stack/data/venv/lib/python3.12/site-packages/glance_store/backend.py:261}}
Aug 13 07:59:25.115341 np0000007178 devstack@g-api.service[99851]: DEBUG glance_store.driver [-] Late loading location class glance_store._drivers.http.StoreLocation {{(pid=99851) get_store_location_class /opt/stack/data/venv/lib/python3.12/site-packages/glance_store/driver.py:134}}
Aug 13 07:59:25.115400 np0000007178 devstack@g-api.service[99851]: DEBUG glance_store.location [-] Registering scheme http with {'store': , 'location_class': , 'store_entry': 'http'} {{(pid=99851) register_scheme_map /opt/stack/data/venv/lib/python3.12/site-packages/glance_store/location.py:146}}
Aug 13 07:59:25.115454 np0000007178 devstack@g-api.service[99851]: DEBUG glance_store.location [-] Registering scheme https with {'store': , 'location_class': , 'store_entry': 'http'} {{(pid=99851) register_scheme_map /opt/stack/data/venv/lib/python3.12/site-packages/glance_store/location.py:146}}
Aug 13 07:59:25.115511 np0000007178 devstack@g-api.service[99851]: DEBUG glance_store.backend [-] Attempting to import store file {{(pid=99851) _load_store /opt/stack/data/venv/lib/python3.12/site-packages/glance_store/backend.py:215}}
Aug 13 07:59:25.115960 np0000007178 devstack@g-api.service[99851]: DEBUG glance_store.capabilities [-] Store glance_store._drivers.filesystem.Store doesn't support updating dynamic storage capabilities. Please overwrite 'update_capabilities' method of the store to implement updating logics if needed. {{(pid=99851) update_capabilities /opt/stack/data/venv/lib/python3.12/site-packages/glance_store/capabilities.py:91}}
Aug 13 07:59:25.116042 np0000007178 devstack@g-api.service[99851]: DEBUG glance_store.backend [-] Registering store file with schemes ('file', 'filesystem') {{(pid=99851) create_stores /opt/stack/data/venv/lib/python3.12/site-packages/glance_store/backend.py:261}}
Aug 13 07:59:25.116089 np0000007178 devstack@g-api.service[99851]: DEBUG glance_store.driver [-] Late loading location class glance_store._drivers.filesystem.StoreLocation {{(pid=99851) get_store_location_class /opt/stack/data/venv/lib/python3.12/site-packages/glance_store/driver.py:134}}
Aug 13 07:59:25.116144 np0000007178 devstack@g-api.service[99851]: DEBUG glance_store.location [-] Registering scheme file with {'store': , 'location_class': , 'store_entry': 'file'} {{(pid=99851) register_scheme_map /opt/stack/data/venv/lib/python3.12/site-packages/glance_store/location.py:146}}
Aug 13 07:59:25.116194 np0000007178 devstack@g-api.service[99851]: DEBUG glance_store.location [-] Registering scheme filesystem with {'store': , 'location_class': , 'store_entry': 'file'} {{(pid=99851) register_scheme_map /opt/stack/data/venv/lib/python3.12/site-packages/glance_store/location.py:146}}
Aug 13 07:59:25.116295 np0000007178 devstack@g-api.service[99851]: DEBUG glance_store.backend [-] Attempting to import store swift {{(pid=99851) _load_store /opt/stack/data/venv/lib/python3.12/site-packages/glance_store/backend.py:215}}
Aug 13 07:59:25.117362 np0000007178 devstack@g-api.service[99851]: DEBUG glance_store.capabilities [-] Store glance_store._drivers.swift.store.SingleTenantStore doesn't support updating dynamic storage capabilities. Please overwrite 'update_capabilities' method of the store to implement updating logics if needed. {{(pid=99851) update_capabilities /opt/stack/data/venv/lib/python3.12/site-packages/glance_store/capabilities.py:91}}
Aug 13 07:59:25.117445 np0000007178 devstack@g-api.service[99851]: DEBUG glance_store.driver [-] Late loading location class glance_store._drivers.swift.store.StoreLocation {{(pid=99851) get_store_location_class /opt/stack/data/venv/lib/python3.12/site-packages/glance_store/driver.py:134}}
Aug 13 07:59:25.117479 np0000007178 devstack@g-api.service[99851]: DEBUG glance_store.location [-] Registering scheme swift+https with {'store': , 'location_class': , 'store_entry': 'swift'} {{(pid=99851) register_scheme_map /opt/stack/data/venv/lib/python3.12/site-packages/glance_store/location.py:146}}
Aug 13 07:59:25.117539 np0000007178 devstack@g-api.service[99851]: DEBUG glance_store.location [-] Registering scheme swift+https with {'store': , 'location_class': , 'store_entry': 'swift'} {{(pid=99851) register_scheme_map /opt/stack/data/venv/lib/python3.12/site-packages/glance_store/location.py:146}}
Aug 13 07:59:25.117625 np0000007178 devstack@g-api.service[99851]: DEBUG glance_store.location [-] Registering scheme swift with {'store': , 'location_class': , 'store_entry': 'swift'} {{(pid=99851) register_scheme_map /opt/stack/data/venv/lib/python3.12/site-packages/glance_store/location.py:146}}
Aug 13 07:59:25.117683 np0000007178 devstack@g-api.service[99851]: DEBUG glance_store.location [-] Registering scheme swift+https with {'store': , 'location_class': , 'store_entry': 'swift'} {{(pid=99851) register_scheme_map /opt/stack/data/venv/lib/python3.12/site-packages/glance_store/location.py:146}}
Aug 13 07:59:25.117734 np0000007178 devstack@g-api.service[99851]: DEBUG glance_store.location [-] Registering scheme swift with {'store': , 'location_class': , 'store_entry': 'swift'} {{(pid=99851) register_scheme_map /opt/stack/data/venv/lib/python3.12/site-packages/glance_store/location.py:146}}
Aug 13 07:59:25.117781 np0000007178 devstack@g-api.service[99851]: DEBUG glance_store.location [-] Registering scheme swift+http with {'store': , 'location_class': , 'store_entry': 'swift'} {{(pid=99851) register_scheme_map /opt/stack/data/venv/lib/python3.12/site-packages/glance_store/location.py:146}}
Aug 13 07:59:25.117825 np0000007178 devstack@g-api.service[99851]: DEBUG glance_store.location [-] Registering scheme swift+https with {'store': , 'location_class': , 'store_entry': 'swift'} {{(pid=99851) register_scheme_map /opt/stack/data/venv/lib/python3.12/site-packages/glance_store/location.py:146}}
Aug 13 07:59:25.117872 np0000007178 devstack@g-api.service[99851]: DEBUG glance_store.location [-] Registering scheme swift with {'store': , 'location_class': , 'store_entry': 'swift'} {{(pid=99851) register_scheme_map /opt/stack/data/venv/lib/python3.12/site-packages/glance_store/location.py:146}}
Aug 13 07:59:25.117921 np0000007178 devstack@g-api.service[99851]: DEBUG glance_store.location [-] Registering scheme swift+http with {'store': , 'location_class': , 'store_entry': 'swift'} {{(pid=99851) register_scheme_map /opt/stack/data/venv/lib/python3.12/site-packages/glance_store/location.py:146}}
Aug 13 07:59:25.117968 np0000007178 devstack@g-api.service[99851]: DEBUG glance_store.location [-] Registering scheme swift+config with {'store': , 'location_class': , 'store_entry': 'swift'} {{(pid=99851) register_scheme_map /opt/stack/data/venv/lib/python3.12/site-packages/glance_store/location.py:146}}
Aug 13 07:59:25.118251 np0000007178 devstack@g-api.service[99851]: DEBUG glance.sqlite_migration [-] SQLite caching database not located, skipping migration {{(pid=99851) get_db_path /opt/stack/glance/glance/sqlite_migration.py:68}}
Aug 13 07:59:25.118485 np0000007178 devstack@g-api.service[99851]: WARNING glance.common.wsgi_app [-] Import methods are enabled but staging directory /tmp/staging/ does not exist; Imports will fail!
Aug 13 07:59:25.236341 np0000007178 devstack@g-api.service[99852]: DEBUG glance.common.config [None req-7ff0daeb-43fe-42df-866c-ec0ff3d699ad None None] Loading glance-api-keystone+cachemanagement from /etc/glance/glance-api-paste.ini {{(pid=99852) load_paste_app /opt/stack/glance/glance/common/config.py:772}}
Aug 13 07:59:25.255816 np0000007178 devstack@g-api.service[99851]: DEBUG glance.common.config [None req-0b390d7f-2ca8-41ae-9318-daa4b38063bd None None] Loading glance-api-keystone+cachemanagement from /etc/glance/glance-api-paste.ini {{(pid=99851) load_paste_app /opt/stack/glance/glance/common/config.py:772}}
Aug 13 07:59:25.290943 np0000007178 devstack@g-api.service[99850]: DEBUG glance.common.config [None req-c3235afb-0a53-4265-a9f7-fc7709f61a9c None None] Loading glance-api-keystone+cachemanagement from /etc/glance/glance-api-paste.ini {{(pid=99850) load_paste_app /opt/stack/glance/glance/common/config.py:772}}
Aug 13 07:59:25.918702 np0000007178 devstack@g-api.service[99851]: INFO glance.image_cache [None req-0b390d7f-2ca8-41ae-9318-daa4b38063bd None None] Image cache loaded driver 'centralized_db'.
Aug 13 07:59:25.938533 np0000007178 devstack@g-api.service[99850]: INFO glance.image_cache [None req-c3235afb-0a53-4265-a9f7-fc7709f61a9c None None] Image cache loaded driver 'centralized_db'.
Aug 13 07:59:25.956267 np0000007178 devstack@g-api.service[99852]: INFO glance.image_cache [None req-7ff0daeb-43fe-42df-866c-ec0ff3d699ad None None] Image cache loaded driver 'centralized_db'.
Aug 13 07:59:25.979361 np0000007178 devstack@g-api.service[99851]: INFO dbcounter [None req-0b390d7f-2ca8-41ae-9318-daa4b38063bd None None] Registered counter for database glance
Aug 13 07:59:25.988837 np0000007178 devstack@g-api.service[99850]: INFO dbcounter [None req-c3235afb-0a53-4265-a9f7-fc7709f61a9c None None] Registered counter for database glance
Aug 13 07:59:26.006579 np0000007178 devstack@g-api.service[99852]: INFO dbcounter [None req-7ff0daeb-43fe-42df-866c-ec0ff3d699ad None None] Registered counter for database glance
Aug 13 07:59:26.028051 np0000007178 devstack@g-api.service[99851]: DEBUG oslo_db.sqlalchemy.engines [None req-0b390d7f-2ca8-41ae-9318-daa4b38063bd None None] MySQL server mode set to STRICT_TRANS_TABLES,STRICT_ALL_TABLES,NO_ZERO_IN_DATE,NO_ZERO_DATE,ERROR_FOR_DIVISION_BY_ZERO,TRADITIONAL,NO_ENGINE_SUBSTITUTION {{(pid=99851) _check_effective_sql_mode /opt/stack/data/venv/lib/python3.12/site-packages/oslo_db/sqlalchemy/engines.py:325}}
Aug 13 07:59:26.028951 np0000007178 devstack@g-api.service[99850]: DEBUG oslo_db.sqlalchemy.engines [None req-c3235afb-0a53-4265-a9f7-fc7709f61a9c None None] MySQL server mode set to STRICT_TRANS_TABLES,STRICT_ALL_TABLES,NO_ZERO_IN_DATE,NO_ZERO_DATE,ERROR_FOR_DIVISION_BY_ZERO,TRADITIONAL,NO_ENGINE_SUBSTITUTION {{(pid=99850) _check_effective_sql_mode /opt/stack/data/venv/lib/python3.12/site-packages/oslo_db/sqlalchemy/engines.py:325}}
Aug 13 07:59:26.046856 np0000007178 devstack@g-api.service[99852]: DEBUG oslo_db.sqlalchemy.engines [None req-7ff0daeb-43fe-42df-866c-ec0ff3d699ad None None] MySQL server mode set to STRICT_TRANS_TABLES,STRICT_ALL_TABLES,NO_ZERO_IN_DATE,NO_ZERO_DATE,ERROR_FOR_DIVISION_BY_ZERO,TRADITIONAL,NO_ENGINE_SUBSTITUTION {{(pid=99852) _check_effective_sql_mode /opt/stack/data/venv/lib/python3.12/site-packages/oslo_db/sqlalchemy/engines.py:325}}
Aug 13 07:59:26.148438 np0000007178 devstack@g-api.service[99851]: DEBUG dbcounter [-] [99851] Writer thread running {{(pid=99851) stat_writer /opt/stack/data/venv/lib/python3.12/site-packages/dbcounter.py:102}}
Aug 13 07:59:26.161624 np0000007178 devstack@g-api.service[99851]: INFO glance.image_cache [None req-0b390d7f-2ca8-41ae-9318-daa4b38063bd None None] Image cache loaded driver 'centralized_db'.
Aug 13 07:59:26.170529 np0000007178 devstack@g-api.service[99851]: DEBUG glance.image_cache.drivers.centralized_db [None req-0b390d7f-2ca8-41ae-9318-daa4b38063bd None None] Node reference is already recorded, ignoring it {{(pid=99851) configure /opt/stack/glance/glance/image_cache/drivers/centralized_db.py:71}}
Aug 13 07:59:26.170702 np0000007178 devstack@g-api.service[99852]: DEBUG dbcounter [-] [99852] Writer thread running {{(pid=99852) stat_writer /opt/stack/data/venv/lib/python3.12/site-packages/dbcounter.py:102}}
Aug 13 07:59:26.172786 np0000007178 devstack@g-api.service[99852]: DEBUG glance.image_cache.drivers.centralized_db [None req-7ff0daeb-43fe-42df-866c-ec0ff3d699ad None None] Node reference is already recorded, ignoring it {{(pid=99852) configure /opt/stack/glance/glance/image_cache/drivers/centralized_db.py:71}}
Aug 13 07:59:26.176315 np0000007178 devstack@g-api.service[99851]: DEBUG glance.api.v2.cached_images [None req-0b390d7f-2ca8-41ae-9318-daa4b38063bd None None] Started cache worker thread {{(pid=99851) __init__ /opt/stack/glance/glance/api/v2/cached_images.py:71}}
Aug 13 07:59:26.177277 np0000007178 devstack@g-api.service[99851]: INFO glance.image_cache [None req-0b390d7f-2ca8-41ae-9318-daa4b38063bd None None] Image cache loaded driver 'centralized_db'.
Aug 13 07:59:26.177352 np0000007178 devstack@g-api.service[99850]: DEBUG dbcounter [-] [99850] Writer thread running {{(pid=99850) stat_writer /opt/stack/data/venv/lib/python3.12/site-packages/dbcounter.py:102}}
Aug 13 07:59:26.178721 np0000007178 devstack@g-api.service[99852]: INFO glance.image_cache [None req-7ff0daeb-43fe-42df-866c-ec0ff3d699ad None None] Image cache loaded driver 'centralized_db'.
Aug 13 07:59:26.180776 np0000007178 devstack@g-api.service[99850]: DEBUG glance.image_cache.drivers.centralized_db [None req-c3235afb-0a53-4265-a9f7-fc7709f61a9c None None] Node reference is already recorded, ignoring it {{(pid=99850) configure /opt/stack/glance/glance/image_cache/drivers/centralized_db.py:71}}
Aug 13 07:59:26.186712 np0000007178 devstack@g-api.service[99852]: DEBUG glance.image_cache.drivers.centralized_db [None req-7ff0daeb-43fe-42df-866c-ec0ff3d699ad None None] Node reference is already recorded, ignoring it {{(pid=99852) configure /opt/stack/glance/glance/image_cache/drivers/centralized_db.py:71}}
Aug 13 07:59:26.186818 np0000007178 devstack@g-api.service[99851]: DEBUG glance.image_cache.drivers.centralized_db [None req-0b390d7f-2ca8-41ae-9318-daa4b38063bd None None] Node reference is already recorded, ignoring it {{(pid=99851) configure /opt/stack/glance/glance/image_cache/drivers/centralized_db.py:71}}
Aug 13 07:59:26.189155 np0000007178 devstack@g-api.service[99850]: INFO glance.image_cache [None req-c3235afb-0a53-4265-a9f7-fc7709f61a9c None None] Image cache loaded driver 'centralized_db'.
Aug 13 07:59:26.191739 np0000007178 devstack@g-api.service[99852]: DEBUG glance.api.v2.cached_images [None req-7ff0daeb-43fe-42df-866c-ec0ff3d699ad None None] Started cache worker thread {{(pid=99852) __init__ /opt/stack/glance/glance/api/v2/cached_images.py:71}}
Aug 13 07:59:26.192096 np0000007178 devstack@g-api.service[99851]: INFO glance.api.middleware.cache_manage [None req-0b390d7f-2ca8-41ae-9318-daa4b38063bd None None] Initialized image cache management middleware
Aug 13 07:59:26.192300 np0000007178 devstack@g-api.service[99851]: INFO glance.image_cache [None req-0b390d7f-2ca8-41ae-9318-daa4b38063bd None None] Image cache loaded driver 'centralized_db'.
Aug 13 07:59:26.192438 np0000007178 devstack@g-api.service[99852]: INFO glance.image_cache [None req-7ff0daeb-43fe-42df-866c-ec0ff3d699ad None None] Image cache loaded driver 'centralized_db'.
Aug 13 07:59:26.199867 np0000007178 devstack@g-api.service[99850]: DEBUG glance.image_cache.drivers.centralized_db [None req-c3235afb-0a53-4265-a9f7-fc7709f61a9c None None] Node reference is already recorded, ignoring it {{(pid=99850) configure /opt/stack/glance/glance/image_cache/drivers/centralized_db.py:71}}
Aug 13 07:59:26.200140 np0000007178 devstack@g-api.service[99852]: DEBUG glance.image_cache.drivers.centralized_db [None req-7ff0daeb-43fe-42df-866c-ec0ff3d699ad None None] Node reference is already recorded, ignoring it {{(pid=99852) configure /opt/stack/glance/glance/image_cache/drivers/centralized_db.py:71}}
Aug 13 07:59:26.200898 np0000007178 devstack@g-api.service[99851]: DEBUG glance.image_cache.drivers.centralized_db [None req-0b390d7f-2ca8-41ae-9318-daa4b38063bd None None] Node reference is already recorded, ignoring it {{(pid=99851) configure /opt/stack/glance/glance/image_cache/drivers/centralized_db.py:71}}
Aug 13 07:59:26.204938 np0000007178 devstack@g-api.service[99851]: INFO glance.api.middleware.cache [None req-0b390d7f-2ca8-41ae-9318-daa4b38063bd None None] Initialized image cache middleware
Aug 13 07:59:26.205228 np0000007178 devstack@g-api.service[99850]: DEBUG glance.api.v2.cached_images [None req-c3235afb-0a53-4265-a9f7-fc7709f61a9c None None] Started cache worker thread {{(pid=99850) __init__ /opt/stack/glance/glance/api/v2/cached_images.py:71}}
Aug 13 07:59:26.205982 np0000007178 devstack@g-api.service[99850]: INFO glance.image_cache [None req-c3235afb-0a53-4265-a9f7-fc7709f61a9c None None] Image cache loaded driver 'centralized_db'.
Aug 13 07:59:26.206611 np0000007178 devstack@g-api.service[99852]: INFO glance.api.middleware.cache_manage [None req-7ff0daeb-43fe-42df-866c-ec0ff3d699ad None None] Initialized image cache management middleware
Aug 13 07:59:26.206796 np0000007178 devstack@g-api.service[99852]: INFO glance.image_cache [None req-7ff0daeb-43fe-42df-866c-ec0ff3d699ad None None] Image cache loaded driver 'centralized_db'.
Aug 13 07:59:26.213716 np0000007178 devstack@g-api.service[99850]: DEBUG glance.image_cache.drivers.centralized_db [None req-c3235afb-0a53-4265-a9f7-fc7709f61a9c None None] Node reference is already recorded, ignoring it {{(pid=99850) configure /opt/stack/glance/glance/image_cache/drivers/centralized_db.py:71}}
Aug 13 07:59:26.214403 np0000007178 devstack@g-api.service[99852]: DEBUG glance.image_cache.drivers.centralized_db [None req-7ff0daeb-43fe-42df-866c-ec0ff3d699ad None None] Node reference is already recorded, ignoring it {{(pid=99852) configure /opt/stack/glance/glance/image_cache/drivers/centralized_db.py:71}}
Aug 13 07:59:26.216983 np0000007178 devstack@g-api.service[99851]: DEBUG glance.common.config [None req-0b390d7f-2ca8-41ae-9318-daa4b38063bd None None] ******************************************************************************** {{(pid=99851) log_opt_values /opt/stack/data/venv/lib/python3.12/site-packages/oslo_config/cfg.py:3518}}
Aug 13 07:59:26.217084 np0000007178 devstack@g-api.service[99851]: DEBUG glance.common.config [None req-0b390d7f-2ca8-41ae-9318-daa4b38063bd None None] Configuration options gathered from: {{(pid=99851) log_opt_values /opt/stack/data/venv/lib/python3.12/site-packages/oslo_config/cfg.py:3519}}
Aug 13 07:59:26.217370 np0000007178 devstack@g-api.service[99851]: DEBUG glance.common.config [None req-0b390d7f-2ca8-41ae-9318-daa4b38063bd None None] command line args: [] {{(pid=99851) log_opt_values /opt/stack/data/venv/lib/python3.12/site-packages/oslo_config/cfg.py:3520}}
Aug 13 07:59:26.217503 np0000007178 devstack@g-api.service[99851]: DEBUG glance.common.config [None req-0b390d7f-2ca8-41ae-9318-daa4b38063bd None None] config files: ['/etc/glance/glance-image-import.conf', '/etc/glance/glance-api.conf'] {{(pid=99851) log_opt_values /opt/stack/data/venv/lib/python3.12/site-packages/oslo_config/cfg.py:3521}}
Aug 13 07:59:26.217569 np0000007178 devstack@g-api.service[99851]: DEBUG glance.common.config [None req-0b390d7f-2ca8-41ae-9318-daa4b38063bd None None] ================================================================================ {{(pid=99851) log_opt_values /opt/stack/data/venv/lib/python3.12/site-packages/oslo_config/cfg.py:3526}}
Aug 13 07:59:26.217710 np0000007178 devstack@g-api.service[99851]: DEBUG glance.common.config [None req-0b390d7f-2ca8-41ae-9318-daa4b38063bd None None] allow_anonymous_access = False {{(pid=99851) log_opt_values /opt/stack/data/venv/lib/python3.12/site-packages/oslo_config/cfg.py:3534}}
Aug 13 07:59:26.217807 np0000007178 devstack@g-api.service[99851]: DEBUG glance.common.config [None req-0b390d7f-2ca8-41ae-9318-daa4b38063bd None None] api_limit_max = 1000 {{(pid=99851) log_opt_values /opt/stack/data/venv/lib/python3.12/site-packages/oslo_config/cfg.py:3534}}
Aug 13 07:59:26.217897 np0000007178 devstack@g-api.service[99851]: DEBUG glance.common.config [None req-0b390d7f-2ca8-41ae-9318-daa4b38063bd None None] config_dir = [] {{(pid=99851) log_opt_values /opt/stack/data/venv/lib/python3.12/site-packages/oslo_config/cfg.py:3534}}
Aug 13 07:59:26.217965 np0000007178 devstack@g-api.service[99851]: DEBUG glance.common.config [None req-0b390d7f-2ca8-41ae-9318-daa4b38063bd None None] config_file = ['/etc/glance/glance-image-import.conf', '/etc/glance/glance-api.conf'] {{(pid=99851) log_opt_values /opt/stack/data/venv/lib/python3.12/site-packages/oslo_config/cfg.py:3534}}
Aug 13 07:59:26.218085 np0000007178 devstack@g-api.service[99851]: DEBUG glance.common.config [None req-0b390d7f-2ca8-41ae-9318-daa4b38063bd None None] config_source = [] {{(pid=99851) log_opt_values /opt/stack/data/venv/lib/python3.12/site-packages/oslo_config/cfg.py:3534}}
Aug 13 07:59:26.218174 np0000007178 devstack@g-api.service[99851]: DEBUG glance.common.config [None req-0b390d7f-2ca8-41ae-9318-daa4b38063bd None None] control_exchange = glance {{(pid=99851) log_opt_values /opt/stack/data/venv/lib/python3.12/site-packages/oslo_config/cfg.py:3534}}
Aug 13 07:59:26.218269 np0000007178 devstack@g-api.service[99851]: DEBUG glance.common.config [None req-0b390d7f-2ca8-41ae-9318-daa4b38063bd None None] debug = True {{(pid=99851) log_opt_values /opt/stack/data/venv/lib/python3.12/site-packages/oslo_config/cfg.py:3534}}
Aug 13 07:59:26.218380 np0000007178 devstack@g-api.service[99850]: INFO glance.api.middleware.cache_manage [None req-c3235afb-0a53-4265-a9f7-fc7709f61a9c None None] Initialized image cache management middleware
Aug 13 07:59:26.218444 np0000007178 devstack@g-api.service[99851]: DEBUG glance.common.config [None req-0b390d7f-2ca8-41ae-9318-daa4b38063bd None None] default_log_levels = ['amqp=WARN', 'boto=WARN', 'sqlalchemy=WARN', 'suds=INFO', 'oslo.messaging=INFO', 'oslo_messaging=INFO', 'iso8601=WARN', 'requests.packages.urllib3.connectionpool=WARN', 'urllib3.connectionpool=WARN', 'websocket=WARN', 'requests.packages.urllib3.util.retry=WARN', 'urllib3.util.retry=WARN', 'keystonemiddleware=WARN', 'routes.middleware=WARN', 'stevedore=WARN', 'taskflow=WARN', 'keystoneauth=WARN', 'oslo.cache=INFO', 'oslo_policy=INFO', 'dogpile.core.dogpile=INFO'] {{(pid=99851) log_opt_values /opt/stack/data/venv/lib/python3.12/site-packages/oslo_config/cfg.py:3534}}
Aug 13 07:59:26.218548 np0000007178 devstack@g-api.service[99851]: DEBUG glance.common.config [None req-0b390d7f-2ca8-41ae-9318-daa4b38063bd None None] default_publisher_id = image.localhost {{(pid=99851) log_opt_values /opt/stack/data/venv/lib/python3.12/site-packages/oslo_config/cfg.py:3534}}
Aug 13 07:59:26.218591 np0000007178 devstack@g-api.service[99850]: INFO glance.image_cache [None req-c3235afb-0a53-4265-a9f7-fc7709f61a9c None None] Image cache loaded driver 'centralized_db'.
Aug 13 07:59:26.218629 np0000007178 devstack@g-api.service[99851]: DEBUG glance.common.config [None req-0b390d7f-2ca8-41ae-9318-daa4b38063bd None None] delayed_delete = False {{(pid=99851) log_opt_values /opt/stack/data/venv/lib/python3.12/site-packages/oslo_config/cfg.py:3534}}
Aug 13 07:59:26.218743 np0000007178 devstack@g-api.service[99851]: DEBUG glance.common.config [None req-0b390d7f-2ca8-41ae-9318-daa4b38063bd None None] digest_algorithm = sha256 {{(pid=99851) log_opt_values /opt/stack/data/venv/lib/python3.12/site-packages/oslo_config/cfg.py:3534}}
Aug 13 07:59:26.218867 np0000007178 devstack@g-api.service[99851]: DEBUG glance.common.config [None req-0b390d7f-2ca8-41ae-9318-daa4b38063bd None None] disabled_notifications = [] {{(pid=99851) log_opt_values /opt/stack/data/venv/lib/python3.12/site-packages/oslo_config/cfg.py:3534}}
Aug 13 07:59:26.218921 np0000007178 devstack@g-api.service[99852]: INFO glance.api.middleware.cache [None req-7ff0daeb-43fe-42df-866c-ec0ff3d699ad None None] Initialized image cache middleware
Aug 13 07:59:26.219015 np0000007178 devstack@g-api.service[99851]: DEBUG glance.common.config [None req-0b390d7f-2ca8-41ae-9318-daa4b38063bd None None] do_secure_hash = True {{(pid=99851) log_opt_values /opt/stack/data/venv/lib/python3.12/site-packages/oslo_config/cfg.py:3534}}
Aug 13 07:59:26.219156 np0000007178 devstack@g-api.service[99851]: DEBUG glance.common.config [None req-0b390d7f-2ca8-41ae-9318-daa4b38063bd None None] enabled_backends = None {{(pid=99851) log_opt_values /opt/stack/data/venv/lib/python3.12/site-packages/oslo_config/cfg.py:3534}}
Aug 13 07:59:26.219298 np0000007178 devstack@g-api.service[99851]: DEBUG glance.common.config [None req-0b390d7f-2ca8-41ae-9318-daa4b38063bd None None] enabled_import_methods = ['glance-direct', 'web-download', 'copy-image'] {{(pid=99851) log_opt_values /opt/stack/data/venv/lib/python3.12/site-packages/oslo_config/cfg.py:3534}}
Aug 13 07:59:26.219389 np0000007178 devstack@g-api.service[99851]: DEBUG glance.common.config [None req-0b390d7f-2ca8-41ae-9318-daa4b38063bd None None] fatal_deprecations = False {{(pid=99851) log_opt_values /opt/stack/data/venv/lib/python3.12/site-packages/oslo_config/cfg.py:3534}}
Aug 13 07:59:26.219494 np0000007178 devstack@g-api.service[99851]: DEBUG glance.common.config [None req-0b390d7f-2ca8-41ae-9318-daa4b38063bd None None] hashing_algorithm = sha512 {{(pid=99851) log_opt_values /opt/stack/data/venv/lib/python3.12/site-packages/oslo_config/cfg.py:3534}}
Aug 13 07:59:26.219580 np0000007178 devstack@g-api.service[99851]: DEBUG glance.common.config [None req-0b390d7f-2ca8-41ae-9318-daa4b38063bd None None] http_retries = 3 {{(pid=99851) log_opt_values /opt/stack/data/venv/lib/python3.12/site-packages/oslo_config/cfg.py:3534}}
Aug 13 07:59:26.219678 np0000007178 devstack@g-api.service[99851]: DEBUG glance.common.config [None req-0b390d7f-2ca8-41ae-9318-daa4b38063bd None None] image_cache_dir = /opt/stack/data/glance/cache/ {{(pid=99851) log_opt_values /opt/stack/data/venv/lib/python3.12/site-packages/oslo_config/cfg.py:3534}}
Aug 13 07:59:26.219794 np0000007178 devstack@g-api.service[99851]: DEBUG glance.common.config [None req-0b390d7f-2ca8-41ae-9318-daa4b38063bd None None] image_cache_driver = centralized_db {{(pid=99851) log_opt_values /opt/stack/data/venv/lib/python3.12/site-packages/oslo_config/cfg.py:3534}}
Aug 13 07:59:26.219888 np0000007178 devstack@g-api.service[99851]: DEBUG glance.common.config [None req-0b390d7f-2ca8-41ae-9318-daa4b38063bd None None] image_cache_max_size = 10737418240 {{(pid=99851) log_opt_values /opt/stack/data/venv/lib/python3.12/site-packages/oslo_config/cfg.py:3534}}
Aug 13 07:59:26.219979 np0000007178 devstack@g-api.service[99851]: DEBUG glance.common.config [None req-0b390d7f-2ca8-41ae-9318-daa4b38063bd None None] image_cache_sqlite_db = cache.db {{(pid=99851) log_opt_values /opt/stack/data/venv/lib/python3.12/site-packages/oslo_config/cfg.py:3534}}
Aug 13 07:59:26.220088 np0000007178 devstack@g-api.service[99851]: DEBUG glance.common.config [None req-0b390d7f-2ca8-41ae-9318-daa4b38063bd None None] image_cache_stall_time = 86400 {{(pid=99851) log_opt_values /opt/stack/data/venv/lib/python3.12/site-packages/oslo_config/cfg.py:3534}}
Aug 13 07:59:26.220177 np0000007178 devstack@g-api.service[99851]: DEBUG glance.common.config [None req-0b390d7f-2ca8-41ae-9318-daa4b38063bd None None] image_location_quota = 10 {{(pid=99851) log_opt_values /opt/stack/data/venv/lib/python3.12/site-packages/oslo_config/cfg.py:3534}}
Aug 13 07:59:26.220296 np0000007178 devstack@g-api.service[99851]: DEBUG glance.common.config [None req-0b390d7f-2ca8-41ae-9318-daa4b38063bd None None] image_member_quota = 128 {{(pid=99851) log_opt_values /opt/stack/data/venv/lib/python3.12/site-packages/oslo_config/cfg.py:3534}}
Aug 13 07:59:26.220450 np0000007178 devstack@g-api.service[99851]: DEBUG glance.common.config [None req-0b390d7f-2ca8-41ae-9318-daa4b38063bd None None] image_property_quota = 128 {{(pid=99851) log_opt_values /opt/stack/data/venv/lib/python3.12/site-packages/oslo_config/cfg.py:3534}}
Aug 13 07:59:26.220527 np0000007178 devstack@g-api.service[99851]: DEBUG glance.common.config [None req-0b390d7f-2ca8-41ae-9318-daa4b38063bd None None] image_size_cap = 1099511627776 {{(pid=99851) log_opt_values /opt/stack/data/venv/lib/python3.12/site-packages/oslo_config/cfg.py:3534}}
Aug 13 07:59:26.220616 np0000007178 devstack@g-api.service[99851]: DEBUG glance.common.config [None req-0b390d7f-2ca8-41ae-9318-daa4b38063bd None None] image_tag_quota = 128 {{(pid=99851) log_opt_values /opt/stack/data/venv/lib/python3.12/site-packages/oslo_config/cfg.py:3534}}
Aug 13 07:59:26.220725 np0000007178 devstack@g-api.service[99851]: DEBUG glance.common.config [None req-0b390d7f-2ca8-41ae-9318-daa4b38063bd None None] instance_format = [instance: %(uuid)s] {{(pid=99851) log_opt_values /opt/stack/data/venv/lib/python3.12/site-packages/oslo_config/cfg.py:3534}}
Aug 13 07:59:26.220839 np0000007178 devstack@g-api.service[99851]: DEBUG glance.common.config [None req-0b390d7f-2ca8-41ae-9318-daa4b38063bd None None] instance_uuid_format = [instance: %(uuid)s] {{(pid=99851) log_opt_values /opt/stack/data/venv/lib/python3.12/site-packages/oslo_config/cfg.py:3534}}
Aug 13 07:59:26.220935 np0000007178 devstack@g-api.service[99851]: DEBUG glance.common.config [None req-0b390d7f-2ca8-41ae-9318-daa4b38063bd None None] limit_param_default = 25 {{(pid=99851) log_opt_values /opt/stack/data/venv/lib/python3.12/site-packages/oslo_config/cfg.py:3534}}
Aug 13 07:59:26.221072 np0000007178 devstack@g-api.service[99851]: DEBUG glance.common.config [None req-0b390d7f-2ca8-41ae-9318-daa4b38063bd None None] log_color = False {{(pid=99851) log_opt_values /opt/stack/data/venv/lib/python3.12/site-packages/oslo_config/cfg.py:3534}}
Aug 13 07:59:26.221184 np0000007178 devstack@g-api.service[99851]: DEBUG glance.common.config [None req-0b390d7f-2ca8-41ae-9318-daa4b38063bd None None] log_config_append = None {{(pid=99851) log_opt_values /opt/stack/data/venv/lib/python3.12/site-packages/oslo_config/cfg.py:3534}}
Aug 13 07:59:26.221300 np0000007178 devstack@g-api.service[99851]: DEBUG glance.common.config [None req-0b390d7f-2ca8-41ae-9318-daa4b38063bd None None] log_date_format = %Y-%m-%d %H:%M:%S {{(pid=99851) log_opt_values /opt/stack/data/venv/lib/python3.12/site-packages/oslo_config/cfg.py:3534}}
Aug 13 07:59:26.221388 np0000007178 devstack@g-api.service[99851]: DEBUG glance.common.config [None req-0b390d7f-2ca8-41ae-9318-daa4b38063bd None None] log_dir = None {{(pid=99851) log_opt_values /opt/stack/data/venv/lib/python3.12/site-packages/oslo_config/cfg.py:3534}}
Aug 13 07:59:26.221494 np0000007178 devstack@g-api.service[99851]: DEBUG glance.common.config [None req-0b390d7f-2ca8-41ae-9318-daa4b38063bd None None] log_file = None {{(pid=99851) log_opt_values /opt/stack/data/venv/lib/python3.12/site-packages/oslo_config/cfg.py:3534}}
Aug 13 07:59:26.221577 np0000007178 devstack@g-api.service[99851]: DEBUG glance.common.config [None req-0b390d7f-2ca8-41ae-9318-daa4b38063bd None None] log_rotate_interval = 1 {{(pid=99851) log_opt_values /opt/stack/data/venv/lib/python3.12/site-packages/oslo_config/cfg.py:3534}}
Aug 13 07:59:26.221671 np0000007178 devstack@g-api.service[99851]: DEBUG glance.common.config [None req-0b390d7f-2ca8-41ae-9318-daa4b38063bd None None] log_rotate_interval_type = days {{(pid=99851) log_opt_values /opt/stack/data/venv/lib/python3.12/site-packages/oslo_config/cfg.py:3534}}
Aug 13 07:59:26.221777 np0000007178 devstack@g-api.service[99851]: DEBUG glance.common.config [None req-0b390d7f-2ca8-41ae-9318-daa4b38063bd None None] log_rotation_type = none {{(pid=99851) log_opt_values /opt/stack/data/venv/lib/python3.12/site-packages/oslo_config/cfg.py:3534}}
Aug 13 07:59:26.221859 np0000007178 devstack@g-api.service[99851]: DEBUG glance.common.config [None req-0b390d7f-2ca8-41ae-9318-daa4b38063bd None None] logging_context_format_string = %(color)s%(levelname)s %(name)s [%(global_request_id)s %(request_id)s %(project_name)s %(user_name)s%(color)s] %(instance)s%(color)s%(message)s {{(pid=99851) log_opt_values /opt/stack/data/venv/lib/python3.12/site-packages/oslo_config/cfg.py:3534}}
Aug 13 07:59:26.221963 np0000007178 devstack@g-api.service[99851]: DEBUG glance.common.config [None req-0b390d7f-2ca8-41ae-9318-daa4b38063bd None None] logging_debug_format_suffix = {{(pid=%(process)d) %(funcName)s %(pathname)s:%(lineno)d}} {{(pid=99851) log_opt_values /opt/stack/data/venv/lib/python3.12/site-packages/oslo_config/cfg.py:3534}}
Aug 13 07:59:26.222125 np0000007178 devstack@g-api.service[99851]: DEBUG glance.common.config [None req-0b390d7f-2ca8-41ae-9318-daa4b38063bd None None] logging_default_format_string = %(color)s%(levelname)s %(name)s [-%(color)s] %(instance)s%(color)s%(message)s {{(pid=99851) log_opt_values /opt/stack/data/venv/lib/python3.12/site-packages/oslo_config/cfg.py:3534}}
Aug 13 07:59:26.222253 np0000007178 devstack@g-api.service[99851]: DEBUG glance.common.config [None req-0b390d7f-2ca8-41ae-9318-daa4b38063bd None None] logging_exception_prefix = ERROR %(name)s %(instance)s {{(pid=99851) log_opt_values /opt/stack/data/venv/lib/python3.12/site-packages/oslo_config/cfg.py:3534}}
Aug 13 07:59:26.222348 np0000007178 devstack@g-api.service[99851]: DEBUG glance.common.config [None req-0b390d7f-2ca8-41ae-9318-daa4b38063bd None None] logging_user_identity_format = %(user)s %(project)s %(domain)s %(system_scope)s %(user_domain)s %(project_domain)s {{(pid=99851) log_opt_values /opt/stack/data/venv/lib/python3.12/site-packages/oslo_config/cfg.py:3534}}
Aug 13 07:59:26.222487 np0000007178 devstack@g-api.service[99851]: DEBUG glance.common.config [None req-0b390d7f-2ca8-41ae-9318-daa4b38063bd None None] max_logfile_count = 30 {{(pid=99851) log_opt_values /opt/stack/data/venv/lib/python3.12/site-packages/oslo_config/cfg.py:3534}}
Aug 13 07:59:26.222613 np0000007178 devstack@g-api.service[99851]: DEBUG glance.common.config [None req-0b390d7f-2ca8-41ae-9318-daa4b38063bd None None] max_logfile_size_mb = 200 {{(pid=99851) log_opt_values /opt/stack/data/venv/lib/python3.12/site-packages/oslo_config/cfg.py:3534}}
Aug 13 07:59:26.222716 np0000007178 devstack@g-api.service[99851]: DEBUG glance.common.config [None req-0b390d7f-2ca8-41ae-9318-daa4b38063bd None None] max_request_id_length = 64 {{(pid=99851) log_opt_values /opt/stack/data/venv/lib/python3.12/site-packages/oslo_config/cfg.py:3534}}
Aug 13 07:59:26.222834 np0000007178 devstack@g-api.service[99851]: DEBUG glance.common.config [None req-0b390d7f-2ca8-41ae-9318-daa4b38063bd None None] metadata_encryption_key = **** {{(pid=99851) log_opt_values /opt/stack/data/venv/lib/python3.12/site-packages/oslo_config/cfg.py:3534}}
Aug 13 07:59:26.222930 np0000007178 devstack@g-api.service[99851]: DEBUG glance.common.config [None req-0b390d7f-2ca8-41ae-9318-daa4b38063bd None None] node_staging_uri = file:///tmp/staging/ {{(pid=99851) log_opt_values /opt/stack/data/venv/lib/python3.12/site-packages/oslo_config/cfg.py:3534}}
Aug 13 07:59:26.223036 np0000007178 devstack@g-api.service[99851]: DEBUG glance.common.config [None req-0b390d7f-2ca8-41ae-9318-daa4b38063bd None None] property_protection_file = None {{(pid=99851) log_opt_values /opt/stack/data/venv/lib/python3.12/site-packages/oslo_config/cfg.py:3534}}
Aug 13 07:59:26.223126 np0000007178 devstack@g-api.service[99851]: DEBUG glance.common.config [None req-0b390d7f-2ca8-41ae-9318-daa4b38063bd None None] property_protection_rule_format = roles {{(pid=99851) log_opt_values /opt/stack/data/venv/lib/python3.12/site-packages/oslo_config/cfg.py:3534}}
Aug 13 07:59:26.223246 np0000007178 devstack@g-api.service[99851]: DEBUG glance.common.config [None req-0b390d7f-2ca8-41ae-9318-daa4b38063bd None None] public_endpoint = https://10.4.3.223/image {{(pid=99851) log_opt_values /opt/stack/data/venv/lib/python3.12/site-packages/oslo_config/cfg.py:3534}}
Aug 13 07:59:26.223341 np0000007178 devstack@g-api.service[99851]: DEBUG glance.common.config [None req-0b390d7f-2ca8-41ae-9318-daa4b38063bd None None] publish_errors = False {{(pid=99851) log_opt_values /opt/stack/data/venv/lib/python3.12/site-packages/oslo_config/cfg.py:3534}}
Aug 13 07:59:26.223441 np0000007178 devstack@g-api.service[99851]: DEBUG glance.common.config [None req-0b390d7f-2ca8-41ae-9318-daa4b38063bd None None] pydev_worker_debug_host = None {{(pid=99851) log_opt_values /opt/stack/data/venv/lib/python3.12/site-packages/oslo_config/cfg.py:3534}}
Aug 13 07:59:26.223537 np0000007178 devstack@g-api.service[99851]: DEBUG glance.common.config [None req-0b390d7f-2ca8-41ae-9318-daa4b38063bd None None] pydev_worker_debug_port = 5678 {{(pid=99851) log_opt_values /opt/stack/data/venv/lib/python3.12/site-packages/oslo_config/cfg.py:3534}}
Aug 13 07:59:26.223622 np0000007178 devstack@g-api.service[99851]: DEBUG glance.common.config [None req-0b390d7f-2ca8-41ae-9318-daa4b38063bd None None] rate_limit_burst = 0 {{(pid=99851) log_opt_values /opt/stack/data/venv/lib/python3.12/site-packages/oslo_config/cfg.py:3534}}
Aug 13 07:59:26.223718 np0000007178 devstack@g-api.service[99851]: DEBUG glance.common.config [None req-0b390d7f-2ca8-41ae-9318-daa4b38063bd None None] rate_limit_except_level = CRITICAL {{(pid=99851) log_opt_values /opt/stack/data/venv/lib/python3.12/site-packages/oslo_config/cfg.py:3534}}
Aug 13 07:59:26.223845 np0000007178 devstack@g-api.service[99851]: DEBUG glance.common.config [None req-0b390d7f-2ca8-41ae-9318-daa4b38063bd None None] rate_limit_interval = 0 {{(pid=99851) log_opt_values /opt/stack/data/venv/lib/python3.12/site-packages/oslo_config/cfg.py:3534}}
Aug 13 07:59:26.223941 np0000007178 devstack@g-api.service[99851]: DEBUG glance.common.config [None req-0b390d7f-2ca8-41ae-9318-daa4b38063bd None None] scrub_pool_size = 1 {{(pid=99851) log_opt_values /opt/stack/data/venv/lib/python3.12/site-packages/oslo_config/cfg.py:3534}}
Aug 13 07:59:26.224044 np0000007178 devstack@g-api.service[99851]: DEBUG glance.common.config [None req-0b390d7f-2ca8-41ae-9318-daa4b38063bd None None] scrub_time = 0 {{(pid=99851) log_opt_values /opt/stack/data/venv/lib/python3.12/site-packages/oslo_config/cfg.py:3534}}
Aug 13 07:59:26.224128 np0000007178 devstack@g-api.service[99851]: DEBUG glance.common.config [None req-0b390d7f-2ca8-41ae-9318-daa4b38063bd None None] shell_completion = None {{(pid=99851) log_opt_values /opt/stack/data/venv/lib/python3.12/site-packages/oslo_config/cfg.py:3534}}
Aug 13 07:59:26.224252 np0000007178 devstack@g-api.service[99851]: DEBUG glance.common.config [None req-0b390d7f-2ca8-41ae-9318-daa4b38063bd None None] show_image_direct_url = False {{(pid=99851) log_opt_values /opt/stack/data/venv/lib/python3.12/site-packages/oslo_config/cfg.py:3534}}
Aug 13 07:59:26.224537 np0000007178 devstack@g-api.service[99851]: WARNING oslo_config.cfg [None req-0b390d7f-2ca8-41ae-9318-daa4b38063bd None None] Deprecated: Option "show_multiple_locations" from group "DEFAULT" is deprecated for removal (Use of this option, deprecated since Newton, is a security risk and will be removed once we figure out a way to satisfy those use cases that currently require it. An earlier announcement that the same functionality can be achieved with greater granularity by using policies is incorrect. You cannot work around this option via policy configuration at the present time, though that is the direction we believe the fix will take. Please keep an eye on the Glance release notes to stay up to date on progress in addressing this issue.). Its value may be silently ignored in the future.
Aug 13 07:59:26.224713 np0000007178 devstack@g-api.service[99851]: DEBUG glance.common.config [None req-0b390d7f-2ca8-41ae-9318-daa4b38063bd None None] show_multiple_locations = False {{(pid=99851) log_opt_values /opt/stack/data/venv/lib/python3.12/site-packages/oslo_config/cfg.py:3534}}
Aug 13 07:59:26.224941 np0000007178 devstack@g-api.service[99851]: DEBUG glance.common.config [None req-0b390d7f-2ca8-41ae-9318-daa4b38063bd None None] syslog_log_facility = LOG_USER {{(pid=99851) log_opt_values /opt/stack/data/venv/lib/python3.12/site-packages/oslo_config/cfg.py:3534}}
Aug 13 07:59:26.225082 np0000007178 devstack@g-api.service[99851]: DEBUG glance.common.config [None req-0b390d7f-2ca8-41ae-9318-daa4b38063bd None None] transport_url = **** {{(pid=99851) log_opt_values /opt/stack/data/venv/lib/python3.12/site-packages/oslo_config/cfg.py:3534}}
Aug 13 07:59:26.225170 np0000007178 devstack@g-api.service[99851]: DEBUG glance.common.config [None req-0b390d7f-2ca8-41ae-9318-daa4b38063bd None None] use_journal = False {{(pid=99851) log_opt_values /opt/stack/data/venv/lib/python3.12/site-packages/oslo_config/cfg.py:3534}}
Aug 13 07:59:26.225254 np0000007178 devstack@g-api.service[99851]: DEBUG glance.common.config [None req-0b390d7f-2ca8-41ae-9318-daa4b38063bd None None] use_json = False {{(pid=99851) log_opt_values /opt/stack/data/venv/lib/python3.12/site-packages/oslo_config/cfg.py:3534}}
Aug 13 07:59:26.225347 np0000007178 devstack@g-api.service[99851]: DEBUG glance.common.config [None req-0b390d7f-2ca8-41ae-9318-daa4b38063bd None None] use_keystone_limits = True {{(pid=99851) log_opt_values /opt/stack/data/venv/lib/python3.12/site-packages/oslo_config/cfg.py:3534}}
Aug 13 07:59:26.225447 np0000007178 devstack@g-api.service[99851]: DEBUG glance.common.config [None req-0b390d7f-2ca8-41ae-9318-daa4b38063bd None None] use_stderr = False {{(pid=99851) log_opt_values /opt/stack/data/venv/lib/python3.12/site-packages/oslo_config/cfg.py:3534}}
Aug 13 07:59:26.225577 np0000007178 devstack@g-api.service[99851]: DEBUG glance.common.config [None req-0b390d7f-2ca8-41ae-9318-daa4b38063bd None None] use_syslog = False {{(pid=99851) log_opt_values /opt/stack/data/venv/lib/python3.12/site-packages/oslo_config/cfg.py:3534}}
Aug 13 07:59:26.225720 np0000007178 devstack@g-api.service[99851]: DEBUG glance.common.config [None req-0b390d7f-2ca8-41ae-9318-daa4b38063bd None None] user_storage_quota = 0 {{(pid=99851) log_opt_values /opt/stack/data/venv/lib/python3.12/site-packages/oslo_config/cfg.py:3534}}
Aug 13 07:59:26.225814 np0000007178 devstack@g-api.service[99851]: DEBUG glance.common.config [None req-0b390d7f-2ca8-41ae-9318-daa4b38063bd None None] worker_self_reference_url = http://127.0.0.1:60999 {{(pid=99851) log_opt_values /opt/stack/data/venv/lib/python3.12/site-packages/oslo_config/cfg.py:3534}}
Aug 13 07:59:26.225917 np0000007178 devstack@g-api.service[99851]: DEBUG glance.common.config [None req-0b390d7f-2ca8-41ae-9318-daa4b38063bd None None] oslo_concurrency.disable_process_locking = False {{(pid=99851) log_opt_values /opt/stack/data/venv/lib/python3.12/site-packages/oslo_config/cfg.py:3545}}
Aug 13 07:59:26.226052 np0000007178 devstack@g-api.service[99851]: DEBUG glance.common.config [None req-0b390d7f-2ca8-41ae-9318-daa4b38063bd None None] oslo_concurrency.lock_path = /opt/stack/data/glance/locks {{(pid=99851) log_opt_values /opt/stack/data/venv/lib/python3.12/site-packages/oslo_config/cfg.py:3545}}
Aug 13 07:59:26.226152 np0000007178 devstack@g-api.service[99851]: DEBUG glance.common.config [None req-0b390d7f-2ca8-41ae-9318-daa4b38063bd None None] oslo_middleware.enable_proxy_headers_parsing = False {{(pid=99851) log_opt_values /opt/stack/data/venv/lib/python3.12/site-packages/oslo_config/cfg.py:3545}}
Aug 13 07:59:26.226245 np0000007178 devstack@g-api.service[99851]: DEBUG glance.common.config [None req-0b390d7f-2ca8-41ae-9318-daa4b38063bd None None] oslo_middleware.http_basic_auth_user_file = /etc/htpasswd {{(pid=99851) log_opt_values /opt/stack/data/venv/lib/python3.12/site-packages/oslo_config/cfg.py:3545}}
Aug 13 07:59:26.226334 np0000007178 devstack@g-api.service[99851]: DEBUG glance.common.config [None req-0b390d7f-2ca8-41ae-9318-daa4b38063bd None None] paste_deploy.config_file = None {{(pid=99851) log_opt_values /opt/stack/data/venv/lib/python3.12/site-packages/oslo_config/cfg.py:3545}}
Aug 13 07:59:26.226448 np0000007178 devstack@g-api.service[99851]: DEBUG glance.common.config [None req-0b390d7f-2ca8-41ae-9318-daa4b38063bd None None] paste_deploy.flavor = keystone+cachemanagement {{(pid=99851) log_opt_values /opt/stack/data/venv/lib/python3.12/site-packages/oslo_config/cfg.py:3545}}
Aug 13 07:59:26.226569 np0000007178 devstack@g-api.service[99851]: DEBUG glance.common.config [None req-0b390d7f-2ca8-41ae-9318-daa4b38063bd None None] image_format.container_formats = ['ami', 'ari', 'aki', 'bare', 'ovf', 'ova', 'docker', 'compressed'] {{(pid=99851) log_opt_values /opt/stack/data/venv/lib/python3.12/site-packages/oslo_config/cfg.py:3545}}
Aug 13 07:59:26.226700 np0000007178 devstack@g-api.service[99851]: DEBUG glance.common.config [None req-0b390d7f-2ca8-41ae-9318-daa4b38063bd None None] image_format.disk_formats = ['ami', 'ari', 'aki', 'vhd', 'vhdx', 'vmdk', 'raw', 'qcow2', 'vdi', 'iso', 'ploop'] {{(pid=99851) log_opt_values /opt/stack/data/venv/lib/python3.12/site-packages/oslo_config/cfg.py:3545}}
Aug 13 07:59:26.226842 np0000007178 devstack@g-api.service[99851]: DEBUG glance.common.config [None req-0b390d7f-2ca8-41ae-9318-daa4b38063bd None None] image_format.gpt_safety_checks_nonfatal = [] {{(pid=99851) log_opt_values /opt/stack/data/venv/lib/python3.12/site-packages/oslo_config/cfg.py:3545}}
Aug 13 07:59:26.226947 np0000007178 devstack@g-api.service[99851]: DEBUG glance.common.config [None req-0b390d7f-2ca8-41ae-9318-daa4b38063bd None None] image_format.require_image_format_match = True {{(pid=99851) log_opt_values /opt/stack/data/venv/lib/python3.12/site-packages/oslo_config/cfg.py:3545}}
Aug 13 07:59:26.227082 np0000007178 devstack@g-api.service[99851]: DEBUG glance.common.config [None req-0b390d7f-2ca8-41ae-9318-daa4b38063bd None None] image_format.vmdk_allowed_types = ['streamOptimized', 'monolithicSparse'] {{(pid=99851) log_opt_values /opt/stack/data/venv/lib/python3.12/site-packages/oslo_config/cfg.py:3545}}
Aug 13 07:59:26.227186 np0000007178 devstack@g-api.service[99851]: DEBUG glance.common.config [None req-0b390d7f-2ca8-41ae-9318-daa4b38063bd None None] task.task_executor = taskflow {{(pid=99851) log_opt_values /opt/stack/data/venv/lib/python3.12/site-packages/oslo_config/cfg.py:3545}}
Aug 13 07:59:26.227275 np0000007178 devstack@g-api.service[99851]: DEBUG glance.common.config [None req-0b390d7f-2ca8-41ae-9318-daa4b38063bd None None] task.task_time_to_live = 48 {{(pid=99851) log_opt_values /opt/stack/data/venv/lib/python3.12/site-packages/oslo_config/cfg.py:3545}}
Aug 13 07:59:26.227306 np0000007178 devstack@g-api.service[99850]: DEBUG glance.image_cache.drivers.centralized_db [None req-c3235afb-0a53-4265-a9f7-fc7709f61a9c None None] Node reference is already recorded, ignoring it {{(pid=99850) configure /opt/stack/glance/glance/image_cache/drivers/centralized_db.py:71}}
Aug 13 07:59:26.227360 np0000007178 devstack@g-api.service[99851]: DEBUG glance.common.config [None req-0b390d7f-2ca8-41ae-9318-daa4b38063bd None None] task.work_dir = None {{(pid=99851) log_opt_values /opt/stack/data/venv/lib/python3.12/site-packages/oslo_config/cfg.py:3545}}
Aug 13 07:59:26.227475 np0000007178 devstack@g-api.service[99851]: DEBUG glance.common.config [None req-0b390d7f-2ca8-41ae-9318-daa4b38063bd None None] wsgi.python_interpreter = /opt/stack/data/venv/bin/python3 {{(pid=99851) log_opt_values /opt/stack/data/venv/lib/python3.12/site-packages/oslo_config/cfg.py:3545}}
Aug 13 07:59:26.227594 np0000007178 devstack@g-api.service[99851]: DEBUG glance.common.config [None req-0b390d7f-2ca8-41ae-9318-daa4b38063bd None None] wsgi.task_pool_threads = 16 {{(pid=99851) log_opt_values /opt/stack/data/venv/lib/python3.12/site-packages/oslo_config/cfg.py:3545}}
Aug 13 07:59:26.227699 np0000007178 devstack@g-api.service[99851]: DEBUG glance.common.config [None req-0b390d7f-2ca8-41ae-9318-daa4b38063bd None None] import_filtering_opts.allowed_hosts = [] {{(pid=99851) log_opt_values /opt/stack/data/venv/lib/python3.12/site-packages/oslo_config/cfg.py:3545}}
Aug 13 07:59:26.227791 np0000007178 devstack@g-api.service[99851]: DEBUG glance.common.config [None req-0b390d7f-2ca8-41ae-9318-daa4b38063bd None None] import_filtering_opts.allowed_ports = [80, 443] {{(pid=99851) log_opt_values /opt/stack/data/venv/lib/python3.12/site-packages/oslo_config/cfg.py:3545}}
Aug 13 07:59:26.227890 np0000007178 devstack@g-api.service[99851]: DEBUG glance.common.config [None req-0b390d7f-2ca8-41ae-9318-daa4b38063bd None None] import_filtering_opts.allowed_schemes = ['http', 'https'] {{(pid=99851) log_opt_values /opt/stack/data/venv/lib/python3.12/site-packages/oslo_config/cfg.py:3545}}
Aug 13 07:59:26.227981 np0000007178 devstack@g-api.service[99851]: DEBUG glance.common.config [None req-0b390d7f-2ca8-41ae-9318-daa4b38063bd None None] import_filtering_opts.disallowed_hosts = [] {{(pid=99851) log_opt_values /opt/stack/data/venv/lib/python3.12/site-packages/oslo_config/cfg.py:3545}}
Aug 13 07:59:26.228308 np0000007178 devstack@g-api.service[99851]: DEBUG glance.common.config [None req-0b390d7f-2ca8-41ae-9318-daa4b38063bd None None] import_filtering_opts.disallowed_ports = [] {{(pid=99851) log_opt_values /opt/stack/data/venv/lib/python3.12/site-packages/oslo_config/cfg.py:3545}}
Aug 13 07:59:26.228308 np0000007178 devstack@g-api.service[99851]: DEBUG glance.common.config [None req-0b390d7f-2ca8-41ae-9318-daa4b38063bd None None] import_filtering_opts.disallowed_schemes = [] {{(pid=99851) log_opt_values /opt/stack/data/venv/lib/python3.12/site-packages/oslo_config/cfg.py:3545}}
Aug 13 07:59:26.228308 np0000007178 devstack@g-api.service[99851]: DEBUG glance.common.config [None req-0b390d7f-2ca8-41ae-9318-daa4b38063bd None None] oslo_messaging_metrics.metrics_buffer_size = 1000 {{(pid=99851) log_opt_values /opt/stack/data/venv/lib/python3.12/site-packages/oslo_config/cfg.py:3545}}
