Aug 13 07:59:01.311432 np0000007178 nova-scheduler[93490]: DEBUG cotyledon.oslo_config_glue [-] oslo_messaging_rabbit.rabbit_quorum_max_memory_bytes = 0 {{(pid=93490) log_opt_values /opt/stack/data/venv/lib/python3.12/site-packages/oslo_config/cfg.py:3545}}
Aug 13 07:59:01.311612 np0000007178 nova-scheduler[93490]: DEBUG cotyledon.oslo_config_glue [-] oslo_messaging_rabbit.rabbit_quorum_max_memory_length = 0 {{(pid=93490) log_opt_values /opt/stack/data/venv/lib/python3.12/site-packages/oslo_config/cfg.py:3545}}
Aug 13 07:59:01.311612 np0000007178 nova-scheduler[93490]: DEBUG cotyledon.oslo_config_glue [-] oslo_messaging_rabbit.rabbit_quorum_queue = False {{(pid=93490) log_opt_values /opt/stack/data/venv/lib/python3.12/site-packages/oslo_config/cfg.py:3545}}
Aug 13 07:59:01.311612 np0000007178 nova-scheduler[93490]: DEBUG cotyledon.oslo_config_glue [-] oslo_messaging_rabbit.rabbit_retry_backoff = 2 {{(pid=93490) log_opt_values /opt/stack/data/venv/lib/python3.12/site-packages/oslo_config/cfg.py:3545}}
Aug 13 07:59:01.311612 np0000007178 nova-scheduler[93490]: DEBUG cotyledon.oslo_config_glue [-] oslo_messaging_rabbit.rabbit_retry_interval = 1 {{(pid=93490) log_opt_values /opt/stack/data/venv/lib/python3.12/site-packages/oslo_config/cfg.py:3545}}
Aug 13 07:59:01.311612 np0000007178 nova-scheduler[93490]: DEBUG cotyledon.oslo_config_glue [-] oslo_messaging_rabbit.rabbit_stream_fanout = False {{(pid=93490) log_opt_values /opt/stack/data/venv/lib/python3.12/site-packages/oslo_config/cfg.py:3545}}
Aug 13 07:59:01.311612 np0000007178 nova-scheduler[93490]: DEBUG cotyledon.oslo_config_glue [-] oslo_messaging_rabbit.rabbit_transient_queues_ttl = 1800 {{(pid=93490) log_opt_values /opt/stack/data/venv/lib/python3.12/site-packages/oslo_config/cfg.py:3545}}
Aug 13 07:59:01.311612 np0000007178 nova-scheduler[93490]: DEBUG cotyledon.oslo_config_glue [-] oslo_messaging_rabbit.rabbit_transient_quorum_queue = False {{(pid=93490) log_opt_values /opt/stack/data/venv/lib/python3.12/site-packages/oslo_config/cfg.py:3545}}
Aug 13 07:59:01.311612 np0000007178 nova-scheduler[93490]: DEBUG cotyledon.oslo_config_glue [-] oslo_messaging_rabbit.rpc_conn_pool_size = 30 {{(pid=93490) log_opt_values /opt/stack/data/venv/lib/python3.12/site-packages/oslo_config/cfg.py:3545}}
Aug 13 07:59:01.311612 np0000007178 nova-scheduler[93490]: DEBUG cotyledon.oslo_config_glue [-] oslo_messaging_rabbit.ssl = False {{(pid=93490) log_opt_values /opt/stack/data/venv/lib/python3.12/site-packages/oslo_config/cfg.py:3545}}
Aug 13 07:59:01.311770 np0000007178 nova-scheduler[93490]: DEBUG cotyledon.oslo_config_glue [-] oslo_messaging_rabbit.ssl_ca_file = {{(pid=93490) log_opt_values /opt/stack/data/venv/lib/python3.12/site-packages/oslo_config/cfg.py:3545}}
Aug 13 07:59:01.311770 np0000007178 nova-scheduler[93490]: DEBUG cotyledon.oslo_config_glue [-] oslo_messaging_rabbit.ssl_cert_file = {{(pid=93490) log_opt_values /opt/stack/data/venv/lib/python3.12/site-packages/oslo_config/cfg.py:3545}}
Aug 13 07:59:01.311770 np0000007178 nova-scheduler[93490]: DEBUG cotyledon.oslo_config_glue [-] oslo_messaging_rabbit.ssl_enforce_fips_mode = False {{(pid=93490) log_opt_values /opt/stack/data/venv/lib/python3.12/site-packages/oslo_config/cfg.py:3545}}
Aug 13 07:59:01.311770 np0000007178 nova-scheduler[93490]: DEBUG cotyledon.oslo_config_glue [-] oslo_messaging_rabbit.ssl_enforce_hostname_verification = True {{(pid=93490) log_opt_values /opt/stack/data/venv/lib/python3.12/site-packages/oslo_config/cfg.py:3545}}
Aug 13 07:59:01.311770 np0000007178 nova-scheduler[93490]: DEBUG cotyledon.oslo_config_glue [-] oslo_messaging_rabbit.ssl_key_file = {{(pid=93490) log_opt_values /opt/stack/data/venv/lib/python3.12/site-packages/oslo_config/cfg.py:3545}}
Aug 13 07:59:01.311770 np0000007178 nova-scheduler[93490]: DEBUG cotyledon.oslo_config_glue [-] oslo_messaging_rabbit.ssl_version = {{(pid=93490) log_opt_values /opt/stack/data/venv/lib/python3.12/site-packages/oslo_config/cfg.py:3545}}
Aug 13 07:59:01.311770 np0000007178 nova-scheduler[93490]: DEBUG cotyledon.oslo_config_glue [-] oslo_messaging_rabbit.use_queue_manager = False {{(pid=93490) log_opt_values /opt/stack/data/venv/lib/python3.12/site-packages/oslo_config/cfg.py:3545}}
Aug 13 07:59:01.311770 np0000007178 nova-scheduler[93490]: DEBUG cotyledon.oslo_config_glue [-] oslo_messaging_notifications.driver = ['messagingv2'] {{(pid=93490) log_opt_values /opt/stack/data/venv/lib/python3.12/site-packages/oslo_config/cfg.py:3545}}
Aug 13 07:59:01.311770 np0000007178 nova-scheduler[93490]: DEBUG cotyledon.oslo_config_glue [-] oslo_messaging_notifications.retry = -1 {{(pid=93490) log_opt_values /opt/stack/data/venv/lib/python3.12/site-packages/oslo_config/cfg.py:3545}}
Aug 13 07:59:01.311924 np0000007178 nova-scheduler[93490]: DEBUG cotyledon.oslo_config_glue [-] oslo_messaging_notifications.topics = ['notifications'] {{(pid=93490) log_opt_values /opt/stack/data/venv/lib/python3.12/site-packages/oslo_config/cfg.py:3545}}
Aug 13 07:59:01.311924 np0000007178 nova-scheduler[93490]: DEBUG cotyledon.oslo_config_glue [-] oslo_messaging_notifications.transport_url = **** {{(pid=93490) log_opt_values /opt/stack/data/venv/lib/python3.12/site-packages/oslo_config/cfg.py:3545}}
Aug 13 07:59:01.311924 np0000007178 nova-scheduler[93490]: DEBUG cotyledon.oslo_config_glue [-] oslo_limit.auth_section = None {{(pid=93490) log_opt_values /opt/stack/data/venv/lib/python3.12/site-packages/oslo_config/cfg.py:3545}}
Aug 13 07:59:01.311924 np0000007178 nova-scheduler[93490]: DEBUG cotyledon.oslo_config_glue [-] oslo_limit.auth_type = None {{(pid=93490) log_opt_values /opt/stack/data/venv/lib/python3.12/site-packages/oslo_config/cfg.py:3545}}
Aug 13 07:59:01.311924 np0000007178 nova-scheduler[93490]: DEBUG cotyledon.oslo_config_glue [-] oslo_limit.cafile = None {{(pid=93490) log_opt_values /opt/stack/data/venv/lib/python3.12/site-packages/oslo_config/cfg.py:3545}}
Aug 13 07:59:01.311924 np0000007178 nova-scheduler[93490]: DEBUG cotyledon.oslo_config_glue [-] oslo_limit.certfile = None {{(pid=93490) log_opt_values /opt/stack/data/venv/lib/python3.12/site-packages/oslo_config/cfg.py:3545}}
Aug 13 07:59:01.311924 np0000007178 nova-scheduler[93490]: DEBUG cotyledon.oslo_config_glue [-] oslo_limit.collect_timing = False {{(pid=93490) log_opt_values /opt/stack/data/venv/lib/python3.12/site-packages/oslo_config/cfg.py:3545}}
Aug 13 07:59:01.311924 np0000007178 nova-scheduler[93490]: DEBUG cotyledon.oslo_config_glue [-] oslo_limit.connect_retries = None {{(pid=93490) log_opt_values /opt/stack/data/venv/lib/python3.12/site-packages/oslo_config/cfg.py:3545}}
Aug 13 07:59:01.311924 np0000007178 nova-scheduler[93490]: DEBUG cotyledon.oslo_config_glue [-] oslo_limit.connect_retry_delay = None {{(pid=93490) log_opt_values /opt/stack/data/venv/lib/python3.12/site-packages/oslo_config/cfg.py:3545}}
Aug 13 07:59:01.312084 np0000007178 nova-scheduler[93490]: DEBUG cotyledon.oslo_config_glue [-] oslo_limit.endpoint_id = None {{(pid=93490) log_opt_values /opt/stack/data/venv/lib/python3.12/site-packages/oslo_config/cfg.py:3545}}
Aug 13 07:59:01.312084 np0000007178 nova-scheduler[93490]: DEBUG cotyledon.oslo_config_glue [-] oslo_limit.endpoint_interface = public {{(pid=93490) log_opt_values /opt/stack/data/venv/lib/python3.12/site-packages/oslo_config/cfg.py:3545}}
Aug 13 07:59:01.312084 np0000007178 nova-scheduler[93490]: DEBUG cotyledon.oslo_config_glue [-] oslo_limit.endpoint_override = None {{(pid=93490) log_opt_values /opt/stack/data/venv/lib/python3.12/site-packages/oslo_config/cfg.py:3545}}
Aug 13 07:59:01.312084 np0000007178 nova-scheduler[93490]: DEBUG cotyledon.oslo_config_glue [-] oslo_limit.endpoint_region_name = None {{(pid=93490) log_opt_values /opt/stack/data/venv/lib/python3.12/site-packages/oslo_config/cfg.py:3545}}
Aug 13 07:59:01.312084 np0000007178 nova-scheduler[93490]: DEBUG cotyledon.oslo_config_glue [-] oslo_limit.endpoint_service_name = None {{(pid=93490) log_opt_values /opt/stack/data/venv/lib/python3.12/site-packages/oslo_config/cfg.py:3545}}
Aug 13 07:59:01.312084 np0000007178 nova-scheduler[93490]: DEBUG cotyledon.oslo_config_glue [-] oslo_limit.endpoint_service_type = None {{(pid=93490) log_opt_values /opt/stack/data/venv/lib/python3.12/site-packages/oslo_config/cfg.py:3545}}
Aug 13 07:59:01.312084 np0000007178 nova-scheduler[93490]: DEBUG cotyledon.oslo_config_glue [-] oslo_limit.insecure = False {{(pid=93490) log_opt_values /opt/stack/data/venv/lib/python3.12/site-packages/oslo_config/cfg.py:3545}}
Aug 13 07:59:01.312084 np0000007178 nova-scheduler[93490]: DEBUG cotyledon.oslo_config_glue [-] oslo_limit.keyfile = None {{(pid=93490) log_opt_values /opt/stack/data/venv/lib/python3.12/site-packages/oslo_config/cfg.py:3545}}
Aug 13 07:59:01.312084 np0000007178 nova-scheduler[93490]: DEBUG cotyledon.oslo_config_glue [-] oslo_limit.max_version = None {{(pid=93490) log_opt_values /opt/stack/data/venv/lib/python3.12/site-packages/oslo_config/cfg.py:3545}}
Aug 13 07:59:01.312246 np0000007178 nova-scheduler[93490]: DEBUG cotyledon.oslo_config_glue [-] oslo_limit.min_version = None {{(pid=93490) log_opt_values /opt/stack/data/venv/lib/python3.12/site-packages/oslo_config/cfg.py:3545}}
Aug 13 07:59:01.312246 np0000007178 nova-scheduler[93490]: DEBUG cotyledon.oslo_config_glue [-] oslo_limit.region_name = None {{(pid=93490) log_opt_values /opt/stack/data/venv/lib/python3.12/site-packages/oslo_config/cfg.py:3545}}
Aug 13 07:59:01.312246 np0000007178 nova-scheduler[93490]: DEBUG cotyledon.oslo_config_glue [-] oslo_limit.retriable_status_codes = None {{(pid=93490) log_opt_values /opt/stack/data/venv/lib/python3.12/site-packages/oslo_config/cfg.py:3545}}
Aug 13 07:59:01.312246 np0000007178 nova-scheduler[93490]: DEBUG cotyledon.oslo_config_glue [-] oslo_limit.service_name = None {{(pid=93490) log_opt_values /opt/stack/data/venv/lib/python3.12/site-packages/oslo_config/cfg.py:3545}}
Aug 13 07:59:01.312246 np0000007178 nova-scheduler[93490]: DEBUG cotyledon.oslo_config_glue [-] oslo_limit.service_type = None {{(pid=93490) log_opt_values /opt/stack/data/venv/lib/python3.12/site-packages/oslo_config/cfg.py:3545}}
Aug 13 07:59:01.312246 np0000007178 nova-scheduler[93490]: DEBUG cotyledon.oslo_config_glue [-] oslo_limit.split_loggers = False {{(pid=93490) log_opt_values /opt/stack/data/venv/lib/python3.12/site-packages/oslo_config/cfg.py:3545}}
Aug 13 07:59:01.312246 np0000007178 nova-scheduler[93490]: DEBUG cotyledon.oslo_config_glue [-] oslo_limit.status_code_retries = None {{(pid=93490) log_opt_values /opt/stack/data/venv/lib/python3.12/site-packages/oslo_config/cfg.py:3545}}
Aug 13 07:59:01.312246 np0000007178 nova-scheduler[93490]: DEBUG cotyledon.oslo_config_glue [-] oslo_limit.status_code_retry_delay = None {{(pid=93490) log_opt_values /opt/stack/data/venv/lib/python3.12/site-packages/oslo_config/cfg.py:3545}}
Aug 13 07:59:01.312246 np0000007178 nova-scheduler[93490]: DEBUG cotyledon.oslo_config_glue [-] oslo_limit.timeout = None {{(pid=93490) log_opt_values /opt/stack/data/venv/lib/python3.12/site-packages/oslo_config/cfg.py:3545}}
Aug 13 07:59:01.312393 np0000007178 nova-scheduler[93490]: DEBUG cotyledon.oslo_config_glue [-] oslo_limit.valid_interfaces = None {{(pid=93490) log_opt_values /opt/stack/data/venv/lib/python3.12/site-packages/oslo_config/cfg.py:3545}}
Aug 13 07:59:01.312393 np0000007178 nova-scheduler[93490]: DEBUG cotyledon.oslo_config_glue [-] oslo_limit.version = None {{(pid=93490) log_opt_values /opt/stack/data/venv/lib/python3.12/site-packages/oslo_config/cfg.py:3545}}
Aug 13 07:59:01.312393 np0000007178 nova-scheduler[93490]: DEBUG cotyledon.oslo_config_glue [-] oslo_reports.file_event_handler = None {{(pid=93490) log_opt_values /opt/stack/data/venv/lib/python3.12/site-packages/oslo_config/cfg.py:3545}}
Aug 13 07:59:01.312393 np0000007178 nova-scheduler[93490]: DEBUG cotyledon.oslo_config_glue [-] oslo_reports.file_event_handler_interval = 1 {{(pid=93490) log_opt_values /opt/stack/data/venv/lib/python3.12/site-packages/oslo_config/cfg.py:3545}}
Aug 13 07:59:01.312393 np0000007178 nova-scheduler[93490]: DEBUG cotyledon.oslo_config_glue [-] oslo_reports.log_dir = None {{(pid=93490) log_opt_values /opt/stack/data/venv/lib/python3.12/site-packages/oslo_config/cfg.py:3545}}
Aug 13 07:59:01.312393 np0000007178 nova-scheduler[93490]: DEBUG cotyledon.oslo_config_glue [-] ******************************************************************************** {{(pid=93490) log_opt_values /opt/stack/data/venv/lib/python3.12/site-packages/oslo_config/cfg.py:3552}}
Aug 13 07:59:01.312393 np0000007178 nova-scheduler[93490]: DEBUG cotyledon._service_worker [-] Run service ServiceWrapper(1) [93490] {{(pid=93490) wait_forever /opt/stack/data/venv/lib/python3.12/site-packages/cotyledon/_service_worker.py:218}}
Aug 13 07:59:01.312393 np0000007178 nova-scheduler[93490]: INFO nova.service [-] Starting scheduler node (version 33.1.0)
Aug 13 07:59:01.312393 np0000007178 nova-scheduler[93490]: INFO dbcounter [None req-3f98e9d4-4a98-430b-921e-4181065e78f0 None None] Registered counter for database nova_cell0
Aug 13 07:59:01.312559 np0000007178 nova-scheduler[93488]: DEBUG oslo_db.sqlalchemy.engines [None req-65c9e683-a07b-43c2-8466-0b679869d387 None None] MySQL server mode set to STRICT_TRANS_TABLES,STRICT_ALL_TABLES,NO_ZERO_IN_DATE,NO_ZERO_DATE,ERROR_FOR_DIVISION_BY_ZERO,TRADITIONAL,NO_ENGINE_SUBSTITUTION {{(pid=93488) _check_effective_sql_mode /opt/stack/data/venv/lib/python3.12/site-packages/oslo_db/sqlalchemy/engines.py:325}}
Aug 13 07:59:01.312559 np0000007178 nova-scheduler[93488]: DEBUG dbcounter [-] [93488] Writer thread running {{(pid=93488) stat_writer /opt/stack/data/venv/lib/python3.12/site-packages/dbcounter.py:102}}
Aug 13 07:59:01.312559 np0000007178 nova-scheduler[93488]: DEBUG nova.service [None req-65c9e683-a07b-43c2-8466-0b679869d387 None None] Creating RPC server for service: nova-scheduler on topic: scheduler {{(pid=93488) start /opt/stack/nova/nova/service.py:196}}
Aug 13 07:59:01.312640 np0000007178 nova-scheduler[93492]: DEBUG oslo_db.sqlalchemy.engines [None req-016ea954-f92d-4941-a6d4-892c7fd276e4 None None] MySQL server mode set to STRICT_TRANS_TABLES,STRICT_ALL_TABLES,NO_ZERO_IN_DATE,NO_ZERO_DATE,ERROR_FOR_DIVISION_BY_ZERO,TRADITIONAL,NO_ENGINE_SUBSTITUTION {{(pid=93492) _check_effective_sql_mode /opt/stack/data/venv/lib/python3.12/site-packages/oslo_db/sqlalchemy/engines.py:325}}
Aug 13 07:59:01.312640 np0000007178 nova-scheduler[93492]: DEBUG dbcounter [-] [93492] Writer thread running {{(pid=93492) stat_writer /opt/stack/data/venv/lib/python3.12/site-packages/dbcounter.py:102}}
Aug 13 07:59:01.312640 np0000007178 nova-scheduler[93492]: DEBUG nova.service [None req-016ea954-f92d-4941-a6d4-892c7fd276e4 None None] Creating RPC server for service: nova-scheduler on topic: scheduler {{(pid=93492) start /opt/stack/nova/nova/service.py:196}}
Aug 13 07:59:01.312695 np0000007178 nova-scheduler[93490]: DEBUG oslo_db.sqlalchemy.engines [None req-3f98e9d4-4a98-430b-921e-4181065e78f0 None None] MySQL server mode set to STRICT_TRANS_TABLES,STRICT_ALL_TABLES,NO_ZERO_IN_DATE,NO_ZERO_DATE,ERROR_FOR_DIVISION_BY_ZERO,TRADITIONAL,NO_ENGINE_SUBSTITUTION {{(pid=93490) _check_effective_sql_mode /opt/stack/data/venv/lib/python3.12/site-packages/oslo_db/sqlalchemy/engines.py:325}}
Aug 13 07:59:01.320635 np0000007178 nova-scheduler[93490]: DEBUG dbcounter [-] [93490] Writer thread running {{(pid=93490) stat_writer /opt/stack/data/venv/lib/python3.12/site-packages/dbcounter.py:102}}
Aug 13 07:59:01.324138 np0000007178 nova-scheduler[93490]: DEBUG nova.service [None req-3f98e9d4-4a98-430b-921e-4181065e78f0 None None] Creating RPC server for service: nova-scheduler on topic: scheduler {{(pid=93490) start /opt/stack/nova/nova/service.py:196}}
Aug 13 07:59:01.324242 np0000007178 nova-scheduler[93488]: DEBUG nova.service [None req-65c9e683-a07b-43c2-8466-0b679869d387 None None] Join ServiceGroup membership for this service scheduler {{(pid=93488) start /opt/stack/nova/nova/service.py:222}}
Aug 13 07:59:01.324621 np0000007178 nova-scheduler[93488]: DEBUG nova.servicegroup.drivers.db [None req-65c9e683-a07b-43c2-8466-0b679869d387 None None] DB_Driver: join new ServiceGroup member np0000007178 to the scheduler group, service = {{(pid=93488) join /opt/stack/nova/nova/servicegroup/drivers/db.py:44}}
Aug 13 07:59:01.332023 np0000007178 nova-scheduler[93492]: DEBUG nova.service [None req-016ea954-f92d-4941-a6d4-892c7fd276e4 None None] Join ServiceGroup membership for this service scheduler {{(pid=93492) start /opt/stack/nova/nova/service.py:222}}
Aug 13 07:59:01.332337 np0000007178 nova-scheduler[93492]: DEBUG nova.servicegroup.drivers.db [None req-016ea954-f92d-4941-a6d4-892c7fd276e4 None None] DB_Driver: join new ServiceGroup member np0000007178 to the scheduler group, service = {{(pid=93492) join /opt/stack/nova/nova/servicegroup/drivers/db.py:44}}
Aug 13 07:59:01.342330 np0000007178 nova-scheduler[93490]: DEBUG nova.service [None req-3f98e9d4-4a98-430b-921e-4181065e78f0 None None] Join ServiceGroup membership for this service scheduler {{(pid=93490) start /opt/stack/nova/nova/service.py:222}}
Aug 13 07:59:01.342583 np0000007178 nova-scheduler[93490]: DEBUG nova.servicegroup.drivers.db [None req-3f98e9d4-4a98-430b-921e-4181065e78f0 None None] DB_Driver: join new ServiceGroup member np0000007178 to the scheduler group, service = {{(pid=93490) join /opt/stack/nova/nova/servicegroup/drivers/db.py:44}}
Aug 13 07:59:06.341713 np0000007178 nova-scheduler[93488]: DEBUG oslo.service.backend._threading.loopingcall [-] Fixed interval looping call 'nova.servicegroup.drivers.db.DbDriver._report_state' sleeping for 119.98 seconds {{(pid=93488) _run_loop /opt/stack/data/venv/lib/python3.12/site-packages/oslo_service/backend/_threading/loopingcall.py:125}}
Aug 13 07:59:06.345355 np0000007178 nova-scheduler[93492]: DEBUG oslo.service.backend._threading.loopingcall [-] Fixed interval looping call 'nova.servicegroup.drivers.db.DbDriver._report_state' sleeping for 119.99 seconds {{(pid=93492) _run_loop /opt/stack/data/venv/lib/python3.12/site-packages/oslo_service/backend/_threading/loopingcall.py:125}}
Aug 13 07:59:06.355198 np0000007178 nova-scheduler[93490]: DEBUG oslo.service.backend._threading.loopingcall [-] Fixed interval looping call 'nova.servicegroup.drivers.db.DbDriver._report_state' sleeping for 119.99 seconds {{(pid=93490) _run_loop /opt/stack/data/venv/lib/python3.12/site-packages/oslo_service/backend/_threading/loopingcall.py:125}}
Aug 13 07:59:09.863031 np0000007178 nova-scheduler[92283]: DEBUG dbcounter [-] [92283] Writing DB stats nova_api:SELECT=3 {{(pid=92283) stat_writer /opt/stack/data/venv/lib/python3.12/site-packages/dbcounter.py:115}}
Aug 13 07:59:10.023567 np0000007178 nova-scheduler[92283]: DEBUG dbcounter [-] [92283] Writing DB stats nova_cell1:SELECT=1 {{(pid=92283) stat_writer /opt/stack/data/venv/lib/python3.12/site-packages/dbcounter.py:115}}
Aug 13 07:59:10.027209 np0000007178 nova-scheduler[92283]: DEBUG dbcounter [-] [92283] Writing DB stats nova_cell0:SELECT=1 {{(pid=92283) stat_writer /opt/stack/data/venv/lib/python3.12/site-packages/dbcounter.py:115}}
Aug 13 07:59:14.327428 np0000007178 nova-scheduler[93488]: DEBUG oslo.service.backend._threading.loopingcall [None req-cd08d06b-b6d1-4a99-8960-b92abc964594 None None] Dynamic interval looping call 'nova.service.Service.periodic_tasks' sleeping for 60.00 seconds {{(pid=93488) _run_loop /opt/stack/data/venv/lib/python3.12/site-packages/oslo_service/backend/_threading/loopingcall.py:125}}
Aug 13 07:59:16.336344 np0000007178 nova-scheduler[93488]: DEBUG dbcounter [-] [93488] Writing DB stats nova_cell0:SELECT=4,nova_cell0:INSERT=1,nova_cell0:UPDATE=1 {{(pid=93488) stat_writer /opt/stack/data/venv/lib/python3.12/site-packages/dbcounter.py:115}}
Aug 13 07:59:16.340994 np0000007178 nova-scheduler[93492]: DEBUG dbcounter [-] [93492] Writing DB stats nova_cell0:SELECT=3 {{(pid=93492) stat_writer /opt/stack/data/venv/lib/python3.12/site-packages/dbcounter.py:115}}
Aug 13 07:59:16.352389 np0000007178 nova-scheduler[93490]: DEBUG dbcounter [-] [93490] Writing DB stats nova_cell0:SELECT=3 {{(pid=93490) stat_writer /opt/stack/data/venv/lib/python3.12/site-packages/dbcounter.py:115}}
Aug 13 07:59:41.334598 np0000007178 nova-scheduler[93492]: DEBUG oslo.service.backend._threading.loopingcall [None req-5202c9c7-5af8-4722-8b0a-fe1b95faacc4 None None] Dynamic interval looping call 'nova.service.Service.periodic_tasks' sleeping for 60.00 seconds {{(pid=93492) _run_loop /opt/stack/data/venv/lib/python3.12/site-packages/oslo_service/backend/_threading/loopingcall.py:125}}
Aug 13 07:59:49.344951 np0000007178 nova-scheduler[93490]: DEBUG oslo.service.backend._threading.loopingcall [None req-d476d1a0-71d5-454b-9a4b-7a1df66528a2 None None] Dynamic interval looping call 'nova.service.Service.periodic_tasks' sleeping for 60.00 seconds {{(pid=93490) _run_loop /opt/stack/data/venv/lib/python3.12/site-packages/oslo_service/backend/_threading/loopingcall.py:125}}
Aug 13 08:00:14.328064 np0000007178 nova-scheduler[93488]: DEBUG oslo.service.backend._threading.loopingcall [None req-cd08d06b-b6d1-4a99-8960-b92abc964594 None None] Dynamic interval looping call 'nova.service.Service.periodic_tasks' sleeping for 60.00 seconds {{(pid=93488) _run_loop /opt/stack/data/venv/lib/python3.12/site-packages/oslo_service/backend/_threading/loopingcall.py:125}}
Aug 13 08:00:41.335109 np0000007178 nova-scheduler[93492]: DEBUG oslo.service.backend._threading.loopingcall [None req-5202c9c7-5af8-4722-8b0a-fe1b95faacc4 None None] Dynamic interval looping call 'nova.service.Service.periodic_tasks' sleeping for 60.00 seconds {{(pid=93492) _run_loop /opt/stack/data/venv/lib/python3.12/site-packages/oslo_service/backend/_threading/loopingcall.py:125}}
Aug 13 08:00:49.345501 np0000007178 nova-scheduler[93490]: DEBUG oslo.service.backend._threading.loopingcall [None req-d476d1a0-71d5-454b-9a4b-7a1df66528a2 None None] Dynamic interval looping call 'nova.service.Service.periodic_tasks' sleeping for 60.00 seconds {{(pid=93490) _run_loop /opt/stack/data/venv/lib/python3.12/site-packages/oslo_service/backend/_threading/loopingcall.py:125}}
Aug 13 08:01:06.334506 np0000007178 nova-scheduler[93488]: DEBUG oslo.service.backend._threading.loopingcall [-] Fixed interval looping call 'nova.servicegroup.drivers.db.DbDriver._report_state' sleeping for 119.99 seconds {{(pid=93488) _run_loop /opt/stack/data/venv/lib/python3.12/site-packages/oslo_service/backend/_threading/loopingcall.py:125}}
Aug 13 08:01:06.343057 np0000007178 nova-scheduler[93492]: DEBUG oslo.service.backend._threading.loopingcall [-] Fixed interval looping call 'nova.servicegroup.drivers.db.DbDriver._report_state' sleeping for 119.99 seconds {{(pid=93492) _run_loop /opt/stack/data/venv/lib/python3.12/site-packages/oslo_service/backend/_threading/loopingcall.py:125}}
Aug 13 08:01:06.351062 np0000007178 nova-scheduler[93490]: DEBUG oslo.service.backend._threading.loopingcall [-] Fixed interval looping call 'nova.servicegroup.drivers.db.DbDriver._report_state' sleeping for 119.99 seconds {{(pid=93490) _run_loop /opt/stack/data/venv/lib/python3.12/site-packages/oslo_service/backend/_threading/loopingcall.py:125}}
Aug 13 08:01:14.328529 np0000007178 nova-scheduler[93488]: DEBUG oslo.service.backend._threading.loopingcall [None req-cd08d06b-b6d1-4a99-8960-b92abc964594 None None] Dynamic interval looping call 'nova.service.Service.periodic_tasks' sleeping for 60.00 seconds {{(pid=93488) _run_loop /opt/stack/data/venv/lib/python3.12/site-packages/oslo_service/backend/_threading/loopingcall.py:125}}
Aug 13 08:01:16.327683 np0000007178 nova-scheduler[93488]: DEBUG dbcounter [-] [93488] Writing DB stats nova_cell0:SELECT=1,nova_cell0:UPDATE=1 {{(pid=93488) stat_writer /opt/stack/data/venv/lib/python3.12/site-packages/dbcounter.py:115}}
Aug 13 08:01:16.341033 np0000007178 nova-scheduler[93492]: DEBUG dbcounter [-] [93492] Writing DB stats nova_cell0:SELECT=1 {{(pid=93492) stat_writer /opt/stack/data/venv/lib/python3.12/site-packages/dbcounter.py:115}}
Aug 13 08:01:16.349606 np0000007178 nova-scheduler[93490]: DEBUG dbcounter [-] [93490] Writing DB stats nova_cell0:SELECT=1 {{(pid=93490) stat_writer /opt/stack/data/venv/lib/python3.12/site-packages/dbcounter.py:115}}
Aug 13 08:01:39.150547 np0000007178 nova-scheduler[93488]: DEBUG nova.scheduler.manager [None req-e0dee2c6-a0b7-42ab-a645-39f9ea48f8ed tempest-DeleteServersTestJSON-258277437 tempest-DeleteServersTestJSON-258277437-project-member] Starting to schedule for instances: ['175fb5b5-5f94-4209-9705-143395118f3e'] {{(pid=93488) select_destinations /opt/stack/nova/nova/scheduler/manager.py:209}}
Aug 13 08:01:39.152172 np0000007178 nova-scheduler[93488]: DEBUG nova.scheduler.request_filter [None req-e0dee2c6-a0b7-42ab-a645-39f9ea48f8ed tempest-DeleteServersTestJSON-258277437 tempest-DeleteServersTestJSON-258277437-project-member] compute_status_filter request filter added forbidden trait COMPUTE_STATUS_DISABLED {{(pid=93488) compute_status_filter /opt/stack/nova/nova/scheduler/request_filter.py:253}}
Aug 13 08:01:39.152172 np0000007178 nova-scheduler[93488]: DEBUG nova.scheduler.request_filter [None req-e0dee2c6-a0b7-42ab-a645-39f9ea48f8ed tempest-DeleteServersTestJSON-258277437 tempest-DeleteServersTestJSON-258277437-project-member] Request filter 'compute_status_filter' took 0.0 seconds {{(pid=93488) wrapper /opt/stack/nova/nova/scheduler/request_filter.py:46}}
Aug 13 08:01:39.152172 np0000007178 nova-scheduler[93488]: DEBUG nova.scheduler.request_filter [None req-e0dee2c6-a0b7-42ab-a645-39f9ea48f8ed tempest-DeleteServersTestJSON-258277437 tempest-DeleteServersTestJSON-258277437-project-member] Request filter 'accelerators_filter' took 0.0 seconds {{(pid=93488) wrapper /opt/stack/nova/nova/scheduler/request_filter.py:46}}
Aug 13 08:01:39.152172 np0000007178 nova-scheduler[93488]: DEBUG nova.scheduler.request_filter [None req-e0dee2c6-a0b7-42ab-a645-39f9ea48f8ed tempest-DeleteServersTestJSON-258277437 tempest-DeleteServersTestJSON-258277437-project-member] Request filter 'packed_virtqueue_filter' took 0.0 seconds {{(pid=93488) wrapper /opt/stack/nova/nova/scheduler/request_filter.py:46}}
Aug 13 08:01:39.152172 np0000007178 nova-scheduler[93488]: DEBUG nova.scheduler.request_filter [None req-e0dee2c6-a0b7-42ab-a645-39f9ea48f8ed tempest-DeleteServersTestJSON-258277437 tempest-DeleteServersTestJSON-258277437-project-member] Request filter 'remote_managed_ports_filter' took 0.0 seconds {{(pid=93488) wrapper /opt/stack/nova/nova/scheduler/request_filter.py:46}}
Aug 13 08:01:39.152336 np0000007178 nova-scheduler[93488]: DEBUG nova.scheduler.request_filter [None req-e0dee2c6-a0b7-42ab-a645-39f9ea48f8ed tempest-DeleteServersTestJSON-258277437 tempest-DeleteServersTestJSON-258277437-project-member] ephemeral_encryption_filter skipped {{(pid=93488) ephemeral_encryption_filter /opt/stack/nova/nova/scheduler/request_filter.py:426}}
Aug 13 08:01:39.152416 np0000007178 nova-scheduler[93488]: DEBUG nova.scheduler.request_filter [None req-e0dee2c6-a0b7-42ab-a645-39f9ea48f8ed tempest-DeleteServersTestJSON-258277437 tempest-DeleteServersTestJSON-258277437-project-member] virtio_sound_filter skipped {{(pid=93488) virtio_sound_filter /opt/stack/nova/nova/scheduler/request_filter.py:460}}
Aug 13 08:01:39.152565 np0000007178 nova-scheduler[93488]: DEBUG nova.scheduler.request_filter [None req-e0dee2c6-a0b7-42ab-a645-39f9ea48f8ed tempest-DeleteServersTestJSON-258277437 tempest-DeleteServersTestJSON-258277437-project-member] tpm_secret_security_filter skipped {{(pid=93488) tpm_secret_security_filter /opt/stack/nova/nova/scheduler/request_filter.py:477}}
Aug 13 08:01:39.387333 np0000007178 nova-scheduler[93492]: DEBUG nova.scheduler.manager [None req-b0d0b178-7b2b-4aa2-a040-033ac2f1f0d3 tempest-ServerBootFromVolumeStableRescueTest-2032419185 tempest-ServerBootFromVolumeStableRescueTest-2032419185-project-member] Starting to schedule for instances: ['83ccf5d6-44cd-43c6-962f-d5b86bb48f07'] {{(pid=93492) select_destinations /opt/stack/nova/nova/scheduler/manager.py:209}}
Aug 13 08:01:39.387963 np0000007178 nova-scheduler[93492]: DEBUG nova.scheduler.request_filter [None req-b0d0b178-7b2b-4aa2-a040-033ac2f1f0d3 tempest-ServerBootFromVolumeStableRescueTest-2032419185 tempest-ServerBootFromVolumeStableRescueTest-2032419185-project-member] compute_status_filter request filter added forbidden trait COMPUTE_STATUS_DISABLED {{(pid=93492) compute_status_filter /opt/stack/nova/nova/scheduler/request_filter.py:253}}
Aug 13 08:01:39.387963 np0000007178 nova-scheduler[93492]: DEBUG nova.scheduler.request_filter [None req-b0d0b178-7b2b-4aa2-a040-033ac2f1f0d3 tempest-ServerBootFromVolumeStableRescueTest-2032419185 tempest-ServerBootFromVolumeStableRescueTest-2032419185-project-member] Request filter 'compute_status_filter' took 0.0 seconds {{(pid=93492) wrapper /opt/stack/nova/nova/scheduler/request_filter.py:46}}
Aug 13 08:01:39.388178 np0000007178 nova-scheduler[93492]: DEBUG nova.scheduler.request_filter [None req-b0d0b178-7b2b-4aa2-a040-033ac2f1f0d3 tempest-ServerBootFromVolumeStableRescueTest-2032419185 tempest-ServerBootFromVolumeStableRescueTest-2032419185-project-member] Request filter 'accelerators_filter' took 0.0 seconds {{(pid=93492) wrapper /opt/stack/nova/nova/scheduler/request_filter.py:46}}
Aug 13 08:01:39.388351 np0000007178 nova-scheduler[93492]: DEBUG nova.scheduler.request_filter [None req-b0d0b178-7b2b-4aa2-a040-033ac2f1f0d3 tempest-ServerBootFromVolumeStableRescueTest-2032419185 tempest-ServerBootFromVolumeStableRescueTest-2032419185-project-member] Request filter 'packed_virtqueue_filter' took 0.0 seconds {{(pid=93492) wrapper /opt/stack/nova/nova/scheduler/request_filter.py:46}}
Aug 13 08:01:39.388664 np0000007178 nova-scheduler[93492]: DEBUG nova.scheduler.request_filter [None req-b0d0b178-7b2b-4aa2-a040-033ac2f1f0d3 tempest-ServerBootFromVolumeStableRescueTest-2032419185 tempest-ServerBootFromVolumeStableRescueTest-2032419185-project-member] Request filter 'remote_managed_ports_filter' took 0.0 seconds {{(pid=93492) wrapper /opt/stack/nova/nova/scheduler/request_filter.py:46}}
Aug 13 08:01:39.388864 np0000007178 nova-scheduler[93492]: DEBUG nova.scheduler.request_filter [None req-b0d0b178-7b2b-4aa2-a040-033ac2f1f0d3 tempest-ServerBootFromVolumeStableRescueTest-2032419185 tempest-ServerBootFromVolumeStableRescueTest-2032419185-project-member] ephemeral_encryption_filter skipped {{(pid=93492) ephemeral_encryption_filter /opt/stack/nova/nova/scheduler/request_filter.py:426}}
Aug 13 08:01:39.389076 np0000007178 nova-scheduler[93492]: DEBUG nova.scheduler.request_filter [None req-b0d0b178-7b2b-4aa2-a040-033ac2f1f0d3 tempest-ServerBootFromVolumeStableRescueTest-2032419185 tempest-ServerBootFromVolumeStableRescueTest-2032419185-project-member] virtio_sound_filter skipped {{(pid=93492) virtio_sound_filter /opt/stack/nova/nova/scheduler/request_filter.py:460}}
Aug 13 08:01:39.389233 np0000007178 nova-scheduler[93492]: DEBUG nova.scheduler.request_filter [None req-b0d0b178-7b2b-4aa2-a040-033ac2f1f0d3 tempest-ServerBootFromVolumeStableRescueTest-2032419185 tempest-ServerBootFromVolumeStableRescueTest-2032419185-project-member] tpm_secret_security_filter skipped {{(pid=93492) tpm_secret_security_filter /opt/stack/nova/nova/scheduler/request_filter.py:477}}
Aug 13 08:01:39.792889 np0000007178 nova-scheduler[93488]: INFO nova.utils [None req-e0dee2c6-a0b7-42ab-a645-39f9ea48f8ed tempest-DeleteServersTestJSON-258277437 tempest-DeleteServersTestJSON-258277437-project-member] The cell worker thread pool ForkProcess-1.cell_worker is initialized
Aug 13 08:01:39.793315 np0000007178 nova-scheduler[93488]: DEBUG oslo_concurrency.lockutils [None req-e0dee2c6-a0b7-42ab-a645-39f9ea48f8ed tempest-DeleteServersTestJSON-258277437 tempest-DeleteServersTestJSON-258277437-project-member] Acquiring lock "a148a494-d55d-4296-8144-13103c9a3350" by "nova.context.set_target_cell..get_or_set_cached_cell_and_set_connections" {{(pid=93488) inner /opt/stack/data/venv/lib/python3.12/site-packages/oslo_concurrency/lockutils.py:512}}
Aug 13 08:01:39.793608 np0000007178 nova-scheduler[93488]: DEBUG oslo_concurrency.lockutils [None req-e0dee2c6-a0b7-42ab-a645-39f9ea48f8ed tempest-DeleteServersTestJSON-258277437 tempest-DeleteServersTestJSON-258277437-project-member] Lock "a148a494-d55d-4296-8144-13103c9a3350" acquired by "nova.context.set_target_cell..get_or_set_cached_cell_and_set_connections" :: waited 0.000s {{(pid=93488) inner /opt/stack/data/venv/lib/python3.12/site-packages/oslo_concurrency/lockutils.py:525}}
Aug 13 08:01:39.795201 np0000007178 nova-scheduler[93488]: DEBUG oslo_concurrency.lockutils [None req-e0dee2c6-a0b7-42ab-a645-39f9ea48f8ed tempest-DeleteServersTestJSON-258277437 tempest-DeleteServersTestJSON-258277437-project-member] Lock "a148a494-d55d-4296-8144-13103c9a3350" "released" by "nova.context.set_target_cell..get_or_set_cached_cell_and_set_connections" :: held 0.002s {{(pid=93488) inner /opt/stack/data/venv/lib/python3.12/site-packages/oslo_concurrency/lockutils.py:544}}
Aug 13 08:01:39.797366 np0000007178 nova-scheduler[93488]: INFO dbcounter [None req-e0dee2c6-a0b7-42ab-a645-39f9ea48f8ed tempest-DeleteServersTestJSON-258277437 tempest-DeleteServersTestJSON-258277437-project-member] Registered counter for database nova_cell1
Aug 13 08:01:39.827961 np0000007178 nova-scheduler[93488]: DEBUG oslo_db.sqlalchemy.engines [None req-e0dee2c6-a0b7-42ab-a645-39f9ea48f8ed tempest-DeleteServersTestJSON-258277437 tempest-DeleteServersTestJSON-258277437-project-member] MySQL server mode set to STRICT_TRANS_TABLES,STRICT_ALL_TABLES,NO_ZERO_IN_DATE,NO_ZERO_DATE,ERROR_FOR_DIVISION_BY_ZERO,TRADITIONAL,NO_ENGINE_SUBSTITUTION {{(pid=93488) _check_effective_sql_mode /opt/stack/data/venv/lib/python3.12/site-packages/oslo_db/sqlalchemy/engines.py:325}}
Aug 13 08:01:39.832850 np0000007178 nova-scheduler[93488]: DEBUG dbcounter [-] [93488] Writer thread running {{(pid=93488) stat_writer /opt/stack/data/venv/lib/python3.12/site-packages/dbcounter.py:102}}
Aug 13 08:01:39.834757 np0000007178 nova-scheduler[93492]: INFO nova.utils [None req-b0d0b178-7b2b-4aa2-a040-033ac2f1f0d3 tempest-ServerBootFromVolumeStableRescueTest-2032419185 tempest-ServerBootFromVolumeStableRescueTest-2032419185-project-member] The cell worker thread pool ForkProcess-3.cell_worker is initialized
Aug 13 08:01:39.835138 np0000007178 nova-scheduler[93492]: DEBUG oslo_concurrency.lockutils [None req-b0d0b178-7b2b-4aa2-a040-033ac2f1f0d3 tempest-ServerBootFromVolumeStableRescueTest-2032419185 tempest-ServerBootFromVolumeStableRescueTest-2032419185-project-member] Acquiring lock "a148a494-d55d-4296-8144-13103c9a3350" by "nova.context.set_target_cell..get_or_set_cached_cell_and_set_connections" {{(pid=93492) inner /opt/stack/data/venv/lib/python3.12/site-packages/oslo_concurrency/lockutils.py:512}}
Aug 13 08:01:39.835317 np0000007178 nova-scheduler[93492]: DEBUG oslo_concurrency.lockutils [None req-b0d0b178-7b2b-4aa2-a040-033ac2f1f0d3 tempest-ServerBootFromVolumeStableRescueTest-2032419185 tempest-ServerBootFromVolumeStableRescueTest-2032419185-project-member] Lock "a148a494-d55d-4296-8144-13103c9a3350" acquired by "nova.context.set_target_cell..get_or_set_cached_cell_and_set_connections" :: waited 0.000s {{(pid=93492) inner /opt/stack/data/venv/lib/python3.12/site-packages/oslo_concurrency/lockutils.py:525}}
Aug 13 08:01:39.837272 np0000007178 nova-scheduler[93492]: DEBUG oslo_concurrency.lockutils [None req-b0d0b178-7b2b-4aa2-a040-033ac2f1f0d3 tempest-ServerBootFromVolumeStableRescueTest-2032419185 tempest-ServerBootFromVolumeStableRescueTest-2032419185-project-member] Lock "a148a494-d55d-4296-8144-13103c9a3350" "released" by "nova.context.set_target_cell..get_or_set_cached_cell_and_set_connections" :: held 0.001s {{(pid=93492) inner /opt/stack/data/venv/lib/python3.12/site-packages/oslo_concurrency/lockutils.py:544}}
Aug 13 08:01:39.839971 np0000007178 nova-scheduler[93492]: INFO dbcounter [None req-b0d0b178-7b2b-4aa2-a040-033ac2f1f0d3 tempest-ServerBootFromVolumeStableRescueTest-2032419185 tempest-ServerBootFromVolumeStableRescueTest-2032419185-project-member] Registered counter for database nova_cell1
Aug 13 08:01:39.846659 np0000007178 nova-scheduler[93488]: DEBUG oslo_db.sqlalchemy.engines [None req-e0dee2c6-a0b7-42ab-a645-39f9ea48f8ed tempest-DeleteServersTestJSON-258277437 tempest-DeleteServersTestJSON-258277437-project-member] Parent process 92283 forked (93488) with an open database connection, which is being discarded and recreated. {{(pid=93488) checkout /opt/stack/data/venv/lib/python3.12/site-packages/oslo_db/sqlalchemy/engines.py:402}}
Aug 13 08:01:39.881314 np0000007178 nova-scheduler[93492]: DEBUG oslo_db.sqlalchemy.engines [None req-b0d0b178-7b2b-4aa2-a040-033ac2f1f0d3 tempest-ServerBootFromVolumeStableRescueTest-2032419185 tempest-ServerBootFromVolumeStableRescueTest-2032419185-project-member] MySQL server mode set to STRICT_TRANS_TABLES,STRICT_ALL_TABLES,NO_ZERO_IN_DATE,NO_ZERO_DATE,ERROR_FOR_DIVISION_BY_ZERO,TRADITIONAL,NO_ENGINE_SUBSTITUTION {{(pid=93492) _check_effective_sql_mode /opt/stack/data/venv/lib/python3.12/site-packages/oslo_db/sqlalchemy/engines.py:325}}
Aug 13 08:01:39.888078 np0000007178 nova-scheduler[93488]: DEBUG dbcounter [-] [93488] Writer thread running {{(pid=93488) stat_writer /opt/stack/data/venv/lib/python3.12/site-packages/dbcounter.py:102}}
Aug 13 08:01:39.888995 np0000007178 nova-scheduler[93492]: DEBUG dbcounter [-] [93492] Writer thread running {{(pid=93492) stat_writer /opt/stack/data/venv/lib/python3.12/site-packages/dbcounter.py:102}}
Aug 13 08:01:39.891816 np0000007178 nova-scheduler[93488]: DEBUG oslo_concurrency.lockutils [None req-e0dee2c6-a0b7-42ab-a645-39f9ea48f8ed tempest-DeleteServersTestJSON-258277437 tempest-DeleteServersTestJSON-258277437-project-member] Acquiring lock "a148a494-d55d-4296-8144-13103c9a3350" by "nova.context.set_target_cell..get_or_set_cached_cell_and_set_connections" {{(pid=93488) inner /opt/stack/data/venv/lib/python3.12/site-packages/oslo_concurrency/lockutils.py:512}}
Aug 13 08:01:39.892075 np0000007178 nova-scheduler[93488]: DEBUG oslo_concurrency.lockutils [None req-e0dee2c6-a0b7-42ab-a645-39f9ea48f8ed tempest-DeleteServersTestJSON-258277437 tempest-DeleteServersTestJSON-258277437-project-member] Lock "a148a494-d55d-4296-8144-13103c9a3350" acquired by "nova.context.set_target_cell..get_or_set_cached_cell_and_set_connections" :: waited 0.000s {{(pid=93488) inner /opt/stack/data/venv/lib/python3.12/site-packages/oslo_concurrency/lockutils.py:525}}
Aug 13 08:01:39.892250 np0000007178 nova-scheduler[93488]: DEBUG oslo_concurrency.lockutils [None req-e0dee2c6-a0b7-42ab-a645-39f9ea48f8ed tempest-DeleteServersTestJSON-258277437 tempest-DeleteServersTestJSON-258277437-project-member] Lock "a148a494-d55d-4296-8144-13103c9a3350" "released" by "nova.context.set_target_cell..get_or_set_cached_cell_and_set_connections" :: held 0.000s {{(pid=93488) inner /opt/stack/data/venv/lib/python3.12/site-packages/oslo_concurrency/lockutils.py:544}}
Aug 13 08:01:39.896271 np0000007178 nova-scheduler[93488]: DEBUG oslo_concurrency.lockutils [None req-e0dee2c6-a0b7-42ab-a645-39f9ea48f8ed tempest-DeleteServersTestJSON-258277437 tempest-DeleteServersTestJSON-258277437-project-member] Acquiring lock "np0000007178-np0000007178" by "nova.scheduler.host_manager.HostState.update.._locked_update" {{(pid=93488) inner /opt/stack/data/venv/lib/python3.12/site-packages/oslo_concurrency/lockutils.py:512}}
Aug 13 08:01:39.896431 np0000007178 nova-scheduler[93488]: DEBUG oslo_concurrency.lockutils [None req-e0dee2c6-a0b7-42ab-a645-39f9ea48f8ed tempest-DeleteServersTestJSON-258277437 tempest-DeleteServersTestJSON-258277437-project-member] Lock "np0000007178-np0000007178" acquired by "nova.scheduler.host_manager.HostState.update.._locked_update" :: waited 0.000s {{(pid=93488) inner /opt/stack/data/venv/lib/python3.12/site-packages/oslo_concurrency/lockutils.py:525}}
Aug 13 08:01:39.897390 np0000007178 nova-scheduler[93488]: DEBUG nova.scheduler.host_manager [None req-e0dee2c6-a0b7-42ab-a645-39f9ea48f8ed tempest-DeleteServersTestJSON-258277437 tempest-DeleteServersTestJSON-258277437-project-member] Update host state from compute node: ComputeNode(cpu_allocation_ratio=4.0,cpu_info='{"arch": "x86_64", "model": "EPYC-Milan", "vendor": "AMD", "topology": {"cells": 1, "sockets": 16, "cores": 1, "threads": 1}, "maxphysaddr": {"mode": "emulate", "bits": 40}, "features": ["abm", "null-sel-clr-base", "tsc-scale", "invpcid", "nx", "rdrand", "mmxext", "mds-no", "lahf_lm", "pfthreshold", "amd-stibp", "cx16", "aes", "no-nested-data-bp", "rdpid", "osvw", "erms", "sse2", "vmcb-clean", "bmi1", "mce", "avx2", "hypervisor", "pcid", "lm", "ssse3", "smep", "ssbd", "sse", "pclmuldq", "vgif", "mmx", "sep", "nrip-save", "syscall", "flushbyasid", "stibp-always-on", "rdctl-no", "umip", "pse36", "pat", "popcnt", "topoext", "cmov", "fsgsbase", "xsave", "arch-capabilities", "f16c", "pschange-mc-no", "xsaves", "clzero", "perfctr_core", "pge", "mca", "adx", "xsaveerptr", "v-vmsave-vmload", "vme", "cr8legacy", "sse4.1", "clflush", "amd-ssbd", "clwb", "bmi2", "3dnowprefetch", "avx", "npt", "misalignsse", "vaes", "sse4.2", "virt-ssbd", "ibrs", "de", "sse4a", "fxsr", "tsc_adjust", "xsavec", "gds-no", "spec-ctrl", "tsc", "x2apic", "vpclmulqdq", "svm", "fpu", "lfence-always-serializing", "mtrr", "tsc-deadline", "clflushopt", "xgetbv1", "ibpb", "wbnoinvd", "arat", "skip-l1dfl-vmentry", "pdpe1gb", "xsaveopt", "apic", "svme-addr-chk", "cx8", "amd-psfd", "fma", "pse", "stibp", "sha-ni", "movbe", "cmp_legacy", "pae", "rdseed", "smap", "fsrm", "msr", "lbrv", "pause-filter", "fxsr_opt", "pni", "pku", "rdtscp"]}',created_at=2026-08-13T07:59:24Z,current_workload=0,deleted=False,deleted_at=None,disk_allocation_ratio=1.0,disk_available_least=73,free_disk_gb=95,free_ram_mb=62765,host='np0000007178',host_ip=10.4.3.223,hypervisor_hostname='np0000007178',hypervisor_type='QEMU',hypervisor_version=8002002,id=1,local_gb=95,local_gb_used=0,mapped=1,memory_mb=63277,memory_mb_used=512,metrics='[]',numa_topology='{"nova_object.name": "NUMATopology", "nova_object.namespace": "nova", "nova_object.version": "1.2", "nova_object.data": {"cells": [{"nova_object.name": "NUMACell", "nova_object.namespace": "nova", "nova_object.version": "1.5", "nova_object.data": {"id": 0, "cpuset": [0, 1, 2, 3, 4, 5, 6, 7, 8, 9, 10, 11, 12, 13, 14, 15], "pcpuset": [0, 1, 2, 3, 4, 5, 6, 7, 8, 9, 10, 11, 12, 13, 14, 15], "memory": 63277, "cpu_usage": 0, "memory_usage": 0, "pinned_cpus": [], "siblings": [[6], [12], [2], [15], [5], [11], [8], [14], [4], [1], [7], [10], [0], [13], [3], [9]], "mempages": [{"nova_object.name": "NUMAPagesTopology", "nova_object.namespace": "nova", "nova_object.version": "1.1", "nova_object.data": {"size_kb": 4, "total": 16177929, "used": 0, "reserved": 0}, "nova_object.changes": ["used", "total", "size_kb", "reserved"]}, {"nova_object.name": "NUMAPagesTopology", "nova_object.namespace": "nova", "nova_object.version": "1.1", "nova_object.data": {"size_kb": 2048, "total": 41, "used": 0, "reserved": 0}, "nova_object.changes": ["used", "total", "size_kb", "reserved"]}, {"nova_object.name": "NUMAPagesTopology", "nova_object.namespace": "nova", "nova_object.version": "1.1", "nova_object.data": {"size_kb": 1048576, "total": 0, "used": 0, "reserved": 0}, "nova_object.changes": ["used", "total", "size_kb", "reserved"]}], "network_metadata": {"nova_object.name": "NetworkMetadata", "nova_object.namespace": "nova", "nova_object.version": "1.0", "nova_object.data": {"physnets": [], "tunneled": false}, "nova_object.changes": ["tunneled", "physnets"]}, "socket": null}, "nova_object.changes": ["cpu_usage", "mempages", "pinned_cpus", "socket", "id", "memory_usage", "memory", "pcpuset", "cpuset", "siblings", "network_metadata"]}]}, "nova_object.changes": ["cells"]}',pci_device_pools=PciDevicePoolList,ram_allocation_ratio=1.0,running_vms=0,service_id=3,stats={failed_builds='0',uptime=' 08:01:10 up 15 min, 2 users, load average: 1.14, 1.31, 0.79
Aug 13 08:01:39.897390 np0000007178 nova-scheduler[93488]: '},supported_hv_specs=[HVSpec,HVSpec,HVSpec,HVSpec,HVSpec,HVSpec,HVSpec,HVSpec,HVSpec,HVSpec,HVSpec,HVSpec,HVSpec,HVSpec,HVSpec,HVSpec,HVSpec,HVSpec,HVSpec,HVSpec,HVSpec,HVSpec,HVSpec,HVSpec,HVSpec],updated_at=2026-08-13T08:01:11Z,uuid=ccc63b93-c60e-49ed-8424-d4eb78340dd0,vcpus=16,vcpus_used=0) {{(pid=93488) _locked_update /opt/stack/nova/nova/scheduler/host_manager.py:168}}
Aug 13 08:01:39.899645 np0000007178 nova-scheduler[93488]: DEBUG nova.scheduler.host_manager [None req-e0dee2c6-a0b7-42ab-a645-39f9ea48f8ed tempest-DeleteServersTestJSON-258277437 tempest-DeleteServersTestJSON-258277437-project-member] Update host state with aggregates: [] {{(pid=93488) _locked_update /opt/stack/nova/nova/scheduler/host_manager.py:171}}
Aug 13 08:01:39.899920 np0000007178 nova-scheduler[93488]: DEBUG nova.scheduler.host_manager [None req-e0dee2c6-a0b7-42ab-a645-39f9ea48f8ed tempest-DeleteServersTestJSON-258277437 tempest-DeleteServersTestJSON-258277437-project-member] Update host state with service dict: {'id': 3, 'uuid': 'aceffae0-4517-4934-b0f0-7b607e7c1288', 'host': 'np0000007178', 'binary': 'nova-compute', 'topic': 'compute', 'report_count': 2, 'disabled': False, 'disabled_reason': None, 'last_seen_up': datetime.datetime(2026, 8, 13, 8, 1, 31, tzinfo=datetime.timezone.utc), 'forced_down': False, 'version': 72, 'created_at': datetime.datetime(2026, 8, 13, 7, 59, 24, tzinfo=datetime.timezone.utc), 'updated_at': datetime.datetime(2026, 8, 13, 8, 1, 31, tzinfo=datetime.timezone.utc), 'deleted_at': None, 'deleted': False} {{(pid=93488) _locked_update /opt/stack/nova/nova/scheduler/host_manager.py:174}}
Aug 13 08:01:39.900116 np0000007178 nova-scheduler[93488]: DEBUG nova.scheduler.host_manager [None req-e0dee2c6-a0b7-42ab-a645-39f9ea48f8ed tempest-DeleteServersTestJSON-258277437 tempest-DeleteServersTestJSON-258277437-project-member] Update host state with instances: [] {{(pid=93488) _locked_update /opt/stack/nova/nova/scheduler/host_manager.py:177}}
Aug 13 08:01:39.900299 np0000007178 nova-scheduler[93488]: DEBUG oslo_concurrency.lockutils [None req-e0dee2c6-a0b7-42ab-a645-39f9ea48f8ed tempest-DeleteServersTestJSON-258277437 tempest-DeleteServersTestJSON-258277437-project-member] Lock "np0000007178-np0000007178" "released" by "nova.scheduler.host_manager.HostState.update.._locked_update" :: held 0.004s {{(pid=93488) inner /opt/stack/data/venv/lib/python3.12/site-packages/oslo_concurrency/lockutils.py:544}}
Aug 13 08:01:39.901070 np0000007178 nova-scheduler[93488]: DEBUG nova.filters [None req-e0dee2c6-a0b7-42ab-a645-39f9ea48f8ed tempest-DeleteServersTestJSON-258277437 tempest-DeleteServersTestJSON-258277437-project-member] Starting with 1 host(s) {{(pid=93488) get_filtered_objects /opt/stack/nova/nova/filters.py:70}}
Aug 13 08:01:39.901598 np0000007178 nova-scheduler[93488]: DEBUG nova.filters [None req-e0dee2c6-a0b7-42ab-a645-39f9ea48f8ed tempest-DeleteServersTestJSON-258277437 tempest-DeleteServersTestJSON-258277437-project-member] Filter ComputeFilter returned 1 host(s) {{(pid=93488) get_filtered_objects /opt/stack/nova/nova/filters.py:102}}
Aug 13 08:01:39.901598 np0000007178 nova-scheduler[93488]: DEBUG nova.filters [None req-e0dee2c6-a0b7-42ab-a645-39f9ea48f8ed tempest-DeleteServersTestJSON-258277437 tempest-DeleteServersTestJSON-258277437-project-member] Filter ComputeCapabilitiesFilter returned 1 host(s) {{(pid=93488) get_filtered_objects /opt/stack/nova/nova/filters.py:102}}
Aug 13 08:01:39.901858 np0000007178 nova-scheduler[93488]: DEBUG nova.filters [None req-e0dee2c6-a0b7-42ab-a645-39f9ea48f8ed tempest-DeleteServersTestJSON-258277437 tempest-DeleteServersTestJSON-258277437-project-member] Filter ImagePropertiesFilter returned 1 host(s) {{(pid=93488) get_filtered_objects /opt/stack/nova/nova/filters.py:102}}
Aug 13 08:01:39.902117 np0000007178 nova-scheduler[93488]: DEBUG nova.filters [None req-e0dee2c6-a0b7-42ab-a645-39f9ea48f8ed tempest-DeleteServersTestJSON-258277437 tempest-DeleteServersTestJSON-258277437-project-member] Filter ServerGroupAntiAffinityFilter returned 1 host(s) {{(pid=93488) get_filtered_objects /opt/stack/nova/nova/filters.py:102}}
Aug 13 08:01:39.902231 np0000007178 nova-scheduler[93488]: DEBUG nova.filters [None req-e0dee2c6-a0b7-42ab-a645-39f9ea48f8ed tempest-DeleteServersTestJSON-258277437 tempest-DeleteServersTestJSON-258277437-project-member] Filter ServerGroupAffinityFilter returned 1 host(s) {{(pid=93488) get_filtered_objects /opt/stack/nova/nova/filters.py:102}}
Aug 13 08:01:39.903912 np0000007178 nova-scheduler[93488]: DEBUG nova.filters [None req-e0dee2c6-a0b7-42ab-a645-39f9ea48f8ed tempest-DeleteServersTestJSON-258277437 tempest-DeleteServersTestJSON-258277437-project-member] Filter SameHostFilter returned 1 host(s) {{(pid=93488) get_filtered_objects /opt/stack/nova/nova/filters.py:102}}
Aug 13 08:01:39.904045 np0000007178 nova-scheduler[93488]: DEBUG nova.filters [None req-e0dee2c6-a0b7-42ab-a645-39f9ea48f8ed tempest-DeleteServersTestJSON-258277437 tempest-DeleteServersTestJSON-258277437-project-member] Filter DifferentHostFilter returned 1 host(s) {{(pid=93488) get_filtered_objects /opt/stack/nova/nova/filters.py:102}}
Aug 13 08:01:39.904267 np0000007178 nova-scheduler[93488]: DEBUG nova.scheduler.manager [None req-e0dee2c6-a0b7-42ab-a645-39f9ea48f8ed tempest-DeleteServersTestJSON-258277437 tempest-DeleteServersTestJSON-258277437-project-member] Filtered [(np0000007178, np0000007178) ram: 62765MB disk: 74752MB io_ops: 0 instances: 0, allocation_candidates: 1] {{(pid=93488) _get_sorted_hosts /opt/stack/nova/nova/scheduler/manager.py:742}}
