May 27 03:02:12.482499 np0000001475 devstack@g-api.service[102147]: DEBUG glance.api.middleware.version_negotiation [None req-3018196c-cec5-402c-a0f1-b4c1da909fb4 tempest-ServerBootFromVolumeStableRescueTest-1976367979 tempest-ServerBootFromVolumeStableRescueTest-1976367979-project-member] Matched version: v2 {{(pid=102147) process_request /opt/stack/glance/glance/api/middleware/version_negotiation.py:69}}
May 27 03:02:12.482576 np0000001475 devstack@g-api.service[102147]: DEBUG glance.api.middleware.version_negotiation [None req-3018196c-cec5-402c-a0f1-b4c1da909fb4 tempest-ServerBootFromVolumeStableRescueTest-1976367979 tempest-ServerBootFromVolumeStableRescueTest-1976367979-project-member] new path /v2/images/a8d71e21-f2a2-4c52-a6fc-22ddc1803d5f {{(pid=102147) process_request /opt/stack/glance/glance/api/middleware/version_negotiation.py:70}}
May 27 03:02:12.491282 np0000001475 devstack@g-api.service[102147]: [pid: 102147|app: 0|req: 134/399] 127.0.0.1 () {40 vars in 838 bytes} [Wed May 27 03:02:12 2026] GET /v2/images/a8d71e21-f2a2-4c52-a6fc-22ddc1803d5f => generated 650 bytes in 9 msecs (HTTP/1.1 200) 4 headers in 157 bytes (1 switches on core 0)
May 27 03:02:12.971458 np0000001475 devstack@g-api.service[102148]: DEBUG glance.api.middleware.version_negotiation [None req-a4af596d-d9df-4964-8bdd-9f772d964769 tempest-VolumesActionsTest-2104767204 tempest-VolumesActionsTest-2104767204-project-member] Determining version of request: PUT /v2/images/a8d71e21-f2a2-4c52-a6fc-22ddc1803d5f/file Accept: */* {{(pid=102148) process_request /opt/stack/glance/glance/api/middleware/version_negotiation.py:44}}
May 27 03:02:12.971865 np0000001475 devstack@g-api.service[102148]: DEBUG glance.api.middleware.version_negotiation [None req-a4af596d-d9df-4964-8bdd-9f772d964769 tempest-VolumesActionsTest-2104767204 tempest-VolumesActionsTest-2104767204-project-member] Using url versioning {{(pid=102148) process_request /opt/stack/glance/glance/api/middleware/version_negotiation.py:57}}
May 27 03:02:12.971865 np0000001475 devstack@g-api.service[102148]: DEBUG glance.api.middleware.version_negotiation [None req-a4af596d-d9df-4964-8bdd-9f772d964769 tempest-VolumesActionsTest-2104767204 tempest-VolumesActionsTest-2104767204-project-member] Matched version: v2 {{(pid=102148) process_request /opt/stack/glance/glance/api/middleware/version_negotiation.py:69}}
May 27 03:02:12.971992 np0000001475 devstack@g-api.service[102148]: DEBUG glance.api.middleware.version_negotiation [None req-a4af596d-d9df-4964-8bdd-9f772d964769 tempest-VolumesActionsTest-2104767204 tempest-VolumesActionsTest-2104767204-project-member] new path /v2/images/a8d71e21-f2a2-4c52-a6fc-22ddc1803d5f/file {{(pid=102148) process_request /opt/stack/glance/glance/api/middleware/version_negotiation.py:70}}
May 27 03:02:13.512435 np0000001475 devstack@g-api.service[102149]: DEBUG glance.api.middleware.version_negotiation [None req-e628126c-f908-402c-a2a3-791f201195da tempest-VolumesActionsTest-2104767204 tempest-VolumesActionsTest-2104767204-project-member] Determining version of request: GET /v2/images/a8d71e21-f2a2-4c52-a6fc-22ddc1803d5f Accept: application/json {{(pid=102149) process_request /opt/stack/glance/glance/api/middleware/version_negotiation.py:44}}
May 27 03:02:13.512710 np0000001475 devstack@g-api.service[102149]: DEBUG glance.api.middleware.version_negotiation [None req-e628126c-f908-402c-a2a3-791f201195da tempest-VolumesActionsTest-2104767204 tempest-VolumesActionsTest-2104767204-project-member] Using url versioning {{(pid=102149) process_request /opt/stack/glance/glance/api/middleware/version_negotiation.py:57}}
May 27 03:02:13.512847 np0000001475 devstack@g-api.service[102149]: DEBUG glance.api.middleware.version_negotiation [None req-e628126c-f908-402c-a2a3-791f201195da tempest-VolumesActionsTest-2104767204 tempest-VolumesActionsTest-2104767204-project-member] Matched version: v2 {{(pid=102149) process_request /opt/stack/glance/glance/api/middleware/version_negotiation.py:69}}
May 27 03:02:13.513032 np0000001475 devstack@g-api.service[102149]: DEBUG glance.api.middleware.version_negotiation [None req-e628126c-f908-402c-a2a3-791f201195da tempest-VolumesActionsTest-2104767204 tempest-VolumesActionsTest-2104767204-project-member] new path /v2/images/a8d71e21-f2a2-4c52-a6fc-22ddc1803d5f {{(pid=102149) process_request /opt/stack/glance/glance/api/middleware/version_negotiation.py:70}}
May 27 03:02:13.528758 np0000001475 devstack@g-api.service[102149]: [pid: 102149|app: 0|req: 132/400] 127.0.0.1 () {40 vars in 838 bytes} [Wed May 27 03:02:13 2026] GET /v2/images/a8d71e21-f2a2-4c52-a6fc-22ddc1803d5f => generated 650 bytes in 17 msecs (HTTP/1.1 200) 4 headers in 157 bytes (1 switches on core 0)
May 27 03:02:13.545144 np0000001475 devstack@g-api.service[102148]: INFO glance.api.v2.image_data [None req-6f2e9390-b2b8-4240-9ff8-4b3cd27b25f4 tempest-VolumesActionsTest-2104767204 tempest-VolumesActionsTest-2104767204-project-member] Unable to create trust: no such option collect_timing in group [keystone_authtoken] Use the existing user token.
May 27 03:02:14.070186 np0000001475 devstack@g-api.service[102148]: DEBUG glance.location [None req-6f2e9390-b2b8-4240-9ff8-4b3cd27b25f4 tempest-VolumesActionsTest-2104767204 tempest-VolumesActionsTest-2104767204-project-member] Enabling in-flight format inspection for raw {{(pid=102148) set_data /opt/stack/glance/glance/location.py:616}}
May 27 03:02:14.072490 np0000001475 devstack@g-api.service[102148]: DEBUG glance_store.backend [None req-6f2e9390-b2b8-4240-9ff8-4b3cd27b25f4 tempest-VolumesActionsTest-2104767204 tempest-VolumesActionsTest-2104767204-project-member] Attempting to import store swift {{(pid=102148) _load_store /opt/stack/data/venv/lib/python3.12/site-packages/glance_store/backend.py:215}}
May 27 03:02:14.073222 np0000001475 devstack@g-api.service[102148]: DEBUG glance_store.capabilities [None req-6f2e9390-b2b8-4240-9ff8-4b3cd27b25f4 tempest-VolumesActionsTest-2104767204 tempest-VolumesActionsTest-2104767204-project-member] Store glance_store._drivers.swift.store.SingleTenantStore doesn't support updating dynamic storage capabilities. Please overwrite 'update_capabilities' method of the store to implement updating logics if needed. {{(pid=102148) update_capabilities /opt/stack/data/venv/lib/python3.12/site-packages/glance_store/capabilities.py:91}}
May 27 03:02:14.073456 np0000001475 devstack@g-api.service[102148]: DEBUG glance_store.driver [None req-6f2e9390-b2b8-4240-9ff8-4b3cd27b25f4 tempest-VolumesActionsTest-2104767204 tempest-VolumesActionsTest-2104767204-project-member] Late loading location class glance_store._drivers.swift.store.StoreLocation {{(pid=102148) get_store_location_class /opt/stack/data/venv/lib/python3.12/site-packages/glance_store/driver.py:134}}
May 27 03:02:14.073773 np0000001475 devstack@g-api.service[102148]: DEBUG glance_store.location [None req-6f2e9390-b2b8-4240-9ff8-4b3cd27b25f4 tempest-VolumesActionsTest-2104767204 tempest-VolumesActionsTest-2104767204-project-member] Registering scheme swift+https with {'store': , 'location_class': , 'store_entry': 'swift'} {{(pid=102148) register_scheme_map /opt/stack/data/venv/lib/python3.12/site-packages/glance_store/location.py:146}}
May 27 03:02:14.074105 np0000001475 devstack@g-api.service[102148]: DEBUG glance_store.location [None req-6f2e9390-b2b8-4240-9ff8-4b3cd27b25f4 tempest-VolumesActionsTest-2104767204 tempest-VolumesActionsTest-2104767204-project-member] Registering scheme swift+https with {'store': , 'location_class': , 'store_entry': 'swift'} {{(pid=102148) register_scheme_map /opt/stack/data/venv/lib/python3.12/site-packages/glance_store/location.py:146}}
May 27 03:02:14.074349 np0000001475 devstack@g-api.service[102148]: DEBUG glance_store.location [None req-6f2e9390-b2b8-4240-9ff8-4b3cd27b25f4 tempest-VolumesActionsTest-2104767204 tempest-VolumesActionsTest-2104767204-project-member] Registering scheme swift with {'store': , 'location_class': , 'store_entry': 'swift'} {{(pid=102148) register_scheme_map /opt/stack/data/venv/lib/python3.12/site-packages/glance_store/location.py:146}}
May 27 03:02:14.074572 np0000001475 devstack@g-api.service[102148]: DEBUG glance_store.location [None req-6f2e9390-b2b8-4240-9ff8-4b3cd27b25f4 tempest-VolumesActionsTest-2104767204 tempest-VolumesActionsTest-2104767204-project-member] Registering scheme swift+https with {'store': , 'location_class': , 'store_entry': 'swift'} {{(pid=102148) register_scheme_map /opt/stack/data/venv/lib/python3.12/site-packages/glance_store/location.py:146}}
May 27 03:02:14.075871 np0000001475 devstack@g-api.service[102148]: DEBUG glance_store.location [None req-6f2e9390-b2b8-4240-9ff8-4b3cd27b25f4 tempest-VolumesActionsTest-2104767204 tempest-VolumesActionsTest-2104767204-project-member] Registering scheme swift with {'store': , 'location_class': , 'store_entry': 'swift'} {{(pid=102148) register_scheme_map /opt/stack/data/venv/lib/python3.12/site-packages/glance_store/location.py:146}}
May 27 03:02:14.075871 np0000001475 devstack@g-api.service[102148]: DEBUG glance_store.location [None req-6f2e9390-b2b8-4240-9ff8-4b3cd27b25f4 tempest-VolumesActionsTest-2104767204 tempest-VolumesActionsTest-2104767204-project-member] Registering scheme swift+http with {'store': , 'location_class': , 'store_entry': 'swift'} {{(pid=102148) register_scheme_map /opt/stack/data/venv/lib/python3.12/site-packages/glance_store/location.py:146}}
May 27 03:02:14.075871 np0000001475 devstack@g-api.service[102148]: DEBUG glance_store.location [None req-6f2e9390-b2b8-4240-9ff8-4b3cd27b25f4 tempest-VolumesActionsTest-2104767204 tempest-VolumesActionsTest-2104767204-project-member] Registering scheme swift+https with {'store': , 'location_class': , 'store_entry': 'swift'} {{(pid=102148) register_scheme_map /opt/stack/data/venv/lib/python3.12/site-packages/glance_store/location.py:146}}
May 27 03:02:14.075871 np0000001475 devstack@g-api.service[102148]: DEBUG glance_store.location [None req-6f2e9390-b2b8-4240-9ff8-4b3cd27b25f4 tempest-VolumesActionsTest-2104767204 tempest-VolumesActionsTest-2104767204-project-member] Registering scheme swift with {'store': , 'location_class': , 'store_entry': 'swift'} {{(pid=102148) register_scheme_map /opt/stack/data/venv/lib/python3.12/site-packages/glance_store/location.py:146}}
May 27 03:02:14.075871 np0000001475 devstack@g-api.service[102148]: DEBUG glance_store.location [None req-6f2e9390-b2b8-4240-9ff8-4b3cd27b25f4 tempest-VolumesActionsTest-2104767204 tempest-VolumesActionsTest-2104767204-project-member] Registering scheme swift+http with {'store': , 'location_class': , 'store_entry': 'swift'} {{(pid=102148) register_scheme_map /opt/stack/data/venv/lib/python3.12/site-packages/glance_store/location.py:146}}
May 27 03:02:14.075871 np0000001475 devstack@g-api.service[102148]: DEBUG glance_store.location [None req-6f2e9390-b2b8-4240-9ff8-4b3cd27b25f4 tempest-VolumesActionsTest-2104767204 tempest-VolumesActionsTest-2104767204-project-member] Registering scheme swift+config with {'store': , 'location_class': , 'store_entry': 'swift'} {{(pid=102148) register_scheme_map /opt/stack/data/venv/lib/python3.12/site-packages/glance_store/location.py:146}}
May 27 03:02:14.171946 np0000001475 devstack@g-api.service[102148]: DEBUG swiftclient [None req-6f2e9390-b2b8-4240-9ff8-4b3cd27b25f4 tempest-VolumesActionsTest-2104767204 tempest-VolumesActionsTest-2104767204-project-member] REQ: curl -i https://10.4.3.185:8080/v1/AUTH_6078d33017994c90a9f4eb40842d25bb/glance -I -H "X-Auth-Token: gAAAAABqFl62qesk..." {{(pid=102148) http_log /opt/stack/data/venv/lib/python3.12/site-packages/swiftclient/client.py:160}}
May 27 03:02:14.174125 np0000001475 devstack@g-api.service[102148]: DEBUG swiftclient [None req-6f2e9390-b2b8-4240-9ff8-4b3cd27b25f4 tempest-VolumesActionsTest-2104767204 tempest-VolumesActionsTest-2104767204-project-member] RESP STATUS: 204 No Content {{(pid=102148) http_log /opt/stack/data/venv/lib/python3.12/site-packages/swiftclient/client.py:161}}
May 27 03:02:14.174125 np0000001475 devstack@g-api.service[102148]: DEBUG swiftclient [None req-6f2e9390-b2b8-4240-9ff8-4b3cd27b25f4 tempest-VolumesActionsTest-2104767204 tempest-VolumesActionsTest-2104767204-project-member] RESP HEADERS: {'Date': 'Wed, 27 May 2026 03:02:14 GMT', 'Server': 'Apache/2.4.58 (Ubuntu)', 'Content-Type': 'text/plain; charset=utf-8', 'X-Container-Object-Count': '9', 'X-Container-Bytes-Used': '165085184', 'X-Timestamp': '1779850496.90684', 'Last-Modified': 'Wed, 27 May 2026 02:54:57 GMT', 'Accept-Ranges': 'bytes', 'X-Storage-Policy': 'Policy-0', 'X-Container-Sharding': 'False', 'Vary': 'Accept', 'X-Trans-Id': 'tx6521eaa4136c4e01a9598-006a165eb6', 'X-Openstack-Request-Id': 'tx6521eaa4136c4e01a9598-006a165eb6', 'Connection': 'close'} {{(pid=102148) http_log /opt/stack/data/venv/lib/python3.12/site-packages/swiftclient/client.py:162}}
May 27 03:02:14.174125 np0000001475 devstack@g-api.service[102148]: DEBUG glance_store._drivers.swift.store [None req-6f2e9390-b2b8-4240-9ff8-4b3cd27b25f4 tempest-VolumesActionsTest-2104767204 tempest-VolumesActionsTest-2104767204-project-member] Adding image object 'a8d71e21-f2a2-4c52-a6fc-22ddc1803d5f' to Swift {{(pid=102148) add /opt/stack/data/venv/lib/python3.12/site-packages/glance_store/_drivers/swift/store.py:970}}
May 27 03:02:14.174125 np0000001475 devstack@g-api.service[102148]: DEBUG glance_store._drivers.swift.store [None req-6f2e9390-b2b8-4240-9ff8-4b3cd27b25f4 tempest-VolumesActionsTest-2104767204 tempest-VolumesActionsTest-2104767204-project-member] Cannot determine image size because it is either not provided in the request or chunked-transfer encoding is used. Adding image as a segmented object to Swift. {{(pid=102148) add /opt/stack/data/venv/lib/python3.12/site-packages/glance_store/_drivers/swift/store.py:994}}
May 27 03:02:14.182289 np0000001475 devstack@g-api.service[102148]: DEBUG oslo_utils.imageutils.format_inspector [None req-6f2e9390-b2b8-4240-9ff8-4b3cd27b25f4 tempest-VolumesActionsTest-2104767204 tempest-VolumesActionsTest-2104767204-project-member] Format inspector for vmdk does not match, excluding from consideration (Signature KDMV not found: b'\x00\x00\x00\x00') {{(pid=102148) _process_chunk /opt/stack/data/venv/lib/python3.12/site-packages/oslo_utils/imageutils/format_inspector.py:1538}}
May 27 03:02:14.186115 np0000001475 devstack@g-api.service[102148]: DEBUG oslo_utils.imageutils.format_inspector [None req-6f2e9390-b2b8-4240-9ff8-4b3cd27b25f4 tempest-VolumesActionsTest-2104767204 tempest-VolumesActionsTest-2104767204-project-member] Format inspector for vhdx does not match, excluding from consideration (Region signature not found at 30000) {{(pid=102148) _process_chunk /opt/stack/data/venv/lib/python3.12/site-packages/oslo_utils/imageutils/format_inspector.py:1538}}
May 27 03:02:14.540347 np0000001475 devstack@g-api.service[102147]: DEBUG glance.api.middleware.version_negotiation [None req-28ab1de3-e798-4bdc-a488-0a65750dec5d tempest-VolumesActionsTest-2104767204 tempest-VolumesActionsTest-2104767204-project-member] Determining version of request: GET /v2/images/a8d71e21-f2a2-4c52-a6fc-22ddc1803d5f Accept: application/json {{(pid=102147) process_request /opt/stack/glance/glance/api/middleware/version_negotiation.py:44}}
May 27 03:02:14.540777 np0000001475 devstack@g-api.service[102147]: DEBUG glance.api.middleware.version_negotiation [None req-28ab1de3-e798-4bdc-a488-0a65750dec5d tempest-VolumesActionsTest-2104767204 tempest-VolumesActionsTest-2104767204-project-member] Using url versioning {{(pid=102147) process_request /opt/stack/glance/glance/api/middleware/version_negotiation.py:57}}
May 27 03:02:14.540777 np0000001475 devstack@g-api.service[102147]: DEBUG glance.api.middleware.version_negotiation [None req-28ab1de3-e798-4bdc-a488-0a65750dec5d tempest-VolumesActionsTest-2104767204 tempest-VolumesActionsTest-2104767204-project-member] Matched version: v2 {{(pid=102147) process_request /opt/stack/glance/glance/api/middleware/version_negotiation.py:69}}
May 27 03:02:14.540928 np0000001475 devstack@g-api.service[102147]: DEBUG glance.api.middleware.version_negotiation [None req-28ab1de3-e798-4bdc-a488-0a65750dec5d tempest-VolumesActionsTest-2104767204 tempest-VolumesActionsTest-2104767204-project-member] new path /v2/images/a8d71e21-f2a2-4c52-a6fc-22ddc1803d5f {{(pid=102147) process_request /opt/stack/glance/glance/api/middleware/version_negotiation.py:70}}
May 27 03:02:14.557711 np0000001475 devstack@g-api.service[102147]: [pid: 102147|app: 0|req: 135/401] 127.0.0.1 () {40 vars in 838 bytes} [Wed May 27 03:02:14 2026] GET /v2/images/a8d71e21-f2a2-4c52-a6fc-22ddc1803d5f => generated 650 bytes in 17 msecs (HTTP/1.1 200) 4 headers in 157 bytes (1 switches on core 0)
May 27 03:02:15.568623 np0000001475 devstack@g-api.service[102149]: DEBUG glance.api.middleware.version_negotiation [None req-8750e15a-33d6-4ef4-9ec0-e803e8eabacf tempest-VolumesActionsTest-2104767204 tempest-VolumesActionsTest-2104767204-project-member] Determining version of request: GET /v2/images/a8d71e21-f2a2-4c52-a6fc-22ddc1803d5f Accept: application/json {{(pid=102149) process_request /opt/stack/glance/glance/api/middleware/version_negotiation.py:44}}
May 27 03:02:15.568972 np0000001475 devstack@g-api.service[102149]: DEBUG glance.api.middleware.version_negotiation [None req-8750e15a-33d6-4ef4-9ec0-e803e8eabacf tempest-VolumesActionsTest-2104767204 tempest-VolumesActionsTest-2104767204-project-member] Using url versioning {{(pid=102149) process_request /opt/stack/glance/glance/api/middleware/version_negotiation.py:57}}
May 27 03:02:15.568972 np0000001475 devstack@g-api.service[102149]: DEBUG glance.api.middleware.version_negotiation [None req-8750e15a-33d6-4ef4-9ec0-e803e8eabacf tempest-VolumesActionsTest-2104767204 tempest-VolumesActionsTest-2104767204-project-member] Matched version: v2 {{(pid=102149) process_request /opt/stack/glance/glance/api/middleware/version_negotiation.py:69}}
May 27 03:02:15.569167 np0000001475 devstack@g-api.service[102149]: DEBUG glance.api.middleware.version_negotiation [None req-8750e15a-33d6-4ef4-9ec0-e803e8eabacf tempest-VolumesActionsTest-2104767204 tempest-VolumesActionsTest-2104767204-project-member] new path /v2/images/a8d71e21-f2a2-4c52-a6fc-22ddc1803d5f {{(pid=102149) process_request /opt/stack/glance/glance/api/middleware/version_negotiation.py:70}}
May 27 03:02:15.583345 np0000001475 devstack@g-api.service[102149]: [pid: 102149|app: 0|req: 133/402] 127.0.0.1 () {40 vars in 838 bytes} [Wed May 27 03:02:15 2026] GET /v2/images/a8d71e21-f2a2-4c52-a6fc-22ddc1803d5f => generated 650 bytes in 15 msecs (HTTP/1.1 200) 4 headers in 157 bytes (1 switches on core 0)
May 27 03:02:16.381410 np0000001475 devstack@g-api.service[102148]: DEBUG swiftclient [None req-6f2e9390-b2b8-4240-9ff8-4b3cd27b25f4 tempest-VolumesActionsTest-2104767204 tempest-VolumesActionsTest-2104767204-project-member] REQ: curl -i https://10.4.3.185:8080/v1/AUTH_6078d33017994c90a9f4eb40842d25bb/glance/a8d71e21-f2a2-4c52-a6fc-22ddc1803d5f-00001 -X PUT -H "X-Auth-Token: gAAAAABqFl62qesk..." {{(pid=102148) http_log /opt/stack/data/venv/lib/python3.12/site-packages/swiftclient/client.py:160}}
May 27 03:02:16.381669 np0000001475 devstack@g-api.service[102148]: DEBUG swiftclient [None req-6f2e9390-b2b8-4240-9ff8-4b3cd27b25f4 tempest-VolumesActionsTest-2104767204 tempest-VolumesActionsTest-2104767204-project-member] RESP STATUS: 201 Created {{(pid=102148) http_log /opt/stack/data/venv/lib/python3.12/site-packages/swiftclient/client.py:161}}
May 27 03:02:16.381669 np0000001475 devstack@g-api.service[102148]: DEBUG swiftclient [None req-6f2e9390-b2b8-4240-9ff8-4b3cd27b25f4 tempest-VolumesActionsTest-2104767204 tempest-VolumesActionsTest-2104767204-project-member] RESP HEADERS: {'Date': 'Wed, 27 May 2026 03:02:16 GMT', 'Server': 'Apache/2.4.58 (Ubuntu)', 'Content-Type': 'text/html; charset=UTF-8', 'Content-Length': '0', 'Etag': 'eda9a9889837ac4bc81d6387d92c1bec', 'Last-Modified': 'Wed, 27 May 2026 03:02:15 GMT', 'X-Trans-Id': 'tx5cab406a3b604b6884123-006a165eb6', 'X-Openstack-Request-Id': 'tx5cab406a3b604b6884123-006a165eb6', 'Connection': 'close'} {{(pid=102148) http_log /opt/stack/data/venv/lib/python3.12/site-packages/swiftclient/client.py:162}}
May 27 03:02:16.381791 np0000001475 devstack@g-api.service[102148]: DEBUG glance_store._drivers.swift.store [None req-6f2e9390-b2b8-4240-9ff8-4b3cd27b25f4 tempest-VolumesActionsTest-2104767204 tempest-VolumesActionsTest-2104767204-project-member] Wrote chunk a8d71e21-f2a2-4c52-a6fc-22ddc1803d5f-00001 (1/?) of length 204800000 to Swift returning MD5 of content: eda9a9889837ac4bc81d6387d92c1bec {{(pid=102148) add /opt/stack/data/venv/lib/python3.12/site-packages/glance_store/_drivers/swift/store.py:1059}}
May 27 03:02:16.592162 np0000001475 devstack@g-api.service[102147]: DEBUG glance.api.middleware.version_negotiation [None req-b23c7563-93a0-4a04-937c-9e610d99ef38 tempest-VolumesActionsTest-2104767204 tempest-VolumesActionsTest-2104767204-project-member] Determining version of request: GET /v2/images/a8d71e21-f2a2-4c52-a6fc-22ddc1803d5f Accept: application/json {{(pid=102147) process_request /opt/stack/glance/glance/api/middleware/version_negotiation.py:44}}
May 27 03:02:16.592162 np0000001475 devstack@g-api.service[102147]: DEBUG glance.api.middleware.version_negotiation [None req-b23c7563-93a0-4a04-937c-9e610d99ef38 tempest-VolumesActionsTest-2104767204 tempest-VolumesActionsTest-2104767204-project-member] Using url versioning {{(pid=102147) process_request /opt/stack/glance/glance/api/middleware/version_negotiation.py:57}}
May 27 03:02:16.592799 np0000001475 devstack@g-api.service[102147]: DEBUG glance.api.middleware.version_negotiation [None req-b23c7563-93a0-4a04-937c-9e610d99ef38 tempest-VolumesActionsTest-2104767204 tempest-VolumesActionsTest-2104767204-project-member] Matched version: v2 {{(pid=102147) process_request /opt/stack/glance/glance/api/middleware/version_negotiation.py:69}}
May 27 03:02:16.592799 np0000001475 devstack@g-api.service[102147]: DEBUG glance.api.middleware.version_negotiation [None req-b23c7563-93a0-4a04-937c-9e610d99ef38 tempest-VolumesActionsTest-2104767204 tempest-VolumesActionsTest-2104767204-project-member] new path /v2/images/a8d71e21-f2a2-4c52-a6fc-22ddc1803d5f {{(pid=102147) process_request /opt/stack/glance/glance/api/middleware/version_negotiation.py:70}}
May 27 03:02:16.608619 np0000001475 devstack@g-api.service[102147]: [pid: 102147|app: 0|req: 136/403] 127.0.0.1 () {40 vars in 838 bytes} [Wed May 27 03:02:16 2026] GET /v2/images/a8d71e21-f2a2-4c52-a6fc-22ddc1803d5f => generated 650 bytes in 17 msecs (HTTP/1.1 200) 4 headers in 157 bytes (1 switches on core 0)
May 27 03:02:17.623713 np0000001475 devstack@g-api.service[102149]: DEBUG glance.api.middleware.version_negotiation [None req-fb5fba3a-cdfb-4431-907a-0c3a813c0cd9 tempest-VolumesActionsTest-2104767204 tempest-VolumesActionsTest-2104767204-project-member] Determining version of request: GET /v2/images/a8d71e21-f2a2-4c52-a6fc-22ddc1803d5f Accept: application/json {{(pid=102149) process_request /opt/stack/glance/glance/api/middleware/version_negotiation.py:44}}
May 27 03:02:17.624192 np0000001475 devstack@g-api.service[102149]: DEBUG glance.api.middleware.version_negotiation [None req-fb5fba3a-cdfb-4431-907a-0c3a813c0cd9 tempest-VolumesActionsTest-2104767204 tempest-VolumesActionsTest-2104767204-project-member] Using url versioning {{(pid=102149) process_request /opt/stack/glance/glance/api/middleware/version_negotiation.py:57}}
May 27 03:02:17.624192 np0000001475 devstack@g-api.service[102149]: DEBUG glance.api.middleware.version_negotiation [None req-fb5fba3a-cdfb-4431-907a-0c3a813c0cd9 tempest-VolumesActionsTest-2104767204 tempest-VolumesActionsTest-2104767204-project-member] Matched version: v2 {{(pid=102149) process_request /opt/stack/glance/glance/api/middleware/version_negotiation.py:69}}
May 27 03:02:17.624192 np0000001475 devstack@g-api.service[102149]: DEBUG glance.api.middleware.version_negotiation [None req-fb5fba3a-cdfb-4431-907a-0c3a813c0cd9 tempest-VolumesActionsTest-2104767204 tempest-VolumesActionsTest-2104767204-project-member] new path /v2/images/a8d71e21-f2a2-4c52-a6fc-22ddc1803d5f {{(pid=102149) process_request /opt/stack/glance/glance/api/middleware/version_negotiation.py:70}}
May 27 03:02:17.636733 np0000001475 devstack@g-api.service[102149]: [pid: 102149|app: 0|req: 134/404] 127.0.0.1 () {40 vars in 838 bytes} [Wed May 27 03:02:17 2026] GET /v2/images/a8d71e21-f2a2-4c52-a6fc-22ddc1803d5f => generated 650 bytes in 13 msecs (HTTP/1.1 200) 4 headers in 157 bytes (1 switches on core 0)
May 27 03:02:18.396429 np0000001475 devstack@g-api.service[102148]: DEBUG swiftclient [None req-6f2e9390-b2b8-4240-9ff8-4b3cd27b25f4 tempest-VolumesActionsTest-2104767204 tempest-VolumesActionsTest-2104767204-project-member] REQ: curl -i https://10.4.3.185:8080/v1/AUTH_6078d33017994c90a9f4eb40842d25bb/glance/a8d71e21-f2a2-4c52-a6fc-22ddc1803d5f-00002 -X PUT -H "X-Auth-Token: gAAAAABqFl62qesk..." {{(pid=102148) http_log /opt/stack/data/venv/lib/python3.12/site-packages/swiftclient/client.py:160}}
May 27 03:02:18.396701 np0000001475 devstack@g-api.service[102148]: DEBUG swiftclient [None req-6f2e9390-b2b8-4240-9ff8-4b3cd27b25f4 tempest-VolumesActionsTest-2104767204 tempest-VolumesActionsTest-2104767204-project-member] RESP STATUS: 201 Created {{(pid=102148) http_log /opt/stack/data/venv/lib/python3.12/site-packages/swiftclient/client.py:161}}
May 27 03:02:18.397670 np0000001475 devstack@g-api.service[102148]: DEBUG swiftclient [None req-6f2e9390-b2b8-4240-9ff8-4b3cd27b25f4 tempest-VolumesActionsTest-2104767204 tempest-VolumesActionsTest-2104767204-project-member] RESP HEADERS: {'Date': 'Wed, 27 May 2026 03:02:18 GMT', 'Server': 'Apache/2.4.58 (Ubuntu)', 'Content-Type': 'text/html; charset=UTF-8', 'Content-Length': '0', 'Etag': 'eda9a9889837ac4bc81d6387d92c1bec', 'Last-Modified': 'Wed, 27 May 2026 03:02:17 GMT', 'X-Trans-Id': 'tx1a39fc1c99b248aebac2b-006a165eb8', 'X-Openstack-Request-Id': 'tx1a39fc1c99b248aebac2b-006a165eb8', 'Connection': 'close'} {{(pid=102148) http_log /opt/stack/data/venv/lib/python3.12/site-packages/swiftclient/client.py:162}}
May 27 03:02:18.397670 np0000001475 devstack@g-api.service[102148]: DEBUG glance_store._drivers.swift.store [None req-6f2e9390-b2b8-4240-9ff8-4b3cd27b25f4 tempest-VolumesActionsTest-2104767204 tempest-VolumesActionsTest-2104767204-project-member] Wrote chunk a8d71e21-f2a2-4c52-a6fc-22ddc1803d5f-00002 (2/?) of length 204800000 to Swift returning MD5 of content: eda9a9889837ac4bc81d6387d92c1bec {{(pid=102148) add /opt/stack/data/venv/lib/python3.12/site-packages/glance_store/_drivers/swift/store.py:1059}}
May 27 03:02:18.650277 np0000001475 devstack@g-api.service[102147]: DEBUG glance.api.middleware.version_negotiation [None req-f9299ae6-61fe-480e-8b60-7cf762ddfbe1 tempest-VolumesActionsTest-2104767204 tempest-VolumesActionsTest-2104767204-project-member] Determining version of request: GET /v2/images/a8d71e21-f2a2-4c52-a6fc-22ddc1803d5f Accept: application/json {{(pid=102147) process_request /opt/stack/glance/glance/api/middleware/version_negotiation.py:44}}
May 27 03:02:18.650625 np0000001475 devstack@g-api.service[102147]: DEBUG glance.api.middleware.version_negotiation [None req-f9299ae6-61fe-480e-8b60-7cf762ddfbe1 tempest-VolumesActionsTest-2104767204 tempest-VolumesActionsTest-2104767204-project-member] Using url versioning {{(pid=102147) process_request /opt/stack/glance/glance/api/middleware/version_negotiation.py:57}}
May 27 03:02:18.650625 np0000001475 devstack@g-api.service[102147]: DEBUG glance.api.middleware.version_negotiation [None req-f9299ae6-61fe-480e-8b60-7cf762ddfbe1 tempest-VolumesActionsTest-2104767204 tempest-VolumesActionsTest-2104767204-project-member] Matched version: v2 {{(pid=102147) process_request /opt/stack/glance/glance/api/middleware/version_negotiation.py:69}}
May 27 03:02:18.650625 np0000001475 devstack@g-api.service[102147]: DEBUG glance.api.middleware.version_negotiation [None req-f9299ae6-61fe-480e-8b60-7cf762ddfbe1 tempest-VolumesActionsTest-2104767204 tempest-VolumesActionsTest-2104767204-project-member] new path /v2/images/a8d71e21-f2a2-4c52-a6fc-22ddc1803d5f {{(pid=102147) process_request /opt/stack/glance/glance/api/middleware/version_negotiation.py:70}}
May 27 03:02:18.672735 np0000001475 devstack@g-api.service[102147]: [pid: 102147|app: 0|req: 137/405] 127.0.0.1 () {40 vars in 838 bytes} [Wed May 27 03:02:18 2026] GET /v2/images/a8d71e21-f2a2-4c52-a6fc-22ddc1803d5f => generated 650 bytes in 22 msecs (HTTP/1.1 200) 4 headers in 157 bytes (1 switches on core 0)
May 27 03:02:19.684145 np0000001475 devstack@g-api.service[102149]: DEBUG glance.api.middleware.version_negotiation [None req-b528c4d8-802c-42fd-958c-8df11474519b tempest-VolumesActionsTest-2104767204 tempest-VolumesActionsTest-2104767204-project-member] Determining version of request: GET /v2/images/a8d71e21-f2a2-4c52-a6fc-22ddc1803d5f Accept: application/json {{(pid=102149) process_request /opt/stack/glance/glance/api/middleware/version_negotiation.py:44}}
May 27 03:02:19.684567 np0000001475 devstack@g-api.service[102149]: DEBUG glance.api.middleware.version_negotiation [None req-b528c4d8-802c-42fd-958c-8df11474519b tempest-VolumesActionsTest-2104767204 tempest-VolumesActionsTest-2104767204-project-member] Using url versioning {{(pid=102149) process_request /opt/stack/glance/glance/api/middleware/version_negotiation.py:57}}
May 27 03:02:19.684567 np0000001475 devstack@g-api.service[102149]: DEBUG glance.api.middleware.version_negotiation [None req-b528c4d8-802c-42fd-958c-8df11474519b tempest-VolumesActionsTest-2104767204 tempest-VolumesActionsTest-2104767204-project-member] Matched version: v2 {{(pid=102149) process_request /opt/stack/glance/glance/api/middleware/version_negotiation.py:69}}
May 27 03:02:19.684946 np0000001475 devstack@g-api.service[102149]: DEBUG glance.api.middleware.version_negotiation [None req-b528c4d8-802c-42fd-958c-8df11474519b tempest-VolumesActionsTest-2104767204 tempest-VolumesActionsTest-2104767204-project-member] new path /v2/images/a8d71e21-f2a2-4c52-a6fc-22ddc1803d5f {{(pid=102149) process_request /opt/stack/glance/glance/api/middleware/version_negotiation.py:70}}
May 27 03:02:19.700302 np0000001475 devstack@g-api.service[102149]: [pid: 102149|app: 0|req: 135/406] 127.0.0.1 () {40 vars in 838 bytes} [Wed May 27 03:02:19 2026] GET /v2/images/a8d71e21-f2a2-4c52-a6fc-22ddc1803d5f => generated 650 bytes in 16 msecs (HTTP/1.1 200) 4 headers in 157 bytes (1 switches on core 0)
May 27 03:02:20.712424 np0000001475 devstack@g-api.service[102147]: DEBUG glance.api.middleware.version_negotiation [None req-22c1e0ac-25d3-4068-8440-2da4614fdaf9 tempest-VolumesActionsTest-2104767204 tempest-VolumesActionsTest-2104767204-project-member] Determining version of request: GET /v2/images/a8d71e21-f2a2-4c52-a6fc-22ddc1803d5f Accept: application/json {{(pid=102147) process_request /opt/stack/glance/glance/api/middleware/version_negotiation.py:44}}
May 27 03:02:20.712963 np0000001475 devstack@g-api.service[102147]: DEBUG glance.api.middleware.version_negotiation [None req-22c1e0ac-25d3-4068-8440-2da4614fdaf9 tempest-VolumesActionsTest-2104767204 tempest-VolumesActionsTest-2104767204-project-member] Using url versioning {{(pid=102147) process_request /opt/stack/glance/glance/api/middleware/version_negotiation.py:57}}
May 27 03:02:20.712963 np0000001475 devstack@g-api.service[102147]: DEBUG glance.api.middleware.version_negotiation [None req-22c1e0ac-25d3-4068-8440-2da4614fdaf9 tempest-VolumesActionsTest-2104767204 tempest-VolumesActionsTest-2104767204-project-member] Matched version: v2 {{(pid=102147) process_request /opt/stack/glance/glance/api/middleware/version_negotiation.py:69}}
May 27 03:02:20.713077 np0000001475 devstack@g-api.service[102147]: DEBUG glance.api.middleware.version_negotiation [None req-22c1e0ac-25d3-4068-8440-2da4614fdaf9 tempest-VolumesActionsTest-2104767204 tempest-VolumesActionsTest-2104767204-project-member] new path /v2/images/a8d71e21-f2a2-4c52-a6fc-22ddc1803d5f {{(pid=102147) process_request /opt/stack/glance/glance/api/middleware/version_negotiation.py:70}}
May 27 03:02:20.728553 np0000001475 devstack@g-api.service[102147]: [pid: 102147|app: 0|req: 138/407] 127.0.0.1 () {40 vars in 838 bytes} [Wed May 27 03:02:20 2026] GET /v2/images/a8d71e21-f2a2-4c52-a6fc-22ddc1803d5f => generated 650 bytes in 16 msecs (HTTP/1.1 200) 4 headers in 157 bytes (1 switches on core 0)
May 27 03:02:20.940216 np0000001475 devstack@g-api.service[102148]: DEBUG swiftclient [None req-6f2e9390-b2b8-4240-9ff8-4b3cd27b25f4 tempest-VolumesActionsTest-2104767204 tempest-VolumesActionsTest-2104767204-project-member] REQ: curl -i https://10.4.3.185:8080/v1/AUTH_6078d33017994c90a9f4eb40842d25bb/glance/a8d71e21-f2a2-4c52-a6fc-22ddc1803d5f-00003 -X PUT -H "X-Auth-Token: gAAAAABqFl62qesk..." {{(pid=102148) http_log /opt/stack/data/venv/lib/python3.12/site-packages/swiftclient/client.py:160}}
May 27 03:02:20.940642 np0000001475 devstack@g-api.service[102148]: DEBUG swiftclient [None req-6f2e9390-b2b8-4240-9ff8-4b3cd27b25f4 tempest-VolumesActionsTest-2104767204 tempest-VolumesActionsTest-2104767204-project-member] RESP STATUS: 201 Created {{(pid=102148) http_log /opt/stack/data/venv/lib/python3.12/site-packages/swiftclient/client.py:161}}
May 27 03:02:20.940642 np0000001475 devstack@g-api.service[102148]: DEBUG swiftclient [None req-6f2e9390-b2b8-4240-9ff8-4b3cd27b25f4 tempest-VolumesActionsTest-2104767204 tempest-VolumesActionsTest-2104767204-project-member] RESP HEADERS: {'Date': 'Wed, 27 May 2026 03:02:20 GMT', 'Server': 'Apache/2.4.58 (Ubuntu)', 'Content-Type': 'text/html; charset=UTF-8', 'Content-Length': '0', 'Etag': 'eda9a9889837ac4bc81d6387d92c1bec', 'Last-Modified': 'Wed, 27 May 2026 03:02:19 GMT', 'X-Trans-Id': 'tx4b6c8d04f6f74e3686dfc-006a165eba', 'X-Openstack-Request-Id': 'tx4b6c8d04f6f74e3686dfc-006a165eba', 'Connection': 'close'} {{(pid=102148) http_log /opt/stack/data/venv/lib/python3.12/site-packages/swiftclient/client.py:162}}
May 27 03:02:20.940642 np0000001475 devstack@g-api.service[102148]: DEBUG glance_store._drivers.swift.store [None req-6f2e9390-b2b8-4240-9ff8-4b3cd27b25f4 tempest-VolumesActionsTest-2104767204 tempest-VolumesActionsTest-2104767204-project-member] Wrote chunk a8d71e21-f2a2-4c52-a6fc-22ddc1803d5f-00003 (3/?) of length 204800000 to Swift returning MD5 of content: eda9a9889837ac4bc81d6387d92c1bec {{(pid=102148) add /opt/stack/data/venv/lib/python3.12/site-packages/glance_store/_drivers/swift/store.py:1059}}
May 27 03:02:21.745957 np0000001475 devstack@g-api.service[102149]: DEBUG glance.api.middleware.version_negotiation [None req-a16a9b0c-83c6-4221-8688-21ef00f3874f tempest-VolumesActionsTest-2104767204 tempest-VolumesActionsTest-2104767204-project-member] Determining version of request: GET /v2/images/a8d71e21-f2a2-4c52-a6fc-22ddc1803d5f Accept: application/json {{(pid=102149) process_request /opt/stack/glance/glance/api/middleware/version_negotiation.py:44}}
May 27 03:02:21.745957 np0000001475 devstack@g-api.service[102149]: DEBUG glance.api.middleware.version_negotiation [None req-a16a9b0c-83c6-4221-8688-21ef00f3874f tempest-VolumesActionsTest-2104767204 tempest-VolumesActionsTest-2104767204-project-member] Using url versioning {{(pid=102149) process_request /opt/stack/glance/glance/api/middleware/version_negotiation.py:57}}
May 27 03:02:21.745957 np0000001475 devstack@g-api.service[102149]: DEBUG glance.api.middleware.version_negotiation [None req-a16a9b0c-83c6-4221-8688-21ef00f3874f tempest-VolumesActionsTest-2104767204 tempest-VolumesActionsTest-2104767204-project-member] Matched version: v2 {{(pid=102149) process_request /opt/stack/glance/glance/api/middleware/version_negotiation.py:69}}
May 27 03:02:21.745957 np0000001475 devstack@g-api.service[102149]: DEBUG glance.api.middleware.version_negotiation [None req-a16a9b0c-83c6-4221-8688-21ef00f3874f tempest-VolumesActionsTest-2104767204 tempest-VolumesActionsTest-2104767204-project-member] new path /v2/images/a8d71e21-f2a2-4c52-a6fc-22ddc1803d5f {{(pid=102149) process_request /opt/stack/glance/glance/api/middleware/version_negotiation.py:70}}
May 27 03:02:21.751310 np0000001475 devstack@g-api.service[102149]: DEBUG dbcounter [-] [102149] Writing DB stats glance:SELECT=84,glance:UPDATE=10,glance:INSERT=4 {{(pid=102149) stat_writer /opt/stack/data/venv/lib/python3.12/site-packages/dbcounter.py:115}}
May 27 03:02:21.766097 np0000001475 devstack@g-api.service[102149]: [pid: 102149|app: 0|req: 136/408] 127.0.0.1 () {40 vars in 838 bytes} [Wed May 27 03:02:21 2026] GET /v2/images/a8d71e21-f2a2-4c52-a6fc-22ddc1803d5f => generated 650 bytes in 17 msecs (HTTP/1.1 200) 4 headers in 157 bytes (1 switches on core 0)
May 27 03:02:22.806845 np0000001475 devstack@g-api.service[102147]: DEBUG glance.api.middleware.version_negotiation [None req-9adb5ae6-4282-4723-b0e8-be4c34b434ad tempest-VolumesActionsTest-2104767204 tempest-VolumesActionsTest-2104767204-project-member] Determining version of request: GET /v2/images/a8d71e21-f2a2-4c52-a6fc-22ddc1803d5f Accept: application/json {{(pid=102147) process_request /opt/stack/glance/glance/api/middleware/version_negotiation.py:44}}
May 27 03:02:22.806845 np0000001475 devstack@g-api.service[102147]: DEBUG glance.api.middleware.version_negotiation [None req-9adb5ae6-4282-4723-b0e8-be4c34b434ad tempest-VolumesActionsTest-2104767204 tempest-VolumesActionsTest-2104767204-project-member] Using url versioning {{(pid=102147) process_request /opt/stack/glance/glance/api/middleware/version_negotiation.py:57}}
May 27 03:02:22.806845 np0000001475 devstack@g-api.service[102147]: DEBUG glance.api.middleware.version_negotiation [None req-9adb5ae6-4282-4723-b0e8-be4c34b434ad tempest-VolumesActionsTest-2104767204 tempest-VolumesActionsTest-2104767204-project-member] Matched version: v2 {{(pid=102147) process_request /opt/stack/glance/glance/api/middleware/version_negotiation.py:69}}
May 27 03:02:22.806845 np0000001475 devstack@g-api.service[102147]: DEBUG glance.api.middleware.version_negotiation [None req-9adb5ae6-4282-4723-b0e8-be4c34b434ad tempest-VolumesActionsTest-2104767204 tempest-VolumesActionsTest-2104767204-project-member] new path /v2/images/a8d71e21-f2a2-4c52-a6fc-22ddc1803d5f {{(pid=102147) process_request /opt/stack/glance/glance/api/middleware/version_negotiation.py:70}}
May 27 03:02:22.813714 np0000001475 devstack@g-api.service[102147]: [pid: 102147|app: 0|req: 139/409] 127.0.0.1 () {40 vars in 838 bytes} [Wed May 27 03:02:22 2026] GET /v2/images/a8d71e21-f2a2-4c52-a6fc-22ddc1803d5f => generated 650 bytes in 28 msecs (HTTP/1.1 200) 4 headers in 157 bytes (1 switches on core 0)
May 27 03:02:23.837355 np0000001475 devstack@g-api.service[102149]: DEBUG glance.api.middleware.version_negotiation [None req-087daf40-af25-445d-9fef-f700e8a55581 tempest-VolumesActionsTest-2104767204 tempest-VolumesActionsTest-2104767204-project-member] Determining version of request: GET /v2/images/a8d71e21-f2a2-4c52-a6fc-22ddc1803d5f Accept: application/json {{(pid=102149) process_request /opt/stack/glance/glance/api/middleware/version_negotiation.py:44}}
May 27 03:02:23.837825 np0000001475 devstack@g-api.service[102149]: DEBUG glance.api.middleware.version_negotiation [None req-087daf40-af25-445d-9fef-f700e8a55581 tempest-VolumesActionsTest-2104767204 tempest-VolumesActionsTest-2104767204-project-member] Using url versioning {{(pid=102149) process_request /opt/stack/glance/glance/api/middleware/version_negotiation.py:57}}
May 27 03:02:23.837825 np0000001475 devstack@g-api.service[102149]: DEBUG glance.api.middleware.version_negotiation [None req-087daf40-af25-445d-9fef-f700e8a55581 tempest-VolumesActionsTest-2104767204 tempest-VolumesActionsTest-2104767204-project-member] Matched version: v2 {{(pid=102149) process_request /opt/stack/glance/glance/api/middleware/version_negotiation.py:69}}
May 27 03:02:23.837975 np0000001475 devstack@g-api.service[102149]: DEBUG glance.api.middleware.version_negotiation [None req-087daf40-af25-445d-9fef-f700e8a55581 tempest-VolumesActionsTest-2104767204 tempest-VolumesActionsTest-2104767204-project-member] new path /v2/images/a8d71e21-f2a2-4c52-a6fc-22ddc1803d5f {{(pid=102149) process_request /opt/stack/glance/glance/api/middleware/version_negotiation.py:70}}
May 27 03:02:23.865922 np0000001475 devstack@g-api.service[102149]: [pid: 102149|app: 0|req: 137/410] 127.0.0.1 () {40 vars in 838 bytes} [Wed May 27 03:02:23 2026] GET /v2/images/a8d71e21-f2a2-4c52-a6fc-22ddc1803d5f => generated 650 bytes in 29 msecs (HTTP/1.1 200) 4 headers in 157 bytes (1 switches on core 0)
May 27 03:02:24.059013 np0000001475 devstack@g-api.service[102148]: DEBUG swiftclient [None req-6f2e9390-b2b8-4240-9ff8-4b3cd27b25f4 tempest-VolumesActionsTest-2104767204 tempest-VolumesActionsTest-2104767204-project-member] REQ: curl -i https://10.4.3.185:8080/v1/AUTH_6078d33017994c90a9f4eb40842d25bb/glance/a8d71e21-f2a2-4c52-a6fc-22ddc1803d5f-00004 -X PUT -H "X-Auth-Token: gAAAAABqFl62qesk..." {{(pid=102148) http_log /opt/stack/data/venv/lib/python3.12/site-packages/swiftclient/client.py:160}}
May 27 03:02:24.059356 np0000001475 devstack@g-api.service[102148]: DEBUG swiftclient [None req-6f2e9390-b2b8-4240-9ff8-4b3cd27b25f4 tempest-VolumesActionsTest-2104767204 tempest-VolumesActionsTest-2104767204-project-member] RESP STATUS: 201 Created {{(pid=102148) http_log /opt/stack/data/venv/lib/python3.12/site-packages/swiftclient/client.py:161}}
May 27 03:02:24.059356 np0000001475 devstack@g-api.service[102148]: DEBUG swiftclient [None req-6f2e9390-b2b8-4240-9ff8-4b3cd27b25f4 tempest-VolumesActionsTest-2104767204 tempest-VolumesActionsTest-2104767204-project-member] RESP HEADERS: {'Date': 'Wed, 27 May 2026 03:02:24 GMT', 'Server': 'Apache/2.4.58 (Ubuntu)', 'Content-Type': 'text/html; charset=UTF-8', 'Content-Length': '0', 'Etag': 'eda9a9889837ac4bc81d6387d92c1bec', 'Last-Modified': 'Wed, 27 May 2026 03:02:21 GMT', 'X-Trans-Id': 'txfb3c1fe21fd54ece8e9a1-006a165ebc', 'X-Openstack-Request-Id': 'txfb3c1fe21fd54ece8e9a1-006a165ebc', 'Connection': 'close'} {{(pid=102148) http_log /opt/stack/data/venv/lib/python3.12/site-packages/swiftclient/client.py:162}}
May 27 03:02:24.059537 np0000001475 devstack@g-api.service[102148]: DEBUG glance_store._drivers.swift.store [None req-6f2e9390-b2b8-4240-9ff8-4b3cd27b25f4 tempest-VolumesActionsTest-2104767204 tempest-VolumesActionsTest-2104767204-project-member] Wrote chunk a8d71e21-f2a2-4c52-a6fc-22ddc1803d5f-00004 (4/?) of length 204800000 to Swift returning MD5 of content: eda9a9889837ac4bc81d6387d92c1bec {{(pid=102148) add /opt/stack/data/venv/lib/python3.12/site-packages/glance_store/_drivers/swift/store.py:1059}}
May 27 03:02:24.066634 np0000001475 devstack@g-api.service[102148]: DEBUG dbcounter [-] [102148] Writing DB stats glance:SELECT=37,glance:UPDATE=3,glance:INSERT=3 {{(pid=102148) stat_writer /opt/stack/data/venv/lib/python3.12/site-packages/dbcounter.py:115}}
May 27 03:02:24.847263 np0000001475 devstack@g-api.service[102147]: DEBUG glance.api.middleware.version_negotiation [None req-f7603d5e-3c0e-447e-a26a-c5603ba789fa tempest-VolumesActionsTest-2104767204 tempest-VolumesActionsTest-2104767204-project-member] Determining version of request: GET /v2/images/bb7555b3-2f7b-4a56-b628-91b0c2265c8d Accept: */* {{(pid=102147) process_request /opt/stack/glance/glance/api/middleware/version_negotiation.py:44}}
May 27 03:02:24.847677 np0000001475 devstack@g-api.service[102147]: DEBUG glance.api.middleware.version_negotiation [None req-f7603d5e-3c0e-447e-a26a-c5603ba789fa tempest-VolumesActionsTest-2104767204 tempest-VolumesActionsTest-2104767204-project-member] Using url versioning {{(pid=102147) process_request /opt/stack/glance/glance/api/middleware/version_negotiation.py:57}}
May 27 03:02:24.847677 np0000001475 devstack@g-api.service[102147]: DEBUG glance.api.middleware.version_negotiation [None req-f7603d5e-3c0e-447e-a26a-c5603ba789fa tempest-VolumesActionsTest-2104767204 tempest-VolumesActionsTest-2104767204-project-member] Matched version: v2 {{(pid=102147) process_request /opt/stack/glance/glance/api/middleware/version_negotiation.py:69}}
May 27 03:02:24.847779 np0000001475 devstack@g-api.service[102147]: DEBUG glance.api.middleware.version_negotiation [None req-f7603d5e-3c0e-447e-a26a-c5603ba789fa tempest-VolumesActionsTest-2104767204 tempest-VolumesActionsTest-2104767204-project-member] new path /v2/images/bb7555b3-2f7b-4a56-b628-91b0c2265c8d {{(pid=102147) process_request /opt/stack/glance/glance/api/middleware/version_negotiation.py:70}}
May 27 03:02:24.873946 np0000001475 devstack@g-api.service[102147]: [pid: 102147|app: 0|req: 140/411] 127.0.0.1 () {44 vars in 1115 bytes} [Wed May 27 03:02:24 2026] GET /v2/images/bb7555b3-2f7b-4a56-b628-91b0c2265c8d => generated 1044 bytes in 25 msecs (HTTP/1.1 200) 4 headers in 158 bytes (1 switches on core 0)
May 27 03:02:24.885461 np0000001475 devstack@g-api.service[102149]: DEBUG glance.api.middleware.version_negotiation [None req-8785978f-4bf3-4b09-aef0-ab9137068281 tempest-VolumesActionsTest-2104767204 tempest-VolumesActionsTest-2104767204-project-member] Determining version of request: GET /v2/images/a8d71e21-f2a2-4c52-a6fc-22ddc1803d5f Accept: application/json {{(pid=102149) process_request /opt/stack/glance/glance/api/middleware/version_negotiation.py:44}}
May 27 03:02:24.885461 np0000001475 devstack@g-api.service[102149]: DEBUG glance.api.middleware.version_negotiation [None req-8785978f-4bf3-4b09-aef0-ab9137068281 tempest-VolumesActionsTest-2104767204 tempest-VolumesActionsTest-2104767204-project-member] Using url versioning {{(pid=102149) process_request /opt/stack/glance/glance/api/middleware/version_negotiation.py:57}}
May 27 03:02:24.885461 np0000001475 devstack@g-api.service[102149]: DEBUG glance.api.middleware.version_negotiation [None req-8785978f-4bf3-4b09-aef0-ab9137068281 tempest-VolumesActionsTest-2104767204 tempest-VolumesActionsTest-2104767204-project-member] Matched version: v2 {{(pid=102149) process_request /opt/stack/glance/glance/api/middleware/version_negotiation.py:69}}
May 27 03:02:24.885461 np0000001475 devstack@g-api.service[102149]: DEBUG glance.api.middleware.version_negotiation [None req-8785978f-4bf3-4b09-aef0-ab9137068281 tempest-VolumesActionsTest-2104767204 tempest-VolumesActionsTest-2104767204-project-member] new path /v2/images/a8d71e21-f2a2-4c52-a6fc-22ddc1803d5f {{(pid=102149) process_request /opt/stack/glance/glance/api/middleware/version_negotiation.py:70}}
May 27 03:02:24.908703 np0000001475 devstack@g-api.service[102149]: [pid: 102149|app: 0|req: 138/412] 127.0.0.1 () {40 vars in 838 bytes} [Wed May 27 03:02:24 2026] GET /v2/images/a8d71e21-f2a2-4c52-a6fc-22ddc1803d5f => generated 650 bytes in 23 msecs (HTTP/1.1 200) 4 headers in 157 bytes (1 switches on core 0)
May 27 03:02:24.930941 np0000001475 devstack@g-api.service[102147]: DEBUG glance.api.middleware.version_negotiation [None req-73a46fb5-928b-4a6e-84f8-2d0a96f85fc1 tempest-AttachVolumeMultiAttachTest-774919822 tempest-AttachVolumeMultiAttachTest-774919822-project-member] Determining version of request: GET /v2/schemas/image Accept: */* {{(pid=102147) process_request /opt/stack/glance/glance/api/middleware/version_negotiation.py:44}}
May 27 03:02:24.931175 np0000001475 devstack@g-api.service[102147]: DEBUG glance.api.middleware.version_negotiation [None req-73a46fb5-928b-4a6e-84f8-2d0a96f85fc1 tempest-AttachVolumeMultiAttachTest-774919822 tempest-AttachVolumeMultiAttachTest-774919822-project-member] Using url versioning {{(pid=102147) process_request /opt/stack/glance/glance/api/middleware/version_negotiation.py:57}}
May 27 03:02:24.931565 np0000001475 devstack@g-api.service[102147]: DEBUG glance.api.middleware.version_negotiation [None req-73a46fb5-928b-4a6e-84f8-2d0a96f85fc1 tempest-AttachVolumeMultiAttachTest-774919822 tempest-AttachVolumeMultiAttachTest-774919822-project-member] Matched version: v2 {{(pid=102147) process_request /opt/stack/glance/glance/api/middleware/version_negotiation.py:69}}
May 27 03:02:24.931565 np0000001475 devstack@g-api.service[102147]: DEBUG glance.api.middleware.version_negotiation [None req-73a46fb5-928b-4a6e-84f8-2d0a96f85fc1 tempest-AttachVolumeMultiAttachTest-774919822 tempest-AttachVolumeMultiAttachTest-774919822-project-member] new path /v2/schemas/image {{(pid=102147) process_request /opt/stack/glance/glance/api/middleware/version_negotiation.py:70}}
May 27 03:02:24.935873 np0000001475 devstack@g-api.service[102147]: [pid: 102147|app: 0|req: 141/413] 127.0.0.1 () {44 vars in 1055 bytes} [Wed May 27 03:02:24 2026] GET /v2/schemas/image => generated 6083 bytes in 4 msecs (HTTP/1.1 200) 4 headers in 158 bytes (1 switches on core 0)
May 27 03:02:25.932237 np0000001475 devstack@g-api.service[102149]: DEBUG glance.api.middleware.version_negotiation [None req-e7ac4b49-76de-4bcc-9490-4044b4dcaca7 tempest-VolumesActionsTest-2104767204 tempest-VolumesActionsTest-2104767204-project-member] Determining version of request: GET /v2/images/a8d71e21-f2a2-4c52-a6fc-22ddc1803d5f Accept: application/json {{(pid=102149) process_request /opt/stack/glance/glance/api/middleware/version_negotiation.py:44}}
May 27 03:02:25.932237 np0000001475 devstack@g-api.service[102149]: DEBUG glance.api.middleware.version_negotiation [None req-e7ac4b49-76de-4bcc-9490-4044b4dcaca7 tempest-VolumesActionsTest-2104767204 tempest-VolumesActionsTest-2104767204-project-member] Using url versioning {{(pid=102149) process_request /opt/stack/glance/glance/api/middleware/version_negotiation.py:57}}
May 27 03:02:25.932237 np0000001475 devstack@g-api.service[102149]: DEBUG glance.api.middleware.version_negotiation [None req-e7ac4b49-76de-4bcc-9490-4044b4dcaca7 tempest-VolumesActionsTest-2104767204 tempest-VolumesActionsTest-2104767204-project-member] Matched version: v2 {{(pid=102149) process_request /opt/stack/glance/glance/api/middleware/version_negotiation.py:69}}
