Jun 03 12:01:52.723301 np0000002051 devstack@g-api.service[98871]: DEBUG glance.api.middleware.version_negotiation [None req-35976bd0-1ec9-4094-bd17-25183f00102d tempest-ServerStableDeviceRescueTest-1832160785 tempest-ServerStableDeviceRescueTest-1832160785-project-member] Matched version: v2 {{(pid=98871) process_request /opt/stack/glance/glance/api/middleware/version_negotiation.py:69}}
Jun 03 12:01:52.723301 np0000002051 devstack@g-api.service[98871]: DEBUG glance.api.middleware.version_negotiation [None req-35976bd0-1ec9-4094-bd17-25183f00102d tempest-ServerStableDeviceRescueTest-1832160785 tempest-ServerStableDeviceRescueTest-1832160785-project-member] new path /v2/schemas/image {{(pid=98871) process_request /opt/stack/glance/glance/api/middleware/version_negotiation.py:70}}
Jun 03 12:01:52.728404 np0000002051 devstack@g-api.service[98871]: [pid: 98871|app: 0|req: 91/176] 127.0.0.1 () {44 vars in 1055 bytes} [Wed Jun 3 12:01:52 2026] GET /v2/schemas/image => generated 6083 bytes in 6 msecs (HTTP/1.1 200) 4 headers in 158 bytes (1 switches on core 0)
Jun 03 12:01:52.780925 np0000002051 devstack@g-api.service[98870]: DEBUG glance.api.middleware.version_negotiation [None req-1f5b1a49-5980-4974-9d73-ac1e6fc08216 tempest-ServerStableDeviceRescueTest-1832160785 tempest-ServerStableDeviceRescueTest-1832160785-project-member] Determining version of request: GET /v2/images/8c4832e1-c03e-4b2e-a084-d40fdaae167e Accept: */* {{(pid=98870) process_request /opt/stack/glance/glance/api/middleware/version_negotiation.py:44}}
Jun 03 12:01:52.781171 np0000002051 devstack@g-api.service[98870]: DEBUG glance.api.middleware.version_negotiation [None req-1f5b1a49-5980-4974-9d73-ac1e6fc08216 tempest-ServerStableDeviceRescueTest-1832160785 tempest-ServerStableDeviceRescueTest-1832160785-project-member] Using url versioning {{(pid=98870) process_request /opt/stack/glance/glance/api/middleware/version_negotiation.py:57}}
Jun 03 12:01:52.781370 np0000002051 devstack@g-api.service[98870]: DEBUG glance.api.middleware.version_negotiation [None req-1f5b1a49-5980-4974-9d73-ac1e6fc08216 tempest-ServerStableDeviceRescueTest-1832160785 tempest-ServerStableDeviceRescueTest-1832160785-project-member] Matched version: v2 {{(pid=98870) process_request /opt/stack/glance/glance/api/middleware/version_negotiation.py:69}}
Jun 03 12:01:52.781572 np0000002051 devstack@g-api.service[98870]: DEBUG glance.api.middleware.version_negotiation [None req-1f5b1a49-5980-4974-9d73-ac1e6fc08216 tempest-ServerStableDeviceRescueTest-1832160785 tempest-ServerStableDeviceRescueTest-1832160785-project-member] new path /v2/images/8c4832e1-c03e-4b2e-a084-d40fdaae167e {{(pid=98870) process_request /opt/stack/glance/glance/api/middleware/version_negotiation.py:70}}
Jun 03 12:01:52.787793 np0000002051 devstack@g-api.service[98871]: DEBUG glance.api.middleware.version_negotiation [None req-1f5b1a49-5980-4974-9d73-ac1e6fc08216 tempest-ServerStableDeviceRescueTest-1832160785 tempest-ServerStableDeviceRescueTest-1832160785-project-member] Determining version of request: GET /v2/schemas/image Accept: */* {{(pid=98871) process_request /opt/stack/glance/glance/api/middleware/version_negotiation.py:44}}
Jun 03 12:01:52.787793 np0000002051 devstack@g-api.service[98871]: DEBUG glance.api.middleware.version_negotiation [None req-1f5b1a49-5980-4974-9d73-ac1e6fc08216 tempest-ServerStableDeviceRescueTest-1832160785 tempest-ServerStableDeviceRescueTest-1832160785-project-member] Using url versioning {{(pid=98871) process_request /opt/stack/glance/glance/api/middleware/version_negotiation.py:57}}
Jun 03 12:01:52.787793 np0000002051 devstack@g-api.service[98871]: DEBUG glance.api.middleware.version_negotiation [None req-1f5b1a49-5980-4974-9d73-ac1e6fc08216 tempest-ServerStableDeviceRescueTest-1832160785 tempest-ServerStableDeviceRescueTest-1832160785-project-member] Matched version: v2 {{(pid=98871) process_request /opt/stack/glance/glance/api/middleware/version_negotiation.py:69}}
Jun 03 12:01:52.787793 np0000002051 devstack@g-api.service[98871]: DEBUG glance.api.middleware.version_negotiation [None req-1f5b1a49-5980-4974-9d73-ac1e6fc08216 tempest-ServerStableDeviceRescueTest-1832160785 tempest-ServerStableDeviceRescueTest-1832160785-project-member] new path /v2/schemas/image {{(pid=98871) process_request /opt/stack/glance/glance/api/middleware/version_negotiation.py:70}}
Jun 03 12:01:52.791005 np0000002051 devstack@g-api.service[98871]: [pid: 98871|app: 0|req: 92/177] 127.0.0.1 () {44 vars in 1055 bytes} [Wed Jun 3 12:01:52 2026] GET /v2/schemas/image => generated 6083 bytes in 5 msecs (HTTP/1.1 200) 4 headers in 158 bytes (1 switches on core 0)
Jun 03 12:01:52.816568 np0000002051 devstack@g-api.service[98870]: [pid: 98870|app: 0|req: 86/178] 127.0.0.1 () {44 vars in 1115 bytes} [Wed Jun 3 12:01:52 2026] GET /v2/images/8c4832e1-c03e-4b2e-a084-d40fdaae167e => generated 1336 bytes in 36 msecs (HTTP/1.1 200) 4 headers in 158 bytes (1 switches on core 0)
Jun 03 12:01:52.845467 np0000002051 devstack@g-api.service[98871]: DEBUG glance.api.middleware.version_negotiation [None req-1f5b1a49-5980-4974-9d73-ac1e6fc08216 tempest-ServerStableDeviceRescueTest-1832160785 tempest-ServerStableDeviceRescueTest-1832160785-project-member] Determining version of request: GET /v2/images/27e52987-2510-4638-af85-bab1a21ecf84 Accept: */* {{(pid=98871) process_request /opt/stack/glance/glance/api/middleware/version_negotiation.py:44}}
Jun 03 12:01:52.845684 np0000002051 devstack@g-api.service[98871]: DEBUG glance.api.middleware.version_negotiation [None req-1f5b1a49-5980-4974-9d73-ac1e6fc08216 tempest-ServerStableDeviceRescueTest-1832160785 tempest-ServerStableDeviceRescueTest-1832160785-project-member] Using url versioning {{(pid=98871) process_request /opt/stack/glance/glance/api/middleware/version_negotiation.py:57}}
Jun 03 12:01:52.845768 np0000002051 devstack@g-api.service[98871]: DEBUG glance.api.middleware.version_negotiation [None req-1f5b1a49-5980-4974-9d73-ac1e6fc08216 tempest-ServerStableDeviceRescueTest-1832160785 tempest-ServerStableDeviceRescueTest-1832160785-project-member] Matched version: v2 {{(pid=98871) process_request /opt/stack/glance/glance/api/middleware/version_negotiation.py:69}}
Jun 03 12:01:52.845918 np0000002051 devstack@g-api.service[98871]: DEBUG glance.api.middleware.version_negotiation [None req-1f5b1a49-5980-4974-9d73-ac1e6fc08216 tempest-ServerStableDeviceRescueTest-1832160785 tempest-ServerStableDeviceRescueTest-1832160785-project-member] new path /v2/images/27e52987-2510-4638-af85-bab1a21ecf84 {{(pid=98871) process_request /opt/stack/glance/glance/api/middleware/version_negotiation.py:70}}
Jun 03 12:01:52.848412 np0000002051 devstack@g-api.service[98870]: DEBUG glance.api.middleware.version_negotiation [None req-0b8bf9c9-5365-49cb-b429-b21fabcf82f3 tempest-ServerStableDeviceRescueTest-1832160785 tempest-ServerStableDeviceRescueTest-1832160785-project-member] Determining version of request: GET /v2/schemas/image Accept: */* {{(pid=98870) process_request /opt/stack/glance/glance/api/middleware/version_negotiation.py:44}}
Jun 03 12:01:52.848615 np0000002051 devstack@g-api.service[98870]: DEBUG glance.api.middleware.version_negotiation [None req-0b8bf9c9-5365-49cb-b429-b21fabcf82f3 tempest-ServerStableDeviceRescueTest-1832160785 tempest-ServerStableDeviceRescueTest-1832160785-project-member] Using url versioning {{(pid=98870) process_request /opt/stack/glance/glance/api/middleware/version_negotiation.py:57}}
Jun 03 12:01:52.848780 np0000002051 devstack@g-api.service[98870]: DEBUG glance.api.middleware.version_negotiation [None req-0b8bf9c9-5365-49cb-b429-b21fabcf82f3 tempest-ServerStableDeviceRescueTest-1832160785 tempest-ServerStableDeviceRescueTest-1832160785-project-member] Matched version: v2 {{(pid=98870) process_request /opt/stack/glance/glance/api/middleware/version_negotiation.py:69}}
Jun 03 12:01:52.848862 np0000002051 devstack@g-api.service[98870]: DEBUG glance.api.middleware.version_negotiation [None req-0b8bf9c9-5365-49cb-b429-b21fabcf82f3 tempest-ServerStableDeviceRescueTest-1832160785 tempest-ServerStableDeviceRescueTest-1832160785-project-member] new path /v2/schemas/image {{(pid=98870) process_request /opt/stack/glance/glance/api/middleware/version_negotiation.py:70}}
Jun 03 12:01:52.852772 np0000002051 devstack@g-api.service[98870]: [pid: 98870|app: 0|req: 87/179] 127.0.0.1 () {44 vars in 1055 bytes} [Wed Jun 3 12:01:52 2026] GET /v2/schemas/image => generated 6083 bytes in 4 msecs (HTTP/1.1 200) 4 headers in 158 bytes (1 switches on core 0)
Jun 03 12:01:52.853170 np0000002051 devstack@g-api.service[98870]: DEBUG glance.api.middleware.version_negotiation [None req-0b8bf9c9-5365-49cb-b429-b21fabcf82f3 tempest-ServerStableDeviceRescueTest-1832160785 tempest-ServerStableDeviceRescueTest-1832160785-project-member] Determining version of request: PATCH /v2/images/8c4832e1-c03e-4b2e-a084-d40fdaae167e Accept: */* {{(pid=98870) process_request /opt/stack/glance/glance/api/middleware/version_negotiation.py:44}}
Jun 03 12:01:52.853404 np0000002051 devstack@g-api.service[98870]: DEBUG glance.api.middleware.version_negotiation [None req-0b8bf9c9-5365-49cb-b429-b21fabcf82f3 tempest-ServerStableDeviceRescueTest-1832160785 tempest-ServerStableDeviceRescueTest-1832160785-project-member] Using url versioning {{(pid=98870) process_request /opt/stack/glance/glance/api/middleware/version_negotiation.py:57}}
Jun 03 12:01:52.853484 np0000002051 devstack@g-api.service[98870]: DEBUG glance.api.middleware.version_negotiation [None req-0b8bf9c9-5365-49cb-b429-b21fabcf82f3 tempest-ServerStableDeviceRescueTest-1832160785 tempest-ServerStableDeviceRescueTest-1832160785-project-member] Matched version: v2 {{(pid=98870) process_request /opt/stack/glance/glance/api/middleware/version_negotiation.py:69}}
Jun 03 12:01:52.853566 np0000002051 devstack@g-api.service[98870]: DEBUG glance.api.middleware.version_negotiation [None req-0b8bf9c9-5365-49cb-b429-b21fabcf82f3 tempest-ServerStableDeviceRescueTest-1832160785 tempest-ServerStableDeviceRescueTest-1832160785-project-member] new path /v2/images/8c4832e1-c03e-4b2e-a084-d40fdaae167e {{(pid=98870) process_request /opt/stack/glance/glance/api/middleware/version_negotiation.py:70}}
Jun 03 12:01:52.860784 np0000002051 devstack@g-api.service[98871]: [pid: 98871|app: 0|req: 93/180] 127.0.0.1 () {44 vars in 1115 bytes} [Wed Jun 3 12:01:52 2026] GET /v2/images/27e52987-2510-4638-af85-bab1a21ecf84 => generated 1044 bytes in 15 msecs (HTTP/1.1 200) 4 headers in 158 bytes (1 switches on core 0)
Jun 03 12:01:52.893281 np0000002051 devstack@g-api.service[98871]: DEBUG glance.api.middleware.version_negotiation [None req-b6605a86-1dd9-4af3-8ae0-e4ddb77d2ad9 tempest-ServerActionsTestOtherA-1785281786 tempest-ServerActionsTestOtherA-1785281786-project-member] Determining version of request: GET /v2/schemas/image Accept: */* {{(pid=98871) process_request /opt/stack/glance/glance/api/middleware/version_negotiation.py:44}}
Jun 03 12:01:52.893281 np0000002051 devstack@g-api.service[98871]: DEBUG glance.api.middleware.version_negotiation [None req-b6605a86-1dd9-4af3-8ae0-e4ddb77d2ad9 tempest-ServerActionsTestOtherA-1785281786 tempest-ServerActionsTestOtherA-1785281786-project-member] Using url versioning {{(pid=98871) process_request /opt/stack/glance/glance/api/middleware/version_negotiation.py:57}}
Jun 03 12:01:52.893281 np0000002051 devstack@g-api.service[98871]: DEBUG glance.api.middleware.version_negotiation [None req-b6605a86-1dd9-4af3-8ae0-e4ddb77d2ad9 tempest-ServerActionsTestOtherA-1785281786 tempest-ServerActionsTestOtherA-1785281786-project-member] Matched version: v2 {{(pid=98871) process_request /opt/stack/glance/glance/api/middleware/version_negotiation.py:69}}
Jun 03 12:01:52.893281 np0000002051 devstack@g-api.service[98871]: DEBUG glance.api.middleware.version_negotiation [None req-b6605a86-1dd9-4af3-8ae0-e4ddb77d2ad9 tempest-ServerActionsTestOtherA-1785281786 tempest-ServerActionsTestOtherA-1785281786-project-member] new path /v2/schemas/image {{(pid=98871) process_request /opt/stack/glance/glance/api/middleware/version_negotiation.py:70}}
Jun 03 12:01:52.894522 np0000002051 devstack@g-api.service[98871]: [pid: 98871|app: 0|req: 94/181] 127.0.0.1 () {44 vars in 1055 bytes} [Wed Jun 3 12:01:52 2026] GET /v2/schemas/image => generated 6083 bytes in 4 msecs (HTTP/1.1 200) 4 headers in 158 bytes (1 switches on core 0)
Jun 03 12:01:53.010052 np0000002051 devstack@g-api.service[98870]: [pid: 98870|app: 0|req: 88/182] 127.0.0.1 () {46 vars in 1158 bytes} [Wed Jun 3 12:01:52 2026] PATCH /v2/images/8c4832e1-c03e-4b2e-a084-d40fdaae167e => generated 1447 bytes in 156 msecs (HTTP/1.1 200) 4 headers in 158 bytes (1 switches on core 0)
Jun 03 12:01:53.040529 np0000002051 devstack@g-api.service[98871]: DEBUG glance.api.middleware.version_negotiation [None req-b6605a86-1dd9-4af3-8ae0-e4ddb77d2ad9 tempest-ServerActionsTestOtherA-1785281786 tempest-ServerActionsTestOtherA-1785281786-project-member] Determining version of request: GET /v2/images/8c4832e1-c03e-4b2e-a084-d40fdaae167e Accept: */* {{(pid=98871) process_request /opt/stack/glance/glance/api/middleware/version_negotiation.py:44}}
Jun 03 12:01:53.040722 np0000002051 devstack@g-api.service[98871]: DEBUG glance.api.middleware.version_negotiation [None req-b6605a86-1dd9-4af3-8ae0-e4ddb77d2ad9 tempest-ServerActionsTestOtherA-1785281786 tempest-ServerActionsTestOtherA-1785281786-project-member] Using url versioning {{(pid=98871) process_request /opt/stack/glance/glance/api/middleware/version_negotiation.py:57}}
Jun 03 12:01:53.040899 np0000002051 devstack@g-api.service[98871]: DEBUG glance.api.middleware.version_negotiation [None req-b6605a86-1dd9-4af3-8ae0-e4ddb77d2ad9 tempest-ServerActionsTestOtherA-1785281786 tempest-ServerActionsTestOtherA-1785281786-project-member] Matched version: v2 {{(pid=98871) process_request /opt/stack/glance/glance/api/middleware/version_negotiation.py:69}}
Jun 03 12:01:53.040966 np0000002051 devstack@g-api.service[98871]: DEBUG glance.api.middleware.version_negotiation [None req-b6605a86-1dd9-4af3-8ae0-e4ddb77d2ad9 tempest-ServerActionsTestOtherA-1785281786 tempest-ServerActionsTestOtherA-1785281786-project-member] new path /v2/images/8c4832e1-c03e-4b2e-a084-d40fdaae167e {{(pid=98871) process_request /opt/stack/glance/glance/api/middleware/version_negotiation.py:70}}
Jun 03 12:01:53.053481 np0000002051 devstack@g-api.service[98871]: [pid: 98871|app: 0|req: 95/183] 127.0.0.1 () {44 vars in 1115 bytes} [Wed Jun 3 12:01:53 2026] GET /v2/images/8c4832e1-c03e-4b2e-a084-d40fdaae167e => generated 1447 bytes in 13 msecs (HTTP/1.1 200) 4 headers in 158 bytes (1 switches on core 0)
Jun 03 12:01:53.092137 np0000002051 devstack@g-api.service[98870]: DEBUG glance.api.middleware.version_negotiation [None req-1f5b1a49-5980-4974-9d73-ac1e6fc08216 tempest-ServerStableDeviceRescueTest-1832160785 tempest-ServerStableDeviceRescueTest-1832160785-project-member] Determining version of request: PUT /v2/images/8c4832e1-c03e-4b2e-a084-d40fdaae167e/file Accept: */* {{(pid=98870) process_request /opt/stack/glance/glance/api/middleware/version_negotiation.py:44}}
Jun 03 12:01:53.092370 np0000002051 devstack@g-api.service[98870]: DEBUG glance.api.middleware.version_negotiation [None req-1f5b1a49-5980-4974-9d73-ac1e6fc08216 tempest-ServerStableDeviceRescueTest-1832160785 tempest-ServerStableDeviceRescueTest-1832160785-project-member] Using url versioning {{(pid=98870) process_request /opt/stack/glance/glance/api/middleware/version_negotiation.py:57}}
Jun 03 12:01:53.092893 np0000002051 devstack@g-api.service[98870]: DEBUG glance.api.middleware.version_negotiation [None req-1f5b1a49-5980-4974-9d73-ac1e6fc08216 tempest-ServerStableDeviceRescueTest-1832160785 tempest-ServerStableDeviceRescueTest-1832160785-project-member] Matched version: v2 {{(pid=98870) process_request /opt/stack/glance/glance/api/middleware/version_negotiation.py:69}}
Jun 03 12:01:53.092893 np0000002051 devstack@g-api.service[98870]: DEBUG glance.api.middleware.version_negotiation [None req-1f5b1a49-5980-4974-9d73-ac1e6fc08216 tempest-ServerStableDeviceRescueTest-1832160785 tempest-ServerStableDeviceRescueTest-1832160785-project-member] new path /v2/images/8c4832e1-c03e-4b2e-a084-d40fdaae167e/file {{(pid=98870) process_request /opt/stack/glance/glance/api/middleware/version_negotiation.py:70}}
Jun 03 12:01:53.535421 np0000002051 devstack@g-api.service[98870]: INFO glance.api.v2.image_data [None req-1f5b1a49-5980-4974-9d73-ac1e6fc08216 tempest-ServerStableDeviceRescueTest-1832160785 tempest-ServerStableDeviceRescueTest-1832160785-project-member] Unable to create trust: no such option collect_timing in group [keystone_authtoken] Use the existing user token.
Jun 03 12:01:53.922660 np0000002051 devstack@g-api.service[98871]: DEBUG glance.api.middleware.version_negotiation [None req-1f5b1a49-5980-4974-9d73-ac1e6fc08216 tempest-ServerStableDeviceRescueTest-1832160785 tempest-ServerStableDeviceRescueTest-1832160785-project-member] Determining version of request: GET /v2/images/8c4832e1-c03e-4b2e-a084-d40fdaae167e Accept: */* {{(pid=98871) process_request /opt/stack/glance/glance/api/middleware/version_negotiation.py:44}}
Jun 03 12:01:53.923070 np0000002051 devstack@g-api.service[98871]: DEBUG glance.api.middleware.version_negotiation [None req-1f5b1a49-5980-4974-9d73-ac1e6fc08216 tempest-ServerStableDeviceRescueTest-1832160785 tempest-ServerStableDeviceRescueTest-1832160785-project-member] Using url versioning {{(pid=98871) process_request /opt/stack/glance/glance/api/middleware/version_negotiation.py:57}}
Jun 03 12:01:53.923070 np0000002051 devstack@g-api.service[98871]: DEBUG glance.api.middleware.version_negotiation [None req-1f5b1a49-5980-4974-9d73-ac1e6fc08216 tempest-ServerStableDeviceRescueTest-1832160785 tempest-ServerStableDeviceRescueTest-1832160785-project-member] Matched version: v2 {{(pid=98871) process_request /opt/stack/glance/glance/api/middleware/version_negotiation.py:69}}
Jun 03 12:01:53.923070 np0000002051 devstack@g-api.service[98871]: DEBUG glance.api.middleware.version_negotiation [None req-1f5b1a49-5980-4974-9d73-ac1e6fc08216 tempest-ServerStableDeviceRescueTest-1832160785 tempest-ServerStableDeviceRescueTest-1832160785-project-member] new path /v2/images/8c4832e1-c03e-4b2e-a084-d40fdaae167e {{(pid=98871) process_request /opt/stack/glance/glance/api/middleware/version_negotiation.py:70}}
Jun 03 12:01:53.943653 np0000002051 devstack@g-api.service[98871]: [pid: 98871|app: 0|req: 96/184] 127.0.0.1 () {44 vars in 1115 bytes} [Wed Jun 3 12:01:53 2026] GET /v2/images/8c4832e1-c03e-4b2e-a084-d40fdaae167e => generated 1447 bytes in 21 msecs (HTTP/1.1 200) 4 headers in 158 bytes (1 switches on core 0)
Jun 03 12:01:53.972804 np0000002051 devstack@g-api.service[98870]: DEBUG glance.location [None req-1f5b1a49-5980-4974-9d73-ac1e6fc08216 tempest-ServerStableDeviceRescueTest-1832160785 tempest-ServerStableDeviceRescueTest-1832160785-project-member] Enabling in-flight format inspection for qcow2 {{(pid=98870) set_data /opt/stack/glance/glance/location.py:616}}
Jun 03 12:01:53.973273 np0000002051 devstack@g-api.service[98870]: DEBUG glance_store.backend [None req-1f5b1a49-5980-4974-9d73-ac1e6fc08216 tempest-ServerStableDeviceRescueTest-1832160785 tempest-ServerStableDeviceRescueTest-1832160785-project-member] Attempting to import store swift {{(pid=98870) _load_store /opt/stack/data/venv/lib/python3.12/site-packages/glance_store/backend.py:215}}
Jun 03 12:01:53.974412 np0000002051 devstack@g-api.service[98870]: DEBUG glance_store.capabilities [None req-1f5b1a49-5980-4974-9d73-ac1e6fc08216 tempest-ServerStableDeviceRescueTest-1832160785 tempest-ServerStableDeviceRescueTest-1832160785-project-member] Store glance_store._drivers.swift.store.SingleTenantStore doesn't support updating dynamic storage capabilities. Please overwrite 'update_capabilities' method of the store to implement updating logics if needed. {{(pid=98870) update_capabilities /opt/stack/data/venv/lib/python3.12/site-packages/glance_store/capabilities.py:91}}
Jun 03 12:01:53.974584 np0000002051 devstack@g-api.service[98870]: DEBUG glance_store.driver [None req-1f5b1a49-5980-4974-9d73-ac1e6fc08216 tempest-ServerStableDeviceRescueTest-1832160785 tempest-ServerStableDeviceRescueTest-1832160785-project-member] Late loading location class glance_store._drivers.swift.store.StoreLocation {{(pid=98870) get_store_location_class /opt/stack/data/venv/lib/python3.12/site-packages/glance_store/driver.py:134}}
Jun 03 12:01:53.974622 np0000002051 devstack@g-api.service[98870]: DEBUG glance_store.location [None req-1f5b1a49-5980-4974-9d73-ac1e6fc08216 tempest-ServerStableDeviceRescueTest-1832160785 tempest-ServerStableDeviceRescueTest-1832160785-project-member] Registering scheme swift+https with {'store': , 'location_class': , 'store_entry': 'swift'} {{(pid=98870) register_scheme_map /opt/stack/data/venv/lib/python3.12/site-packages/glance_store/location.py:146}}
Jun 03 12:01:53.974721 np0000002051 devstack@g-api.service[98870]: DEBUG glance_store.location [None req-1f5b1a49-5980-4974-9d73-ac1e6fc08216 tempest-ServerStableDeviceRescueTest-1832160785 tempest-ServerStableDeviceRescueTest-1832160785-project-member] Registering scheme swift+https with {'store': , 'location_class': , 'store_entry': 'swift'} {{(pid=98870) register_scheme_map /opt/stack/data/venv/lib/python3.12/site-packages/glance_store/location.py:146}}
Jun 03 12:01:53.974815 np0000002051 devstack@g-api.service[98870]: DEBUG glance_store.location [None req-1f5b1a49-5980-4974-9d73-ac1e6fc08216 tempest-ServerStableDeviceRescueTest-1832160785 tempest-ServerStableDeviceRescueTest-1832160785-project-member] Registering scheme swift with {'store': , 'location_class': , 'store_entry': 'swift'} {{(pid=98870) register_scheme_map /opt/stack/data/venv/lib/python3.12/site-packages/glance_store/location.py:146}}
Jun 03 12:01:53.974908 np0000002051 devstack@g-api.service[98871]: DEBUG glance.api.middleware.version_negotiation [None req-a3bb1d29-cb3f-44c5-8392-7efde3de2e5e tempest-ServerStableDeviceRescueTest-1832160785 tempest-ServerStableDeviceRescueTest-1832160785-project-member] Determining version of request: GET /v2/schemas/image Accept: */* {{(pid=98871) process_request /opt/stack/glance/glance/api/middleware/version_negotiation.py:44}}
Jun 03 12:01:53.974954 np0000002051 devstack@g-api.service[98870]: DEBUG glance_store.location [None req-1f5b1a49-5980-4974-9d73-ac1e6fc08216 tempest-ServerStableDeviceRescueTest-1832160785 tempest-ServerStableDeviceRescueTest-1832160785-project-member] Registering scheme swift+https with {'store': , 'location_class': , 'store_entry': 'swift'} {{(pid=98870) register_scheme_map /opt/stack/data/venv/lib/python3.12/site-packages/glance_store/location.py:146}}
Jun 03 12:01:53.975064 np0000002051 devstack@g-api.service[98870]: DEBUG glance_store.location [None req-1f5b1a49-5980-4974-9d73-ac1e6fc08216 tempest-ServerStableDeviceRescueTest-1832160785 tempest-ServerStableDeviceRescueTest-1832160785-project-member] Registering scheme swift with {'store': , 'location_class': , 'store_entry': 'swift'} {{(pid=98870) register_scheme_map /opt/stack/data/venv/lib/python3.12/site-packages/glance_store/location.py:146}}
Jun 03 12:01:53.975129 np0000002051 devstack@g-api.service[98871]: DEBUG glance.api.middleware.version_negotiation [None req-a3bb1d29-cb3f-44c5-8392-7efde3de2e5e tempest-ServerStableDeviceRescueTest-1832160785 tempest-ServerStableDeviceRescueTest-1832160785-project-member] Using url versioning {{(pid=98871) process_request /opt/stack/glance/glance/api/middleware/version_negotiation.py:57}}
Jun 03 12:01:53.975163 np0000002051 devstack@g-api.service[98870]: DEBUG glance_store.location [None req-1f5b1a49-5980-4974-9d73-ac1e6fc08216 tempest-ServerStableDeviceRescueTest-1832160785 tempest-ServerStableDeviceRescueTest-1832160785-project-member] Registering scheme swift+http with {'store': , 'location_class': , 'store_entry': 'swift'} {{(pid=98870) register_scheme_map /opt/stack/data/venv/lib/python3.12/site-packages/glance_store/location.py:146}}
Jun 03 12:01:53.975264 np0000002051 devstack@g-api.service[98870]: DEBUG glance_store.location [None req-1f5b1a49-5980-4974-9d73-ac1e6fc08216 tempest-ServerStableDeviceRescueTest-1832160785 tempest-ServerStableDeviceRescueTest-1832160785-project-member] Registering scheme swift+https with {'store': , 'location_class': , 'store_entry': 'swift'} {{(pid=98870) register_scheme_map /opt/stack/data/venv/lib/python3.12/site-packages/glance_store/location.py:146}}
Jun 03 12:01:53.975304 np0000002051 devstack@g-api.service[98871]: DEBUG glance.api.middleware.version_negotiation [None req-a3bb1d29-cb3f-44c5-8392-7efde3de2e5e tempest-ServerStableDeviceRescueTest-1832160785 tempest-ServerStableDeviceRescueTest-1832160785-project-member] Matched version: v2 {{(pid=98871) process_request /opt/stack/glance/glance/api/middleware/version_negotiation.py:69}}
Jun 03 12:01:53.975370 np0000002051 devstack@g-api.service[98870]: DEBUG glance_store.location [None req-1f5b1a49-5980-4974-9d73-ac1e6fc08216 tempest-ServerStableDeviceRescueTest-1832160785 tempest-ServerStableDeviceRescueTest-1832160785-project-member] Registering scheme swift with {'store': , 'location_class': , 'store_entry': 'swift'} {{(pid=98870) register_scheme_map /opt/stack/data/venv/lib/python3.12/site-packages/glance_store/location.py:146}}
Jun 03 12:01:53.975443 np0000002051 devstack@g-api.service[98871]: DEBUG glance.api.middleware.version_negotiation [None req-a3bb1d29-cb3f-44c5-8392-7efde3de2e5e tempest-ServerStableDeviceRescueTest-1832160785 tempest-ServerStableDeviceRescueTest-1832160785-project-member] new path /v2/schemas/image {{(pid=98871) process_request /opt/stack/glance/glance/api/middleware/version_negotiation.py:70}}
Jun 03 12:01:53.975475 np0000002051 devstack@g-api.service[98870]: DEBUG glance_store.location [None req-1f5b1a49-5980-4974-9d73-ac1e6fc08216 tempest-ServerStableDeviceRescueTest-1832160785 tempest-ServerStableDeviceRescueTest-1832160785-project-member] Registering scheme swift+http with {'store': , 'location_class': , 'store_entry': 'swift'} {{(pid=98870) register_scheme_map /opt/stack/data/venv/lib/python3.12/site-packages/glance_store/location.py:146}}
Jun 03 12:01:53.975574 np0000002051 devstack@g-api.service[98870]: DEBUG glance_store.location [None req-1f5b1a49-5980-4974-9d73-ac1e6fc08216 tempest-ServerStableDeviceRescueTest-1832160785 tempest-ServerStableDeviceRescueTest-1832160785-project-member] Registering scheme swift+config with {'store': , 'location_class': , 'store_entry': 'swift'} {{(pid=98870) register_scheme_map /opt/stack/data/venv/lib/python3.12/site-packages/glance_store/location.py:146}}
Jun 03 12:01:53.977931 np0000002051 devstack@g-api.service[98871]: [pid: 98871|app: 0|req: 97/185] 127.0.0.1 () {44 vars in 1055 bytes} [Wed Jun 3 12:01:53 2026] GET /v2/schemas/image => generated 6083 bytes in 3 msecs (HTTP/1.1 200) 4 headers in 158 bytes (1 switches on core 0)
Jun 03 12:01:54.229792 np0000002051 devstack@g-api.service[98870]: DEBUG swiftclient [None req-1f5b1a49-5980-4974-9d73-ac1e6fc08216 tempest-ServerStableDeviceRescueTest-1832160785 tempest-ServerStableDeviceRescueTest-1832160785-project-member] REQ: curl -i https://10.4.3.117:8080/v1/AUTH_2e98bee7d16e4f1bb5e1ce3c503d24f5/glance -I -H "X-Auth-Token: gAAAAABqIBey6_SH..." {{(pid=98870) http_log /opt/stack/data/venv/lib/python3.12/site-packages/swiftclient/client.py:160}}
Jun 03 12:01:54.230870 np0000002051 devstack@g-api.service[98870]: DEBUG swiftclient [None req-1f5b1a49-5980-4974-9d73-ac1e6fc08216 tempest-ServerStableDeviceRescueTest-1832160785 tempest-ServerStableDeviceRescueTest-1832160785-project-member] RESP STATUS: 204 No Content {{(pid=98870) http_log /opt/stack/data/venv/lib/python3.12/site-packages/swiftclient/client.py:161}}
Jun 03 12:01:54.230870 np0000002051 devstack@g-api.service[98870]: DEBUG swiftclient [None req-1f5b1a49-5980-4974-9d73-ac1e6fc08216 tempest-ServerStableDeviceRescueTest-1832160785 tempest-ServerStableDeviceRescueTest-1832160785-project-member] RESP HEADERS: {'Date': 'Wed, 03 Jun 2026 12:01:54 GMT', 'Server': 'Apache/2.4.58 (Ubuntu)', 'Content-Type': 'text/plain; charset=utf-8', 'X-Container-Object-Count': '5', 'X-Container-Bytes-Used': '86048768', 'X-Timestamp': '1780487797.73545', 'Last-Modified': 'Wed, 03 Jun 2026 11:56:38 GMT', 'Accept-Ranges': 'bytes', 'X-Storage-Policy': 'Policy-0', 'X-Container-Sharding': 'False', 'Vary': 'Accept', 'X-Trans-Id': 'tx6b439f1ffbb04325b2064-006a2017b2', 'X-Openstack-Request-Id': 'tx6b439f1ffbb04325b2064-006a2017b2', 'Connection': 'close'} {{(pid=98870) http_log /opt/stack/data/venv/lib/python3.12/site-packages/swiftclient/client.py:162}}
Jun 03 12:01:54.230870 np0000002051 devstack@g-api.service[98870]: DEBUG glance_store._drivers.swift.store [None req-1f5b1a49-5980-4974-9d73-ac1e6fc08216 tempest-ServerStableDeviceRescueTest-1832160785 tempest-ServerStableDeviceRescueTest-1832160785-project-member] Adding image object '8c4832e1-c03e-4b2e-a084-d40fdaae167e' to Swift {{(pid=98870) add /opt/stack/data/venv/lib/python3.12/site-packages/glance_store/_drivers/swift/store.py:970}}
Jun 03 12:01:54.230870 np0000002051 devstack@g-api.service[98870]: DEBUG glance_store._drivers.swift.store [None req-1f5b1a49-5980-4974-9d73-ac1e6fc08216 tempest-ServerStableDeviceRescueTest-1832160785 tempest-ServerStableDeviceRescueTest-1832160785-project-member] Cannot determine image size because it is either not provided in the request or chunked-transfer encoding is used. Adding image as a segmented object to Swift. {{(pid=98870) add /opt/stack/data/venv/lib/python3.12/site-packages/glance_store/_drivers/swift/store.py:994}}
Jun 03 12:01:54.234754 np0000002051 devstack@g-api.service[98870]: DEBUG oslo_utils.imageutils.format_inspector [None req-1f5b1a49-5980-4974-9d73-ac1e6fc08216 tempest-ServerStableDeviceRescueTest-1832160785 tempest-ServerStableDeviceRescueTest-1832160785-project-member] Format inspector for vmdk does not match, excluding from consideration (Signature KDMV not found: b'QFI\xfb') {{(pid=98870) _process_chunk /opt/stack/data/venv/lib/python3.12/site-packages/oslo_utils/imageutils/format_inspector.py:1758}}
Jun 03 12:01:54.236698 np0000002051 devstack@g-api.service[98870]: DEBUG oslo_utils.imageutils.format_inspector [None req-1f5b1a49-5980-4974-9d73-ac1e6fc08216 tempest-ServerStableDeviceRescueTest-1832160785 tempest-ServerStableDeviceRescueTest-1832160785-project-member] Format inspector for vhdx does not match, excluding from consideration (Region signature not found at 30000) {{(pid=98870) _process_chunk /opt/stack/data/venv/lib/python3.12/site-packages/oslo_utils/imageutils/format_inspector.py:1758}}
Jun 03 12:01:54.842787 np0000002051 devstack@g-api.service[98870]: DEBUG swiftclient [None req-1f5b1a49-5980-4974-9d73-ac1e6fc08216 tempest-ServerStableDeviceRescueTest-1832160785 tempest-ServerStableDeviceRescueTest-1832160785-project-member] REQ: curl -i https://10.4.3.117:8080/v1/AUTH_2e98bee7d16e4f1bb5e1ce3c503d24f5/glance/8c4832e1-c03e-4b2e-a084-d40fdaae167e-00001 -X PUT -H "X-Auth-Token: gAAAAABqIBey6_SH..." {{(pid=98870) http_log /opt/stack/data/venv/lib/python3.12/site-packages/swiftclient/client.py:160}}
Jun 03 12:01:54.842902 np0000002051 devstack@g-api.service[98870]: DEBUG swiftclient [None req-1f5b1a49-5980-4974-9d73-ac1e6fc08216 tempest-ServerStableDeviceRescueTest-1832160785 tempest-ServerStableDeviceRescueTest-1832160785-project-member] RESP STATUS: 201 Created {{(pid=98870) http_log /opt/stack/data/venv/lib/python3.12/site-packages/swiftclient/client.py:161}}
Jun 03 12:01:54.843037 np0000002051 devstack@g-api.service[98870]: DEBUG swiftclient [None req-1f5b1a49-5980-4974-9d73-ac1e6fc08216 tempest-ServerStableDeviceRescueTest-1832160785 tempest-ServerStableDeviceRescueTest-1832160785-project-member] RESP HEADERS: {'Date': 'Wed, 03 Jun 2026 12:01:54 GMT', 'Server': 'Apache/2.4.58 (Ubuntu)', 'Content-Type': 'text/html; charset=UTF-8', 'Content-Length': '0', 'Etag': '6c9ca835bde42edec7a5f11b12703bd0', 'Last-Modified': 'Wed, 03 Jun 2026 12:01:55 GMT', 'X-Trans-Id': 'tx7820cee720bd447cae638-006a2017b2', 'X-Openstack-Request-Id': 'tx7820cee720bd447cae638-006a2017b2', 'Connection': 'close'} {{(pid=98870) http_log /opt/stack/data/venv/lib/python3.12/site-packages/swiftclient/client.py:162}}
Jun 03 12:01:54.843131 np0000002051 devstack@g-api.service[98870]: DEBUG glance_store._drivers.swift.store [None req-1f5b1a49-5980-4974-9d73-ac1e6fc08216 tempest-ServerStableDeviceRescueTest-1832160785 tempest-ServerStableDeviceRescueTest-1832160785-project-member] Wrote chunk 8c4832e1-c03e-4b2e-a084-d40fdaae167e-00001 (1/?) of length 53542912 to Swift returning MD5 of content: 6c9ca835bde42edec7a5f11b12703bd0 {{(pid=98870) add /opt/stack/data/venv/lib/python3.12/site-packages/glance_store/_drivers/swift/store.py:1059}}
Jun 03 12:01:54.843369 np0000002051 devstack@g-api.service[98870]: DEBUG glance_store._drivers.swift.store [None req-1f5b1a49-5980-4974-9d73-ac1e6fc08216 tempest-ServerStableDeviceRescueTest-1832160785 tempest-ServerStableDeviceRescueTest-1832160785-project-member] Not writing zero-length chunk. {{(pid=98870) add /opt/stack/data/venv/lib/python3.12/site-packages/glance_store/_drivers/swift/store.py:1028}}
Jun 03 12:01:54.862900 np0000002051 devstack@g-api.service[98870]: DEBUG swiftclient [None req-1f5b1a49-5980-4974-9d73-ac1e6fc08216 tempest-ServerStableDeviceRescueTest-1832160785 tempest-ServerStableDeviceRescueTest-1832160785-project-member] REQ: curl -i https://10.4.3.117:8080/v1/AUTH_2e98bee7d16e4f1bb5e1ce3c503d24f5/glance/8c4832e1-c03e-4b2e-a084-d40fdaae167e -X PUT -H "X-Object-Manifest: glance/8c4832e1-c03e-4b2e-a084-d40fdaae167e-" -H "X-Auth-Token: gAAAAABqIBey6_SH..." -H "Content-Length: 0" {{(pid=98870) http_log /opt/stack/data/venv/lib/python3.12/site-packages/swiftclient/client.py:160}}
Jun 03 12:01:54.862993 np0000002051 devstack@g-api.service[98870]: DEBUG swiftclient [None req-1f5b1a49-5980-4974-9d73-ac1e6fc08216 tempest-ServerStableDeviceRescueTest-1832160785 tempest-ServerStableDeviceRescueTest-1832160785-project-member] RESP STATUS: 201 Created {{(pid=98870) http_log /opt/stack/data/venv/lib/python3.12/site-packages/swiftclient/client.py:161}}
Jun 03 12:01:54.863332 np0000002051 devstack@g-api.service[98870]: DEBUG swiftclient [None req-1f5b1a49-5980-4974-9d73-ac1e6fc08216 tempest-ServerStableDeviceRescueTest-1832160785 tempest-ServerStableDeviceRescueTest-1832160785-project-member] RESP HEADERS: {'Date': 'Wed, 03 Jun 2026 12:01:54 GMT', 'Server': 'Apache/2.4.58 (Ubuntu)', 'Content-Type': 'text/html; charset=UTF-8', 'Content-Length': '0', 'Etag': 'd41d8cd98f00b204e9800998ecf8427e', 'Last-Modified': 'Wed, 03 Jun 2026 12:01:55 GMT', 'X-Trans-Id': 'tx346c58899e224db280863-006a2017b2', 'X-Openstack-Request-Id': 'tx346c58899e224db280863-006a2017b2', 'Connection': 'close'} {{(pid=98870) http_log /opt/stack/data/venv/lib/python3.12/site-packages/swiftclient/client.py:162}}
Jun 03 12:01:54.863535 np0000002051 devstack@g-api.service[98870]: INFO glance.location [None req-1f5b1a49-5980-4974-9d73-ac1e6fc08216 tempest-ServerStableDeviceRescueTest-1832160785 tempest-ServerStableDeviceRescueTest-1832160785-project-member] Image format matched and virtual size computed: 1073741824
Jun 03 12:01:54.900595 np0000002051 devstack@g-api.service[98870]: DEBUG glance_store.backend [None req-1f5b1a49-5980-4974-9d73-ac1e6fc08216 tempest-ServerStableDeviceRescueTest-1832160785 tempest-ServerStableDeviceRescueTest-1832160785-project-member] Attempting to import store swift {{(pid=98870) _load_store /opt/stack/data/venv/lib/python3.12/site-packages/glance_store/backend.py:215}}
Jun 03 12:01:54.901942 np0000002051 devstack@g-api.service[98870]: DEBUG glance_store.capabilities [None req-1f5b1a49-5980-4974-9d73-ac1e6fc08216 tempest-ServerStableDeviceRescueTest-1832160785 tempest-ServerStableDeviceRescueTest-1832160785-project-member] Store glance_store._drivers.swift.store.SingleTenantStore doesn't support updating dynamic storage capabilities. Please overwrite 'update_capabilities' method of the store to implement updating logics if needed. {{(pid=98870) update_capabilities /opt/stack/data/venv/lib/python3.12/site-packages/glance_store/capabilities.py:91}}
Jun 03 12:01:54.902102 np0000002051 devstack@g-api.service[98870]: DEBUG glance_store.driver [None req-1f5b1a49-5980-4974-9d73-ac1e6fc08216 tempest-ServerStableDeviceRescueTest-1832160785 tempest-ServerStableDeviceRescueTest-1832160785-project-member] Late loading location class glance_store._drivers.swift.store.StoreLocation {{(pid=98870) get_store_location_class /opt/stack/data/venv/lib/python3.12/site-packages/glance_store/driver.py:134}}
Jun 03 12:01:54.902186 np0000002051 devstack@g-api.service[98870]: DEBUG glance_store.location [None req-1f5b1a49-5980-4974-9d73-ac1e6fc08216 tempest-ServerStableDeviceRescueTest-1832160785 tempest-ServerStableDeviceRescueTest-1832160785-project-member] Registering scheme swift+https with {'store': , 'location_class': , 'store_entry': 'swift'} {{(pid=98870) register_scheme_map /opt/stack/data/venv/lib/python3.12/site-packages/glance_store/location.py:146}}
Jun 03 12:01:54.902310 np0000002051 devstack@g-api.service[98870]: DEBUG glance_store.location [None req-1f5b1a49-5980-4974-9d73-ac1e6fc08216 tempest-ServerStableDeviceRescueTest-1832160785 tempest-ServerStableDeviceRescueTest-1832160785-project-member] Registering scheme swift+https with {'store': , 'location_class': , 'store_entry': 'swift'} {{(pid=98870) register_scheme_map /opt/stack/data/venv/lib/python3.12/site-packages/glance_store/location.py:146}}
Jun 03 12:01:54.902385 np0000002051 devstack@g-api.service[98870]: DEBUG glance_store.location [None req-1f5b1a49-5980-4974-9d73-ac1e6fc08216 tempest-ServerStableDeviceRescueTest-1832160785 tempest-ServerStableDeviceRescueTest-1832160785-project-member] Registering scheme swift with {'store': , 'location_class': , 'store_entry': 'swift'} {{(pid=98870) register_scheme_map /opt/stack/data/venv/lib/python3.12/site-packages/glance_store/location.py:146}}
Jun 03 12:01:54.902460 np0000002051 devstack@g-api.service[98870]: DEBUG glance_store.location [None req-1f5b1a49-5980-4974-9d73-ac1e6fc08216 tempest-ServerStableDeviceRescueTest-1832160785 tempest-ServerStableDeviceRescueTest-1832160785-project-member] Registering scheme swift+https with {'store': , 'location_class': , 'store_entry': 'swift'} {{(pid=98870) register_scheme_map /opt/stack/data/venv/lib/python3.12/site-packages/glance_store/location.py:146}}
Jun 03 12:01:54.902510 np0000002051 devstack@g-api.service[98870]: DEBUG glance_store.location [None req-1f5b1a49-5980-4974-9d73-ac1e6fc08216 tempest-ServerStableDeviceRescueTest-1832160785 tempest-ServerStableDeviceRescueTest-1832160785-project-member] Registering scheme swift with {'store': , 'location_class': , 'store_entry': 'swift'} {{(pid=98870) register_scheme_map /opt/stack/data/venv/lib/python3.12/site-packages/glance_store/location.py:146}}
Jun 03 12:01:54.902577 np0000002051 devstack@g-api.service[98870]: DEBUG glance_store.location [None req-1f5b1a49-5980-4974-9d73-ac1e6fc08216 tempest-ServerStableDeviceRescueTest-1832160785 tempest-ServerStableDeviceRescueTest-1832160785-project-member] Registering scheme swift+http with {'store': , 'location_class': , 'store_entry': 'swift'} {{(pid=98870) register_scheme_map /opt/stack/data/venv/lib/python3.12/site-packages/glance_store/location.py:146}}
Jun 03 12:01:54.902640 np0000002051 devstack@g-api.service[98870]: DEBUG glance_store.location [None req-1f5b1a49-5980-4974-9d73-ac1e6fc08216 tempest-ServerStableDeviceRescueTest-1832160785 tempest-ServerStableDeviceRescueTest-1832160785-project-member] Registering scheme swift+https with {'store': , 'location_class': , 'store_entry': 'swift'} {{(pid=98870) register_scheme_map /opt/stack/data/venv/lib/python3.12/site-packages/glance_store/location.py:146}}
Jun 03 12:01:54.902704 np0000002051 devstack@g-api.service[98870]: DEBUG glance_store.location [None req-1f5b1a49-5980-4974-9d73-ac1e6fc08216 tempest-ServerStableDeviceRescueTest-1832160785 tempest-ServerStableDeviceRescueTest-1832160785-project-member] Registering scheme swift with {'store': , 'location_class': , 'store_entry': 'swift'} {{(pid=98870) register_scheme_map /opt/stack/data/venv/lib/python3.12/site-packages/glance_store/location.py:146}}
Jun 03 12:01:54.902786 np0000002051 devstack@g-api.service[98870]: DEBUG glance_store.location [None req-1f5b1a49-5980-4974-9d73-ac1e6fc08216 tempest-ServerStableDeviceRescueTest-1832160785 tempest-ServerStableDeviceRescueTest-1832160785-project-member] Registering scheme swift+http with {'store': , 'location_class': , 'store_entry': 'swift'} {{(pid=98870) register_scheme_map /opt/stack/data/venv/lib/python3.12/site-packages/glance_store/location.py:146}}
Jun 03 12:01:54.902912 np0000002051 devstack@g-api.service[98870]: DEBUG glance_store.location [None req-1f5b1a49-5980-4974-9d73-ac1e6fc08216 tempest-ServerStableDeviceRescueTest-1832160785 tempest-ServerStableDeviceRescueTest-1832160785-project-member] Registering scheme swift+config with {'store': , 'location_class': , 'store_entry': 'swift'} {{(pid=98870) register_scheme_map /opt/stack/data/venv/lib/python3.12/site-packages/glance_store/location.py:146}}
Jun 03 12:01:54.903001 np0000002051 devstack@g-api.service[98870]: DEBUG glance_store.backend [None req-1f5b1a49-5980-4974-9d73-ac1e6fc08216 tempest-ServerStableDeviceRescueTest-1832160785 tempest-ServerStableDeviceRescueTest-1832160785-project-member] Skipping store.set_acls... not implemented. {{(pid=98870) set_acls /opt/stack/data/venv/lib/python3.12/site-packages/glance_store/backend.py:507}}
Jun 03 12:01:54.904840 np0000002051 devstack@g-api.service[98870]: [pid: 98870|app: 0|req: 89/186] 127.0.0.1 () {46 vars in 1158 bytes} [Wed Jun 3 12:01:53 2026] PUT /v2/images/8c4832e1-c03e-4b2e-a084-d40fdaae167e/file => generated 0 bytes in 1813 msecs (HTTP/1.1 204) 4 headers in 171 bytes (1 switches on core 0)
Jun 03 12:01:54.982313 np0000002051 devstack@g-api.service[98871]: DEBUG glance.api.middleware.version_negotiation [None req-a3bb1d29-cb3f-44c5-8392-7efde3de2e5e tempest-ServerStableDeviceRescueTest-1832160785 tempest-ServerStableDeviceRescueTest-1832160785-project-member] Determining version of request: GET /v2/images/8c4832e1-c03e-4b2e-a084-d40fdaae167e Accept: */* {{(pid=98871) process_request /opt/stack/glance/glance/api/middleware/version_negotiation.py:44}}
Jun 03 12:01:54.982661 np0000002051 devstack@g-api.service[98871]: DEBUG glance.api.middleware.version_negotiation [None req-a3bb1d29-cb3f-44c5-8392-7efde3de2e5e tempest-ServerStableDeviceRescueTest-1832160785 tempest-ServerStableDeviceRescueTest-1832160785-project-member] Using url versioning {{(pid=98871) process_request /opt/stack/glance/glance/api/middleware/version_negotiation.py:57}}
Jun 03 12:01:54.982661 np0000002051 devstack@g-api.service[98871]: DEBUG glance.api.middleware.version_negotiation [None req-a3bb1d29-cb3f-44c5-8392-7efde3de2e5e tempest-ServerStableDeviceRescueTest-1832160785 tempest-ServerStableDeviceRescueTest-1832160785-project-member] Matched version: v2 {{(pid=98871) process_request /opt/stack/glance/glance/api/middleware/version_negotiation.py:69}}
Jun 03 12:01:54.982661 np0000002051 devstack@g-api.service[98871]: DEBUG glance.api.middleware.version_negotiation [None req-a3bb1d29-cb3f-44c5-8392-7efde3de2e5e tempest-ServerStableDeviceRescueTest-1832160785 tempest-ServerStableDeviceRescueTest-1832160785-project-member] new path /v2/images/8c4832e1-c03e-4b2e-a084-d40fdaae167e {{(pid=98871) process_request /opt/stack/glance/glance/api/middleware/version_negotiation.py:70}}
Jun 03 12:01:54.995402 np0000002051 devstack@g-api.service[98871]: [pid: 98871|app: 0|req: 98/187] 127.0.0.1 () {44 vars in 1115 bytes} [Wed Jun 3 12:01:54 2026] GET /v2/images/8c4832e1-c03e-4b2e-a084-d40fdaae167e => generated 1617 bytes in 12 msecs (HTTP/1.1 200) 4 headers in 158 bytes (1 switches on core 0)
Jun 03 12:01:55.059838 np0000002051 devstack@g-api.service[98870]: DEBUG glance.api.middleware.version_negotiation [None req-1f5b1a49-5980-4974-9d73-ac1e6fc08216 tempest-ServerStableDeviceRescueTest-1832160785 tempest-ServerStableDeviceRescueTest-1832160785-project-member] Determining version of request: GET /v2/images/8c4832e1-c03e-4b2e-a084-d40fdaae167e Accept: */* {{(pid=98870) process_request /opt/stack/glance/glance/api/middleware/version_negotiation.py:44}}
Jun 03 12:01:55.059838 np0000002051 devstack@g-api.service[98870]: DEBUG glance.api.middleware.version_negotiation [None req-1f5b1a49-5980-4974-9d73-ac1e6fc08216 tempest-ServerStableDeviceRescueTest-1832160785 tempest-ServerStableDeviceRescueTest-1832160785-project-member] Using url versioning {{(pid=98870) process_request /opt/stack/glance/glance/api/middleware/version_negotiation.py:57}}
Jun 03 12:01:55.059838 np0000002051 devstack@g-api.service[98870]: DEBUG glance.api.middleware.version_negotiation [None req-1f5b1a49-5980-4974-9d73-ac1e6fc08216 tempest-ServerStableDeviceRescueTest-1832160785 tempest-ServerStableDeviceRescueTest-1832160785-project-member] Matched version: v2 {{(pid=98870) process_request /opt/stack/glance/glance/api/middleware/version_negotiation.py:69}}
Jun 03 12:01:55.060186 np0000002051 devstack@g-api.service[98870]: DEBUG glance.api.middleware.version_negotiation [None req-1f5b1a49-5980-4974-9d73-ac1e6fc08216 tempest-ServerStableDeviceRescueTest-1832160785 tempest-ServerStableDeviceRescueTest-1832160785-project-member] new path /v2/images/8c4832e1-c03e-4b2e-a084-d40fdaae167e {{(pid=98870) process_request /opt/stack/glance/glance/api/middleware/version_negotiation.py:70}}
Jun 03 12:01:55.072964 np0000002051 devstack@g-api.service[98870]: [pid: 98870|app: 0|req: 90/188] 127.0.0.1 () {44 vars in 1115 bytes} [Wed Jun 3 12:01:55 2026] GET /v2/images/8c4832e1-c03e-4b2e-a084-d40fdaae167e => generated 1617 bytes in 14 msecs (HTTP/1.1 200) 4 headers in 158 bytes (1 switches on core 0)
Jun 03 12:01:55.073550 np0000002051 devstack@g-api.service[98871]: DEBUG glance.api.middleware.version_negotiation [None req-1f5b1a49-5980-4974-9d73-ac1e6fc08216 tempest-ServerStableDeviceRescueTest-1832160785 tempest-ServerStableDeviceRescueTest-1832160785-project-member] Determining version of request: GET /v2/schemas/image Accept: */* {{(pid=98871) process_request /opt/stack/glance/glance/api/middleware/version_negotiation.py:44}}
Jun 03 12:01:55.073729 np0000002051 devstack@g-api.service[98871]: DEBUG glance.api.middleware.version_negotiation [None req-1f5b1a49-5980-4974-9d73-ac1e6fc08216 tempest-ServerStableDeviceRescueTest-1832160785 tempest-ServerStableDeviceRescueTest-1832160785-project-member] Using url versioning {{(pid=98871) process_request /opt/stack/glance/glance/api/middleware/version_negotiation.py:57}}
Jun 03 12:01:55.073933 np0000002051 devstack@g-api.service[98871]: DEBUG glance.api.middleware.version_negotiation [None req-1f5b1a49-5980-4974-9d73-ac1e6fc08216 tempest-ServerStableDeviceRescueTest-1832160785 tempest-ServerStableDeviceRescueTest-1832160785-project-member] Matched version: v2 {{(pid=98871) process_request /opt/stack/glance/glance/api/middleware/version_negotiation.py:69}}
Jun 03 12:01:55.074080 np0000002051 devstack@g-api.service[98871]: DEBUG glance.api.middleware.version_negotiation [None req-1f5b1a49-5980-4974-9d73-ac1e6fc08216 tempest-ServerStableDeviceRescueTest-1832160785 tempest-ServerStableDeviceRescueTest-1832160785-project-member] new path /v2/schemas/image {{(pid=98871) process_request /opt/stack/glance/glance/api/middleware/version_negotiation.py:70}}
Jun 03 12:01:55.076771 np0000002051 devstack@g-api.service[98871]: [pid: 98871|app: 0|req: 99/189] 127.0.0.1 () {44 vars in 1055 bytes} [Wed Jun 3 12:01:55 2026] GET /v2/schemas/image => generated 6083 bytes in 3 msecs (HTTP/1.1 200) 4 headers in 158 bytes (1 switches on core 0)
Jun 03 12:01:55.113782 np0000002051 devstack@g-api.service[98870]: DEBUG glance.api.middleware.version_negotiation [None req-425df6c0-2186-4c8c-a4c9-89b94605b71d tempest-ServerStableDeviceRescueTest-1832160785 tempest-ServerStableDeviceRescueTest-1832160785-project-member] Determining version of request: GET /v2/schemas/image Accept: */* {{(pid=98870) process_request /opt/stack/glance/glance/api/middleware/version_negotiation.py:44}}
Jun 03 12:01:55.113964 np0000002051 devstack@g-api.service[98870]: DEBUG glance.api.middleware.version_negotiation [None req-425df6c0-2186-4c8c-a4c9-89b94605b71d tempest-ServerStableDeviceRescueTest-1832160785 tempest-ServerStableDeviceRescueTest-1832160785-project-member] Using url versioning {{(pid=98870) process_request /opt/stack/glance/glance/api/middleware/version_negotiation.py:57}}
Jun 03 12:01:55.114111 np0000002051 devstack@g-api.service[98870]: DEBUG glance.api.middleware.version_negotiation [None req-425df6c0-2186-4c8c-a4c9-89b94605b71d tempest-ServerStableDeviceRescueTest-1832160785 tempest-ServerStableDeviceRescueTest-1832160785-project-member] Matched version: v2 {{(pid=98870) process_request /opt/stack/glance/glance/api/middleware/version_negotiation.py:69}}
Jun 03 12:01:55.114225 np0000002051 devstack@g-api.service[98870]: DEBUG glance.api.middleware.version_negotiation [None req-425df6c0-2186-4c8c-a4c9-89b94605b71d tempest-ServerStableDeviceRescueTest-1832160785 tempest-ServerStableDeviceRescueTest-1832160785-project-member] new path /v2/schemas/image {{(pid=98870) process_request /opt/stack/glance/glance/api/middleware/version_negotiation.py:70}}
Jun 03 12:01:55.118516 np0000002051 devstack@g-api.service[98870]: [pid: 98870|app: 0|req: 91/190] 127.0.0.1 () {44 vars in 1055 bytes} [Wed Jun 3 12:01:55 2026] GET /v2/schemas/image => generated 6083 bytes in 5 msecs (HTTP/1.1 200) 4 headers in 158 bytes (1 switches on core 0)
