Jun 03 11:56:32.018096 np0000002051 devstack@g-api.service[98871]: DEBUG glance.common.config [None req-8ce5bda7-1f59-46f5-b769-4f8d1637b4c1 None None] database.asyncio_connection = **** {{(pid=98871) log_opt_values /opt/stack/data/venv/lib/python3.12/site-packages/oslo_config/cfg.py:3256}}
Jun 03 11:56:32.018154 np0000002051 devstack@g-api.service[98871]: DEBUG glance.common.config [None req-8ce5bda7-1f59-46f5-b769-4f8d1637b4c1 None None] database.asyncio_slave_connection = **** {{(pid=98871) log_opt_values /opt/stack/data/venv/lib/python3.12/site-packages/oslo_config/cfg.py:3256}}
Jun 03 11:56:32.018213 np0000002051 devstack@g-api.service[98870]: DEBUG glance.common.config [None req-a4560904-022d-4825-be9a-00adade89f89 None None] healthcheck.allowed_source_ranges = [] {{(pid=98870) log_opt_values /opt/stack/data/venv/lib/python3.12/site-packages/oslo_config/cfg.py:3256}}
Jun 03 11:56:32.018243 np0000002051 devstack@g-api.service[98871]: DEBUG glance.common.config [None req-8ce5bda7-1f59-46f5-b769-4f8d1637b4c1 None None] database.backend = sqlalchemy {{(pid=98871) log_opt_values /opt/stack/data/venv/lib/python3.12/site-packages/oslo_config/cfg.py:3256}}
Jun 03 11:56:32.018297 np0000002051 devstack@g-api.service[98870]: DEBUG glance.common.config [None req-a4560904-022d-4825-be9a-00adade89f89 None None] healthcheck.backends = ['disable_by_file'] {{(pid=98870) log_opt_values /opt/stack/data/venv/lib/python3.12/site-packages/oslo_config/cfg.py:3256}}
Jun 03 11:56:32.018336 np0000002051 devstack@g-api.service[98871]: DEBUG glance.common.config [None req-8ce5bda7-1f59-46f5-b769-4f8d1637b4c1 None None] database.connection = **** {{(pid=98871) log_opt_values /opt/stack/data/venv/lib/python3.12/site-packages/oslo_config/cfg.py:3256}}
Jun 03 11:56:32.018386 np0000002051 devstack@g-api.service[98870]: DEBUG glance.common.config [None req-a4560904-022d-4825-be9a-00adade89f89 None None] healthcheck.detailed = False {{(pid=98870) log_opt_values /opt/stack/data/venv/lib/python3.12/site-packages/oslo_config/cfg.py:3256}}
Jun 03 11:56:32.018415 np0000002051 devstack@g-api.service[98871]: DEBUG glance.common.config [None req-8ce5bda7-1f59-46f5-b769-4f8d1637b4c1 None None] database.connection_debug = 0 {{(pid=98871) log_opt_values /opt/stack/data/venv/lib/python3.12/site-packages/oslo_config/cfg.py:3256}}
Jun 03 11:56:32.018468 np0000002051 devstack@g-api.service[98870]: DEBUG glance.common.config [None req-a4560904-022d-4825-be9a-00adade89f89 None None] healthcheck.disable_by_file_path = None {{(pid=98870) log_opt_values /opt/stack/data/venv/lib/python3.12/site-packages/oslo_config/cfg.py:3256}}
Jun 03 11:56:32.018507 np0000002051 devstack@g-api.service[98871]: DEBUG glance.common.config [None req-8ce5bda7-1f59-46f5-b769-4f8d1637b4c1 None None] database.connection_parameters = {{(pid=98871) log_opt_values /opt/stack/data/venv/lib/python3.12/site-packages/oslo_config/cfg.py:3256}}
Jun 03 11:56:32.018563 np0000002051 devstack@g-api.service[98870]: DEBUG glance.common.config [None req-a4560904-022d-4825-be9a-00adade89f89 None None] healthcheck.ignore_proxied_requests = False {{(pid=98870) log_opt_values /opt/stack/data/venv/lib/python3.12/site-packages/oslo_config/cfg.py:3256}}
Jun 03 11:56:32.018593 np0000002051 devstack@g-api.service[98871]: DEBUG glance.common.config [None req-8ce5bda7-1f59-46f5-b769-4f8d1637b4c1 None None] database.connection_recycle_time = 3600 {{(pid=98871) log_opt_values /opt/stack/data/venv/lib/python3.12/site-packages/oslo_config/cfg.py:3256}}
Jun 03 11:56:32.018624 np0000002051 devstack@g-api.service[98870]: DEBUG glance.common.config [None req-a4560904-022d-4825-be9a-00adade89f89 None None] ******************************************************************************** {{(pid=98870) log_opt_values /opt/stack/data/venv/lib/python3.12/site-packages/oslo_config/cfg.py:3263}}
Jun 03 11:56:32.018706 np0000002051 devstack@g-api.service[98871]: DEBUG glance.common.config [None req-8ce5bda7-1f59-46f5-b769-4f8d1637b4c1 None None] database.connection_trace = False {{(pid=98871) log_opt_values /opt/stack/data/venv/lib/python3.12/site-packages/oslo_config/cfg.py:3256}}
Jun 03 11:56:32.018737 np0000002051 devstack@g-api.service[98870]: WSGI app 0 (mountpoint='') ready in 3 seconds on interpreter 0x775f7b2a3668 pid: 98870 (default app)
Jun 03 11:56:32.018763 np0000002051 devstack@g-api.service[98871]: DEBUG glance.common.config [None req-8ce5bda7-1f59-46f5-b769-4f8d1637b4c1 None None] database.db_inc_retry_interval = True {{(pid=98871) log_opt_values /opt/stack/data/venv/lib/python3.12/site-packages/oslo_config/cfg.py:3256}}
Jun 03 11:56:32.018839 np0000002051 devstack@g-api.service[98871]: DEBUG glance.common.config [None req-8ce5bda7-1f59-46f5-b769-4f8d1637b4c1 None None] database.db_max_retries = 20 {{(pid=98871) log_opt_values /opt/stack/data/venv/lib/python3.12/site-packages/oslo_config/cfg.py:3256}}
Jun 03 11:56:32.018927 np0000002051 devstack@g-api.service[98871]: DEBUG glance.common.config [None req-8ce5bda7-1f59-46f5-b769-4f8d1637b4c1 None None] database.db_max_retry_interval = 10 {{(pid=98871) log_opt_values /opt/stack/data/venv/lib/python3.12/site-packages/oslo_config/cfg.py:3256}}
Jun 03 11:56:32.019013 np0000002051 devstack@g-api.service[98871]: DEBUG glance.common.config [None req-8ce5bda7-1f59-46f5-b769-4f8d1637b4c1 None None] database.db_retry_interval = 1 {{(pid=98871) log_opt_values /opt/stack/data/venv/lib/python3.12/site-packages/oslo_config/cfg.py:3256}}
Jun 03 11:56:32.019098 np0000002051 devstack@g-api.service[98871]: DEBUG glance.common.config [None req-8ce5bda7-1f59-46f5-b769-4f8d1637b4c1 None None] database.max_overflow = 50 {{(pid=98871) log_opt_values /opt/stack/data/venv/lib/python3.12/site-packages/oslo_config/cfg.py:3256}}
Jun 03 11:56:32.019183 np0000002051 devstack@g-api.service[98871]: DEBUG glance.common.config [None req-8ce5bda7-1f59-46f5-b769-4f8d1637b4c1 None None] database.max_pool_size = 5 {{(pid=98871) log_opt_values /opt/stack/data/venv/lib/python3.12/site-packages/oslo_config/cfg.py:3256}}
Jun 03 11:56:32.019224 np0000002051 devstack@g-api.service[98870]: DEBUG glance.api.middleware.version_negotiation [None req-a4560904-022d-4825-be9a-00adade89f89 None None] Determining version of request: GET / Accept: */* {{(pid=98870) process_request /opt/stack/glance/glance/api/middleware/version_negotiation.py:44}}
Jun 03 11:56:32.019267 np0000002051 devstack@g-api.service[98871]: DEBUG glance.common.config [None req-8ce5bda7-1f59-46f5-b769-4f8d1637b4c1 None None] database.max_retries = 10 {{(pid=98871) log_opt_values /opt/stack/data/venv/lib/python3.12/site-packages/oslo_config/cfg.py:3256}}
Jun 03 11:56:32.019313 np0000002051 devstack@g-api.service[98870]: DEBUG glance.api.middleware.version_negotiation [None req-a4560904-022d-4825-be9a-00adade89f89 None None] Using url versioning {{(pid=98870) process_request /opt/stack/glance/glance/api/middleware/version_negotiation.py:57}}
Jun 03 11:56:32.019354 np0000002051 devstack@g-api.service[98871]: DEBUG glance.common.config [None req-8ce5bda7-1f59-46f5-b769-4f8d1637b4c1 None None] database.mysql_sql_mode = TRADITIONAL {{(pid=98871) log_opt_values /opt/stack/data/venv/lib/python3.12/site-packages/oslo_config/cfg.py:3256}}
Jun 03 11:56:32.019438 np0000002051 devstack@g-api.service[98871]: DEBUG glance.common.config [None req-8ce5bda7-1f59-46f5-b769-4f8d1637b4c1 None None] database.mysql_wsrep_sync_wait = None {{(pid=98871) log_opt_values /opt/stack/data/venv/lib/python3.12/site-packages/oslo_config/cfg.py:3256}}
Jun 03 11:56:32.019466 np0000002051 devstack@g-api.service[98870]: DEBUG glance.api.middleware.version_negotiation [None req-a4560904-022d-4825-be9a-00adade89f89 None None] Unknown version. Returning version choices. {{(pid=98870) process_request /opt/stack/glance/glance/api/middleware/version_negotiation.py:64}}
Jun 03 11:56:32.019531 np0000002051 devstack@g-api.service[98871]: DEBUG glance.common.config [None req-8ce5bda7-1f59-46f5-b769-4f8d1637b4c1 None None] database.pool_timeout = None {{(pid=98871) log_opt_values /opt/stack/data/venv/lib/python3.12/site-packages/oslo_config/cfg.py:3256}}
Jun 03 11:56:32.019615 np0000002051 devstack@g-api.service[98871]: DEBUG glance.common.config [None req-8ce5bda7-1f59-46f5-b769-4f8d1637b4c1 None None] database.retry_interval = 10 {{(pid=98871) log_opt_values /opt/stack/data/venv/lib/python3.12/site-packages/oslo_config/cfg.py:3256}}
Jun 03 11:56:32.019697 np0000002051 devstack@g-api.service[98871]: DEBUG glance.common.config [None req-8ce5bda7-1f59-46f5-b769-4f8d1637b4c1 None None] database.slave_connection = **** {{(pid=98871) log_opt_values /opt/stack/data/venv/lib/python3.12/site-packages/oslo_config/cfg.py:3256}}
Jun 03 11:56:32.019806 np0000002051 devstack@g-api.service[98871]: DEBUG glance.common.config [None req-8ce5bda7-1f59-46f5-b769-4f8d1637b4c1 None None] database.sqlite_synchronous = True {{(pid=98871) log_opt_values /opt/stack/data/venv/lib/python3.12/site-packages/oslo_config/cfg.py:3256}}
Jun 03 11:56:32.019915 np0000002051 devstack@g-api.service[98871]: DEBUG glance.common.config [None req-8ce5bda7-1f59-46f5-b769-4f8d1637b4c1 None None] database.synchronous_reader = True {{(pid=98871) log_opt_values /opt/stack/data/venv/lib/python3.12/site-packages/oslo_config/cfg.py:3256}}
Jun 03 11:56:32.019997 np0000002051 devstack@g-api.service[98871]: DEBUG glance.common.config [None req-8ce5bda7-1f59-46f5-b769-4f8d1637b4c1 None None] database.use_db_reconnect = False {{(pid=98871) log_opt_values /opt/stack/data/venv/lib/python3.12/site-packages/oslo_config/cfg.py:3256}}
Jun 03 11:56:32.020089 np0000002051 devstack@g-api.service[98871]: DEBUG glance.common.config [None req-8ce5bda7-1f59-46f5-b769-4f8d1637b4c1 None None] healthcheck.allowed_source_ranges = [] {{(pid=98871) log_opt_values /opt/stack/data/venv/lib/python3.12/site-packages/oslo_config/cfg.py:3256}}
Jun 03 11:56:32.020163 np0000002051 devstack@g-api.service[98870]: [pid: 98870|app: 0|req: 1/1] 127.0.0.1 () {34 vars in 455 bytes} [Wed Jun 3 11:56:32 2026] GET / => generated 1407 bytes in 1 msecs (HTTP/1.1 300) 3 headers in 106 bytes (1 switches on core 0)
Jun 03 11:56:32.020190 np0000002051 devstack@g-api.service[98871]: DEBUG glance.common.config [None req-8ce5bda7-1f59-46f5-b769-4f8d1637b4c1 None None] healthcheck.backends = ['disable_by_file'] {{(pid=98871) log_opt_values /opt/stack/data/venv/lib/python3.12/site-packages/oslo_config/cfg.py:3256}}
Jun 03 11:56:32.020289 np0000002051 devstack@g-api.service[98871]: DEBUG glance.common.config [None req-8ce5bda7-1f59-46f5-b769-4f8d1637b4c1 None None] healthcheck.detailed = False {{(pid=98871) log_opt_values /opt/stack/data/venv/lib/python3.12/site-packages/oslo_config/cfg.py:3256}}
Jun 03 11:56:32.020374 np0000002051 devstack@g-api.service[98871]: DEBUG glance.common.config [None req-8ce5bda7-1f59-46f5-b769-4f8d1637b4c1 None None] healthcheck.disable_by_file_path = None {{(pid=98871) log_opt_values /opt/stack/data/venv/lib/python3.12/site-packages/oslo_config/cfg.py:3256}}
Jun 03 11:56:32.020456 np0000002051 devstack@g-api.service[98871]: DEBUG glance.common.config [None req-8ce5bda7-1f59-46f5-b769-4f8d1637b4c1 None None] healthcheck.ignore_proxied_requests = False {{(pid=98871) log_opt_values /opt/stack/data/venv/lib/python3.12/site-packages/oslo_config/cfg.py:3256}}
Jun 03 11:56:32.020532 np0000002051 devstack@g-api.service[98871]: DEBUG glance.common.config [None req-8ce5bda7-1f59-46f5-b769-4f8d1637b4c1 None None] ******************************************************************************** {{(pid=98871) log_opt_values /opt/stack/data/venv/lib/python3.12/site-packages/oslo_config/cfg.py:3263}}
Jun 03 11:56:32.020618 np0000002051 devstack@g-api.service[98871]: WSGI app 0 (mountpoint='') ready in 3 seconds on interpreter 0x775f7b2a3668 pid: 98871 (default app)
Jun 03 11:56:33.840778 np0000002051 devstack@g-api.service[98870]: DEBUG glance.api.middleware.version_negotiation [None req-a4560904-022d-4825-be9a-00adade89f89 None None] Determining version of request: GET / Accept: application/json {{(pid=98870) process_request /opt/stack/glance/glance/api/middleware/version_negotiation.py:44}}
Jun 03 11:56:33.841205 np0000002051 devstack@g-api.service[98870]: DEBUG glance.api.middleware.version_negotiation [None req-a4560904-022d-4825-be9a-00adade89f89 None None] Using url versioning {{(pid=98870) process_request /opt/stack/glance/glance/api/middleware/version_negotiation.py:57}}
Jun 03 11:56:33.841205 np0000002051 devstack@g-api.service[98870]: DEBUG glance.api.middleware.version_negotiation [None req-a4560904-022d-4825-be9a-00adade89f89 None None] Unknown version. Returning version choices. {{(pid=98870) process_request /opt/stack/glance/glance/api/middleware/version_negotiation.py:64}}
Jun 03 11:56:33.841656 np0000002051 devstack@g-api.service[98870]: [pid: 98870|app: 0|req: 2/2] 127.0.0.1 () {36 vars in 573 bytes} [Wed Jun 3 11:56:33 2026] GET / => generated 1407 bytes in 1 msecs (HTTP/1.1 300) 3 headers in 106 bytes (1 switches on core 0)
Jun 03 11:56:33.852948 np0000002051 devstack@g-api.service[98871]: DEBUG glance.api.middleware.version_negotiation [None req-8ce5bda7-1f59-46f5-b769-4f8d1637b4c1 None None] Determining version of request: POST /v2/images Accept: */* {{(pid=98871) process_request /opt/stack/glance/glance/api/middleware/version_negotiation.py:44}}
Jun 03 11:56:33.853390 np0000002051 devstack@g-api.service[98871]: DEBUG glance.api.middleware.version_negotiation [None req-8ce5bda7-1f59-46f5-b769-4f8d1637b4c1 None None] Using url versioning {{(pid=98871) process_request /opt/stack/glance/glance/api/middleware/version_negotiation.py:57}}
Jun 03 11:56:33.853540 np0000002051 devstack@g-api.service[98871]: DEBUG glance.api.middleware.version_negotiation [None req-8ce5bda7-1f59-46f5-b769-4f8d1637b4c1 None None] Matched version: v2 {{(pid=98871) process_request /opt/stack/glance/glance/api/middleware/version_negotiation.py:69}}
Jun 03 11:56:33.853607 np0000002051 devstack@g-api.service[98871]: DEBUG glance.api.middleware.version_negotiation [None req-8ce5bda7-1f59-46f5-b769-4f8d1637b4c1 None None] new path /v2/images {{(pid=98871) process_request /opt/stack/glance/glance/api/middleware/version_negotiation.py:70}}
Jun 03 11:56:34.833365 np0000002051 devstack@g-api.service[98871]: [pid: 98871|app: 0|req: 1/3] 127.0.0.1 () {42 vars in 836 bytes} [Wed Jun 3 11:56:33 2026] POST /v2/images => generated 807 bytes in 981 msecs (HTTP/1.1 201) 6 headers in 315 bytes (1 switches on core 0)
Jun 03 11:56:34.842085 np0000002051 devstack@g-api.service[98870]: DEBUG glance.api.middleware.version_negotiation [None req-a4560904-022d-4825-be9a-00adade89f89 None None] Determining version of request: PUT /v2/images/8b4cbaa3-6852-4523-9072-2eb38b3ed3f4/stage Accept: {{(pid=98870) process_request /opt/stack/glance/glance/api/middleware/version_negotiation.py:44}}
Jun 03 11:56:34.842408 np0000002051 devstack@g-api.service[98870]: DEBUG glance.api.middleware.version_negotiation [None req-a4560904-022d-4825-be9a-00adade89f89 None None] Using url versioning {{(pid=98870) process_request /opt/stack/glance/glance/api/middleware/version_negotiation.py:57}}
Jun 03 11:56:34.842519 np0000002051 devstack@g-api.service[98870]: DEBUG glance.api.middleware.version_negotiation [None req-a4560904-022d-4825-be9a-00adade89f89 None None] Matched version: v2 {{(pid=98870) process_request /opt/stack/glance/glance/api/middleware/version_negotiation.py:69}}
Jun 03 11:56:34.842642 np0000002051 devstack@g-api.service[98870]: DEBUG glance.api.middleware.version_negotiation [None req-a4560904-022d-4825-be9a-00adade89f89 None None] new path /v2/images/8b4cbaa3-6852-4523-9072-2eb38b3ed3f4/stage {{(pid=98870) process_request /opt/stack/glance/glance/api/middleware/version_negotiation.py:70}}
Jun 03 11:56:35.403014 np0000002051 devstack@g-api.service[98870]: DEBUG glance_store.backend [None req-bdce78c7-83e4-4c48-a116-801bddd06448 admin admin] Attempting to import store cinder {{(pid=98870) _load_store /opt/stack/data/venv/lib/python3.12/site-packages/glance_store/backend.py:215}}
Jun 03 11:56:35.403160 np0000002051 devstack@g-api.service[98870]: DEBUG glance_store.backend [None req-bdce78c7-83e4-4c48-a116-801bddd06448 admin admin] Attempting to import store file {{(pid=98870) _load_store /opt/stack/data/venv/lib/python3.12/site-packages/glance_store/backend.py:215}}
Jun 03 11:56:35.403239 np0000002051 devstack@g-api.service[98870]: DEBUG glance_store.backend [None req-bdce78c7-83e4-4c48-a116-801bddd06448 admin admin] Attempting to import store glance.store.cinder.Store {{(pid=98870) _load_store /opt/stack/data/venv/lib/python3.12/site-packages/glance_store/backend.py:215}}
Jun 03 11:56:35.403332 np0000002051 devstack@g-api.service[98870]: DEBUG glance_store.backend [None req-bdce78c7-83e4-4c48-a116-801bddd06448 admin admin] Attempting to import store glance.store.filesystem.Store {{(pid=98870) _load_store /opt/stack/data/venv/lib/python3.12/site-packages/glance_store/backend.py:215}}
Jun 03 11:56:35.403420 np0000002051 devstack@g-api.service[98870]: DEBUG glance_store.backend [None req-bdce78c7-83e4-4c48-a116-801bddd06448 admin admin] Attempting to import store glance.store.http.Store {{(pid=98870) _load_store /opt/stack/data/venv/lib/python3.12/site-packages/glance_store/backend.py:215}}
Jun 03 11:56:35.403513 np0000002051 devstack@g-api.service[98870]: DEBUG glance_store.backend [None req-bdce78c7-83e4-4c48-a116-801bddd06448 admin admin] Attempting to import store glance.store.rbd.Store {{(pid=98870) _load_store /opt/stack/data/venv/lib/python3.12/site-packages/glance_store/backend.py:215}}
Jun 03 11:56:35.403603 np0000002051 devstack@g-api.service[98870]: DEBUG glance_store.backend [None req-bdce78c7-83e4-4c48-a116-801bddd06448 admin admin] Attempting to import store glance.store.s3.Store {{(pid=98870) _load_store /opt/stack/data/venv/lib/python3.12/site-packages/glance_store/backend.py:215}}
Jun 03 11:56:35.403728 np0000002051 devstack@g-api.service[98870]: DEBUG glance_store.backend [None req-bdce78c7-83e4-4c48-a116-801bddd06448 admin admin] Attempting to import store glance.store.swift.Store {{(pid=98870) _load_store /opt/stack/data/venv/lib/python3.12/site-packages/glance_store/backend.py:215}}
Jun 03 11:56:35.403833 np0000002051 devstack@g-api.service[98870]: DEBUG glance_store.backend [None req-bdce78c7-83e4-4c48-a116-801bddd06448 admin admin] Attempting to import store glance.store.vmware_datastore.Store {{(pid=98870) _load_store /opt/stack/data/venv/lib/python3.12/site-packages/glance_store/backend.py:215}}
Jun 03 11:56:35.403953 np0000002051 devstack@g-api.service[98870]: DEBUG glance_store.backend [None req-bdce78c7-83e4-4c48-a116-801bddd06448 admin admin] Attempting to import store http {{(pid=98870) _load_store /opt/stack/data/venv/lib/python3.12/site-packages/glance_store/backend.py:215}}
Jun 03 11:56:35.404042 np0000002051 devstack@g-api.service[98870]: DEBUG glance_store.backend [None req-bdce78c7-83e4-4c48-a116-801bddd06448 admin admin] Attempting to import store no_conf {{(pid=98870) _load_store /opt/stack/data/venv/lib/python3.12/site-packages/glance_store/backend.py:215}}
Jun 03 11:56:35.404131 np0000002051 devstack@g-api.service[98870]: DEBUG glance_store.backend [None req-bdce78c7-83e4-4c48-a116-801bddd06448 admin admin] Attempting to import store rbd {{(pid=98870) _load_store /opt/stack/data/venv/lib/python3.12/site-packages/glance_store/backend.py:215}}
Jun 03 11:56:35.404212 np0000002051 devstack@g-api.service[98870]: DEBUG glance_store.backend [None req-bdce78c7-83e4-4c48-a116-801bddd06448 admin admin] Attempting to import store s3 {{(pid=98870) _load_store /opt/stack/data/venv/lib/python3.12/site-packages/glance_store/backend.py:215}}
Jun 03 11:56:35.404292 np0000002051 devstack@g-api.service[98870]: DEBUG glance_store.backend [None req-bdce78c7-83e4-4c48-a116-801bddd06448 admin admin] Attempting to import store swift {{(pid=98870) _load_store /opt/stack/data/venv/lib/python3.12/site-packages/glance_store/backend.py:215}}
Jun 03 11:56:35.404371 np0000002051 devstack@g-api.service[98870]: DEBUG glance_store.backend [None req-bdce78c7-83e4-4c48-a116-801bddd06448 admin admin] Attempting to import store vmware {{(pid=98870) _load_store /opt/stack/data/venv/lib/python3.12/site-packages/glance_store/backend.py:215}}
Jun 03 11:56:35.404457 np0000002051 devstack@g-api.service[98870]: DEBUG glance_store.backend [None req-bdce78c7-83e4-4c48-a116-801bddd06448 admin admin] Registering options for group glance_store {{(pid=98870) register_opts /opt/stack/data/venv/lib/python3.12/site-packages/glance_store/backend.py:144}}
Jun 03 11:56:35.404561 np0000002051 devstack@g-api.service[98870]: DEBUG glance_store.backend [None req-bdce78c7-83e4-4c48-a116-801bddd06448 admin admin] Registering options for group glance_store {{(pid=98870) register_opts /opt/stack/data/venv/lib/python3.12/site-packages/glance_store/backend.py:144}}
Jun 03 11:56:35.404938 np0000002051 devstack@g-api.service[98870]: DEBUG glance_store.backend [None req-bdce78c7-83e4-4c48-a116-801bddd06448 admin admin] Attempting to import store file {{(pid=98870) _load_store /opt/stack/data/venv/lib/python3.12/site-packages/glance_store/backend.py:215}}
Jun 03 11:56:35.405255 np0000002051 devstack@g-api.service[98870]: INFO glance_store._drivers.filesystem [None req-bdce78c7-83e4-4c48-a116-801bddd06448 admin admin] Directory to write image files does not exist (/tmp/staging/). Creating.
Jun 03 11:56:35.405454 np0000002051 devstack@g-api.service[98870]: DEBUG glance_store.capabilities [None req-bdce78c7-83e4-4c48-a116-801bddd06448 admin admin] Store glance_store._drivers.filesystem.Store doesn't support updating dynamic storage capabilities. Please overwrite 'update_capabilities' method of the store to implement updating logics if needed. {{(pid=98870) update_capabilities /opt/stack/data/venv/lib/python3.12/site-packages/glance_store/capabilities.py:91}}
Jun 03 11:56:35.996585 np0000002051 devstack@g-api.service[98870]: DEBUG glance_store._drivers.filesystem [None req-bdce78c7-83e4-4c48-a116-801bddd06448 admin admin] Wrote 21430272 bytes to /tmp/staging/8b4cbaa3-6852-4523-9072-2eb38b3ed3f4 with checksum c8fc807773e5354afe61636071771906 and multihash c8fc807773e5354afe61636071771906 {{(pid=98870) add /opt/stack/data/venv/lib/python3.12/site-packages/glance_store/_drivers/filesystem.py:899}}
Jun 03 11:56:36.018446 np0000002051 devstack@g-api.service[98870]: [pid: 98870|app: 0|req: 3/4] 127.0.0.1 () {42 vars in 931 bytes} [Wed Jun 3 11:56:34 2026] PUT /v2/images/8b4cbaa3-6852-4523-9072-2eb38b3ed3f4/stage => generated 0 bytes in 1176 msecs (HTTP/1.1 204) 4 headers in 171 bytes (1 switches on core 0)
Jun 03 11:56:36.026409 np0000002051 devstack@g-api.service[98871]: DEBUG glance.api.middleware.version_negotiation [None req-5ed7dff9-2085-4644-9ab7-88b0ae4aba9e admin admin] Determining version of request: POST /v2/images/8b4cbaa3-6852-4523-9072-2eb38b3ed3f4/import Accept: */* {{(pid=98871) process_request /opt/stack/glance/glance/api/middleware/version_negotiation.py:44}}
Jun 03 11:56:36.026727 np0000002051 devstack@g-api.service[98871]: DEBUG glance.api.middleware.version_negotiation [None req-5ed7dff9-2085-4644-9ab7-88b0ae4aba9e admin admin] Using url versioning {{(pid=98871) process_request /opt/stack/glance/glance/api/middleware/version_negotiation.py:57}}
Jun 03 11:56:36.026727 np0000002051 devstack@g-api.service[98871]: DEBUG glance.api.middleware.version_negotiation [None req-5ed7dff9-2085-4644-9ab7-88b0ae4aba9e admin admin] Matched version: v2 {{(pid=98871) process_request /opt/stack/glance/glance/api/middleware/version_negotiation.py:69}}
Jun 03 11:56:36.026727 np0000002051 devstack@g-api.service[98871]: DEBUG glance.api.middleware.version_negotiation [None req-5ed7dff9-2085-4644-9ab7-88b0ae4aba9e admin admin] new path /v2/images/8b4cbaa3-6852-4523-9072-2eb38b3ed3f4/import {{(pid=98871) process_request /opt/stack/glance/glance/api/middleware/version_negotiation.py:70}}
Jun 03 11:56:36.481903 np0000002051 devstack@g-api.service[98871]: DEBUG glance.domain [None req-db308191-3c13-4b29-8d75-d5bbd1e94b2b admin admin] Loading taskflow executor {{(pid=98871) new_task_executor /opt/stack/glance/glance/domain/__init__.py:530}}
Jun 03 11:56:36.662080 np0000002051 devstack@g-api.service[98871]: DEBUG oslo_concurrency.lockutils [None req-db308191-3c13-4b29-8d75-d5bbd1e94b2b admin admin] Acquiring lock "tasks_pool" by "glance.api.common.memoize..memoizer_wrapper..memoizer" {{(pid=98871) inner /opt/stack/data/venv/lib/python3.12/site-packages/oslo_concurrency/lockutils.py:511}}
Jun 03 11:56:36.662226 np0000002051 devstack@g-api.service[98871]: DEBUG oslo_concurrency.lockutils [None req-db308191-3c13-4b29-8d75-d5bbd1e94b2b admin admin] Lock "tasks_pool" acquired by "glance.api.common.memoize..memoizer_wrapper..memoizer" :: waited 0.000s {{(pid=98871) inner /opt/stack/data/venv/lib/python3.12/site-packages/oslo_concurrency/lockutils.py:524}}
Jun 03 11:56:36.662546 np0000002051 devstack@g-api.service[98871]: DEBUG glance.api.common [None req-db308191-3c13-4b29-8d75-d5bbd1e94b2b admin admin] Initializing named threadpool 'tasks_pool' {{(pid=98871) _get_thread_pool /opt/stack/glance/glance/api/common.py:242}}
Jun 03 11:56:36.662649 np0000002051 devstack@g-api.service[98871]: DEBUG glance.async_ [None req-db308191-3c13-4b29-8d75-d5bbd1e94b2b admin admin] Creating threadpool model 'ThreadPoolExecutor' with size 16 {{(pid=98871) __init__ /opt/stack/glance/glance/async_/__init__.py:100}}
Jun 03 11:56:36.662805 np0000002051 devstack@g-api.service[98871]: DEBUG oslo_concurrency.lockutils [None req-db308191-3c13-4b29-8d75-d5bbd1e94b2b admin admin] Lock "tasks_pool" "released" by "glance.api.common.memoize..memoizer_wrapper..memoizer" :: held 0.001s {{(pid=98871) inner /opt/stack/data/venv/lib/python3.12/site-packages/oslo_concurrency/lockutils.py:543}}
Jun 03 11:56:36.662924 np0000002051 devstack@g-api.service[98871]: DEBUG glance.async_ [None req-db308191-3c13-4b29-8d75-d5bbd1e94b2b admin admin] Spawning with ThreadPoolExecutor: >((,), {}) {{(pid=98871) spawn /opt/stack/glance/glance/async_/__init__.py:106}}
Jun 03 11:56:36.664541 np0000002051 devstack@g-api.service[98871]: [pid: 98871|app: 0|req: 2/5] 127.0.0.1 () {42 vars in 923 bytes} [Wed Jun 3 11:56:36 2026] POST /v2/images/8b4cbaa3-6852-4523-9072-2eb38b3ed3f4/import => generated 0 bytes in 638 msecs (HTTP/1.1 202) 4 headers in 169 bytes (1 switches on core 0)
Jun 03 11:56:36.666752 np0000002051 devstack@g-api.service[98871]: INFO glance.domain [-] Task [78cdf088-688b-4fe1-a976-6a6b8b501869] status changing from pending to processing
Jun 03 11:56:36.672663 np0000002051 devstack@g-api.service[98870]: DEBUG glance.api.middleware.version_negotiation [None req-bdce78c7-83e4-4c48-a116-801bddd06448 admin admin] Determining version of request: GET /v2/images/8b4cbaa3-6852-4523-9072-2eb38b3ed3f4 Accept: */* {{(pid=98870) process_request /opt/stack/glance/glance/api/middleware/version_negotiation.py:44}}
Jun 03 11:56:36.672880 np0000002051 devstack@g-api.service[98870]: DEBUG glance.api.middleware.version_negotiation [None req-bdce78c7-83e4-4c48-a116-801bddd06448 admin admin] Using url versioning {{(pid=98870) process_request /opt/stack/glance/glance/api/middleware/version_negotiation.py:57}}
Jun 03 11:56:36.673015 np0000002051 devstack@g-api.service[98870]: DEBUG glance.api.middleware.version_negotiation [None req-bdce78c7-83e4-4c48-a116-801bddd06448 admin admin] Matched version: v2 {{(pid=98870) process_request /opt/stack/glance/glance/api/middleware/version_negotiation.py:69}}
Jun 03 11:56:36.673101 np0000002051 devstack@g-api.service[98870]: DEBUG glance.api.middleware.version_negotiation [None req-bdce78c7-83e4-4c48-a116-801bddd06448 admin admin] new path /v2/images/8b4cbaa3-6852-4523-9072-2eb38b3ed3f4 {{(pid=98870) process_request /opt/stack/glance/glance/api/middleware/version_negotiation.py:70}}
Jun 03 11:56:36.678405 np0000002051 devstack@g-api.service[98871]: DEBUG glance.async_.taskflow_executor [-] Taskflow executor picked up the execution of task ID 78cdf088-688b-4fe1-a976-6a6b8b501869 of task type api_image_import {{(pid=98871) _run /opt/stack/glance/glance/async_/taskflow_executor.py:163}}
Jun 03 11:56:36.681507 np0000002051 devstack@g-api.service[98870]: [pid: 98870|app: 0|req: 4/6] 127.0.0.1 () {38 vars in 856 bytes} [Wed Jun 3 11:56:36 2026] GET /v2/images/8b4cbaa3-6852-4523-9072-2eb38b3ed3f4 => generated 879 bytes in 9 msecs (HTTP/1.1 200) 4 headers in 157 bytes (1 switches on core 0)
Jun 03 11:56:36.696152 np0000002051 devstack@g-api.service[98871]: DEBUG glance_store.backend [-] Attempting to import store cinder {{(pid=98871) _load_store /opt/stack/data/venv/lib/python3.12/site-packages/glance_store/backend.py:215}}
Jun 03 11:56:36.696254 np0000002051 devstack@g-api.service[98871]: DEBUG glance_store.backend [-] Attempting to import store file {{(pid=98871) _load_store /opt/stack/data/venv/lib/python3.12/site-packages/glance_store/backend.py:215}}
Jun 03 11:56:36.696340 np0000002051 devstack@g-api.service[98871]: DEBUG glance_store.backend [-] Attempting to import store glance.store.cinder.Store {{(pid=98871) _load_store /opt/stack/data/venv/lib/python3.12/site-packages/glance_store/backend.py:215}}
Jun 03 11:56:36.696423 np0000002051 devstack@g-api.service[98871]: DEBUG glance_store.backend [-] Attempting to import store glance.store.filesystem.Store {{(pid=98871) _load_store /opt/stack/data/venv/lib/python3.12/site-packages/glance_store/backend.py:215}}
Jun 03 11:56:36.696488 np0000002051 devstack@g-api.service[98871]: DEBUG glance_store.backend [-] Attempting to import store glance.store.http.Store {{(pid=98871) _load_store /opt/stack/data/venv/lib/python3.12/site-packages/glance_store/backend.py:215}}
Jun 03 11:56:36.696589 np0000002051 devstack@g-api.service[98871]: DEBUG glance_store.backend [-] Attempting to import store glance.store.rbd.Store {{(pid=98871) _load_store /opt/stack/data/venv/lib/python3.12/site-packages/glance_store/backend.py:215}}
Jun 03 11:56:36.696655 np0000002051 devstack@g-api.service[98871]: DEBUG glance_store.backend [-] Attempting to import store glance.store.s3.Store {{(pid=98871) _load_store /opt/stack/data/venv/lib/python3.12/site-packages/glance_store/backend.py:215}}
Jun 03 11:56:36.696732 np0000002051 devstack@g-api.service[98871]: DEBUG glance_store.backend [-] Attempting to import store glance.store.swift.Store {{(pid=98871) _load_store /opt/stack/data/venv/lib/python3.12/site-packages/glance_store/backend.py:215}}
Jun 03 11:56:36.696803 np0000002051 devstack@g-api.service[98871]: DEBUG glance_store.backend [-] Attempting to import store glance.store.vmware_datastore.Store {{(pid=98871) _load_store /opt/stack/data/venv/lib/python3.12/site-packages/glance_store/backend.py:215}}
Jun 03 11:56:36.696907 np0000002051 devstack@g-api.service[98871]: DEBUG glance_store.backend [-] Attempting to import store http {{(pid=98871) _load_store /opt/stack/data/venv/lib/python3.12/site-packages/glance_store/backend.py:215}}
Jun 03 11:56:36.696972 np0000002051 devstack@g-api.service[98871]: DEBUG glance_store.backend [-] Attempting to import store no_conf {{(pid=98871) _load_store /opt/stack/data/venv/lib/python3.12/site-packages/glance_store/backend.py:215}}
Jun 03 11:56:36.697044 np0000002051 devstack@g-api.service[98871]: DEBUG glance_store.backend [-] Attempting to import store rbd {{(pid=98871) _load_store /opt/stack/data/venv/lib/python3.12/site-packages/glance_store/backend.py:215}}
Jun 03 11:56:36.697113 np0000002051 devstack@g-api.service[98871]: DEBUG glance_store.backend [-] Attempting to import store s3 {{(pid=98871) _load_store /opt/stack/data/venv/lib/python3.12/site-packages/glance_store/backend.py:215}}
Jun 03 11:56:36.697183 np0000002051 devstack@g-api.service[98871]: DEBUG glance_store.backend [-] Attempting to import store swift {{(pid=98871) _load_store /opt/stack/data/venv/lib/python3.12/site-packages/glance_store/backend.py:215}}
Jun 03 11:56:36.697252 np0000002051 devstack@g-api.service[98871]: DEBUG glance_store.backend [-] Attempting to import store vmware {{(pid=98871) _load_store /opt/stack/data/venv/lib/python3.12/site-packages/glance_store/backend.py:215}}
Jun 03 11:56:36.697333 np0000002051 devstack@g-api.service[98871]: DEBUG glance_store.backend [-] Registering options for group glance_store {{(pid=98871) register_opts /opt/stack/data/venv/lib/python3.12/site-packages/glance_store/backend.py:144}}
Jun 03 11:56:36.697443 np0000002051 devstack@g-api.service[98871]: DEBUG glance_store.backend [-] Registering options for group glance_store {{(pid=98871) register_opts /opt/stack/data/venv/lib/python3.12/site-packages/glance_store/backend.py:144}}
Jun 03 11:56:36.697723 np0000002051 devstack@g-api.service[98871]: DEBUG glance_store.backend [-] Attempting to import store file {{(pid=98871) _load_store /opt/stack/data/venv/lib/python3.12/site-packages/glance_store/backend.py:215}}
Jun 03 11:56:36.698070 np0000002051 devstack@g-api.service[98871]: DEBUG glance_store.capabilities [-] Store glance_store._drivers.filesystem.Store doesn't support updating dynamic storage capabilities. Please overwrite 'update_capabilities' method of the store to implement updating logics if needed. {{(pid=98871) update_capabilities /opt/stack/data/venv/lib/python3.12/site-packages/glance_store/capabilities.py:91}}
Jun 03 11:56:36.704889 np0000002051 devstack@g-api.service[98871]: DEBUG glance.async_.flows.api_image_import [-] Image 8b4cbaa3-6852-4523-9072-2eb38b3ed3f4 os_glance_importing_to_stores= {{(pid=98871) merge_store_list /opt/stack/glance/glance/async_/flows/api_image_import.py:277}}
Jun 03 11:56:36.704991 np0000002051 devstack@g-api.service[98871]: DEBUG glance.async_.flows.api_image_import [-] Image 8b4cbaa3-6852-4523-9072-2eb38b3ed3f4 os_glance_failed_import= {{(pid=98871) merge_store_list /opt/stack/glance/glance/async_/flows/api_image_import.py:277}}
Jun 03 11:56:36.708965 np0000002051 devstack@g-api.service[98871]: DEBUG glance.async_.flows.api_image_import [-] Image 8b4cbaa3-6852-4523-9072-2eb38b3ed3f4 status changing from uploading to importing {{(pid=98871) __exit__ /opt/stack/glance/glance/async_/flows/api_image_import.py:166}}
Jun 03 11:56:37.172961 np0000002051 devstack@g-api.service[98871]: DEBUG glance.async_ [-] Creating threadpool model 'ThreadPoolExecutor' with size 10 {{(pid=98871) __init__ /opt/stack/glance/glance/async_/__init__.py:100}}
Jun 03 11:56:37.194089 np0000002051 devstack@g-api.service[98871]: DEBUG glance.async_.taskflow_executor [-] Flow 'api_image_import' (0751bbcb-cb37-4b83-86a1-67abd7921130) transitioned into state 'RUNNING' from state 'PENDING' {{(pid=98871) _flow_receiver /opt/stack/data/venv/lib/python3.12/site-packages/taskflow/listeners/logging.py:160}}
Jun 03 11:56:37.195964 np0000002051 devstack@g-api.service[98871]: DEBUG glance.async_.taskflow_executor [-] Task 'api_image_import-ImageLock-78cdf088-688b-4fe1-a976-6a6b8b501869' (f7b861d5-caf3-432c-a87d-761b72efd6ed) transitioned into state 'RUNNING' from state 'PENDING' {{(pid=98871) _task_receiver /opt/stack/data/venv/lib/python3.12/site-packages/taskflow/listeners/logging.py:242}}
Jun 03 11:56:37.203053 np0000002051 devstack@g-api.service[98871]: DEBUG glance.async_.flows.api_image_import [-] Image 8b4cbaa3-6852-4523-9072-2eb38b3ed3f4 import task 78cdf088-688b-4fe1-a976-6a6b8b501869 lock confirmed {{(pid=98871) execute /opt/stack/glance/glance/async_/flows/api_image_import.py:477}}
Jun 03 11:56:37.203756 np0000002051 devstack@g-api.service[98871]: DEBUG glance.async_.taskflow_executor [-] Task 'api_image_import-ImageLock-78cdf088-688b-4fe1-a976-6a6b8b501869' (f7b861d5-caf3-432c-a87d-761b72efd6ed) transitioned into state 'SUCCESS' from state 'RUNNING' with result 'None' {{(pid=98871) _task_receiver /opt/stack/data/venv/lib/python3.12/site-packages/taskflow/listeners/logging.py:218}}
Jun 03 11:56:37.204453 np0000002051 devstack@g-api.service[98871]: DEBUG glance.async_.taskflow_executor [-] Task 'api_image_import-ConfigureStaging-78cdf088-688b-4fe1-a976-6a6b8b501869' (14b8d6c4-82be-4b25-9a4e-94e69d8e9d41) transitioned into state 'RUNNING' from state 'PENDING' {{(pid=98871) _task_receiver /opt/stack/data/venv/lib/python3.12/site-packages/taskflow/listeners/logging.py:242}}
Jun 03 11:56:37.205442 np0000002051 devstack@g-api.service[98871]: DEBUG glance.async_.taskflow_executor [-] Task 'api_image_import-ConfigureStaging-78cdf088-688b-4fe1-a976-6a6b8b501869' (14b8d6c4-82be-4b25-9a4e-94e69d8e9d41) transitioned into state 'SUCCESS' from state 'RUNNING' with result 'file:///tmp/staging/8b4cbaa3-6852-4523-9072-2eb38b3ed3f4' {{(pid=98871) _task_receiver /opt/stack/data/venv/lib/python3.12/site-packages/taskflow/listeners/logging.py:218}}
Jun 03 11:56:37.206074 np0000002051 devstack@g-api.service[98871]: DEBUG glance.async_.taskflow_executor [-] Task 'api_image_import--ImportToStore-78cdf088-688b-4fe1-a976-6a6b8b501869' (54d046d7-019d-4bfd-b9cc-a8b365de97c6) transitioned into state 'RUNNING' from state 'PENDING' {{(pid=98871) _task_receiver /opt/stack/data/venv/lib/python3.12/site-packages/taskflow/listeners/logging.py:242}}
Jun 03 11:56:37.212563 np0000002051 devstack@g-api.service[98871]: INFO glance.common.scripts.image_import.main [-] Task 78cdf088-688b-4fe1-a976-6a6b8b501869: Got image data uri file:///tmp/staging/8b4cbaa3-6852-4523-9072-2eb38b3ed3f4 to be imported
Jun 03 11:56:37.214233 np0000002051 devstack@g-api.service[98871]: DEBUG glance.location [-] Enabling in-flight format inspection for qcow2 {{(pid=98871) set_data /opt/stack/glance/glance/location.py:616}}
Jun 03 11:56:37.214749 np0000002051 devstack@g-api.service[98871]: DEBUG glance_store.backend [-] Attempting to import store swift {{(pid=98871) _load_store /opt/stack/data/venv/lib/python3.12/site-packages/glance_store/backend.py:215}}
Jun 03 11:56:37.216765 np0000002051 devstack@g-api.service[98871]: DEBUG glance_store.capabilities [-] Store glance_store._drivers.swift.store.SingleTenantStore doesn't support updating dynamic storage capabilities. Please overwrite 'update_capabilities' method of the store to implement updating logics if needed. {{(pid=98871) update_capabilities /opt/stack/data/venv/lib/python3.12/site-packages/glance_store/capabilities.py:91}}
Jun 03 11:56:37.216883 np0000002051 devstack@g-api.service[98871]: DEBUG glance_store.driver [-] Late loading location class glance_store._drivers.swift.store.StoreLocation {{(pid=98871) get_store_location_class /opt/stack/data/venv/lib/python3.12/site-packages/glance_store/driver.py:134}}
Jun 03 11:56:37.217002 np0000002051 devstack@g-api.service[98871]: DEBUG glance_store.location [-] Registering scheme swift+https with {'store': , 'location_class': , 'store_entry': 'swift'} {{(pid=98871) register_scheme_map /opt/stack/data/venv/lib/python3.12/site-packages/glance_store/location.py:146}}
Jun 03 11:56:37.217095 np0000002051 devstack@g-api.service[98871]: DEBUG glance_store.location [-] Registering scheme swift+https with {'store': , 'location_class': , 'store_entry': 'swift'} {{(pid=98871) register_scheme_map /opt/stack/data/venv/lib/python3.12/site-packages/glance_store/location.py:146}}
Jun 03 11:56:37.217178 np0000002051 devstack@g-api.service[98871]: DEBUG glance_store.location [-] Registering scheme swift with {'store': , 'location_class': , 'store_entry': 'swift'} {{(pid=98871) register_scheme_map /opt/stack/data/venv/lib/python3.12/site-packages/glance_store/location.py:146}}
Jun 03 11:56:37.217276 np0000002051 devstack@g-api.service[98871]: DEBUG glance_store.location [-] Registering scheme swift+https with {'store': , 'location_class': , 'store_entry': 'swift'} {{(pid=98871) register_scheme_map /opt/stack/data/venv/lib/python3.12/site-packages/glance_store/location.py:146}}
Jun 03 11:56:37.217368 np0000002051 devstack@g-api.service[98871]: DEBUG glance_store.location [-] Registering scheme swift with {'store': , 'location_class': , 'store_entry': 'swift'} {{(pid=98871) register_scheme_map /opt/stack/data/venv/lib/python3.12/site-packages/glance_store/location.py:146}}
Jun 03 11:56:37.217458 np0000002051 devstack@g-api.service[98871]: DEBUG glance_store.location [-] Registering scheme swift+http with {'store': , 'location_class': , 'store_entry': 'swift'} {{(pid=98871) register_scheme_map /opt/stack/data/venv/lib/python3.12/site-packages/glance_store/location.py:146}}
Jun 03 11:56:37.217568 np0000002051 devstack@g-api.service[98871]: DEBUG glance_store.location [-] Registering scheme swift+https with {'store': , 'location_class': , 'store_entry': 'swift'} {{(pid=98871) register_scheme_map /opt/stack/data/venv/lib/python3.12/site-packages/glance_store/location.py:146}}
Jun 03 11:56:37.217656 np0000002051 devstack@g-api.service[98871]: DEBUG glance_store.location [-] Registering scheme swift with {'store': , 'location_class': , 'store_entry': 'swift'} {{(pid=98871) register_scheme_map /opt/stack/data/venv/lib/python3.12/site-packages/glance_store/location.py:146}}
Jun 03 11:56:37.217742 np0000002051 devstack@g-api.service[98871]: DEBUG glance_store.location [-] Registering scheme swift+http with {'store': , 'location_class': , 'store_entry': 'swift'} {{(pid=98871) register_scheme_map /opt/stack/data/venv/lib/python3.12/site-packages/glance_store/location.py:146}}
Jun 03 11:56:37.217833 np0000002051 devstack@g-api.service[98871]: DEBUG glance_store.location [-] Registering scheme swift+config with {'store': , 'location_class': , 'store_entry': 'swift'} {{(pid=98871) register_scheme_map /opt/stack/data/venv/lib/python3.12/site-packages/glance_store/location.py:146}}
Jun 03 11:56:37.677976 np0000002051 devstack@g-api.service[98871]: INFO swiftclient [-] REQ: curl -i https://10.4.3.117:8080/v1/AUTH_2e98bee7d16e4f1bb5e1ce3c503d24f5/glance -I -H "X-Auth-Token: gAAAAABqIBZ13mFd..."
Jun 03 11:56:37.678072 np0000002051 devstack@g-api.service[98871]: INFO swiftclient [-] RESP STATUS: 404 Not Found
Jun 03 11:56:37.678172 np0000002051 devstack@g-api.service[98871]: INFO swiftclient [-] RESP HEADERS: {'Date': 'Wed, 03 Jun 2026 11:56:37 GMT', 'Server': 'Apache/2.4.58 (Ubuntu)', 'Content-Type': 'text/html; charset=UTF-8', 'X-Trans-Id': 'tx6f0042200192414288d3e-006a201675', 'X-Openstack-Request-Id': 'tx6f0042200192414288d3e-006a201675', 'Connection': 'close'}
Jun 03 11:56:37.678395 np0000002051 devstack@g-api.service[98871]: INFO glance_store._drivers.swift.store [-] Creating swift container glance
Jun 03 11:56:37.771250 np0000002051 devstack@g-api.service[98871]: DEBUG swiftclient [-] REQ: curl -i https://10.4.3.117:8080/v1/AUTH_2e98bee7d16e4f1bb5e1ce3c503d24f5/glance -X PUT -H "X-Auth-Token: gAAAAABqIBZ13mFd..." -H "Content-Length: 0" {{(pid=98871) http_log /opt/stack/data/venv/lib/python3.12/site-packages/swiftclient/client.py:160}}
Jun 03 11:56:37.771579 np0000002051 devstack@g-api.service[98871]: DEBUG swiftclient [-] RESP STATUS: 201 Created {{(pid=98871) http_log /opt/stack/data/venv/lib/python3.12/site-packages/swiftclient/client.py:161}}
Jun 03 11:56:37.771757 np0000002051 devstack@g-api.service[98871]: DEBUG swiftclient [-] RESP HEADERS: {'Date': 'Wed, 03 Jun 2026 11:56:37 GMT', 'Server': 'Apache/2.4.58 (Ubuntu)', 'Content-Type': 'text/html; charset=UTF-8', 'Content-Length': '0', 'X-Trans-Id': 'tx381e4a17affc4ab291b8a-006a201675', 'X-Openstack-Request-Id': 'tx381e4a17affc4ab291b8a-006a201675', 'Connection': 'close'} {{(pid=98871) http_log /opt/stack/data/venv/lib/python3.12/site-packages/swiftclient/client.py:162}}
Jun 03 11:56:37.771950 np0000002051 devstack@g-api.service[98871]: DEBUG glance_store._drivers.swift.store [-] Adding image object '8b4cbaa3-6852-4523-9072-2eb38b3ed3f4' to Swift {{(pid=98871) add /opt/stack/data/venv/lib/python3.12/site-packages/glance_store/_drivers/swift/store.py:970}}
Jun 03 11:56:37.778550 np0000002051 devstack@g-api.service[98871]: DEBUG oslo_utils.imageutils.format_inspector [-] Format inspector for vmdk does not match, excluding from consideration (Signature KDMV not found: b'QFI\xfb') {{(pid=98871) _process_chunk /opt/stack/data/venv/lib/python3.12/site-packages/oslo_utils/imageutils/format_inspector.py:1758}}
Jun 03 11:56:37.784000 np0000002051 devstack@g-api.service[98871]: DEBUG oslo_utils.imageutils.format_inspector [-] Format inspector for vhdx does not match, excluding from consideration (Region signature not found at 30000) {{(pid=98871) _process_chunk /opt/stack/data/venv/lib/python3.12/site-packages/oslo_utils/imageutils/format_inspector.py:1758}}
Jun 03 11:56:38.098901 np0000002051 devstack@g-api.service[98871]: DEBUG swiftclient [-] REQ: curl -i https://10.4.3.117:8080/v1/AUTH_2e98bee7d16e4f1bb5e1ce3c503d24f5/glance/8b4cbaa3-6852-4523-9072-2eb38b3ed3f4 -X PUT -H "X-Auth-Token: gAAAAABqIBZ13mFd..." -H "Content-Length: 21430272" {{(pid=98871) http_log /opt/stack/data/venv/lib/python3.12/site-packages/swiftclient/client.py:160}}
Jun 03 11:56:38.098984 np0000002051 devstack@g-api.service[98871]: DEBUG swiftclient [-] RESP STATUS: 201 Created {{(pid=98871) http_log /opt/stack/data/venv/lib/python3.12/site-packages/swiftclient/client.py:161}}
Jun 03 11:56:38.099060 np0000002051 devstack@g-api.service[98871]: DEBUG swiftclient [-] RESP HEADERS: {'Date': 'Wed, 03 Jun 2026 11:56:38 GMT', 'Server': 'Apache/2.4.58 (Ubuntu)', 'Content-Type': 'text/html; charset=UTF-8', 'Content-Length': '0', 'Etag': 'c8fc807773e5354afe61636071771906', 'Last-Modified': 'Wed, 03 Jun 2026 11:56:38 GMT', 'X-Trans-Id': 'txba1ba0eba350413a81199-006a201675', 'X-Openstack-Request-Id': 'txba1ba0eba350413a81199-006a201675', 'Connection': 'close'} {{(pid=98871) http_log /opt/stack/data/venv/lib/python3.12/site-packages/swiftclient/client.py:162}}
Jun 03 11:56:38.117560 np0000002051 devstack@g-api.service[98871]: INFO glance.location [-] Image format matched and virtual size computed: 117440512
Jun 03 11:56:38.125190 np0000002051 devstack@g-api.service[98871]: DEBUG glance.async_.flows.api_image_import [-] Image 8b4cbaa3-6852-4523-9072-2eb38b3ed3f4 status changing from importing to active {{(pid=98871) __exit__ /opt/stack/glance/glance/async_/flows/api_image_import.py:166}}
Jun 03 11:56:38.147245 np0000002051 devstack@g-api.service[98871]: DEBUG glance_store.backend [-] Attempting to import store swift {{(pid=98871) _load_store /opt/stack/data/venv/lib/python3.12/site-packages/glance_store/backend.py:215}}
Jun 03 11:56:38.148362 np0000002051 devstack@g-api.service[98871]: DEBUG glance_store.capabilities [-] Store glance_store._drivers.swift.store.SingleTenantStore doesn't support updating dynamic storage capabilities. Please overwrite 'update_capabilities' method of the store to implement updating logics if needed. {{(pid=98871) update_capabilities /opt/stack/data/venv/lib/python3.12/site-packages/glance_store/capabilities.py:91}}
Jun 03 11:56:38.148432 np0000002051 devstack@g-api.service[98871]: DEBUG glance_store.driver [-] Late loading location class glance_store._drivers.swift.store.StoreLocation {{(pid=98871) get_store_location_class /opt/stack/data/venv/lib/python3.12/site-packages/glance_store/driver.py:134}}
Jun 03 11:56:38.148494 np0000002051 devstack@g-api.service[98871]: DEBUG glance_store.location [-] Registering scheme swift+https with {'store': , 'location_class': , 'store_entry': 'swift'} {{(pid=98871) register_scheme_map /opt/stack/data/venv/lib/python3.12/site-packages/glance_store/location.py:146}}
Jun 03 11:56:38.148565 np0000002051 devstack@g-api.service[98871]: DEBUG glance_store.location [-] Registering scheme swift+https with {'store': , 'location_class': , 'store_entry': 'swift'} {{(pid=98871) register_scheme_map /opt/stack/data/venv/lib/python3.12/site-packages/glance_store/location.py:146}}
Jun 03 11:56:38.148619 np0000002051 devstack@g-api.service[98871]: DEBUG glance_store.location [-] Registering scheme swift with {'store': , 'location_class': , 'store_entry': 'swift'} {{(pid=98871) register_scheme_map /opt/stack/data/venv/lib/python3.12/site-packages/glance_store/location.py:146}}
Jun 03 11:56:38.148671 np0000002051 devstack@g-api.service[98871]: DEBUG glance_store.location [-] Registering scheme swift+https with {'store': , 'location_class': , 'store_entry': 'swift'} {{(pid=98871) register_scheme_map /opt/stack/data/venv/lib/python3.12/site-packages/glance_store/location.py:146}}
Jun 03 11:56:38.148738 np0000002051 devstack@g-api.service[98871]: DEBUG glance_store.location [-] Registering scheme swift with {'store': , 'location_class': , 'store_entry': 'swift'} {{(pid=98871) register_scheme_map /opt/stack/data/venv/lib/python3.12/site-packages/glance_store/location.py:146}}
Jun 03 11:56:38.148806 np0000002051 devstack@g-api.service[98871]: DEBUG glance_store.location [-] Registering scheme swift+http with {'store': , 'location_class': , 'store_entry': 'swift'} {{(pid=98871) register_scheme_map /opt/stack/data/venv/lib/python3.12/site-packages/glance_store/location.py:146}}
Jun 03 11:56:38.148885 np0000002051 devstack@g-api.service[98871]: DEBUG glance_store.location [-] Registering scheme swift+https with {'store': , 'location_class': , 'store_entry': 'swift'} {{(pid=98871) register_scheme_map /opt/stack/data/venv/lib/python3.12/site-packages/glance_store/location.py:146}}
Jun 03 11:56:38.148936 np0000002051 devstack@g-api.service[98871]: DEBUG glance_store.location [-] Registering scheme swift with {'store': , 'location_class': , 'store_entry': 'swift'} {{(pid=98871) register_scheme_map /opt/stack/data/venv/lib/python3.12/site-packages/glance_store/location.py:146}}
Jun 03 11:56:38.148984 np0000002051 devstack@g-api.service[98871]: DEBUG glance_store.location [-] Registering scheme swift+http with {'store': , 'location_class': , 'store_entry': 'swift'} {{(pid=98871) register_scheme_map /opt/stack/data/venv/lib/python3.12/site-packages/glance_store/location.py:146}}
