Jul 02 13:42:37.779020 np0000004283 nova-scheduler[93024]: DEBUG cotyledon.oslo_config_glue [-] oslo_messaging_notifications.retry = -1 {{(pid=93024) log_opt_values /opt/stack/data/venv/lib/python3.12/site-packages/oslo_config/cfg.py:3253}}
Jul 02 13:42:37.779122 np0000004283 nova-scheduler[93024]: DEBUG cotyledon.oslo_config_glue [-] oslo_messaging_notifications.topics = ['notifications'] {{(pid=93024) log_opt_values /opt/stack/data/venv/lib/python3.12/site-packages/oslo_config/cfg.py:3253}}
Jul 02 13:42:37.779236 np0000004283 nova-scheduler[93024]: DEBUG cotyledon.oslo_config_glue [-] oslo_messaging_notifications.transport_url = **** {{(pid=93024) log_opt_values /opt/stack/data/venv/lib/python3.12/site-packages/oslo_config/cfg.py:3253}}
Jul 02 13:42:37.779374 np0000004283 nova-scheduler[93024]: DEBUG cotyledon.oslo_config_glue [-] oslo_limit.auth_section = None {{(pid=93024) log_opt_values /opt/stack/data/venv/lib/python3.12/site-packages/oslo_config/cfg.py:3253}}
Jul 02 13:42:37.779490 np0000004283 nova-scheduler[93024]: DEBUG cotyledon.oslo_config_glue [-] oslo_limit.auth_type = None {{(pid=93024) log_opt_values /opt/stack/data/venv/lib/python3.12/site-packages/oslo_config/cfg.py:3253}}
Jul 02 13:42:37.779596 np0000004283 nova-scheduler[93024]: DEBUG cotyledon.oslo_config_glue [-] oslo_limit.cafile = None {{(pid=93024) log_opt_values /opt/stack/data/venv/lib/python3.12/site-packages/oslo_config/cfg.py:3253}}
Jul 02 13:42:37.779724 np0000004283 nova-scheduler[93024]: DEBUG cotyledon.oslo_config_glue [-] oslo_limit.certfile = None {{(pid=93024) log_opt_values /opt/stack/data/venv/lib/python3.12/site-packages/oslo_config/cfg.py:3253}}
Jul 02 13:42:37.779827 np0000004283 nova-scheduler[93024]: DEBUG cotyledon.oslo_config_glue [-] oslo_limit.collect_timing = False {{(pid=93024) log_opt_values /opt/stack/data/venv/lib/python3.12/site-packages/oslo_config/cfg.py:3253}}
Jul 02 13:42:37.779927 np0000004283 nova-scheduler[93024]: DEBUG cotyledon.oslo_config_glue [-] oslo_limit.connect_retries = None {{(pid=93024) log_opt_values /opt/stack/data/venv/lib/python3.12/site-packages/oslo_config/cfg.py:3253}}
Jul 02 13:42:37.780026 np0000004283 nova-scheduler[93024]: DEBUG cotyledon.oslo_config_glue [-] oslo_limit.connect_retry_delay = None {{(pid=93024) log_opt_values /opt/stack/data/venv/lib/python3.12/site-packages/oslo_config/cfg.py:3253}}
Jul 02 13:42:37.780141 np0000004283 nova-scheduler[93024]: DEBUG cotyledon.oslo_config_glue [-] oslo_limit.endpoint_id = None {{(pid=93024) log_opt_values /opt/stack/data/venv/lib/python3.12/site-packages/oslo_config/cfg.py:3253}}
Jul 02 13:42:37.780251 np0000004283 nova-scheduler[93024]: DEBUG cotyledon.oslo_config_glue [-] oslo_limit.endpoint_interface = public {{(pid=93024) log_opt_values /opt/stack/data/venv/lib/python3.12/site-packages/oslo_config/cfg.py:3253}}
Jul 02 13:42:37.780349 np0000004283 nova-scheduler[93024]: DEBUG cotyledon.oslo_config_glue [-] oslo_limit.endpoint_override = None {{(pid=93024) log_opt_values /opt/stack/data/venv/lib/python3.12/site-packages/oslo_config/cfg.py:3253}}
Jul 02 13:42:37.780441 np0000004283 nova-scheduler[93024]: DEBUG cotyledon.oslo_config_glue [-] oslo_limit.endpoint_region_name = None {{(pid=93024) log_opt_values /opt/stack/data/venv/lib/python3.12/site-packages/oslo_config/cfg.py:3253}}
Jul 02 13:42:37.780537 np0000004283 nova-scheduler[93024]: DEBUG cotyledon.oslo_config_glue [-] oslo_limit.endpoint_service_name = None {{(pid=93024) log_opt_values /opt/stack/data/venv/lib/python3.12/site-packages/oslo_config/cfg.py:3253}}
Jul 02 13:42:37.780644 np0000004283 nova-scheduler[93024]: DEBUG cotyledon.oslo_config_glue [-] oslo_limit.endpoint_service_type = None {{(pid=93024) log_opt_values /opt/stack/data/venv/lib/python3.12/site-packages/oslo_config/cfg.py:3253}}
Jul 02 13:42:37.780758 np0000004283 nova-scheduler[93024]: DEBUG cotyledon.oslo_config_glue [-] oslo_limit.insecure = False {{(pid=93024) log_opt_values /opt/stack/data/venv/lib/python3.12/site-packages/oslo_config/cfg.py:3253}}
Jul 02 13:42:37.780849 np0000004283 nova-scheduler[93024]: DEBUG cotyledon.oslo_config_glue [-] oslo_limit.keyfile = None {{(pid=93024) log_opt_values /opt/stack/data/venv/lib/python3.12/site-packages/oslo_config/cfg.py:3253}}
Jul 02 13:42:37.780948 np0000004283 nova-scheduler[93024]: DEBUG cotyledon.oslo_config_glue [-] oslo_limit.max_version = None {{(pid=93024) log_opt_values /opt/stack/data/venv/lib/python3.12/site-packages/oslo_config/cfg.py:3253}}
Jul 02 13:42:37.781047 np0000004283 nova-scheduler[93024]: DEBUG cotyledon.oslo_config_glue [-] oslo_limit.min_version = None {{(pid=93024) log_opt_values /opt/stack/data/venv/lib/python3.12/site-packages/oslo_config/cfg.py:3253}}
Jul 02 13:42:37.781135 np0000004283 nova-scheduler[93024]: DEBUG cotyledon.oslo_config_glue [-] oslo_limit.region_name = None {{(pid=93024) log_opt_values /opt/stack/data/venv/lib/python3.12/site-packages/oslo_config/cfg.py:3253}}
Jul 02 13:42:37.781238 np0000004283 nova-scheduler[93024]: DEBUG cotyledon.oslo_config_glue [-] oslo_limit.retriable_status_codes = None {{(pid=93024) log_opt_values /opt/stack/data/venv/lib/python3.12/site-packages/oslo_config/cfg.py:3253}}
Jul 02 13:42:37.781346 np0000004283 nova-scheduler[93024]: DEBUG cotyledon.oslo_config_glue [-] oslo_limit.service_name = None {{(pid=93024) log_opt_values /opt/stack/data/venv/lib/python3.12/site-packages/oslo_config/cfg.py:3253}}
Jul 02 13:42:37.781450 np0000004283 nova-scheduler[93024]: DEBUG cotyledon.oslo_config_glue [-] oslo_limit.service_type = None {{(pid=93024) log_opt_values /opt/stack/data/venv/lib/python3.12/site-packages/oslo_config/cfg.py:3253}}
Jul 02 13:42:37.781560 np0000004283 nova-scheduler[93024]: DEBUG cotyledon.oslo_config_glue [-] oslo_limit.split_loggers = False {{(pid=93024) log_opt_values /opt/stack/data/venv/lib/python3.12/site-packages/oslo_config/cfg.py:3253}}
Jul 02 13:42:37.781688 np0000004283 nova-scheduler[93024]: DEBUG cotyledon.oslo_config_glue [-] oslo_limit.status_code_retries = None {{(pid=93024) log_opt_values /opt/stack/data/venv/lib/python3.12/site-packages/oslo_config/cfg.py:3253}}
Jul 02 13:42:37.781793 np0000004283 nova-scheduler[93024]: DEBUG cotyledon.oslo_config_glue [-] oslo_limit.status_code_retry_delay = None {{(pid=93024) log_opt_values /opt/stack/data/venv/lib/python3.12/site-packages/oslo_config/cfg.py:3253}}
Jul 02 13:42:37.781897 np0000004283 nova-scheduler[93024]: DEBUG cotyledon.oslo_config_glue [-] oslo_limit.timeout = None {{(pid=93024) log_opt_values /opt/stack/data/venv/lib/python3.12/site-packages/oslo_config/cfg.py:3253}}
Jul 02 13:42:37.781995 np0000004283 nova-scheduler[93024]: DEBUG cotyledon.oslo_config_glue [-] oslo_limit.valid_interfaces = None {{(pid=93024) log_opt_values /opt/stack/data/venv/lib/python3.12/site-packages/oslo_config/cfg.py:3253}}
Jul 02 13:42:37.782084 np0000004283 nova-scheduler[93024]: DEBUG cotyledon.oslo_config_glue [-] oslo_limit.version = None {{(pid=93024) log_opt_values /opt/stack/data/venv/lib/python3.12/site-packages/oslo_config/cfg.py:3253}}
Jul 02 13:42:37.782210 np0000004283 nova-scheduler[93024]: DEBUG cotyledon.oslo_config_glue [-] oslo_reports.file_event_handler = None {{(pid=93024) log_opt_values /opt/stack/data/venv/lib/python3.12/site-packages/oslo_config/cfg.py:3253}}
Jul 02 13:42:37.782307 np0000004283 nova-scheduler[93024]: DEBUG cotyledon.oslo_config_glue [-] oslo_reports.file_event_handler_interval = 1 {{(pid=93024) log_opt_values /opt/stack/data/venv/lib/python3.12/site-packages/oslo_config/cfg.py:3253}}
Jul 02 13:42:37.782418 np0000004283 nova-scheduler[93024]: DEBUG cotyledon.oslo_config_glue [-] oslo_reports.log_dir = None {{(pid=93024) log_opt_values /opt/stack/data/venv/lib/python3.12/site-packages/oslo_config/cfg.py:3253}}
Jul 02 13:42:37.782524 np0000004283 nova-scheduler[93024]: DEBUG cotyledon.oslo_config_glue [-] ******************************************************************************** {{(pid=93024) log_opt_values /opt/stack/data/venv/lib/python3.12/site-packages/oslo_config/cfg.py:3260}}
Jul 02 13:42:37.782755 np0000004283 nova-scheduler[93024]: DEBUG cotyledon._service_worker [-] Run service ServiceWrapper(1) [93024] {{(pid=93024) wait_forever /opt/stack/data/venv/lib/python3.12/site-packages/cotyledon/_service_worker.py:218}}
Jul 02 13:42:37.784015 np0000004283 nova-scheduler[93024]: INFO nova.service [-] Starting scheduler node (version 33.1.0)
Jul 02 13:42:37.786339 np0000004283 nova-scheduler[93027]: DEBUG dbcounter [-] [93027] Writer thread running {{(pid=93027) stat_writer /opt/stack/data/venv/lib/python3.12/site-packages/dbcounter.py:102}}
Jul 02 13:42:37.787981 np0000004283 nova-scheduler[93024]: INFO dbcounter [None req-f596629a-0494-4160-8da7-142b06327cc9 None None] Registered counter for database nova_cell0
Jul 02 13:42:37.791646 np0000004283 nova-scheduler[93021]: DEBUG nova.service [None req-74fa3ae7-1835-47e9-9bfb-75aeafb9c60f None None] Creating RPC server for service: nova-scheduler on topic: scheduler {{(pid=93021) start /opt/stack/nova/nova/service.py:196}}
Jul 02 13:42:37.801427 np0000004283 nova-scheduler[93027]: DEBUG nova.service [None req-822eae0b-2c26-4665-942c-2090ae95f92c None None] Creating RPC server for service: nova-scheduler on topic: scheduler {{(pid=93027) start /opt/stack/nova/nova/service.py:196}}
Jul 02 13:42:37.821277 np0000004283 nova-scheduler[93024]: DEBUG oslo_db.sqlalchemy.engines [None req-f596629a-0494-4160-8da7-142b06327cc9 None None] MySQL server mode set to STRICT_TRANS_TABLES,STRICT_ALL_TABLES,NO_ZERO_IN_DATE,NO_ZERO_DATE,ERROR_FOR_DIVISION_BY_ZERO,TRADITIONAL,NO_ENGINE_SUBSTITUTION {{(pid=93024) _check_effective_sql_mode /opt/stack/data/venv/lib/python3.12/site-packages/oslo_db/sqlalchemy/engines.py:325}}
Jul 02 13:42:37.821930 np0000004283 nova-scheduler[93027]: DEBUG nova.service [None req-822eae0b-2c26-4665-942c-2090ae95f92c None None] Join ServiceGroup membership for this service scheduler {{(pid=93027) start /opt/stack/nova/nova/service.py:222}}
Jul 02 13:42:37.822383 np0000004283 nova-scheduler[93027]: DEBUG nova.servicegroup.drivers.db [None req-822eae0b-2c26-4665-942c-2090ae95f92c None None] DB_Driver: join new ServiceGroup member np0000004283 to the scheduler group, service = {{(pid=93027) join /opt/stack/nova/nova/servicegroup/drivers/db.py:44}}
Jul 02 13:42:37.823259 np0000004283 nova-scheduler[93021]: DEBUG nova.service [None req-74fa3ae7-1835-47e9-9bfb-75aeafb9c60f None None] Join ServiceGroup membership for this service scheduler {{(pid=93021) start /opt/stack/nova/nova/service.py:222}}
Jul 02 13:42:37.823560 np0000004283 nova-scheduler[93021]: DEBUG nova.servicegroup.drivers.db [None req-74fa3ae7-1835-47e9-9bfb-75aeafb9c60f None None] DB_Driver: join new ServiceGroup member np0000004283 to the scheduler group, service = {{(pid=93021) join /opt/stack/nova/nova/servicegroup/drivers/db.py:44}}
Jul 02 13:42:37.830953 np0000004283 nova-scheduler[93024]: DEBUG dbcounter [-] [93024] Writer thread running {{(pid=93024) stat_writer /opt/stack/data/venv/lib/python3.12/site-packages/dbcounter.py:102}}
Jul 02 13:42:37.834464 np0000004283 nova-scheduler[93024]: DEBUG nova.service [None req-f596629a-0494-4160-8da7-142b06327cc9 None None] Creating RPC server for service: nova-scheduler on topic: scheduler {{(pid=93024) start /opt/stack/nova/nova/service.py:196}}
Jul 02 13:42:37.850902 np0000004283 nova-scheduler[93024]: DEBUG nova.service [None req-f596629a-0494-4160-8da7-142b06327cc9 None None] Join ServiceGroup membership for this service scheduler {{(pid=93024) start /opt/stack/nova/nova/service.py:222}}
Jul 02 13:42:37.851187 np0000004283 nova-scheduler[93024]: DEBUG nova.servicegroup.drivers.db [None req-f596629a-0494-4160-8da7-142b06327cc9 None None] DB_Driver: join new ServiceGroup member np0000004283 to the scheduler group, service = {{(pid=93024) join /opt/stack/nova/nova/servicegroup/drivers/db.py:44}}
Jul 02 13:42:42.835583 np0000004283 nova-scheduler[93027]: DEBUG oslo.service.backend._threading.loopingcall [-] Fixed interval looping call 'nova.servicegroup.drivers.db.DbDriver._report_state' sleeping for 119.99 seconds {{(pid=93027) _run_loop /opt/stack/data/venv/lib/python3.12/site-packages/oslo_service/backend/_threading/loopingcall.py:125}}
Jul 02 13:42:42.839939 np0000004283 nova-scheduler[93021]: DEBUG oslo.service.backend._threading.loopingcall [-] Fixed interval looping call 'nova.servicegroup.drivers.db.DbDriver._report_state' sleeping for 119.99 seconds {{(pid=93021) _run_loop /opt/stack/data/venv/lib/python3.12/site-packages/oslo_service/backend/_threading/loopingcall.py:125}}
Jul 02 13:42:42.867509 np0000004283 nova-scheduler[93024]: DEBUG oslo.service.backend._threading.loopingcall [-] Fixed interval looping call 'nova.servicegroup.drivers.db.DbDriver._report_state' sleeping for 119.99 seconds {{(pid=93024) _run_loop /opt/stack/data/venv/lib/python3.12/site-packages/oslo_service/backend/_threading/loopingcall.py:125}}
Jul 02 13:42:46.341395 np0000004283 nova-scheduler[91818]: DEBUG dbcounter [-] [91818] Writing DB stats nova_api:SELECT=3 {{(pid=91818) stat_writer /opt/stack/data/venv/lib/python3.12/site-packages/dbcounter.py:115}}
Jul 02 13:42:46.472260 np0000004283 nova-scheduler[91818]: DEBUG dbcounter [-] [91818] Writing DB stats nova_cell0:SELECT=1 {{(pid=91818) stat_writer /opt/stack/data/venv/lib/python3.12/site-packages/dbcounter.py:115}}
Jul 02 13:42:46.476568 np0000004283 nova-scheduler[91818]: DEBUG dbcounter [-] [91818] Writing DB stats nova_cell1:SELECT=1 {{(pid=91818) stat_writer /opt/stack/data/venv/lib/python3.12/site-packages/dbcounter.py:115}}
Jul 02 13:42:52.833648 np0000004283 nova-scheduler[93027]: DEBUG dbcounter [-] [93027] Writing DB stats nova_cell0:SELECT=4,nova_cell0:INSERT=1,nova_cell0:UPDATE=1 {{(pid=93027) stat_writer /opt/stack/data/venv/lib/python3.12/site-packages/dbcounter.py:115}}
Jul 02 13:42:52.837985 np0000004283 nova-scheduler[93021]: DEBUG dbcounter [-] [93021] Writing DB stats nova_cell0:SELECT=4,nova_cell0:INSERT=1 {{(pid=93021) stat_writer /opt/stack/data/venv/lib/python3.12/site-packages/dbcounter.py:115}}
Jul 02 13:42:52.864326 np0000004283 nova-scheduler[93024]: DEBUG dbcounter [-] [93024] Writing DB stats nova_cell0:SELECT=3 {{(pid=93024) stat_writer /opt/stack/data/venv/lib/python3.12/site-packages/dbcounter.py:115}}
Jul 02 13:43:00.824962 np0000004283 nova-scheduler[93027]: DEBUG oslo.service.backend._threading.loopingcall [None req-7e2c4eeb-c99d-4b00-9842-fac6895e2a8d None None] Dynamic interval looping call 'nova.service.Service.periodic_tasks' sleeping for 60.00 seconds {{(pid=93027) _run_loop /opt/stack/data/venv/lib/python3.12/site-packages/oslo_service/backend/_threading/loopingcall.py:125}}
Jul 02 13:43:03.853286 np0000004283 nova-scheduler[93024]: DEBUG oslo.service.backend._threading.loopingcall [None req-d434dfd5-7755-456a-8893-0ca835993cfb None None] Dynamic interval looping call 'nova.service.Service.periodic_tasks' sleeping for 60.00 seconds {{(pid=93024) _run_loop /opt/stack/data/venv/lib/python3.12/site-packages/oslo_service/backend/_threading/loopingcall.py:125}}
Jul 02 13:43:29.825763 np0000004283 nova-scheduler[93021]: DEBUG oslo.service.backend._threading.loopingcall [None req-89dc5415-aa2b-433a-ad71-c6af27f505a2 None None] Dynamic interval looping call 'nova.service.Service.periodic_tasks' sleeping for 60.00 seconds {{(pid=93021) _run_loop /opt/stack/data/venv/lib/python3.12/site-packages/oslo_service/backend/_threading/loopingcall.py:125}}
Jul 02 13:44:00.825438 np0000004283 nova-scheduler[93027]: DEBUG oslo.service.backend._threading.loopingcall [None req-7e2c4eeb-c99d-4b00-9842-fac6895e2a8d None None] Dynamic interval looping call 'nova.service.Service.periodic_tasks' sleeping for 60.00 seconds {{(pid=93027) _run_loop /opt/stack/data/venv/lib/python3.12/site-packages/oslo_service/backend/_threading/loopingcall.py:125}}
Jul 02 13:44:03.853771 np0000004283 nova-scheduler[93024]: DEBUG oslo.service.backend._threading.loopingcall [None req-d434dfd5-7755-456a-8893-0ca835993cfb None None] Dynamic interval looping call 'nova.service.Service.periodic_tasks' sleeping for 60.00 seconds {{(pid=93024) _run_loop /opt/stack/data/venv/lib/python3.12/site-packages/oslo_service/backend/_threading/loopingcall.py:125}}
Jul 02 13:44:29.826351 np0000004283 nova-scheduler[93021]: DEBUG oslo.service.backend._threading.loopingcall [None req-89dc5415-aa2b-433a-ad71-c6af27f505a2 None None] Dynamic interval looping call 'nova.service.Service.periodic_tasks' sleeping for 60.00 seconds {{(pid=93021) _run_loop /opt/stack/data/venv/lib/python3.12/site-packages/oslo_service/backend/_threading/loopingcall.py:125}}
Jul 02 13:44:42.838219 np0000004283 nova-scheduler[93027]: DEBUG oslo.service.backend._threading.loopingcall [-] Fixed interval looping call 'nova.servicegroup.drivers.db.DbDriver._report_state' sleeping for 119.99 seconds {{(pid=93027) _run_loop /opt/stack/data/venv/lib/python3.12/site-packages/oslo_service/backend/_threading/loopingcall.py:125}}
Jul 02 13:44:42.838694 np0000004283 nova-scheduler[93021]: DEBUG oslo.service.backend._threading.loopingcall [-] Fixed interval looping call 'nova.servicegroup.drivers.db.DbDriver._report_state' sleeping for 119.99 seconds {{(pid=93021) _run_loop /opt/stack/data/venv/lib/python3.12/site-packages/oslo_service/backend/_threading/loopingcall.py:125}}
Jul 02 13:44:42.861813 np0000004283 nova-scheduler[93024]: DEBUG oslo.service.backend._threading.loopingcall [-] Fixed interval looping call 'nova.servicegroup.drivers.db.DbDriver._report_state' sleeping for 120.00 seconds {{(pid=93024) _run_loop /opt/stack/data/venv/lib/python3.12/site-packages/oslo_service/backend/_threading/loopingcall.py:125}}
Jul 02 13:44:52.829384 np0000004283 nova-scheduler[93027]: DEBUG dbcounter [-] [93027] Writing DB stats nova_cell0:SELECT=1,nova_cell0:UPDATE=1 {{(pid=93027) stat_writer /opt/stack/data/venv/lib/python3.12/site-packages/dbcounter.py:115}}
Jul 02 13:44:52.836536 np0000004283 nova-scheduler[93021]: DEBUG dbcounter [-] [93021] Writing DB stats nova_cell0:SELECT=1,nova_cell0:UPDATE=1 {{(pid=93021) stat_writer /opt/stack/data/venv/lib/python3.12/site-packages/dbcounter.py:115}}
Jul 02 13:44:52.859863 np0000004283 nova-scheduler[93024]: DEBUG dbcounter [-] [93024] Writing DB stats nova_cell0:SELECT=1 {{(pid=93024) stat_writer /opt/stack/data/venv/lib/python3.12/site-packages/dbcounter.py:115}}
Jul 02 13:45:00.826378 np0000004283 nova-scheduler[93027]: DEBUG oslo.service.backend._threading.loopingcall [None req-7e2c4eeb-c99d-4b00-9842-fac6895e2a8d None None] Dynamic interval looping call 'nova.service.Service.periodic_tasks' sleeping for 60.00 seconds {{(pid=93027) _run_loop /opt/stack/data/venv/lib/python3.12/site-packages/oslo_service/backend/_threading/loopingcall.py:125}}
Jul 02 13:45:03.309477 np0000004283 nova-scheduler[93027]: DEBUG nova.scheduler.manager [None req-6f0a56f4-b1e1-4193-bd75-ee79d58e9d85 tempest-DeleteServersTestJSON-526863798 tempest-DeleteServersTestJSON-526863798-project-member] Starting to schedule for instances: ['759b9e64-d8eb-4b43-abee-8c3b958e13b3'] {{(pid=93027) select_destinations /opt/stack/nova/nova/scheduler/manager.py:209}}
Jul 02 13:45:03.310851 np0000004283 nova-scheduler[93027]: DEBUG nova.scheduler.request_filter [None req-6f0a56f4-b1e1-4193-bd75-ee79d58e9d85 tempest-DeleteServersTestJSON-526863798 tempest-DeleteServersTestJSON-526863798-project-member] compute_status_filter request filter added forbidden trait COMPUTE_STATUS_DISABLED {{(pid=93027) compute_status_filter /opt/stack/nova/nova/scheduler/request_filter.py:253}}
Jul 02 13:45:03.310851 np0000004283 nova-scheduler[93027]: DEBUG nova.scheduler.request_filter [None req-6f0a56f4-b1e1-4193-bd75-ee79d58e9d85 tempest-DeleteServersTestJSON-526863798 tempest-DeleteServersTestJSON-526863798-project-member] Request filter 'compute_status_filter' took 0.0 seconds {{(pid=93027) wrapper /opt/stack/nova/nova/scheduler/request_filter.py:46}}
Jul 02 13:45:03.310851 np0000004283 nova-scheduler[93027]: DEBUG nova.scheduler.request_filter [None req-6f0a56f4-b1e1-4193-bd75-ee79d58e9d85 tempest-DeleteServersTestJSON-526863798 tempest-DeleteServersTestJSON-526863798-project-member] Request filter 'accelerators_filter' took 0.0 seconds {{(pid=93027) wrapper /opt/stack/nova/nova/scheduler/request_filter.py:46}}
Jul 02 13:45:03.310851 np0000004283 nova-scheduler[93027]: DEBUG nova.scheduler.request_filter [None req-6f0a56f4-b1e1-4193-bd75-ee79d58e9d85 tempest-DeleteServersTestJSON-526863798 tempest-DeleteServersTestJSON-526863798-project-member] Request filter 'packed_virtqueue_filter' took 0.0 seconds {{(pid=93027) wrapper /opt/stack/nova/nova/scheduler/request_filter.py:46}}
Jul 02 13:45:03.310851 np0000004283 nova-scheduler[93027]: DEBUG nova.scheduler.request_filter [None req-6f0a56f4-b1e1-4193-bd75-ee79d58e9d85 tempest-DeleteServersTestJSON-526863798 tempest-DeleteServersTestJSON-526863798-project-member] Request filter 'remote_managed_ports_filter' took 0.0 seconds {{(pid=93027) wrapper /opt/stack/nova/nova/scheduler/request_filter.py:46}}
Jul 02 13:45:03.312454 np0000004283 nova-scheduler[93027]: DEBUG nova.scheduler.request_filter [None req-6f0a56f4-b1e1-4193-bd75-ee79d58e9d85 tempest-DeleteServersTestJSON-526863798 tempest-DeleteServersTestJSON-526863798-project-member] ephemeral_encryption_filter skipped {{(pid=93027) ephemeral_encryption_filter /opt/stack/nova/nova/scheduler/request_filter.py:426}}
Jul 02 13:45:03.313466 np0000004283 nova-scheduler[93027]: DEBUG nova.scheduler.request_filter [None req-6f0a56f4-b1e1-4193-bd75-ee79d58e9d85 tempest-DeleteServersTestJSON-526863798 tempest-DeleteServersTestJSON-526863798-project-member] virtio_sound_filter skipped {{(pid=93027) virtio_sound_filter /opt/stack/nova/nova/scheduler/request_filter.py:460}}
Jul 02 13:45:03.313466 np0000004283 nova-scheduler[93027]: DEBUG nova.scheduler.request_filter [None req-6f0a56f4-b1e1-4193-bd75-ee79d58e9d85 tempest-DeleteServersTestJSON-526863798 tempest-DeleteServersTestJSON-526863798-project-member] tpm_secret_security_filter skipped {{(pid=93027) tpm_secret_security_filter /opt/stack/nova/nova/scheduler/request_filter.py:477}}
Jul 02 13:45:03.331526 np0000004283 nova-scheduler[93021]: DEBUG nova.scheduler.manager [None req-97a3f950-91c2-4b6a-aeb9-99382ec16ff3 tempest-ServerBootFromVolumeStableRescueTest-2144705313 tempest-ServerBootFromVolumeStableRescueTest-2144705313-project-member] Starting to schedule for instances: ['e664b0d1-baff-4ab2-8184-2214d2aba7ab'] {{(pid=93021) select_destinations /opt/stack/nova/nova/scheduler/manager.py:209}}
Jul 02 13:45:03.332058 np0000004283 nova-scheduler[93021]: DEBUG nova.scheduler.request_filter [None req-97a3f950-91c2-4b6a-aeb9-99382ec16ff3 tempest-ServerBootFromVolumeStableRescueTest-2144705313 tempest-ServerBootFromVolumeStableRescueTest-2144705313-project-member] compute_status_filter request filter added forbidden trait COMPUTE_STATUS_DISABLED {{(pid=93021) compute_status_filter /opt/stack/nova/nova/scheduler/request_filter.py:253}}
Jul 02 13:45:03.332169 np0000004283 nova-scheduler[93021]: DEBUG nova.scheduler.request_filter [None req-97a3f950-91c2-4b6a-aeb9-99382ec16ff3 tempest-ServerBootFromVolumeStableRescueTest-2144705313 tempest-ServerBootFromVolumeStableRescueTest-2144705313-project-member] Request filter 'compute_status_filter' took 0.0 seconds {{(pid=93021) wrapper /opt/stack/nova/nova/scheduler/request_filter.py:46}}
Jul 02 13:45:03.332374 np0000004283 nova-scheduler[93021]: DEBUG nova.scheduler.request_filter [None req-97a3f950-91c2-4b6a-aeb9-99382ec16ff3 tempest-ServerBootFromVolumeStableRescueTest-2144705313 tempest-ServerBootFromVolumeStableRescueTest-2144705313-project-member] Request filter 'accelerators_filter' took 0.0 seconds {{(pid=93021) wrapper /opt/stack/nova/nova/scheduler/request_filter.py:46}}
Jul 02 13:45:03.332586 np0000004283 nova-scheduler[93021]: DEBUG nova.scheduler.request_filter [None req-97a3f950-91c2-4b6a-aeb9-99382ec16ff3 tempest-ServerBootFromVolumeStableRescueTest-2144705313 tempest-ServerBootFromVolumeStableRescueTest-2144705313-project-member] Request filter 'packed_virtqueue_filter' took 0.0 seconds {{(pid=93021) wrapper /opt/stack/nova/nova/scheduler/request_filter.py:46}}
Jul 02 13:45:03.333138 np0000004283 nova-scheduler[93021]: DEBUG nova.scheduler.request_filter [None req-97a3f950-91c2-4b6a-aeb9-99382ec16ff3 tempest-ServerBootFromVolumeStableRescueTest-2144705313 tempest-ServerBootFromVolumeStableRescueTest-2144705313-project-member] Request filter 'remote_managed_ports_filter' took 0.0 seconds {{(pid=93021) wrapper /opt/stack/nova/nova/scheduler/request_filter.py:46}}
Jul 02 13:45:03.333295 np0000004283 nova-scheduler[93021]: DEBUG nova.scheduler.request_filter [None req-97a3f950-91c2-4b6a-aeb9-99382ec16ff3 tempest-ServerBootFromVolumeStableRescueTest-2144705313 tempest-ServerBootFromVolumeStableRescueTest-2144705313-project-member] ephemeral_encryption_filter skipped {{(pid=93021) ephemeral_encryption_filter /opt/stack/nova/nova/scheduler/request_filter.py:426}}
Jul 02 13:45:03.333437 np0000004283 nova-scheduler[93021]: DEBUG nova.scheduler.request_filter [None req-97a3f950-91c2-4b6a-aeb9-99382ec16ff3 tempest-ServerBootFromVolumeStableRescueTest-2144705313 tempest-ServerBootFromVolumeStableRescueTest-2144705313-project-member] virtio_sound_filter skipped {{(pid=93021) virtio_sound_filter /opt/stack/nova/nova/scheduler/request_filter.py:460}}
Jul 02 13:45:03.333535 np0000004283 nova-scheduler[93021]: DEBUG nova.scheduler.request_filter [None req-97a3f950-91c2-4b6a-aeb9-99382ec16ff3 tempest-ServerBootFromVolumeStableRescueTest-2144705313 tempest-ServerBootFromVolumeStableRescueTest-2144705313-project-member] tpm_secret_security_filter skipped {{(pid=93021) tpm_secret_security_filter /opt/stack/nova/nova/scheduler/request_filter.py:477}}
Jul 02 13:45:03.685459 np0000004283 nova-scheduler[93021]: INFO nova.utils [None req-97a3f950-91c2-4b6a-aeb9-99382ec16ff3 tempest-ServerBootFromVolumeStableRescueTest-2144705313 tempest-ServerBootFromVolumeStableRescueTest-2144705313-project-member] The cell worker thread pool ForkProcess-1.cell_worker is initialized
Jul 02 13:45:03.685846 np0000004283 nova-scheduler[93021]: DEBUG oslo_concurrency.lockutils [None req-97a3f950-91c2-4b6a-aeb9-99382ec16ff3 tempest-ServerBootFromVolumeStableRescueTest-2144705313 tempest-ServerBootFromVolumeStableRescueTest-2144705313-project-member] Acquiring lock "fca4f546-68db-4ed4-9109-e456c0bf7dd7" by "nova.context.set_target_cell..get_or_set_cached_cell_and_set_connections" {{(pid=93021) inner /opt/stack/data/venv/lib/python3.12/site-packages/oslo_concurrency/lockutils.py:511}}
Jul 02 13:45:03.686062 np0000004283 nova-scheduler[93021]: DEBUG oslo_concurrency.lockutils [None req-97a3f950-91c2-4b6a-aeb9-99382ec16ff3 tempest-ServerBootFromVolumeStableRescueTest-2144705313 tempest-ServerBootFromVolumeStableRescueTest-2144705313-project-member] Lock "fca4f546-68db-4ed4-9109-e456c0bf7dd7" acquired by "nova.context.set_target_cell..get_or_set_cached_cell_and_set_connections" :: waited 0.000s {{(pid=93021) inner /opt/stack/data/venv/lib/python3.12/site-packages/oslo_concurrency/lockutils.py:524}}
Jul 02 13:45:03.687638 np0000004283 nova-scheduler[93021]: DEBUG oslo_concurrency.lockutils [None req-97a3f950-91c2-4b6a-aeb9-99382ec16ff3 tempest-ServerBootFromVolumeStableRescueTest-2144705313 tempest-ServerBootFromVolumeStableRescueTest-2144705313-project-member] Lock "fca4f546-68db-4ed4-9109-e456c0bf7dd7" "released" by "nova.context.set_target_cell..get_or_set_cached_cell_and_set_connections" :: held 0.001s {{(pid=93021) inner /opt/stack/data/venv/lib/python3.12/site-packages/oslo_concurrency/lockutils.py:543}}
Jul 02 13:45:03.689096 np0000004283 nova-scheduler[93021]: INFO dbcounter [None req-97a3f950-91c2-4b6a-aeb9-99382ec16ff3 tempest-ServerBootFromVolumeStableRescueTest-2144705313 tempest-ServerBootFromVolumeStableRescueTest-2144705313-project-member] Registered counter for database nova_cell1
Jul 02 13:45:03.726113 np0000004283 nova-scheduler[93021]: DEBUG oslo_db.sqlalchemy.engines [None req-97a3f950-91c2-4b6a-aeb9-99382ec16ff3 tempest-ServerBootFromVolumeStableRescueTest-2144705313 tempest-ServerBootFromVolumeStableRescueTest-2144705313-project-member] MySQL server mode set to STRICT_TRANS_TABLES,STRICT_ALL_TABLES,NO_ZERO_IN_DATE,NO_ZERO_DATE,ERROR_FOR_DIVISION_BY_ZERO,TRADITIONAL,NO_ENGINE_SUBSTITUTION {{(pid=93021) _check_effective_sql_mode /opt/stack/data/venv/lib/python3.12/site-packages/oslo_db/sqlalchemy/engines.py:325}}
Jul 02 13:45:03.730823 np0000004283 nova-scheduler[93021]: DEBUG dbcounter [-] [93021] Writer thread running {{(pid=93021) stat_writer /opt/stack/data/venv/lib/python3.12/site-packages/dbcounter.py:102}}
Jul 02 13:45:03.741708 np0000004283 nova-scheduler[93021]: DEBUG oslo_db.sqlalchemy.engines [None req-97a3f950-91c2-4b6a-aeb9-99382ec16ff3 tempest-ServerBootFromVolumeStableRescueTest-2144705313 tempest-ServerBootFromVolumeStableRescueTest-2144705313-project-member] Parent process 91818 forked (93021) with an open database connection, which is being discarded and recreated. {{(pid=93021) checkout /opt/stack/data/venv/lib/python3.12/site-packages/oslo_db/sqlalchemy/engines.py:402}}
Jul 02 13:45:03.774599 np0000004283 nova-scheduler[93021]: DEBUG dbcounter [-] [93021] Writer thread running {{(pid=93021) stat_writer /opt/stack/data/venv/lib/python3.12/site-packages/dbcounter.py:102}}
Jul 02 13:45:03.777237 np0000004283 nova-scheduler[93021]: DEBUG oslo_concurrency.lockutils [None req-97a3f950-91c2-4b6a-aeb9-99382ec16ff3 tempest-ServerBootFromVolumeStableRescueTest-2144705313 tempest-ServerBootFromVolumeStableRescueTest-2144705313-project-member] Acquiring lock "fca4f546-68db-4ed4-9109-e456c0bf7dd7" by "nova.context.set_target_cell..get_or_set_cached_cell_and_set_connections" {{(pid=93021) inner /opt/stack/data/venv/lib/python3.12/site-packages/oslo_concurrency/lockutils.py:511}}
Jul 02 13:45:03.777448 np0000004283 nova-scheduler[93021]: DEBUG oslo_concurrency.lockutils [None req-97a3f950-91c2-4b6a-aeb9-99382ec16ff3 tempest-ServerBootFromVolumeStableRescueTest-2144705313 tempest-ServerBootFromVolumeStableRescueTest-2144705313-project-member] Lock "fca4f546-68db-4ed4-9109-e456c0bf7dd7" acquired by "nova.context.set_target_cell..get_or_set_cached_cell_and_set_connections" :: waited 0.000s {{(pid=93021) inner /opt/stack/data/venv/lib/python3.12/site-packages/oslo_concurrency/lockutils.py:524}}
Jul 02 13:45:03.777519 np0000004283 nova-scheduler[93021]: DEBUG oslo_concurrency.lockutils [None req-97a3f950-91c2-4b6a-aeb9-99382ec16ff3 tempest-ServerBootFromVolumeStableRescueTest-2144705313 tempest-ServerBootFromVolumeStableRescueTest-2144705313-project-member] Lock "fca4f546-68db-4ed4-9109-e456c0bf7dd7" "released" by "nova.context.set_target_cell..get_or_set_cached_cell_and_set_connections" :: held 0.000s {{(pid=93021) inner /opt/stack/data/venv/lib/python3.12/site-packages/oslo_concurrency/lockutils.py:543}}
Jul 02 13:45:03.780487 np0000004283 nova-scheduler[93021]: DEBUG oslo_concurrency.lockutils [None req-97a3f950-91c2-4b6a-aeb9-99382ec16ff3 tempest-ServerBootFromVolumeStableRescueTest-2144705313 tempest-ServerBootFromVolumeStableRescueTest-2144705313-project-member] Acquiring lock "np0000004283-np0000004283" by "nova.scheduler.host_manager.HostState.update.._locked_update" {{(pid=93021) inner /opt/stack/data/venv/lib/python3.12/site-packages/oslo_concurrency/lockutils.py:511}}
Jul 02 13:45:03.780699 np0000004283 nova-scheduler[93021]: DEBUG oslo_concurrency.lockutils [None req-97a3f950-91c2-4b6a-aeb9-99382ec16ff3 tempest-ServerBootFromVolumeStableRescueTest-2144705313 tempest-ServerBootFromVolumeStableRescueTest-2144705313-project-member] Lock "np0000004283-np0000004283" acquired by "nova.scheduler.host_manager.HostState.update.._locked_update" :: waited 0.000s {{(pid=93021) inner /opt/stack/data/venv/lib/python3.12/site-packages/oslo_concurrency/lockutils.py:524}}
Jul 02 13:45:03.781664 np0000004283 nova-scheduler[93021]: DEBUG nova.scheduler.host_manager [None req-97a3f950-91c2-4b6a-aeb9-99382ec16ff3 tempest-ServerBootFromVolumeStableRescueTest-2144705313 tempest-ServerBootFromVolumeStableRescueTest-2144705313-project-member] Update host state from compute node: ComputeNode(cpu_allocation_ratio=4.0,cpu_info='{"arch": "x86_64", "model": "EPYC-Milan", "vendor": "AMD", "topology": {"cells": 1, "sockets": 16, "cores": 1, "threads": 1}, "maxphysaddr": {"mode": "emulate", "bits": 40}, "features": ["bmi2", "erms", "spec-ctrl", "perfctr_core", "ibpb", "mtrr", "smap", "arch-capabilities", "sse4.2", "v-vmsave-vmload", "avx2", "apic", "virt-ssbd", "fpu", "hypervisor", "npt", "xsaveopt", "rdrand", "3dnowprefetch", "mmx", "nrip-save", "cmov", "mmxext", "null-sel-clr-base", "sha-ni", "svm", "gds-no", "rdctl-no", "lm", "movbe", "fsgsbase", "tsc_adjust", "lbrv", "mce", "vaes", "vgif", "pfthreshold", "skip-l1dfl-vmentry", "clflushopt", "misalignsse", "ssbd", "rdseed", "sse", "cx8", "mds-no", "lahf_lm", "flushbyasid", "stibp-always-on", "lfence-always-serializing", "pse", "fsrm", "msr", "fxsr_opt", "mca", "aes", "cmp_legacy", "pge", "vpclmulqdq", "abm", "svme-addr-chk", "vmcb-clean", "tsc-scale", "xsaveerptr", "pdpe1gb", "pcid", "xsaves", "umip", "pschange-mc-no", "amd-psfd", "rdtscp", "fxsr", "ssse3", "sse2", "bmi1", "pku", "pse36", "stibp", "no-nested-data-bp", "ibrs", "popcnt", "avx", "tsc-deadline", "clzero", "topoext", "osvw", "pae", "cx16", "xsave", "sse4.1", "xgetbv1", "f16c", "pause-filter", "amd-stibp", "rdpid", "cr8legacy", "tsc", "pat", "pclmuldq", "clflush", "adx", "syscall", "arat", "wbnoinvd", "de", "nx", "sep", "sse4a", "vme", "smep", "fma", "x2apic", "amd-ssbd", "pni", "invpcid", "xsavec", "clwb"]}',created_at=2026-07-02T13:43:03Z,current_workload=0,deleted=False,deleted_at=None,disk_allocation_ratio=1.0,disk_available_least=73,free_disk_gb=95,free_ram_mb=62765,host='np0000004283',host_ip=10.4.3.190,hypervisor_hostname='np0000004283',hypervisor_type='QEMU',hypervisor_version=8002002,id=1,local_gb=95,local_gb_used=0,mapped=1,memory_mb=63277,memory_mb_used=512,metrics='[]',numa_topology='{"nova_object.name": "NUMATopology", "nova_object.namespace": "nova", "nova_object.version": "1.2", "nova_object.data": {"cells": [{"nova_object.name": "NUMACell", "nova_object.namespace": "nova", "nova_object.version": "1.5", "nova_object.data": {"id": 0, "cpuset": [0, 1, 2, 3, 4, 5, 6, 7, 8, 9, 10, 11, 12, 13, 14, 15], "pcpuset": [0, 1, 2, 3, 4, 5, 6, 7, 8, 9, 10, 11, 12, 13, 14, 15], "memory": 63277, "cpu_usage": 0, "memory_usage": 0, "pinned_cpus": [], "siblings": [[6], [12], [2], [15], [5], [11], [8], [14], [4], [1], [7], [10], [0], [13], [3], [9]], "mempages": [{"nova_object.name": "NUMAPagesTopology", "nova_object.namespace": "nova", "nova_object.version": "1.1", "nova_object.data": {"size_kb": 4, "total": 16177929, "used": 0, "reserved": 0}, "nova_object.changes": ["total", "used", "reserved", "size_kb"]}, {"nova_object.name": "NUMAPagesTopology", "nova_object.namespace": "nova", "nova_object.version": "1.1", "nova_object.data": {"size_kb": 2048, "total": 41, "used": 0, "reserved": 0}, "nova_object.changes": ["total", "used", "reserved", "size_kb"]}, {"nova_object.name": "NUMAPagesTopology", "nova_object.namespace": "nova", "nova_object.version": "1.1", "nova_object.data": {"size_kb": 1048576, "total": 0, "used": 0, "reserved": 0}, "nova_object.changes": ["total", "used", "reserved", "size_kb"]}], "network_metadata": {"nova_object.name": "NetworkMetadata", "nova_object.namespace": "nova", "nova_object.version": "1.0", "nova_object.data": {"physnets": [], "tunneled": false}, "nova_object.changes": ["physnets", "tunneled"]}, "socket": null}, "nova_object.changes": ["id", "cpuset", "mempages", "pcpuset", "memory_usage", "siblings", "memory", "network_metadata", "pinned_cpus", "cpu_usage", "socket"]}]}, "nova_object.changes": ["cells"]}',pci_device_pools=PciDevicePoolList,ram_allocation_ratio=1.0,running_vms=0,service_id=2,stats={failed_builds='0',uptime=' 13:44:48 up 13 min, 2 users, load average: 1.74, 1.49, 0.85
Jul 02 13:45:03.781664 np0000004283 nova-scheduler[93021]: '},supported_hv_specs=[HVSpec,HVSpec,HVSpec,HVSpec,HVSpec,HVSpec,HVSpec,HVSpec,HVSpec,HVSpec,HVSpec,HVSpec,HVSpec,HVSpec,HVSpec,HVSpec,HVSpec,HVSpec,HVSpec,HVSpec,HVSpec,HVSpec,HVSpec,HVSpec,HVSpec],updated_at=2026-07-02T13:44:50Z,uuid=62b1b3e1-1e46-4ec1-a79a-7368a4f533ce,vcpus=16,vcpus_used=0) {{(pid=93021) _locked_update /opt/stack/nova/nova/scheduler/host_manager.py:168}}
Jul 02 13:45:03.782455 np0000004283 nova-scheduler[93021]: DEBUG nova.scheduler.host_manager [None req-97a3f950-91c2-4b6a-aeb9-99382ec16ff3 tempest-ServerBootFromVolumeStableRescueTest-2144705313 tempest-ServerBootFromVolumeStableRescueTest-2144705313-project-member] Update host state with aggregates: [] {{(pid=93021) _locked_update /opt/stack/nova/nova/scheduler/host_manager.py:171}}
Jul 02 13:45:03.782585 np0000004283 nova-scheduler[93021]: DEBUG nova.scheduler.host_manager [None req-97a3f950-91c2-4b6a-aeb9-99382ec16ff3 tempest-ServerBootFromVolumeStableRescueTest-2144705313 tempest-ServerBootFromVolumeStableRescueTest-2144705313-project-member] Update host state with service dict: {'id': 2, 'uuid': 'faeb3fdc-52ab-4e13-9e0a-bb6fe9aaf39b', 'host': 'np0000004283', 'binary': 'nova-compute', 'topic': 'compute', 'report_count': 1, 'disabled': False, 'disabled_reason': None, 'last_seen_up': datetime.datetime(2026, 7, 2, 13, 43, 12, tzinfo=datetime.timezone.utc), 'forced_down': False, 'version': 72, 'created_at': datetime.datetime(2026, 7, 2, 13, 43, 2, tzinfo=datetime.timezone.utc), 'updated_at': datetime.datetime(2026, 7, 2, 13, 43, 12, tzinfo=datetime.timezone.utc), 'deleted_at': None, 'deleted': False} {{(pid=93021) _locked_update /opt/stack/nova/nova/scheduler/host_manager.py:174}}
Jul 02 13:45:03.782737 np0000004283 nova-scheduler[93021]: DEBUG nova.scheduler.host_manager [None req-97a3f950-91c2-4b6a-aeb9-99382ec16ff3 tempest-ServerBootFromVolumeStableRescueTest-2144705313 tempest-ServerBootFromVolumeStableRescueTest-2144705313-project-member] Update host state with instances: [] {{(pid=93021) _locked_update /opt/stack/nova/nova/scheduler/host_manager.py:177}}
Jul 02 13:45:03.782811 np0000004283 nova-scheduler[93021]: DEBUG oslo_concurrency.lockutils [None req-97a3f950-91c2-4b6a-aeb9-99382ec16ff3 tempest-ServerBootFromVolumeStableRescueTest-2144705313 tempest-ServerBootFromVolumeStableRescueTest-2144705313-project-member] Lock "np0000004283-np0000004283" "released" by "nova.scheduler.host_manager.HostState.update.._locked_update" :: held 0.002s {{(pid=93021) inner /opt/stack/data/venv/lib/python3.12/site-packages/oslo_concurrency/lockutils.py:543}}
Jul 02 13:45:03.783288 np0000004283 nova-scheduler[93021]: DEBUG nova.filters [None req-97a3f950-91c2-4b6a-aeb9-99382ec16ff3 tempest-ServerBootFromVolumeStableRescueTest-2144705313 tempest-ServerBootFromVolumeStableRescueTest-2144705313-project-member] Starting with 1 host(s) {{(pid=93021) get_filtered_objects /opt/stack/nova/nova/filters.py:70}}
Jul 02 13:45:03.783734 np0000004283 nova-scheduler[93021]: DEBUG nova.filters [None req-97a3f950-91c2-4b6a-aeb9-99382ec16ff3 tempest-ServerBootFromVolumeStableRescueTest-2144705313 tempest-ServerBootFromVolumeStableRescueTest-2144705313-project-member] Filter ComputeFilter returned 1 host(s) {{(pid=93021) get_filtered_objects /opt/stack/nova/nova/filters.py:102}}
Jul 02 13:45:03.783734 np0000004283 nova-scheduler[93021]: DEBUG nova.filters [None req-97a3f950-91c2-4b6a-aeb9-99382ec16ff3 tempest-ServerBootFromVolumeStableRescueTest-2144705313 tempest-ServerBootFromVolumeStableRescueTest-2144705313-project-member] Filter ComputeCapabilitiesFilter returned 1 host(s) {{(pid=93021) get_filtered_objects /opt/stack/nova/nova/filters.py:102}}
Jul 02 13:45:03.783906 np0000004283 nova-scheduler[93021]: DEBUG nova.filters [None req-97a3f950-91c2-4b6a-aeb9-99382ec16ff3 tempest-ServerBootFromVolumeStableRescueTest-2144705313 tempest-ServerBootFromVolumeStableRescueTest-2144705313-project-member] Filter ImagePropertiesFilter returned 1 host(s) {{(pid=93021) get_filtered_objects /opt/stack/nova/nova/filters.py:102}}
Jul 02 13:45:03.783906 np0000004283 nova-scheduler[93021]: DEBUG nova.filters [None req-97a3f950-91c2-4b6a-aeb9-99382ec16ff3 tempest-ServerBootFromVolumeStableRescueTest-2144705313 tempest-ServerBootFromVolumeStableRescueTest-2144705313-project-member] Filter ServerGroupAntiAffinityFilter returned 1 host(s) {{(pid=93021) get_filtered_objects /opt/stack/nova/nova/filters.py:102}}
Jul 02 13:45:03.784000 np0000004283 nova-scheduler[93021]: DEBUG nova.filters [None req-97a3f950-91c2-4b6a-aeb9-99382ec16ff3 tempest-ServerBootFromVolumeStableRescueTest-2144705313 tempest-ServerBootFromVolumeStableRescueTest-2144705313-project-member] Filter ServerGroupAffinityFilter returned 1 host(s) {{(pid=93021) get_filtered_objects /opt/stack/nova/nova/filters.py:102}}
Jul 02 13:45:03.784169 np0000004283 nova-scheduler[93021]: DEBUG nova.filters [None req-97a3f950-91c2-4b6a-aeb9-99382ec16ff3 tempest-ServerBootFromVolumeStableRescueTest-2144705313 tempest-ServerBootFromVolumeStableRescueTest-2144705313-project-member] Filter SameHostFilter returned 1 host(s) {{(pid=93021) get_filtered_objects /opt/stack/nova/nova/filters.py:102}}
Jul 02 13:45:03.784260 np0000004283 nova-scheduler[93021]: DEBUG nova.filters [None req-97a3f950-91c2-4b6a-aeb9-99382ec16ff3 tempest-ServerBootFromVolumeStableRescueTest-2144705313 tempest-ServerBootFromVolumeStableRescueTest-2144705313-project-member] Filter DifferentHostFilter returned 1 host(s) {{(pid=93021) get_filtered_objects /opt/stack/nova/nova/filters.py:102}}
Jul 02 13:45:03.784339 np0000004283 nova-scheduler[93021]: DEBUG nova.scheduler.manager [None req-97a3f950-91c2-4b6a-aeb9-99382ec16ff3 tempest-ServerBootFromVolumeStableRescueTest-2144705313 tempest-ServerBootFromVolumeStableRescueTest-2144705313-project-member] Filtered [(np0000004283, np0000004283) ram: 62765MB disk: 74752MB io_ops: 0 instances: 0, allocation_candidates: 1] {{(pid=93021) _get_sorted_hosts /opt/stack/nova/nova/scheduler/manager.py:742}}
Jul 02 13:45:03.784512 np0000004283 nova-scheduler[93021]: DEBUG nova.scheduler.manager [None req-97a3f950-91c2-4b6a-aeb9-99382ec16ff3 tempest-ServerBootFromVolumeStableRescueTest-2144705313 tempest-ServerBootFromVolumeStableRescueTest-2144705313-project-member] Weighed [WeighedHost [host: (np0000004283, np0000004283) ram: 62765MB disk: 74752MB io_ops: 0 instances: 0, allocation_candidates: 1, weight: 0.0]] {{(pid=93021) _get_sorted_hosts /opt/stack/nova/nova/scheduler/manager.py:764}}
Jul 02 13:45:03.784725 np0000004283 nova-scheduler[93021]: DEBUG nova.scheduler.utils [None req-97a3f950-91c2-4b6a-aeb9-99382ec16ff3 tempest-ServerBootFromVolumeStableRescueTest-2144705313 tempest-ServerBootFromVolumeStableRescueTest-2144705313-project-member] Attempting to claim resources in the placement API for instance e664b0d1-baff-4ab2-8184-2214d2aba7ab {{(pid=93021) claim_resources /opt/stack/nova/nova/scheduler/utils.py:1345}}
Jul 02 13:45:03.845419 np0000004283 nova-scheduler[93027]: INFO nova.utils [None req-6f0a56f4-b1e1-4193-bd75-ee79d58e9d85 tempest-DeleteServersTestJSON-526863798 tempest-DeleteServersTestJSON-526863798-project-member] The cell worker thread pool ForkProcess-3.cell_worker is initialized
Jul 02 13:45:03.846100 np0000004283 nova-scheduler[93027]: DEBUG oslo_concurrency.lockutils [None req-6f0a56f4-b1e1-4193-bd75-ee79d58e9d85 tempest-DeleteServersTestJSON-526863798 tempest-DeleteServersTestJSON-526863798-project-member] Acquiring lock "fca4f546-68db-4ed4-9109-e456c0bf7dd7" by "nova.context.set_target_cell..get_or_set_cached_cell_and_set_connections" {{(pid=93027) inner /opt/stack/data/venv/lib/python3.12/site-packages/oslo_concurrency/lockutils.py:511}}
Jul 02 13:45:03.846100 np0000004283 nova-scheduler[93027]: DEBUG oslo_concurrency.lockutils [None req-6f0a56f4-b1e1-4193-bd75-ee79d58e9d85 tempest-DeleteServersTestJSON-526863798 tempest-DeleteServersTestJSON-526863798-project-member] Lock "fca4f546-68db-4ed4-9109-e456c0bf7dd7" acquired by "nova.context.set_target_cell..get_or_set_cached_cell_and_set_connections" :: waited 0.000s {{(pid=93027) inner /opt/stack/data/venv/lib/python3.12/site-packages/oslo_concurrency/lockutils.py:524}}
Jul 02 13:45:03.847643 np0000004283 nova-scheduler[93027]: DEBUG oslo_concurrency.lockutils [None req-6f0a56f4-b1e1-4193-bd75-ee79d58e9d85 tempest-DeleteServersTestJSON-526863798 tempest-DeleteServersTestJSON-526863798-project-member] Lock "fca4f546-68db-4ed4-9109-e456c0bf7dd7" "released" by "nova.context.set_target_cell..get_or_set_cached_cell_and_set_connections" :: held 0.001s {{(pid=93027) inner /opt/stack/data/venv/lib/python3.12/site-packages/oslo_concurrency/lockutils.py:543}}
Jul 02 13:45:03.849388 np0000004283 nova-scheduler[93027]: INFO dbcounter [None req-6f0a56f4-b1e1-4193-bd75-ee79d58e9d85 tempest-DeleteServersTestJSON-526863798 tempest-DeleteServersTestJSON-526863798-project-member] Registered counter for database nova_cell1
Jul 02 13:45:03.855741 np0000004283 nova-scheduler[93024]: DEBUG oslo.service.backend._threading.loopingcall [None req-d434dfd5-7755-456a-8893-0ca835993cfb None None] Dynamic interval looping call 'nova.service.Service.periodic_tasks' sleeping for 60.00 seconds {{(pid=93024) _run_loop /opt/stack/data/venv/lib/python3.12/site-packages/oslo_service/backend/_threading/loopingcall.py:125}}
Jul 02 13:45:03.879173 np0000004283 nova-scheduler[93027]: DEBUG oslo_db.sqlalchemy.engines [None req-6f0a56f4-b1e1-4193-bd75-ee79d58e9d85 tempest-DeleteServersTestJSON-526863798 tempest-DeleteServersTestJSON-526863798-project-member] MySQL server mode set to STRICT_TRANS_TABLES,STRICT_ALL_TABLES,NO_ZERO_IN_DATE,NO_ZERO_DATE,ERROR_FOR_DIVISION_BY_ZERO,TRADITIONAL,NO_ENGINE_SUBSTITUTION {{(pid=93027) _check_effective_sql_mode /opt/stack/data/venv/lib/python3.12/site-packages/oslo_db/sqlalchemy/engines.py:325}}
Jul 02 13:45:03.887970 np0000004283 nova-scheduler[93027]: DEBUG dbcounter [-] [93027] Writer thread running {{(pid=93027) stat_writer /opt/stack/data/venv/lib/python3.12/site-packages/dbcounter.py:102}}
Jul 02 13:45:03.945045 np0000004283 nova-scheduler[93021]: DEBUG nova.scheduler.manager [None req-97a3f950-91c2-4b6a-aeb9-99382ec16ff3 tempest-ServerBootFromVolumeStableRescueTest-2144705313 tempest-ServerBootFromVolumeStableRescueTest-2144705313-project-member] [instance: e664b0d1-baff-4ab2-8184-2214d2aba7ab] Selected host: (np0000004283, np0000004283) ram: 62765MB disk: 74752MB io_ops: 0 instances: 0, allocation_candidates: 1 {{(pid=93021) _consume_selected_host /opt/stack/nova/nova/scheduler/manager.py:624}}
Jul 02 13:45:03.945262 np0000004283 nova-scheduler[93021]: DEBUG oslo_concurrency.lockutils [None req-97a3f950-91c2-4b6a-aeb9-99382ec16ff3 tempest-ServerBootFromVolumeStableRescueTest-2144705313 tempest-ServerBootFromVolumeStableRescueTest-2144705313-project-member] Acquiring lock "np0000004283-np0000004283" by "nova.scheduler.host_manager.HostState.consume_from_request.._locked" {{(pid=93021) inner /opt/stack/data/venv/lib/python3.12/site-packages/oslo_concurrency/lockutils.py:511}}
Jul 02 13:45:03.945310 np0000004283 nova-scheduler[93027]: DEBUG dbcounter [-] [93027] Writer thread running {{(pid=93027) stat_writer /opt/stack/data/venv/lib/python3.12/site-packages/dbcounter.py:102}}
Jul 02 13:45:03.945395 np0000004283 nova-scheduler[93021]: DEBUG oslo_concurrency.lockutils [None req-97a3f950-91c2-4b6a-aeb9-99382ec16ff3 tempest-ServerBootFromVolumeStableRescueTest-2144705313 tempest-ServerBootFromVolumeStableRescueTest-2144705313-project-member] Lock "np0000004283-np0000004283" acquired by "nova.scheduler.host_manager.HostState.consume_from_request.._locked" :: waited 0.000s {{(pid=93021) inner /opt/stack/data/venv/lib/python3.12/site-packages/oslo_concurrency/lockutils.py:524}}
Jul 02 13:45:03.945559 np0000004283 nova-scheduler[93021]: DEBUG oslo_concurrency.lockutils [None req-97a3f950-91c2-4b6a-aeb9-99382ec16ff3 tempest-ServerBootFromVolumeStableRescueTest-2144705313 tempest-ServerBootFromVolumeStableRescueTest-2144705313-project-member] Lock "np0000004283-np0000004283" "released" by "nova.scheduler.host_manager.HostState.consume_from_request.._locked" :: held 0.000s {{(pid=93021) inner /opt/stack/data/venv/lib/python3.12/site-packages/oslo_concurrency/lockutils.py:543}}
Jul 02 13:45:03.947770 np0000004283 nova-scheduler[93027]: DEBUG oslo_concurrency.lockutils [None req-6f0a56f4-b1e1-4193-bd75-ee79d58e9d85 tempest-DeleteServersTestJSON-526863798 tempest-DeleteServersTestJSON-526863798-project-member] Acquiring lock "fca4f546-68db-4ed4-9109-e456c0bf7dd7" by "nova.context.set_target_cell..get_or_set_cached_cell_and_set_connections" {{(pid=93027) inner /opt/stack/data/venv/lib/python3.12/site-packages/oslo_concurrency/lockutils.py:511}}
Jul 02 13:45:03.947927 np0000004283 nova-scheduler[93027]: DEBUG oslo_concurrency.lockutils [None req-6f0a56f4-b1e1-4193-bd75-ee79d58e9d85 tempest-DeleteServersTestJSON-526863798 tempest-DeleteServersTestJSON-526863798-project-member] Lock "fca4f546-68db-4ed4-9109-e456c0bf7dd7" acquired by "nova.context.set_target_cell..get_or_set_cached_cell_and_set_connections" :: waited 0.000s {{(pid=93027) inner /opt/stack/data/venv/lib/python3.12/site-packages/oslo_concurrency/lockutils.py:524}}
Jul 02 13:45:03.948053 np0000004283 nova-scheduler[93027]: DEBUG oslo_concurrency.lockutils [None req-6f0a56f4-b1e1-4193-bd75-ee79d58e9d85 tempest-DeleteServersTestJSON-526863798 tempest-DeleteServersTestJSON-526863798-project-member] Lock "fca4f546-68db-4ed4-9109-e456c0bf7dd7" "released" by "nova.context.set_target_cell..get_or_set_cached_cell_and_set_connections" :: held 0.000s {{(pid=93027) inner /opt/stack/data/venv/lib/python3.12/site-packages/oslo_concurrency/lockutils.py:543}}
