Aug 13 17:46:09.108347 np0000007241 devstack@neutron-api.service[90835]: DEBUG neutron.common.ovn.hash_ring_manager [None req-e883366b-e057-41d9-be0e-353249633364 None None] Hash Ring loaded. 4 active nodes. 0 offline nodes {{(pid=90835) _load_hash_ring /opt/stack/neutron/neutron/common/ovn/hash_ring_manager.py:110}}
Aug 13 17:46:09.109077 np0000007241 devstack@neutron-api.service[90832]: DEBUG neutron_lib.callbacks.manager [None req-1c4732a0-6e90-4d1c-9781-272f5685ca8e admin admin] Publish callbacks ['neutron.plugins.ml2.drivers.ovn.mech_driver.mech_driver.OVNMechanismDriver._create_security_group-1619495', 'neutron.plugins.ml2.ovo_rpc._ObjectChangeHandler.handle_event-2256177'] for security_group (941a2e42-d368-4d3b-b93f-d7c800a54799), after_create {{(pid=90832) _notify_loop /opt/stack/data/venv/lib/python3.12/site-packages/neutron_lib/callbacks/manager.py:184}}
Aug 13 17:46:09.109077 np0000007241 devstack@neutron-api.service[90832]: DEBUG ovsdbapp.backend.ovs_idl.transaction [None req-bd53c4a7-8960-4f66-a4e4-b6573844b07e None None] Running txn n=1 command(idx=0): PgAddCommand(_result=None, name=pg_941a2e42_d368_4d3b_b93f_d7c800a54799, may_exist=False, columns={'acls': [], 'external_ids': {'neutron:security_group_id': '941a2e42-d368-4d3b-b93f-d7c800a54799'}}) {{(pid=90832) do_commit /opt/stack/data/venv/lib/python3.12/site-packages/ovsdbapp/backend/ovs_idl/transaction.py:89}}
Aug 13 17:46:09.109420 np0000007241 devstack@neutron-api.service[90832]: DEBUG ovsdbapp.backend.ovs_idl.transaction [None req-bd53c4a7-8960-4f66-a4e4-b6573844b07e None None] Running txn n=1 command(idx=1): PgAclAddCommand(_result=None, entity=pg_941a2e42_d368_4d3b_b93f_d7c800a54799, direction=to-lport, priority=1002, match=outport == @pg_941a2e42_d368_4d3b_b93f_d7c800a54799 && ip4 && ip4.src == $pg_941a2e42_d368_4d3b_b93f_d7c800a54799_ip4, action=allow-related, log=False, may_exist=True, severity=[], name=[], meter=[], external_ids={'neutron:security_group_rule_id': '34828acf-40c0-4e92-8572-024596a5e9c3'}) {{(pid=90832) do_commit /opt/stack/data/venv/lib/python3.12/site-packages/ovsdbapp/backend/ovs_idl/transaction.py:89}}
Aug 13 17:46:09.109697 np0000007241 devstack@neutron-api.service[90832]: DEBUG ovsdbapp.backend.ovs_idl.transaction [None req-bd53c4a7-8960-4f66-a4e4-b6573844b07e None None] Running txn n=1 command(idx=2): PgAclAddCommand(_result=None, entity=pg_941a2e42_d368_4d3b_b93f_d7c800a54799, direction=from-lport, priority=1002, match=inport == @pg_941a2e42_d368_4d3b_b93f_d7c800a54799 && ip6, action=allow-related, log=False, may_exist=True, severity=[], name=[], meter=[], external_ids={'neutron:security_group_rule_id': '4ac3cf66-c7a2-4090-801e-df8c1663b4d6'}) {{(pid=90832) do_commit /opt/stack/data/venv/lib/python3.12/site-packages/ovsdbapp/backend/ovs_idl/transaction.py:89}}
Aug 13 17:46:09.110019 np0000007241 devstack@neutron-api.service[90832]: DEBUG ovsdbapp.backend.ovs_idl.transaction [None req-bd53c4a7-8960-4f66-a4e4-b6573844b07e None None] Running txn n=1 command(idx=3): PgAclAddCommand(_result=None, entity=pg_941a2e42_d368_4d3b_b93f_d7c800a54799, direction=to-lport, priority=1002, match=outport == @pg_941a2e42_d368_4d3b_b93f_d7c800a54799 && ip6 && ip6.src == $pg_941a2e42_d368_4d3b_b93f_d7c800a54799_ip6, action=allow-related, log=False, may_exist=True, severity=[], name=[], meter=[], external_ids={'neutron:security_group_rule_id': 'be443270-fcc3-4c7a-b904-da4739d12e45'}) {{(pid=90832) do_commit /opt/stack/data/venv/lib/python3.12/site-packages/ovsdbapp/backend/ovs_idl/transaction.py:89}}
Aug 13 17:46:09.110438 np0000007241 devstack@neutron-api.service[90832]: DEBUG ovsdbapp.backend.ovs_idl.transaction [None req-bd53c4a7-8960-4f66-a4e4-b6573844b07e None None] Running txn n=1 command(idx=4): PgAclAddCommand(_result=None, entity=pg_941a2e42_d368_4d3b_b93f_d7c800a54799, direction=from-lport, priority=1002, match=inport == @pg_941a2e42_d368_4d3b_b93f_d7c800a54799 && ip4, action=allow-related, log=False, may_exist=True, severity=[], name=[], meter=[], external_ids={'neutron:security_group_rule_id': 'dc76a134-6c33-4022-bed1-a47559a4b7e7'}) {{(pid=90832) do_commit /opt/stack/data/venv/lib/python3.12/site-packages/ovsdbapp/backend/ovs_idl/transaction.py:89}}
Aug 13 17:46:09.113172 np0000007241 devstack@neutron-api.service[90834]: DEBUG neutron.plugins.ml2.drivers.ovn.mech_driver.mech_driver [None req-328516d2-b38d-4e2d-8d40-c9fcae3fbf9d admin admin] Validating network segment with type geneve, segmentation ID 46342, physical network None {{(pid=90834) _validate_network_segments /opt/stack/neutron/neutron/plugins/ml2/drivers/ovn/mech_driver/mech_driver.py:624}}
Aug 13 17:46:09.113333 np0000007241 devstack@neutron-api.service[90834]: DEBUG neutron.db.ovn_revision_numbers_db [None req-328516d2-b38d-4e2d-8d40-c9fcae3fbf9d admin admin] create_initial_revision uuid=a4f661e5-c3f6-4ffb-ae70-0cd45028c971, type=networks, rev=-1 {{(pid=90834) create_initial_revision /opt/stack/neutron/neutron/db/ovn_revision_numbers_db.py:98}}
Aug 13 17:46:09.114824 np0000007241 devstack@neutron-api.service[90832]: DEBUG neutron.plugins.ml2.drivers.ovn.mech_driver.ovsdb.ovsdb_monitor [None req-bd53c4a7-8960-4f66-a4e4-b6573844b07e None None] Hash Ring: Node 4d509090d3de54b590ad8e090ce4c49d (host: np0000007241) handling event "create" for row c5efd631-9281-4952-9f70-04da17906a20 (table: ACL) {{(pid=90832) notify /opt/stack/neutron/neutron/plugins/ml2/drivers/ovn/mech_driver/ovsdb/ovsdb_monitor.py:1099}}
Aug 13 17:46:09.115920 np0000007241 devstack@neutron-api.service[90833]: DEBUG neutron.plugins.ml2.drivers.ovn.mech_driver.ovsdb.ovsdb_monitor [None req-3c6c9716-4a4a-4324-a9f0-4cbe1b689cd7 None None] Hash Ring: Node 693af647fe555805b588eb71985a10f4 (host: np0000007241) handling event "create" for row 8b844b4b-c3ff-4548-a419-e9eb2132e71d (table: ACL) {{(pid=90833) notify /opt/stack/neutron/neutron/plugins/ml2/drivers/ovn/mech_driver/ovsdb/ovsdb_monitor.py:1099}}
Aug 13 17:46:09.115989 np0000007241 devstack@neutron-api.service[90833]: DEBUG neutron.plugins.ml2.drivers.ovn.mech_driver.ovsdb.ovsdb_monitor [None req-3c6c9716-4a4a-4324-a9f0-4cbe1b689cd7 None None] Hash Ring: Node 693af647fe555805b588eb71985a10f4 (host: np0000007241) handling event "create" for row 34206b42-bea4-4ffb-92e0-cd2e2b1534e5 (table: Port_Group) {{(pid=90833) notify /opt/stack/neutron/neutron/plugins/ml2/drivers/ovn/mech_driver/ovsdb/ovsdb_monitor.py:1099}}
Aug 13 17:46:09.118475 np0000007241 devstack@neutron-api.service[90835]: INFO neutron.db.ovn_revision_numbers_db [None req-88d8e072-9811-4537-9388-d15a3613e4dc admin admin] Successfully bumped revision number for resource 9ebd8b9c-9eb0-45a6-914f-9a00d38ca5ea (type: security_groups) to 1
Aug 13 17:46:09.123608 np0000007241 devstack@neutron-api.service[90834]: DEBUG neutron.plugins.ml2.drivers.ovn.mech_driver.ovsdb.ovsdb_monitor [None req-1e08e55f-95b2-48c7-a6d4-4bb33ed58c73 None None] Hash Ring: Node 04fbbd3d4a5a5217bdb35765a5370b23 (host: np0000007241) handling event "create" for row 095e7eb0-7ea9-4a61-843a-54a0614634a7 (table: ACL) {{(pid=90834) notify /opt/stack/neutron/neutron/plugins/ml2/drivers/ovn/mech_driver/ovsdb/ovsdb_monitor.py:1099}}
Aug 13 17:46:09.123846 np0000007241 devstack@neutron-api.service[90834]: DEBUG neutron.plugins.ml2.drivers.ovn.mech_driver.ovsdb.ovsdb_monitor [None req-1e08e55f-95b2-48c7-a6d4-4bb33ed58c73 None None] Hash Ring: Node 04fbbd3d4a5a5217bdb35765a5370b23 (host: np0000007241) handling event "create" for row ab4a620e-36d7-444a-ac06-d1cc27d7a637 (table: ACL) {{(pid=90834) notify /opt/stack/neutron/neutron/plugins/ml2/drivers/ovn/mech_driver/ovsdb/ovsdb_monitor.py:1099}}
Aug 13 17:46:09.128980 np0000007241 devstack@neutron-api.service[90833]: DEBUG neutron.plugins.ml2.drivers.helpers [None req-c016bd98-b852-44a2-863c-c7b4ec5cf580 admin admin] geneve segment allocate from pool success with {'geneve_vni': 34162} {{(pid=90833) allocate_partially_specified_segment /opt/stack/neutron/neutron/plugins/ml2/drivers/helpers.py:142}}
Aug 13 17:46:09.133118 np0000007241 devstack@neutron-api.service[90834]: DEBUG neutron_lib.callbacks.manager [None req-328516d2-b38d-4e2d-8d40-c9fcae3fbf9d admin admin] Publish callbacks ['neutron.plugins.ml2.ovo_rpc._ObjectChangeHandler.handle_event-3090285'] for network (a4f661e5-c3f6-4ffb-ae70-0cd45028c971), after_create {{(pid=90834) _notify_loop /opt/stack/data/venv/lib/python3.12/site-packages/neutron_lib/callbacks/manager.py:184}}
Aug 13 17:46:09.133289 np0000007241 devstack@neutron-api.service[90835]: INFO neutron.db.ovn_revision_numbers_db [None req-88d8e072-9811-4537-9388-d15a3613e4dc admin admin] Successfully bumped revision number for resource 12deeb2b-3055-4bde-87b4-c4ae36d53d80 (type: security_group_rules) to 0
Aug 13 17:46:09.136290 np0000007241 devstack@neutron-api.service[90832]: INFO neutron.db.ovn_revision_numbers_db [None req-1c4732a0-6e90-4d1c-9781-272f5685ca8e admin admin] Successfully bumped revision number for resource 941a2e42-d368-4d3b-b93f-d7c800a54799 (type: security_groups) to 1
Aug 13 17:46:09.136394 np0000007241 devstack@neutron-api.service[90833]: DEBUG neutron_lib.callbacks.manager [None req-c016bd98-b852-44a2-863c-c7b4ec5cf580 admin admin] Publish callbacks ['neutron.services.segments.db._add_segment_host_mapping_for_segment-8445024840294', 'neutron.plugins.ml2.plugin.Ml2Plugin._handle_segment_change-299500'] for segment (55c49953-f829-4c77-8d78-a15fd7534142), precommit_create {{(pid=90833) _notify_loop /opt/stack/data/venv/lib/python3.12/site-packages/neutron_lib/callbacks/manager.py:184}}
Aug 13 17:46:09.136524 np0000007241 devstack@neutron-api.service[90833]: INFO neutron.db.segments_db [None req-c016bd98-b852-44a2-863c-c7b4ec5cf580 admin admin] Added segment 55c49953-f829-4c77-8d78-a15fd7534142 of type geneve for network 779a7175-388a-4c1b-9253-f94a78de542e
Aug 13 17:46:09.146151 np0000007241 devstack@neutron-api.service[90835]: INFO neutron.db.ovn_revision_numbers_db [None req-88d8e072-9811-4537-9388-d15a3613e4dc admin admin] Successfully bumped revision number for resource 1610ef18-f60d-4555-a496-0c69846f021e (type: security_group_rules) to 0
Aug 13 17:46:09.149630 np0000007241 devstack@neutron-api.service[90833]: DEBUG neutron_lib.callbacks.manager [None req-c016bd98-b852-44a2-863c-c7b4ec5cf580 admin admin] Publish callbacks ['neutron.services.auto_allocate.db._ensure_external_network_default_value_callback-8445022200122'] for network (779a7175-388a-4c1b-9253-f94a78de542e), precommit_create {{(pid=90833) _notify_loop /opt/stack/data/venv/lib/python3.12/site-packages/neutron_lib/callbacks/manager.py:184}}
Aug 13 17:46:09.151709 np0000007241 devstack@neutron-api.service[90832]: INFO neutron.db.ovn_revision_numbers_db [None req-1c4732a0-6e90-4d1c-9781-272f5685ca8e admin admin] Successfully bumped revision number for resource 34828acf-40c0-4e92-8572-024596a5e9c3 (type: security_group_rules) to 0
Aug 13 17:46:09.158119 np0000007241 devstack@neutron-api.service[90835]: INFO neutron.db.ovn_revision_numbers_db [None req-88d8e072-9811-4537-9388-d15a3613e4dc admin admin] Successfully bumped revision number for resource 9d36ba37-9b8a-4d7e-92a0-99512b96443e (type: security_group_rules) to 0
Aug 13 17:46:09.161124 np0000007241 devstack@neutron-api.service[90833]: DEBUG neutron.plugins.ml2.drivers.ovn.mech_driver.mech_driver [None req-c016bd98-b852-44a2-863c-c7b4ec5cf580 admin admin] Validating network segment with type geneve, segmentation ID 34162, physical network None {{(pid=90833) _validate_network_segments /opt/stack/neutron/neutron/plugins/ml2/drivers/ovn/mech_driver/mech_driver.py:624}}
Aug 13 17:46:09.161388 np0000007241 devstack@neutron-api.service[90833]: DEBUG neutron.db.ovn_revision_numbers_db [None req-c016bd98-b852-44a2-863c-c7b4ec5cf580 admin admin] create_initial_revision uuid=779a7175-388a-4c1b-9253-f94a78de542e, type=networks, rev=-1 {{(pid=90833) create_initial_revision /opt/stack/neutron/neutron/db/ovn_revision_numbers_db.py:98}}
Aug 13 17:46:09.164172 np0000007241 devstack@neutron-api.service[90832]: INFO neutron.db.ovn_revision_numbers_db [None req-1c4732a0-6e90-4d1c-9781-272f5685ca8e admin admin] Successfully bumped revision number for resource 4ac3cf66-c7a2-4090-801e-df8c1663b4d6 (type: security_group_rules) to 0
Aug 13 17:46:09.166928 np0000007241 devstack@neutron-api.service[90834]: DEBUG neutron.api.rpc.handlers.resources_rpc [None req-328516d2-b38d-4e2d-8d40-c9fcae3fbf9d admin admin] Pushing event updated for resources: {'Network': ['ID=a4f661e5-c3f6-4ffb-ae70-0cd45028c971,revision_number=1']} {{(pid=90834) push /opt/stack/neutron/neutron/api/rpc/handlers/resources_rpc.py:237}}
Aug 13 17:46:09.169196 np0000007241 devstack@neutron-api.service[90833]: DEBUG neutron_lib.callbacks.manager [None req-c016bd98-b852-44a2-863c-c7b4ec5cf580 admin admin] Publish callbacks ['neutron.plugins.ml2.ovo_rpc._ObjectChangeHandler.handle_event-2256161'] for network (779a7175-388a-4c1b-9253-f94a78de542e), after_create {{(pid=90833) _notify_loop /opt/stack/data/venv/lib/python3.12/site-packages/neutron_lib/callbacks/manager.py:184}}
Aug 13 17:46:09.170818 np0000007241 devstack@neutron-api.service[90835]: INFO neutron.db.ovn_revision_numbers_db [None req-88d8e072-9811-4537-9388-d15a3613e4dc admin admin] Successfully bumped revision number for resource feb7d97b-0542-4a73-aa0d-3e003e8b0efd (type: security_group_rules) to 0
Aug 13 17:46:09.174896 np0000007241 devstack@neutron-api.service[90834]: DEBUG ovsdbapp.backend.ovs_idl.transaction [None req-1e08e55f-95b2-48c7-a6d4-4bb33ed58c73 None None] Running txn n=1 command(idx=0): AddNetworkCommand(_result=None, network_uuid=a4f661e5-c3f6-4ffb-ae70-0cd45028c971, may_exist=True, columns={'external_ids': {'neutron:network_name': 'tempest-TestMultiAttachVolumeSwap-1318907555-network', 'neutron:mtu': '1372', 'neutron:revision_number': '1', 'neutron:availability_zone_hints': '', 'neutron:provnet-network-type': 'geneve'}, 'other_config': {'mcast_snoop': 'false', 'mcast_flood_unregistered': 'false', 'vlan-passthru': 'false'}}) {{(pid=90834) do_commit /opt/stack/data/venv/lib/python3.12/site-packages/ovsdbapp/backend/ovs_idl/transaction.py:89}}
Aug 13 17:46:09.175178 np0000007241 devstack@neutron-api.service[90834]: DEBUG neutron.common.ovn.utils [None req-1e08e55f-95b2-48c7-a6d4-4bb33ed58c73 None None] OVS persist_uuid supported=True {{(pid=90834) ovs_persist_uuid_supported /opt/stack/neutron/neutron/common/ovn/utils.py:1565}}
Aug 13 17:46:09.176588 np0000007241 devstack@neutron-api.service[90832]: INFO neutron.db.ovn_revision_numbers_db [None req-1c4732a0-6e90-4d1c-9781-272f5685ca8e admin admin] Successfully bumped revision number for resource be443270-fcc3-4c7a-b904-da4739d12e45 (type: security_group_rules) to 0
Aug 13 17:46:09.182233 np0000007241 devstack@neutron-api.service[90835]: DEBUG neutron.plugins.ml2.drivers.ovn.mech_driver.ovsdb.ovsdb_monitor [None req-85f027ed-b4af-4452-8bbf-b87ade2a2fef None None] Hash Ring: Node a757da4758b5545589fa4e8e152de22b (host: np0000007241) handling event "create" for row a4f661e5-c3f6-4ffb-ae70-0cd45028c971 (table: Logical_Switch) {{(pid=90835) notify /opt/stack/neutron/neutron/plugins/ml2/drivers/ovn/mech_driver/ovsdb/ovsdb_monitor.py:1099}}
Aug 13 17:46:09.184081 np0000007241 devstack@neutron-api.service[90833]: DEBUG neutron.plugins.ml2.drivers.ovn.mech_driver.ovsdb.ovsdb_monitor [-] Hash Ring: Node 693af647fe555805b588eb71985a10f4 (host: np0000007241) handling event "create" for row df52ba7b-7ede-4bf8-98f4-0c7d4f60fa9e (table: Datapath_Binding) {{(pid=90833) notify /opt/stack/neutron/neutron/plugins/ml2/drivers/ovn/mech_driver/ovsdb/ovsdb_monitor.py:1099}}
Aug 13 17:46:09.187109 np0000007241 devstack@neutron-api.service[90833]: DEBUG neutron.api.rpc.handlers.resources_rpc [None req-c016bd98-b852-44a2-863c-c7b4ec5cf580 admin admin] Pushing event updated for resources: {'Network': ['ID=779a7175-388a-4c1b-9253-f94a78de542e,revision_number=1']} {{(pid=90833) push /opt/stack/neutron/neutron/api/rpc/handlers/resources_rpc.py:237}}
Aug 13 17:46:09.189777 np0000007241 devstack@neutron-api.service[90832]: INFO neutron.db.ovn_revision_numbers_db [None req-1c4732a0-6e90-4d1c-9781-272f5685ca8e admin admin] Successfully bumped revision number for resource dc76a134-6c33-4022-bed1-a47559a4b7e7 (type: security_group_rules) to 0
Aug 13 17:46:09.194120 np0000007241 devstack@neutron-api.service[90833]: DEBUG ovsdbapp.backend.ovs_idl.transaction [None req-3c6c9716-4a4a-4324-a9f0-4cbe1b689cd7 None None] Running txn n=1 command(idx=0): AddNetworkCommand(_result=None, network_uuid=779a7175-388a-4c1b-9253-f94a78de542e, may_exist=True, columns={'external_ids': {'neutron:network_name': 'tempest-TaggedBootDevicesTest_v242-267251559-network', 'neutron:mtu': '1372', 'neutron:revision_number': '1', 'neutron:availability_zone_hints': '', 'neutron:provnet-network-type': 'geneve'}, 'other_config': {'mcast_snoop': 'false', 'mcast_flood_unregistered': 'false', 'vlan-passthru': 'false'}}) {{(pid=90833) do_commit /opt/stack/data/venv/lib/python3.12/site-packages/ovsdbapp/backend/ovs_idl/transaction.py:89}}
Aug 13 17:46:09.196393 np0000007241 devstack@neutron-api.service[90833]: DEBUG neutron.plugins.ml2.drivers.ovn.mech_driver.ovsdb.ovsdb_monitor [None req-3c6c9716-4a4a-4324-a9f0-4cbe1b689cd7 None None] Hash Ring: Node 693af647fe555805b588eb71985a10f4 (host: np0000007241) handling event "create" for row 779a7175-388a-4c1b-9253-f94a78de542e (table: Logical_Switch) {{(pid=90833) notify /opt/stack/neutron/neutron/plugins/ml2/drivers/ovn/mech_driver/ovsdb/ovsdb_monitor.py:1099}}
Aug 13 17:46:09.199192 np0000007241 devstack@neutron-api.service[90835]: DEBUG neutron.api.rpc.handlers.resources_rpc [None req-88d8e072-9811-4537-9388-d15a3613e4dc admin admin] Pushing event updated for resources: {'SecurityGroup': ['ID=9ebd8b9c-9eb0-45a6-914f-9a00d38ca5ea,revision_number=1']} {{(pid=90835) push /opt/stack/neutron/neutron/api/rpc/handlers/resources_rpc.py:237}}
Aug 13 17:46:09.200648 np0000007241 devstack@neutron-api.service[90834]: INFO neutron.db.ovn_revision_numbers_db [None req-328516d2-b38d-4e2d-8d40-c9fcae3fbf9d admin admin] Successfully bumped revision number for resource a4f661e5-c3f6-4ffb-ae70-0cd45028c971 (type: networks) to 1
Aug 13 17:46:09.202976 np0000007241 devstack@neutron-api.service[90835]: DEBUG neutron.plugins.ml2.drivers.ovn.mech_driver.ovsdb.ovsdb_monitor [None req-e883366b-e057-41d9-be0e-353249633364 None None] Hash Ring: Node a757da4758b5545589fa4e8e152de22b (host: np0000007241) handling event "create" for row 4c12d121-3b55-4e4c-a2c1-6965f32b6d97 (table: Datapath_Binding) {{(pid=90835) notify /opt/stack/neutron/neutron/plugins/ml2/drivers/ovn/mech_driver/ovsdb/ovsdb_monitor.py:1099}}
Aug 13 17:46:09.216746 np0000007241 devstack@neutron-api.service[90832]: DEBUG neutron.api.rpc.handlers.resources_rpc [None req-1c4732a0-6e90-4d1c-9781-272f5685ca8e admin admin] Pushing event updated for resources: {'SecurityGroup': ['ID=941a2e42-d368-4d3b-b93f-d7c800a54799,revision_number=1']} {{(pid=90832) push /opt/stack/neutron/neutron/api/rpc/handlers/resources_rpc.py:237}}
Aug 13 17:46:09.218827 np0000007241 devstack@neutron-api.service[90833]: INFO neutron.db.ovn_revision_numbers_db [None req-c016bd98-b852-44a2-863c-c7b4ec5cf580 admin admin] Successfully bumped revision number for resource 779a7175-388a-4c1b-9253-f94a78de542e (type: networks) to 1
Aug 13 17:46:09.222528 np0000007241 devstack@neutron-api.service[90832]: DEBUG neutron.api.rpc.callbacks.version_manager [None req-1c4732a0-6e90-4d1c-9781-272f5685ca8e admin admin] Tracked resource versions report:
Aug 13 17:46:09.222528 np0000007241 devstack@neutron-api.service[90832]: pushed versions:
Aug 13 17:46:09.222528 np0000007241 devstack@neutron-api.service[90832]: { 'AddressGroup': {'1.2'},
Aug 13 17:46:09.222528 np0000007241 devstack@neutron-api.service[90832]: 'Agent': {'1.1'},
Aug 13 17:46:09.222528 np0000007241 devstack@neutron-api.service[90832]: 'ConntrackHelper': {'1.0'},
Aug 13 17:46:09.222528 np0000007241 devstack@neutron-api.service[90832]: 'LocalIPAssociation': {'1.0'},
Aug 13 17:46:09.222528 np0000007241 devstack@neutron-api.service[90832]: 'Log': {'1.0'},
Aug 13 17:46:09.222528 np0000007241 devstack@neutron-api.service[90832]: 'NDPProxy': {'1.0'},
Aug 13 17:46:09.222528 np0000007241 devstack@neutron-api.service[90832]: 'Network': {'1.3'},
Aug 13 17:46:09.222528 np0000007241 devstack@neutron-api.service[90832]: 'Port': {'1.11'},
Aug 13 17:46:09.222528 np0000007241 devstack@neutron-api.service[90832]: 'PortForwarding': {'1.3'},
Aug 13 17:46:09.222528 np0000007241 devstack@neutron-api.service[90832]: 'QosPolicy': {'1.10'},
Aug 13 17:46:09.222528 np0000007241 devstack@neutron-api.service[90832]: 'SecurityGroup': {'1.6'},
Aug 13 17:46:09.222528 np0000007241 devstack@neutron-api.service[90832]: 'SecurityGroupRule': {'1.3'},
Aug 13 17:46:09.222528 np0000007241 devstack@neutron-api.service[90832]: 'SubPort': {'1.0'},
Aug 13 17:46:09.222528 np0000007241 devstack@neutron-api.service[90832]: 'Subnet': {'1.2'},
Aug 13 17:46:09.222528 np0000007241 devstack@neutron-api.service[90832]: 'Trunk': {'1.1'}}
Aug 13 17:46:09.222528 np0000007241 devstack@neutron-api.service[90832]: consumer versions:
Aug 13 17:46:09.222528 np0000007241 devstack@neutron-api.service[90832]: { OVN Neutron agent@np0000007241: {},
Aug 13 17:46:09.222528 np0000007241 devstack@neutron-api.service[90832]: OVN Controller Gateway agent@np0000007241: {}}
Aug 13 17:46:09.222528 np0000007241 devstack@neutron-api.service[90832]: {{(pid=90832) report /opt/stack/neutron/neutron/api/rpc/callbacks/version_manager.py:183}}
Aug 13 17:46:09.231018 np0000007241 devstack@neutron-api.service[90835]: DEBUG neutron.plugins.ml2.drivers.helpers [None req-88d8e072-9811-4537-9388-d15a3613e4dc admin admin] geneve segment allocate from pool success with {'geneve_vni': 18622} {{(pid=90835) allocate_partially_specified_segment /opt/stack/neutron/neutron/plugins/ml2/drivers/helpers.py:142}}
Aug 13 17:46:09.233034 np0000007241 devstack@neutron-api.service[90833]: DEBUG neutron_lib.callbacks.manager [None req-c016bd98-b852-44a2-863c-c7b4ec5cf580 admin admin] Publish callbacks ['neutron.plugins.ml2.plugin.SecurityGroupDbMixin._ensure_default_security_group_handler-48304'] for port (None), before_create {{(pid=90833) _notify_loop /opt/stack/data/venv/lib/python3.12/site-packages/neutron_lib/callbacks/manager.py:184}}
Aug 13 17:46:09.246199 np0000007241 devstack@neutron-api.service[90835]: DEBUG neutron_lib.callbacks.manager [None req-88d8e072-9811-4537-9388-d15a3613e4dc admin admin] Publish callbacks ['neutron.services.segments.db._add_segment_host_mapping_for_segment-8445024832806', 'neutron.plugins.ml2.plugin.Ml2Plugin._handle_segment_change-8313154'] for segment (74a6f1d2-8985-40ad-a118-d5b4dc0fb325), precommit_create {{(pid=90835) _notify_loop /opt/stack/data/venv/lib/python3.12/site-packages/neutron_lib/callbacks/manager.py:184}}
Aug 13 17:46:09.246484 np0000007241 devstack@neutron-api.service[90835]: INFO neutron.db.segments_db [None req-88d8e072-9811-4537-9388-d15a3613e4dc admin admin] Added segment 74a6f1d2-8985-40ad-a118-d5b4dc0fb325 of type geneve for network f34ef2b8-b675-4fdb-be5a-17cc95e7adeb
Aug 13 17:46:09.256765 np0000007241 devstack@neutron-api.service[90832]: DEBUG neutron.plugins.ml2.drivers.helpers [None req-1c4732a0-6e90-4d1c-9781-272f5685ca8e admin admin] geneve segment allocate from pool success with {'geneve_vni': 15312} {{(pid=90832) allocate_partially_specified_segment /opt/stack/neutron/neutron/plugins/ml2/drivers/helpers.py:142}}
Aug 13 17:46:09.263702 np0000007241 devstack@neutron-api.service[90832]: DEBUG neutron_lib.callbacks.manager [None req-1c4732a0-6e90-4d1c-9781-272f5685ca8e admin admin] Publish callbacks ['neutron.plugins.ml2.plugin.Ml2Plugin._handle_segment_change-44899'] for segment (a957724f-bbed-4875-ae86-5ce602b0833d), precommit_create {{(pid=90832) _notify_loop /opt/stack/data/venv/lib/python3.12/site-packages/neutron_lib/callbacks/manager.py:184}}
Aug 13 17:46:09.263864 np0000007241 devstack@neutron-api.service[90832]: INFO neutron.db.segments_db [None req-1c4732a0-6e90-4d1c-9781-272f5685ca8e admin admin] Added segment a957724f-bbed-4875-ae86-5ce602b0833d of type geneve for network c70611f9-0952-4f13-9200-7a98b3f9e66d
Aug 13 17:46:09.266526 np0000007241 devstack@neutron-api.service[90834]: DEBUG neutron_lib.callbacks.manager [None req-328516d2-b38d-4e2d-8d40-c9fcae3fbf9d admin admin] Publish callbacks ['neutron.plugins.ml2.plugin.SecurityGroupDbMixin._ensure_default_security_group_handler-300869'] for port (None), before_create {{(pid=90834) _notify_loop /opt/stack/data/venv/lib/python3.12/site-packages/neutron_lib/callbacks/manager.py:184}}
Aug 13 17:46:09.270718 np0000007241 devstack@neutron-api.service[90835]: DEBUG neutron_lib.callbacks.manager [None req-88d8e072-9811-4537-9388-d15a3613e4dc admin admin] Publish callbacks ['neutron.services.auto_allocate.db._ensure_external_network_default_value_callback-8445023649826'] for network (f34ef2b8-b675-4fdb-be5a-17cc95e7adeb), precommit_create {{(pid=90835) _notify_loop /opt/stack/data/venv/lib/python3.12/site-packages/neutron_lib/callbacks/manager.py:184}}
Aug 13 17:46:09.281165 np0000007241 devstack@neutron-api.service[90832]: DEBUG neutron_lib.callbacks.manager [None req-1c4732a0-6e90-4d1c-9781-272f5685ca8e admin admin] Publish callbacks ['neutron.services.auto_allocate.db._ensure_external_network_default_value_callback-8445022206256'] for network (c70611f9-0952-4f13-9200-7a98b3f9e66d), precommit_create {{(pid=90832) _notify_loop /opt/stack/data/venv/lib/python3.12/site-packages/neutron_lib/callbacks/manager.py:184}}
Aug 13 17:46:09.286576 np0000007241 devstack@neutron-api.service[90835]: DEBUG neutron.plugins.ml2.drivers.ovn.mech_driver.mech_driver [None req-88d8e072-9811-4537-9388-d15a3613e4dc admin admin] Validating network segment with type geneve, segmentation ID 18622, physical network None {{(pid=90835) _validate_network_segments /opt/stack/neutron/neutron/plugins/ml2/drivers/ovn/mech_driver/mech_driver.py:624}}
Aug 13 17:46:09.286718 np0000007241 devstack@neutron-api.service[90835]: DEBUG neutron.db.ovn_revision_numbers_db [None req-88d8e072-9811-4537-9388-d15a3613e4dc admin admin] create_initial_revision uuid=f34ef2b8-b675-4fdb-be5a-17cc95e7adeb, type=networks, rev=-1 {{(pid=90835) create_initial_revision /opt/stack/neutron/neutron/db/ovn_revision_numbers_db.py:98}}
Aug 13 17:46:09.292581 np0000007241 devstack@neutron-api.service[90832]: DEBUG neutron.plugins.ml2.drivers.ovn.mech_driver.mech_driver [None req-1c4732a0-6e90-4d1c-9781-272f5685ca8e admin admin] Validating network segment with type geneve, segmentation ID 15312, physical network None {{(pid=90832) _validate_network_segments /opt/stack/neutron/neutron/plugins/ml2/drivers/ovn/mech_driver/mech_driver.py:624}}
Aug 13 17:46:09.292751 np0000007241 devstack@neutron-api.service[90832]: DEBUG neutron.db.ovn_revision_numbers_db [None req-1c4732a0-6e90-4d1c-9781-272f5685ca8e admin admin] create_initial_revision uuid=c70611f9-0952-4f13-9200-7a98b3f9e66d, type=networks, rev=-1 {{(pid=90832) create_initial_revision /opt/stack/neutron/neutron/db/ovn_revision_numbers_db.py:98}}
Aug 13 17:46:09.300450 np0000007241 devstack@neutron-api.service[90832]: DEBUG neutron_lib.callbacks.manager [None req-1c4732a0-6e90-4d1c-9781-272f5685ca8e admin admin] Publish callbacks ['neutron.plugins.ml2.ovo_rpc._ObjectChangeHandler.handle_event-2256178'] for network (c70611f9-0952-4f13-9200-7a98b3f9e66d), after_create {{(pid=90832) _notify_loop /opt/stack/data/venv/lib/python3.12/site-packages/neutron_lib/callbacks/manager.py:184}}
Aug 13 17:46:09.301580 np0000007241 devstack@neutron-api.service[90835]: DEBUG neutron_lib.callbacks.manager [None req-88d8e072-9811-4537-9388-d15a3613e4dc admin admin] Publish callbacks ['neutron.plugins.ml2.ovo_rpc._ObjectChangeHandler.handle_event-1487589'] for network (f34ef2b8-b675-4fdb-be5a-17cc95e7adeb), after_create {{(pid=90835) _notify_loop /opt/stack/data/venv/lib/python3.12/site-packages/neutron_lib/callbacks/manager.py:184}}
Aug 13 17:46:09.310417 np0000007241 devstack@neutron-api.service[90833]: DEBUG neutron_lib.callbacks.manager [None req-c016bd98-b852-44a2-863c-c7b4ec5cf580 admin admin] Publish callbacks ['neutron.plugins.ml2.drivers.ovn.mech_driver.mech_driver.OVNMechanismDriver._validate_allowed_address_pairs-7076529'] for allowed_address_pair (f7b2b0ce-1f07-478b-8386-2aef64748570), before_create {{(pid=90833) _notify_loop /opt/stack/data/venv/lib/python3.12/site-packages/neutron_lib/callbacks/manager.py:184}}
Aug 13 17:46:09.311035 np0000007241 devstack@neutron-api.service[90833]: DEBUG neutron_lib.callbacks.manager [None req-c016bd98-b852-44a2-863c-c7b4ec5cf580 admin admin] Publish callbacks [] for port (f7b2b0ce-1f07-478b-8386-2aef64748570), precommit_create {{(pid=90833) _notify_loop /opt/stack/data/venv/lib/python3.12/site-packages/neutron_lib/callbacks/manager.py:184}}
Aug 13 17:46:09.311252 np0000007241 devstack@neutron-api.service[90833]: DEBUG neutron.plugins.ml2.drivers.ovn.mech_driver.mech_driver [None req-c016bd98-b852-44a2-863c-c7b4ec5cf580 admin admin] No provisioning block for port f7b2b0ce-1f07-478b-8386-2aef64748570 since it does not have a host {{(pid=90833) _is_port_provisioning_required /opt/stack/neutron/neutron/plugins/ml2/drivers/ovn/mech_driver/mech_driver.py:877}}
Aug 13 17:46:09.311455 np0000007241 devstack@neutron-api.service[90833]: DEBUG neutron.db.ovn_revision_numbers_db [None req-c016bd98-b852-44a2-863c-c7b4ec5cf580 admin admin] create_initial_revision uuid=f7b2b0ce-1f07-478b-8386-2aef64748570, type=ports, rev=-1 {{(pid=90833) create_initial_revision /opt/stack/neutron/neutron/db/ovn_revision_numbers_db.py:98}}
Aug 13 17:46:09.315196 np0000007241 devstack@neutron-api.service[90832]: DEBUG neutron.api.rpc.handlers.resources_rpc [None req-1c4732a0-6e90-4d1c-9781-272f5685ca8e admin admin] Pushing event updated for resources: {'Network': ['ID=c70611f9-0952-4f13-9200-7a98b3f9e66d,revision_number=1']} {{(pid=90832) push /opt/stack/neutron/neutron/api/rpc/handlers/resources_rpc.py:237}}
Aug 13 17:46:09.326122 np0000007241 devstack@neutron-api.service[90832]: DEBUG ovsdbapp.backend.ovs_idl.transaction [None req-bd53c4a7-8960-4f66-a4e4-b6573844b07e None None] Running txn n=1 command(idx=0): AddNetworkCommand(_result=None, network_uuid=c70611f9-0952-4f13-9200-7a98b3f9e66d, may_exist=True, columns={'external_ids': {'neutron:network_name': 'tempest-VolumesAssistedSnapshotsTest-429845244-network', 'neutron:mtu': '1372', 'neutron:revision_number': '1', 'neutron:availability_zone_hints': '', 'neutron:provnet-network-type': 'geneve'}, 'other_config': {'mcast_snoop': 'false', 'mcast_flood_unregistered': 'false', 'vlan-passthru': 'false'}}) {{(pid=90832) do_commit /opt/stack/data/venv/lib/python3.12/site-packages/ovsdbapp/backend/ovs_idl/transaction.py:89}}
Aug 13 17:46:09.336048 np0000007241 devstack@neutron-api.service[90832]: DEBUG neutron.plugins.ml2.drivers.ovn.mech_driver.ovsdb.ovsdb_monitor [-] Hash Ring: Node 4d509090d3de54b590ad8e090ce4c49d (host: np0000007241) handling event "create" for row 9e4ee023-ce76-4a92-9c0f-46528b0ff48a (table: Datapath_Binding) {{(pid=90832) notify /opt/stack/neutron/neutron/plugins/ml2/drivers/ovn/mech_driver/ovsdb/ovsdb_monitor.py:1099}}
Aug 13 17:46:09.337934 np0000007241 devstack@neutron-api.service[90835]: DEBUG neutron.api.rpc.handlers.resources_rpc [None req-88d8e072-9811-4537-9388-d15a3613e4dc admin admin] Pushing event updated for resources: {'Network': ['ID=f34ef2b8-b675-4fdb-be5a-17cc95e7adeb,revision_number=1']} {{(pid=90835) push /opt/stack/neutron/neutron/api/rpc/handlers/resources_rpc.py:237}}
Aug 13 17:46:09.343750 np0000007241 devstack@neutron-api.service[90834]: DEBUG neutron.plugins.ml2.drivers.ovn.mech_driver.ovsdb.ovsdb_monitor [None req-1e08e55f-95b2-48c7-a6d4-4bb33ed58c73 None None] Hash Ring: Node 04fbbd3d4a5a5217bdb35765a5370b23 (host: np0000007241) handling event "create" for row c70611f9-0952-4f13-9200-7a98b3f9e66d (table: Logical_Switch) {{(pid=90834) notify /opt/stack/neutron/neutron/plugins/ml2/drivers/ovn/mech_driver/ovsdb/ovsdb_monitor.py:1099}}
Aug 13 17:46:09.346760 np0000007241 devstack@neutron-api.service[90835]: DEBUG ovsdbapp.backend.ovs_idl.transaction [None req-85f027ed-b4af-4452-8bbf-b87ade2a2fef None None] Running txn n=1 command(idx=0): AddNetworkCommand(_result=None, network_uuid=f34ef2b8-b675-4fdb-be5a-17cc95e7adeb, may_exist=True, columns={'external_ids': {'neutron:network_name': 'tempest-AttachSCSIVolumeTestJSON-1058480317-network', 'neutron:mtu': '1372', 'neutron:revision_number': '1', 'neutron:availability_zone_hints': '', 'neutron:provnet-network-type': 'geneve'}, 'other_config': {'mcast_snoop': 'false', 'mcast_flood_unregistered': 'false', 'vlan-passthru': 'false'}}) {{(pid=90835) do_commit /opt/stack/data/venv/lib/python3.12/site-packages/ovsdbapp/backend/ovs_idl/transaction.py:89}}
Aug 13 17:46:09.349670 np0000007241 devstack@neutron-api.service[90833]: DEBUG neutron.plugins.ml2.drivers.ovn.mech_driver.ovsdb.ovsdb_monitor [None req-3c6c9716-4a4a-4324-a9f0-4cbe1b689cd7 None None] Hash Ring: Node 693af647fe555805b588eb71985a10f4 (host: np0000007241) handling event "create" for row f34ef2b8-b675-4fdb-be5a-17cc95e7adeb (table: Logical_Switch) {{(pid=90833) notify /opt/stack/neutron/neutron/plugins/ml2/drivers/ovn/mech_driver/ovsdb/ovsdb_monitor.py:1099}}
Aug 13 17:46:09.353805 np0000007241 devstack@neutron-api.service[90833]: DEBUG neutron_lib.callbacks.manager [None req-c016bd98-b852-44a2-863c-c7b4ec5cf580 admin admin] Publish callbacks ['neutron.plugins.ml2.ovo_rpc._ObjectChangeHandler.handle_event-2256181'] for port (f7b2b0ce-1f07-478b-8386-2aef64748570), after_create {{(pid=90833) _notify_loop /opt/stack/data/venv/lib/python3.12/site-packages/neutron_lib/callbacks/manager.py:184}}
Aug 13 17:46:09.354515 np0000007241 devstack@neutron-api.service[90832]: INFO neutron.db.ovn_revision_numbers_db [None req-1c4732a0-6e90-4d1c-9781-272f5685ca8e admin admin] Successfully bumped revision number for resource c70611f9-0952-4f13-9200-7a98b3f9e66d (type: networks) to 1
Aug 13 17:46:09.358197 np0000007241 devstack@neutron-api.service[90832]: DEBUG neutron.plugins.ml2.drivers.ovn.mech_driver.ovsdb.ovsdb_monitor [-] Hash Ring: Node 4d509090d3de54b590ad8e090ce4c49d (host: np0000007241) handling event "create" for row 02e155de-b849-4679-887f-e3c4a487183c (table: Datapath_Binding) {{(pid=90832) notify /opt/stack/neutron/neutron/plugins/ml2/drivers/ovn/mech_driver/ovsdb/ovsdb_monitor.py:1099}}
Aug 13 17:46:09.370861 np0000007241 devstack@neutron-api.service[90832]: DEBUG neutron_lib.callbacks.manager [None req-1c4732a0-6e90-4d1c-9781-272f5685ca8e admin admin] Publish callbacks ['neutron.plugins.ml2.plugin.SecurityGroupDbMixin._ensure_default_security_group_handler-303073'] for port (None), before_create {{(pid=90832) _notify_loop /opt/stack/data/venv/lib/python3.12/site-packages/neutron_lib/callbacks/manager.py:184}}
Aug 13 17:46:09.373937 np0000007241 devstack@neutron-api.service[90835]: INFO neutron.db.ovn_revision_numbers_db [None req-88d8e072-9811-4537-9388-d15a3613e4dc admin admin] Successfully bumped revision number for resource f34ef2b8-b675-4fdb-be5a-17cc95e7adeb (type: networks) to 1
Aug 13 17:46:09.387723 np0000007241 devstack@neutron-api.service[90835]: DEBUG neutron_lib.callbacks.manager [None req-88d8e072-9811-4537-9388-d15a3613e4dc admin admin] Publish callbacks ['neutron.plugins.ml2.plugin.SecurityGroupDbMixin._ensure_default_security_group_handler-8028648'] for port (None), before_create {{(pid=90835) _notify_loop /opt/stack/data/venv/lib/python3.12/site-packages/neutron_lib/callbacks/manager.py:184}}
Aug 13 17:46:09.392037 np0000007241 devstack@neutron-api.service[90834]: DEBUG neutron_lib.callbacks.manager [None req-328516d2-b38d-4e2d-8d40-c9fcae3fbf9d admin admin] Publish callbacks ['neutron.plugins.ml2.drivers.ovn.mech_driver.mech_driver.OVNMechanismDriver._validate_allowed_address_pairs-2053150'] for allowed_address_pair (3f8559e7-43ef-47a1-9885-66e205b5007f), before_create {{(pid=90834) _notify_loop /opt/stack/data/venv/lib/python3.12/site-packages/neutron_lib/callbacks/manager.py:184}}
Aug 13 17:46:09.392792 np0000007241 devstack@neutron-api.service[90834]: DEBUG neutron_lib.callbacks.manager [None req-328516d2-b38d-4e2d-8d40-c9fcae3fbf9d admin admin] Publish callbacks [] for port (3f8559e7-43ef-47a1-9885-66e205b5007f), precommit_create {{(pid=90834) _notify_loop /opt/stack/data/venv/lib/python3.12/site-packages/neutron_lib/callbacks/manager.py:184}}
Aug 13 17:46:09.392924 np0000007241 devstack@neutron-api.service[90833]: DEBUG neutron.api.rpc.handlers.resources_rpc [None req-c016bd98-b852-44a2-863c-c7b4ec5cf580 admin admin] Pushing event updated for resources: {'Port': ['ID=f7b2b0ce-1f07-478b-8386-2aef64748570,revision_number=1']} {{(pid=90833) push /opt/stack/neutron/neutron/api/rpc/handlers/resources_rpc.py:237}}
Aug 13 17:46:09.393015 np0000007241 devstack@neutron-api.service[90834]: DEBUG neutron.plugins.ml2.drivers.ovn.mech_driver.mech_driver [None req-328516d2-b38d-4e2d-8d40-c9fcae3fbf9d admin admin] No provisioning block for port 3f8559e7-43ef-47a1-9885-66e205b5007f since it does not have a host {{(pid=90834) _is_port_provisioning_required /opt/stack/neutron/neutron/plugins/ml2/drivers/ovn/mech_driver/mech_driver.py:877}}
Aug 13 17:46:09.393174 np0000007241 devstack@neutron-api.service[90834]: DEBUG neutron.db.ovn_revision_numbers_db [None req-328516d2-b38d-4e2d-8d40-c9fcae3fbf9d admin admin] create_initial_revision uuid=3f8559e7-43ef-47a1-9885-66e205b5007f, type=ports, rev=-1 {{(pid=90834) create_initial_revision /opt/stack/neutron/neutron/db/ovn_revision_numbers_db.py:98}}
Aug 13 17:46:09.400071 np0000007241 devstack@neutron-api.service[90833]: DEBUG neutron.plugins.ml2.drivers.ovn.mech_driver.ovsdb.commands [None req-c016bd98-b852-44a2-863c-c7b4ec5cf580 admin admin] Converting tag [] to a tag_request {{(pid=90833) _tag_column_to_tag_request /opt/stack/neutron/neutron/plugins/ml2/drivers/ovn/mech_driver/ovsdb/commands.py:227}}
Aug 13 17:46:09.400974 np0000007241 devstack@neutron-api.service[90833]: DEBUG ovsdbapp.backend.ovs_idl.transaction [None req-3c6c9716-4a4a-4324-a9f0-4cbe1b689cd7 None None] Running txn n=1 command(idx=0): AddLSwitchPortCommand(_result=None, lport=f7b2b0ce-1f07-478b-8386-2aef64748570, lswitch=neutron-779a7175-388a-4c1b-9253-f94a78de542e, may_exist=True, network_uuid=779a7175-388a-4c1b-9253-f94a78de542e, columns={'addresses': ['fa:16:3e:d2:97:09'], 'external_ids': {'neutron:port_name': '', 'neutron:device_id': 'ovnmeta-779a7175-388a-4c1b-9253-f94a78de542e', 'neutron:project_id': '6e134377892e4c8abbc6f55d5edd68c1', 'neutron:cidrs': '', 'neutron:device_owner': 'network:distributed', 'neutron:subnet_pool_addr_scope4': '', 'neutron:subnet_pool_addr_scope6': '', 'neutron:network_name': 'neutron-779a7175-388a-4c1b-9253-f94a78de542e', 'neutron:security_group_ids': '', 'neutron:revision_number': '1', 'neutron:vnic_type': 'normal', 'neutron:port_capabilities': '', 'neutron:mtu': '1372'}, 'parent_name': [], 'enabled': True, 'options': {}, 'type': 'localport', 'port_security': [], 'dhcpv4_options': [], 'dhcpv6_options': [], 'tag_request': []}) {{(pid=90833) do_commit /opt/stack/data/venv/lib/python3.12/site-packages/ovsdbapp/backend/ovs_idl/transaction.py:89}}
Aug 13 17:46:09.401538 np0000007241 devstack@neutron-api.service[90833]: DEBUG ovsdbapp.backend.ovs_idl.transaction [None req-3c6c9716-4a4a-4324-a9f0-4cbe1b689cd7 None None] Running txn n=1 command(idx=1): QoSDelCommand(_result=None, switch=neutron-779a7175-388a-4c1b-9253-f94a78de542e, conditions=[('direction', '=', 'to-lport'), ('priority', '=', 2002), ('match', '=', 'outport == "f7b2b0ce-1f07-478b-8386-2aef64748570"')], if_exists=True) {{(pid=90833) do_commit /opt/stack/data/venv/lib/python3.12/site-packages/ovsdbapp/backend/ovs_idl/transaction.py:89}}
Aug 13 17:46:09.401879 np0000007241 devstack@neutron-api.service[90833]: DEBUG ovsdbapp.backend.ovs_idl.transaction [None req-3c6c9716-4a4a-4324-a9f0-4cbe1b689cd7 None None] Running txn n=1 command(idx=2): QoSDelCommand(_result=None, switch=neutron-779a7175-388a-4c1b-9253-f94a78de542e, conditions=[('direction', '=', 'from-lport'), ('priority', '=', 2002), ('match', '=', 'inport == "f7b2b0ce-1f07-478b-8386-2aef64748570"')], if_exists=True) {{(pid=90833) do_commit /opt/stack/data/venv/lib/python3.12/site-packages/ovsdbapp/backend/ovs_idl/transaction.py:89}}
Aug 13 17:46:09.407520 np0000007241 devstack@neutron-api.service[90833]: DEBUG neutron.plugins.ml2.drivers.ovn.mech_driver.ovsdb.ovsdb_monitor [None req-3c6c9716-4a4a-4324-a9f0-4cbe1b689cd7 None None] Hash Ring: Node 693af647fe555805b588eb71985a10f4 (host: np0000007241) handling event "update" for row 779a7175-388a-4c1b-9253-f94a78de542e (table: Logical_Switch) {{(pid=90833) notify /opt/stack/neutron/neutron/plugins/ml2/drivers/ovn/mech_driver/ovsdb/ovsdb_monitor.py:1099}}
Aug 13 17:46:09.408143 np0000007241 devstack@neutron-api.service[90832]: DEBUG neutron.plugins.ml2.drivers.ovn.mech_driver.ovsdb.ovsdb_monitor [None req-bd53c4a7-8960-4f66-a4e4-b6573844b07e None None] Hash Ring: Node 4d509090d3de54b590ad8e090ce4c49d (host: np0000007241) handling event "create" for row c436bd57-bf0e-4ad7-99b3-f24f243e4614 (table: Logical_Switch_Port) {{(pid=90832) notify /opt/stack/neutron/neutron/plugins/ml2/drivers/ovn/mech_driver/ovsdb/ovsdb_monitor.py:1099}}
Aug 13 17:46:09.408484 np0000007241 devstack@neutron-api.service[90832]: DEBUG ovsdbapp.backend.ovs_idl.event [None req-bd53c4a7-8960-4f66-a4e4-b6573844b07e None None] Matched CREATE: LogicalSwitchPortCreateEvent(events=('create',), table='Logical_Switch_Port', conditions=[], old_conditions=None), priority=20 to row=Logical_Switch_Port(uuid=c436bd57-bf0e-4ad7-99b3-f24f243e4614, addresses=['fa:16:3e:d2:97:09'], dhcpv4_options=[], dhcpv6_options=[], dynamic_addresses=[], enabled=True, external_ids={'neutron:cidrs': '', 'neutron:device_id': 'ovnmeta-779a7175-388a-4c1b-9253-f94a78de542e', 'neutron:device_owner': 'network:distributed', 'neutron:mtu': '1372', 'neutron:network_name': 'neutron-779a7175-388a-4c1b-9253-f94a78de542e', 'neutron:port_capabilities': '', 'neutron:port_name': '', 'neutron:project_id': '6e134377892e4c8abbc6f55d5edd68c1', 'neutron:revision_number': '1', 'neutron:security_group_ids': '', 'neutron:subnet_pool_addr_scope4': '', 'neutron:subnet_pool_addr_scope6': '', 'neutron:vnic_type': 'normal'}, ha_chassis_group=[], mirror_rules=[], name='f7b2b0ce-1f07-478b-8386-2aef64748570', options={}, parent_name=[], port_security=[], tag=[], tag_request=[], type='localport', up=[]) old= {{(pid=90832) matches /opt/stack/data/venv/lib/python3.12/site-packages/ovsdbapp/backend/ovs_idl/event.py:55}}
Aug 13 17:46:09.413727 np0000007241 devstack@neutron-api.service[90832]: DEBUG neutron.plugins.ml2.drivers.ovn.mech_driver.ovsdb.ovsdb_monitor [None req-bd53c4a7-8960-4f66-a4e4-b6573844b07e None None] Hash Ring: Node 4d509090d3de54b590ad8e090ce4c49d (host: np0000007241) handling event "update" for row c436bd57-bf0e-4ad7-99b3-f24f243e4614 (table: Logical_Switch_Port) {{(pid=90832) notify /opt/stack/neutron/neutron/plugins/ml2/drivers/ovn/mech_driver/ovsdb/ovsdb_monitor.py:1099}}
Aug 13 17:46:09.416397 np0000007241 devstack@neutron-api.service[90832]: INFO neutron.plugins.ml2.drivers.ovn.mech_driver.mech_driver [None req-4e01af11-9a02-41ff-a476-29f0d8c39c6a None None] OVN reports status down for port: f7b2b0ce-1f07-478b-8386-2aef64748570
Aug 13 17:46:09.422531 np0000007241 devstack@neutron-api.service[90832]: DEBUG neutron.plugins.ml2.drivers.ovn.mech_driver.ovsdb.ovsdb_monitor [-] Hash Ring: Node 4d509090d3de54b590ad8e090ce4c49d (host: np0000007241) handling event "create" for row 3162849b-4493-4283-8e15-4209cb218e03 (table: Port_Binding) {{(pid=90832) notify /opt/stack/neutron/neutron/plugins/ml2/drivers/ovn/mech_driver/ovsdb/ovsdb_monitor.py:1099}}
Aug 13 17:46:09.440974 np0000007241 devstack@neutron-api.service[90833]: INFO neutron.db.ovn_revision_numbers_db [None req-c016bd98-b852-44a2-863c-c7b4ec5cf580 admin admin] Successfully bumped revision number for resource f7b2b0ce-1f07-478b-8386-2aef64748570 (type: ports) to 1
Aug 13 17:46:09.447957 np0000007241 devstack@neutron-api.service[90833]: DEBUG neutron.pecan_wsgi.hooks.policy_enforcement [None req-c016bd98-b852-44a2-863c-c7b4ec5cf580 admin admin] Attributes excluded by policy engine: ['standard_attr_id'] {{(pid=90833) _exclude_attributes_by_policy /opt/stack/neutron/neutron/pecan_wsgi/hooks/policy_enforcement.py:259}}
Aug 13 17:46:09.448322 np0000007241 devstack@neutron-api.service[90833]: DEBUG neutron_lib.callbacks.manager [None req-c016bd98-b852-44a2-863c-c7b4ec5cf580 admin admin] Publish callbacks [] for network (None), before_response {{(pid=90833) _notify_loop /opt/stack/data/venv/lib/python3.12/site-packages/neutron_lib/callbacks/manager.py:184}}
Aug 13 17:46:09.459616 np0000007241 devstack@neutron-api.service[90833]: [pid: 90833|app: 0|req: 11/44] 10.4.3.16 () {68 vars in 1270 bytes} [Thu Aug 13 17:46:08 2026] POST /networking/v2.0/networks => generated 726 bytes in 1002 msecs (HTTP/1.1 201) 4 headers in 162 bytes (1 switches on core 0)
Aug 13 17:46:09.481969 np0000007241 devstack@neutron-api.service[90832]: DEBUG neutron.db.provisioning_blocks [None req-4e01af11-9a02-41ff-a476-29f0d8c39c6a None None] Transition to ACTIVE for port object f7b2b0ce-1f07-478b-8386-2aef64748570 will not be triggered until provisioned by entity L2. {{(pid=90832) add_provisioning_component /opt/stack/neutron/neutron/db/provisioning_blocks.py:74}}
Aug 13 17:46:09.489480 np0000007241 devstack@neutron-api.service[90835]: DEBUG neutron_lib.callbacks.manager [None req-88d8e072-9811-4537-9388-d15a3613e4dc admin admin] Publish callbacks ['neutron.plugins.ml2.drivers.ovn.mech_driver.mech_driver.OVNMechanismDriver._validate_allowed_address_pairs-2051156'] for allowed_address_pair (71cfe221-6713-4334-bc29-a66c462f6f05), before_create {{(pid=90835) _notify_loop /opt/stack/data/venv/lib/python3.12/site-packages/neutron_lib/callbacks/manager.py:184}}
Aug 13 17:46:09.490347 np0000007241 devstack@neutron-api.service[90835]: DEBUG neutron_lib.callbacks.manager [None req-88d8e072-9811-4537-9388-d15a3613e4dc admin admin] Publish callbacks [] for port (71cfe221-6713-4334-bc29-a66c462f6f05), precommit_create {{(pid=90835) _notify_loop /opt/stack/data/venv/lib/python3.12/site-packages/neutron_lib/callbacks/manager.py:184}}
Aug 13 17:46:09.490562 np0000007241 devstack@neutron-api.service[90835]: DEBUG neutron.plugins.ml2.drivers.ovn.mech_driver.mech_driver [None req-88d8e072-9811-4537-9388-d15a3613e4dc admin admin] No provisioning block for port 71cfe221-6713-4334-bc29-a66c462f6f05 since it does not have a host {{(pid=90835) _is_port_provisioning_required /opt/stack/neutron/neutron/plugins/ml2/drivers/ovn/mech_driver/mech_driver.py:877}}
Aug 13 17:46:09.490706 np0000007241 devstack@neutron-api.service[90835]: DEBUG neutron.db.ovn_revision_numbers_db [None req-88d8e072-9811-4537-9388-d15a3613e4dc admin admin] create_initial_revision uuid=71cfe221-6713-4334-bc29-a66c462f6f05, type=ports, rev=-1 {{(pid=90835) create_initial_revision /opt/stack/neutron/neutron/db/ovn_revision_numbers_db.py:98}}
Aug 13 17:46:09.492429 np0000007241 devstack@neutron-api.service[90832]: DEBUG neutron_lib.callbacks.manager [None req-1c4732a0-6e90-4d1c-9781-272f5685ca8e admin admin] Publish callbacks ['neutron.plugins.ml2.drivers.ovn.mech_driver.mech_driver.OVNMechanismDriver._validate_allowed_address_pairs-1619633'] for allowed_address_pair (c7d32b93-3989-4ebc-86bf-a51e43eb3091), before_create {{(pid=90832) _notify_loop /opt/stack/data/venv/lib/python3.12/site-packages/neutron_lib/callbacks/manager.py:184}}
Aug 13 17:46:09.493114 np0000007241 devstack@neutron-api.service[90832]: DEBUG neutron_lib.callbacks.manager [None req-1c4732a0-6e90-4d1c-9781-272f5685ca8e admin admin] Publish callbacks [] for port (c7d32b93-3989-4ebc-86bf-a51e43eb3091), precommit_create {{(pid=90832) _notify_loop /opt/stack/data/venv/lib/python3.12/site-packages/neutron_lib/callbacks/manager.py:184}}
Aug 13 17:46:09.493360 np0000007241 devstack@neutron-api.service[90832]: DEBUG neutron.plugins.ml2.drivers.ovn.mech_driver.mech_driver [None req-1c4732a0-6e90-4d1c-9781-272f5685ca8e admin admin] No provisioning block for port c7d32b93-3989-4ebc-86bf-a51e43eb3091 since it does not have a host {{(pid=90832) _is_port_provisioning_required /opt/stack/neutron/neutron/plugins/ml2/drivers/ovn/mech_driver/mech_driver.py:877}}
Aug 13 17:46:09.493518 np0000007241 devstack@neutron-api.service[90832]: DEBUG neutron.db.ovn_revision_numbers_db [None req-1c4732a0-6e90-4d1c-9781-272f5685ca8e admin admin] create_initial_revision uuid=c7d32b93-3989-4ebc-86bf-a51e43eb3091, type=ports, rev=-1 {{(pid=90832) create_initial_revision /opt/stack/neutron/neutron/db/ovn_revision_numbers_db.py:98}}
Aug 13 17:46:09.526772 np0000007241 devstack@neutron-api.service[90835]: DEBUG neutron_lib.callbacks.manager [None req-88d8e072-9811-4537-9388-d15a3613e4dc admin admin] Publish callbacks ['neutron.plugins.ml2.ovo_rpc._ObjectChangeHandler.handle_event-1487635'] for port (71cfe221-6713-4334-bc29-a66c462f6f05), after_create {{(pid=90835) _notify_loop /opt/stack/data/venv/lib/python3.12/site-packages/neutron_lib/callbacks/manager.py:184}}
Aug 13 17:46:09.529376 np0000007241 devstack@neutron-api.service[90832]: DEBUG neutron.plugins.ml2.plugin [None req-4e01af11-9a02-41ff-a476-29f0d8c39c6a None None] Current status of the port f7b2b0ce-1f07-478b-8386-2aef64748570 is: DOWN; New status is: DOWN {{(pid=90832) _update_individual_port_db_status /opt/stack/neutron/neutron/plugins/ml2/plugin.py:2473}}
