Jun 01 19:56:59.837785 np0000001895 devstack@neutron-api.service[87093]: DEBUG neutron.plugins.ml2.drivers.ovn.mech_driver.ovsdb.ovsdb_monitor [-] Hash Ring: Node 66924ded4509508d8302994807920a2a (host: np0000001895) handling event "update" for row 2e3bae15-8966-4b0e-9a3f-f3bea53f4df4 (table: Logical_Switch_Port) {{(pid=87093) notify /opt/stack/neutron/neutron/plugins/ml2/drivers/ovn/mech_driver/ovsdb/ovsdb_monitor.py:1015}}
Jun 01 19:56:59.837987 np0000001895 devstack@neutron-api.service[87092]: DEBUG neutron.plugins.ml2.drivers.ovn.mech_driver.ovsdb.ovsdb_monitor [-] Hash Ring: Node 6452c26926e357acae2f732cbfd105ab (host: np0000001895) handling event "create" for row 2e3bae15-8966-4b0e-9a3f-f3bea53f4df4 (table: Logical_Switch_Port) {{(pid=87092) notify /opt/stack/neutron/neutron/plugins/ml2/drivers/ovn/mech_driver/ovsdb/ovsdb_monitor.py:1015}}
Jun 01 19:56:59.839223 np0000001895 devstack@neutron-api.service[87092]: DEBUG ovsdbapp.backend.ovs_idl.event [-] Matched CREATE: LogicalSwitchPortCreateEvent(events=('create',), table='Logical_Switch_Port', conditions=[], old_conditions=None), priority=20 to row=Logical_Switch_Port(uuid=2e3bae15-8966-4b0e-9a3f-f3bea53f4df4, addresses=['fa:16:3e:34:2d:23'], dhcpv4_options=[], dhcpv6_options=[], dynamic_addresses=[], enabled=True, external_ids={'neutron:cidrs': '', 'neutron:device_id': 'ovnmeta-71f33969-8f1e-4980-ab9b-a2ec993908e4', 'neutron:device_owner': 'network:distributed', 'neutron:mtu': '1372', 'neutron:network_name': 'neutron-71f33969-8f1e-4980-ab9b-a2ec993908e4', 'neutron:port_capabilities': '', 'neutron:port_name': '', 'neutron:project_id': '9124fba9b2bf4e0aa96df7fb536fb51f', 'neutron:revision_number': '1', 'neutron:security_group_ids': '', 'neutron:subnet_pool_addr_scope4': '', 'neutron:subnet_pool_addr_scope6': '', 'neutron:vnic_type': 'normal'}, ha_chassis_group=[], mirror_rules=[], name='4ab4e6c6-5f0a-4df6-ba13-5185b36fb092', options={}, parent_name=[], port_security=[], tag=[], tag_request=[], type='localport', up=[]) old= {{(pid=87092) matches /opt/stack/data/venv/lib/python3.12/site-packages/ovsdbapp/backend/ovs_idl/event.py:55}}
Jun 01 19:56:59.839924 np0000001895 devstack@neutron-api.service[87093]: DEBUG neutron.plugins.ml2.drivers.ovn.mech_driver.ovsdb.ovsdb_monitor [-] Hash Ring: Node 66924ded4509508d8302994807920a2a (host: np0000001895) handling event "create" for row 3d80b03f-5911-4126-8464-2f774693f7b6 (table: Port_Binding) {{(pid=87093) notify /opt/stack/neutron/neutron/plugins/ml2/drivers/ovn/mech_driver/ovsdb/ovsdb_monitor.py:1015}}
Jun 01 19:56:59.839997 np0000001895 devstack@neutron-api.service[87092]: INFO neutron.plugins.ml2.drivers.ovn.mech_driver.mech_driver [-] OVN reports status down for port: 4ab4e6c6-5f0a-4df6-ba13-5185b36fb092
Jun 01 19:56:59.840657 np0000001895 devstack@neutron-api.service[87092]: DEBUG neutron.plugins.ml2.drivers.ovn.mech_driver.ovsdb.ovsdb_monitor [-] Hash Ring: Node 6452c26926e357acae2f732cbfd105ab (host: np0000001895) handling event "update" for row 2e3bae15-8966-4b0e-9a3f-f3bea53f4df4 (table: Logical_Switch_Port) {{(pid=87092) notify /opt/stack/neutron/neutron/plugins/ml2/drivers/ovn/mech_driver/ovsdb/ovsdb_monitor.py:1015}}
Jun 01 19:56:59.884648 np0000001895 devstack@neutron-api.service[87092]: INFO neutron.db.ovn_revision_numbers_db [None req-32a054d0-593f-4d4c-8cd5-e5891cb4688b admin admin] Successfully bumped revision number for resource 4ab4e6c6-5f0a-4df6-ba13-5185b36fb092 (type: ports) to 1
Jun 01 19:56:59.891966 np0000001895 devstack@neutron-api.service[87092]: DEBUG neutron.pecan_wsgi.hooks.policy_enforcement [None req-32a054d0-593f-4d4c-8cd5-e5891cb4688b admin admin] Attributes excluded by policy engine: ['standard_attr_id'] {{(pid=87092) _exclude_attributes_by_policy /opt/stack/neutron/neutron/pecan_wsgi/hooks/policy_enforcement.py:256}}
Jun 01 19:56:59.892816 np0000001895 devstack@neutron-api.service[87092]: DEBUG neutron_lib.callbacks.manager [None req-32a054d0-593f-4d4c-8cd5-e5891cb4688b admin admin] Publish callbacks [] for network (None), before_response {{(pid=87092) _notify_loop /opt/stack/data/venv/lib/python3.12/site-packages/neutron_lib/callbacks/manager.py:184}}
Jun 01 19:56:59.905753 np0000001895 devstack@neutron-api.service[87093]: DEBUG neutron.db.provisioning_blocks [None req-ae1f711d-1866-4429-92a6-c9a522079efb None None] Transition to ACTIVE for port object 4ab4e6c6-5f0a-4df6-ba13-5185b36fb092 will not be triggered until provisioned by entity L2. {{(pid=87093) add_provisioning_component /opt/stack/neutron/neutron/db/provisioning_blocks.py:74}}
Jun 01 19:56:59.917267 np0000001895 devstack@neutron-api.service[87092]: [pid: 87092|app: 0|req: 2/5] 10.4.3.93 () {68 vars in 1319 bytes} [Mon Jun 1 19:56:58 2026] POST /networking/v2.0/networks => generated 681 bytes in 1071 msecs (HTTP/1.1 201) 4 headers in 162 bytes (1 switches on core 0)
Jun 01 19:56:59.956150 np0000001895 devstack@neutron-api.service[87092]: DEBUG neutron.db.provisioning_blocks [None req-ebf30a70-3138-43d1-81cb-c06a226a5ebf None None] Ignored duplicate provisioning block setup for port 4ab4e6c6-5f0a-4df6-ba13-5185b36fb092 by entity L2. {{(pid=87092) add_provisioning_component /opt/stack/neutron/neutron/db/provisioning_blocks.py:69}}
Jun 01 19:56:59.962599 np0000001895 devstack@neutron-api.service[87093]: DEBUG neutron.plugins.ml2.plugin [None req-ae1f711d-1866-4429-92a6-c9a522079efb None None] Current status of the port 4ab4e6c6-5f0a-4df6-ba13-5185b36fb092 is: DOWN; New status is: DOWN {{(pid=87093) _update_individual_port_db_status /opt/stack/neutron/neutron/plugins/ml2/plugin.py:2469}}
Jun 01 19:56:59.964796 np0000001895 devstack@neutron-api.service[87093]: DEBUG ovsdbapp.backend.ovs_idl.transaction [-] Running txn n=1 command(idx=0): DbRemoveCommand(_result=None, table=Logical_Switch_Port, record=4ab4e6c6-5f0a-4df6-ba13-5185b36fb092, column=external_ids, values=('neutron:host_id',), keyvalues={}, if_exists=True) {{(pid=87093) do_commit /opt/stack/data/venv/lib/python3.12/site-packages/ovsdbapp/backend/ovs_idl/transaction.py:89}}
Jun 01 19:57:00.009342 np0000001895 devstack@neutron-api.service[87092]: DEBUG neutron.plugins.ml2.plugin [None req-ebf30a70-3138-43d1-81cb-c06a226a5ebf None None] Current status of the port 4ab4e6c6-5f0a-4df6-ba13-5185b36fb092 is: DOWN; New status is: DOWN {{(pid=87092) _update_individual_port_db_status /opt/stack/neutron/neutron/plugins/ml2/plugin.py:2469}}
Jun 01 19:57:00.010515 np0000001895 devstack@neutron-api.service[87092]: DEBUG ovsdbapp.backend.ovs_idl.transaction [-] Running txn n=1 command(idx=0): DbRemoveCommand(_result=None, table=Logical_Switch_Port, record=4ab4e6c6-5f0a-4df6-ba13-5185b36fb092, column=external_ids, values=('neutron:host_id',), keyvalues={}, if_exists=True) {{(pid=87092) do_commit /opt/stack/data/venv/lib/python3.12/site-packages/ovsdbapp/backend/ovs_idl/transaction.py:89}}
Jun 01 19:57:00.247368 np0000001895 devstack@neutron-api.service[87093]: DEBUG neutron.pecan_wsgi.hooks.policy_enforcement [None req-728b4e01-f40b-46d1-9687-a1b797d99649 admin admin] Attributes excluded by policy engine: ['standard_attr_id'] {{(pid=87093) _exclude_attributes_by_policy /opt/stack/neutron/neutron/pecan_wsgi/hooks/policy_enforcement.py:256}}
Jun 01 19:57:00.248001 np0000001895 devstack@neutron-api.service[87093]: [pid: 87093|app: 0|req: 4/6] 10.4.3.93 () {64 vars in 1377 bytes} [Mon Jun 1 19:57:00 2026] GET /networking/v2.0/networks/71f33969-8f1e-4980-ab9b-a2ec993908e4 => generated 662 bytes in 54 msecs (HTTP/1.1 200) 4 headers in 157 bytes (1 switches on core 0)
Jun 01 19:57:00.257775 np0000001895 devstack@neutron-api.service[87092]: DEBUG neutron.api.wsgi [None req-96ee36a0-5cd7-4da7-a0ba-d17b7192c564 admin admin] Missing Content-Type {{(pid=87092) get_content_type /opt/stack/neutron/neutron/api/wsgi.py:80}}
Jun 01 19:57:00.265751 np0000001895 devstack@neutron-api.service[87092]: [pid: 87092|app: 0|req: 3/7] 10.4.3.93 () {64 vars in 1386 bytes} [Mon Jun 1 19:57:00 2026] GET /networking/v2.0/subnetpools/c3ccc608-90a8-4090-a74f-fb68016210b3 => generated 533 bytes in 10 msecs (HTTP/1.1 200) 4 headers in 157 bytes (1 switches on core 0)
Jun 01 19:57:00.275959 np0000001895 devstack@neutron-api.service[87093]: DEBUG neutron.api.v2.base [None req-921f7e76-50e6-4339-bfd8-bb1529fc5362 admin admin] Request body: {'subnet': {'ip_version': 4, 'network_id': '71f33969-8f1e-4980-ab9b-a2ec993908e4', 'name': 'private-subnet', 'gateway_ip': '10.1.0.1', 'subnetpool_id': 'c3ccc608-90a8-4090-a74f-fb68016210b3'}} {{(pid=87093) prepare_request_body /opt/stack/neutron/neutron/api/v2/base.py:727}}
Jun 01 19:57:00.290363 np0000001895 devstack@neutron-api.service[87093]: DEBUG neutron.pecan_wsgi.hooks.quota_enforcement [None req-921f7e76-50e6-4339-bfd8-bb1529fc5362 admin admin] Made reservation on behalf of 9124fba9b2bf4e0aa96df7fb536fb51f for: {'subnet': 1} {{(pid=87093) before /opt/stack/neutron/neutron/pecan_wsgi/hooks/quota_enforcement.py:66}}
Jun 01 19:57:00.293232 np0000001895 devstack@neutron-api.service[87093]: DEBUG neutron_lib.callbacks.manager [None req-921f7e76-50e6-4339-bfd8-bb1529fc5362 admin admin] Publish callbacks [] for subnet (None), before_create {{(pid=87093) _notify_loop /opt/stack/data/venv/lib/python3.12/site-packages/neutron_lib/callbacks/manager.py:184}}
Jun 01 19:57:00.421038 np0000001895 devstack@neutron-api.service[87093]: DEBUG neutron.db.ovn_revision_numbers_db [None req-921f7e76-50e6-4339-bfd8-bb1529fc5362 admin admin] create_initial_revision uuid=a1191135-6822-4417-8568-3e08342e002d, type=subnets, rev=-1 {{(pid=87093) create_initial_revision /opt/stack/neutron/neutron/db/ovn_revision_numbers_db.py:98}}
Jun 01 19:57:00.425961 np0000001895 devstack@neutron-api.service[87093]: DEBUG neutron_lib.callbacks.manager [None req-921f7e76-50e6-4339-bfd8-bb1529fc5362 admin admin] Publish callbacks ['neutron.plugins.ml2.ovo_rpc._ObjectChangeHandler.handle_event-7435978'] for subnet (a1191135-6822-4417-8568-3e08342e002d), after_create {{(pid=87093) _notify_loop /opt/stack/data/venv/lib/python3.12/site-packages/neutron_lib/callbacks/manager.py:184}}
Jun 01 19:57:00.440282 np0000001895 devstack@neutron-api.service[87093]: DEBUG neutron.api.rpc.handlers.resources_rpc [None req-921f7e76-50e6-4339-bfd8-bb1529fc5362 admin admin] Pushing event updated for resources: {'Subnet': ['ID=a1191135-6822-4417-8568-3e08342e002d,revision_number=0']} {{(pid=87093) push /opt/stack/neutron/neutron/api/rpc/handlers/resources_rpc.py:237}}
Jun 01 19:57:00.445837 np0000001895 devstack@neutron-api.service[87093]: DEBUG neutron.api.rpc.callbacks.version_manager [None req-921f7e76-50e6-4339-bfd8-bb1529fc5362 admin admin] Tracked resource versions report:
Jun 01 19:57:00.445837 np0000001895 devstack@neutron-api.service[87093]: pushed versions:
Jun 01 19:57:00.445837 np0000001895 devstack@neutron-api.service[87093]: { 'AddressGroup': {'1.2'},
Jun 01 19:57:00.445837 np0000001895 devstack@neutron-api.service[87093]: 'Agent': {'1.1'},
Jun 01 19:57:00.445837 np0000001895 devstack@neutron-api.service[87093]: 'ConntrackHelper': {'1.0'},
Jun 01 19:57:00.445837 np0000001895 devstack@neutron-api.service[87093]: 'LocalIPAssociation': {'1.0'},
Jun 01 19:57:00.445837 np0000001895 devstack@neutron-api.service[87093]: 'Log': {'1.0'},
Jun 01 19:57:00.445837 np0000001895 devstack@neutron-api.service[87093]: 'NDPProxy': {'1.0'},
Jun 01 19:57:00.445837 np0000001895 devstack@neutron-api.service[87093]: 'Network': {'1.3'},
Jun 01 19:57:00.445837 np0000001895 devstack@neutron-api.service[87093]: 'Port': {'1.11'},
Jun 01 19:57:00.445837 np0000001895 devstack@neutron-api.service[87093]: 'PortForwarding': {'1.3'},
Jun 01 19:57:00.445837 np0000001895 devstack@neutron-api.service[87093]: 'QosPolicy': {'1.10'},
Jun 01 19:57:00.445837 np0000001895 devstack@neutron-api.service[87093]: 'SecurityGroup': {'1.6'},
Jun 01 19:57:00.445837 np0000001895 devstack@neutron-api.service[87093]: 'SecurityGroupRule': {'1.3'},
Jun 01 19:57:00.445837 np0000001895 devstack@neutron-api.service[87093]: 'SubPort': {'1.0'},
Jun 01 19:57:00.445837 np0000001895 devstack@neutron-api.service[87093]: 'Subnet': {'1.2'},
Jun 01 19:57:00.445837 np0000001895 devstack@neutron-api.service[87093]: 'Trunk': {'1.1'}}
Jun 01 19:57:00.445837 np0000001895 devstack@neutron-api.service[87093]: consumer versions:
Jun 01 19:57:00.445837 np0000001895 devstack@neutron-api.service[87093]: { OVN Controller Gateway agent@np0000001895: {},
Jun 01 19:57:00.445837 np0000001895 devstack@neutron-api.service[87093]: OVN Neutron agent@np0000001895: {}}
Jun 01 19:57:00.445837 np0000001895 devstack@neutron-api.service[87093]: {{(pid=87093) report /opt/stack/neutron/neutron/api/rpc/callbacks/version_manager.py:183}}
Jun 01 19:57:00.545230 np0000001895 devstack@neutron-api.service[87093]: DEBUG neutron_lib.callbacks.manager [None req-921f7e76-50e6-4339-bfd8-bb1529fc5362 admin admin] Publish callbacks ['neutron.plugins.ml2.plugin.SecurityGroupDbMixin._ensure_default_security_group_handler-1261003', 'neutron.services.ovn_l3.plugin.OVNL3RouterPlugin._port_update-8502864700930', 'neutron.db.l3_db.L3_NAT_dbonly_mixin._prevent_internal_ip_change_for_fip-8502865625152'] for port (4ab4e6c6-5f0a-4df6-ba13-5185b36fb092), before_update {{(pid=87093) _notify_loop /opt/stack/data/venv/lib/python3.12/site-packages/neutron_lib/callbacks/manager.py:184}}
Jun 01 19:57:00.689924 np0000001895 devstack@neutron-api.service[87093]: DEBUG neutron.db.db_base_plugin_common [None req-921f7e76-50e6-4339-bfd8-bb1529fc5362 admin admin] Allocated IP 10.1.0.2 (71f33969-8f1e-4980-ab9b-a2ec993908e4/a1191135-6822-4417-8568-3e08342e002d/4ab4e6c6-5f0a-4df6-ba13-5185b36fb092) {{(pid=87093) _store_ip_allocation /opt/stack/neutron/neutron/db/db_base_plugin_common.py:131}}
Jun 01 19:57:00.783326 np0000001895 devstack@neutron-api.service[87093]: DEBUG neutron_lib.callbacks.manager [None req-921f7e76-50e6-4339-bfd8-bb1529fc5362 admin admin] Publish callbacks [] for port (4ab4e6c6-5f0a-4df6-ba13-5185b36fb092), precommit_update {{(pid=87093) _notify_loop /opt/stack/data/venv/lib/python3.12/site-packages/neutron_lib/callbacks/manager.py:184}}
Jun 01 19:57:00.783578 np0000001895 devstack@neutron-api.service[87093]: DEBUG neutron.plugins.ml2.drivers.ovn.mech_driver.mech_driver [None req-921f7e76-50e6-4339-bfd8-bb1529fc5362 admin admin] No provisioning block for port 4ab4e6c6-5f0a-4df6-ba13-5185b36fb092 since it does not have a host {{(pid=87093) _is_port_provisioning_required /opt/stack/neutron/neutron/plugins/ml2/drivers/ovn/mech_driver/mech_driver.py:896}}
Jun 01 19:57:00.792990 np0000001895 devstack@neutron-api.service[87093]: DEBUG neutron_lib.callbacks.manager [None req-921f7e76-50e6-4339-bfd8-bb1529fc5362 admin admin] Publish callbacks ['neutron.plugins.ml2.ovo_rpc._ObjectChangeHandler.handle_event-7435977', 'neutron.services.ovn_l3.plugin.OVNL3RouterPlugin._port_update-8502864700930'] for port (4ab4e6c6-5f0a-4df6-ba13-5185b36fb092), after_update {{(pid=87093) _notify_loop /opt/stack/data/venv/lib/python3.12/site-packages/neutron_lib/callbacks/manager.py:184}}
Jun 01 19:57:00.839673 np0000001895 devstack@neutron-api.service[87093]: DEBUG neutron.api.rpc.handlers.resources_rpc [None req-921f7e76-50e6-4339-bfd8-bb1529fc5362 admin admin] Pushing event updated for resources: {'Port': ['ID=4ab4e6c6-5f0a-4df6-ba13-5185b36fb092,revision_number=2']} {{(pid=87093) push /opt/stack/neutron/neutron/api/rpc/handlers/resources_rpc.py:237}}
Jun 01 19:57:01.173270 np0000001895 devstack@neutron-api.service[87093]: DEBUG ovsdbapp.backend.ovs_idl.transaction [-] Running txn n=1 command(idx=0): CheckRevisionNumberCommand(_result=None, name=4ab4e6c6-5f0a-4df6-ba13-5185b36fb092, resource={'id': '4ab4e6c6-5f0a-4df6-ba13-5185b36fb092', 'name': '', 'network_id': '71f33969-8f1e-4980-ab9b-a2ec993908e4', 'project_id': '9124fba9b2bf4e0aa96df7fb536fb51f', 'mac_address': 'fa:16:3e:34:2d:23', 'admin_state_up': True, 'status': 'DOWN', 'device_id': 'ovnmeta-71f33969-8f1e-4980-ab9b-a2ec993908e4', 'device_owner': 'network:distributed', 'standard_attr_id': 14, 'fixed_ips': [{'subnet_id': 'a1191135-6822-4417-8568-3e08342e002d', 'ip_address': '10.1.0.2'}], 'allowed_address_pairs': [], 'extra_dhcp_opts': [], 'security_groups': [], 'description': '', 'binding:vnic_type': 'normal', 'binding:profile': {}, 'binding:host_id': '', 'binding:vif_type': 'unbound', 'binding:vif_details': {}, 'port_security_enabled': False, 'tags': [], 'created_at': '2026-06-01T19:56:59Z', 'updated_at': '2026-06-01T19:57:00Z', 'revision_number': 2, 'tenant_id': '9124fba9b2bf4e0aa96df7fb536fb51f', 'network': {'id': '71f33969-8f1e-4980-ab9b-a2ec993908e4', 'name': 'private', 'tenant_id': '9124fba9b2bf4e0aa96df7fb536fb51f', 'project_id': '9124fba9b2bf4e0aa96df7fb536fb51f', 'admin_state_up': True, 'mtu': 1372, 'status': 'ACTIVE', 'subnets': ['a1191135-6822-4417-8568-3e08342e002d'], 'standard_attr_id': 12, 'shared': False, 'availability_zone_hints': [], 'availability_zones': [], 'ipv4_address_scope': None, 'ipv6_address_scope': None, 'router:external': False, 'qinq': False, 'vlan_transparent': False, 'description': '', 'port_security_enabled': True, 'tags': [], 'created_at': '2026-06-01T19:56:59Z', 'updated_at': '2026-06-01T19:57:00Z', 'revision_number': 2, 'provider:network_type': 'geneve', 'provider:physical_network': None, 'provider:segmentation_id': 42949}}, resource_type=ports, if_exists=True) {{(pid=87093) do_commit /opt/stack/data/venv/lib/python3.12/site-packages/ovsdbapp/backend/ovs_idl/transaction.py:89}}
Jun 01 19:57:01.173609 np0000001895 devstack@neutron-api.service[87093]: DEBUG ovsdbapp.backend.ovs_idl.transaction [-] Running txn n=1 command(idx=1): AddDHCPOptionsCommand(_result=None, columns={'cidr': '10.1.0.0/26', 'options': {'server_id': '10.1.0.1', 'lease_time': '43200', 'mtu': '1372', 'router': '10.1.0.1', 'server_mac': 'fa:16:3e:02:49:9a', 'dns_server': '{127.0.0.53}', 'classless_static_route': '{169.254.169.254/32,10.1.0.2, 0.0.0.0/0,10.1.0.1}'}, 'external_ids': {'subnet_id': 'a1191135-6822-4417-8568-3e08342e002d', 'neutron:network_id': '71f33969-8f1e-4980-ab9b-a2ec993908e4', 'neutron:revision_number': '0'}}, may_exist=True, subnet_id=a1191135-6822-4417-8568-3e08342e002d, port_id=None, new_insert=False) {{(pid=87093) do_commit /opt/stack/data/venv/lib/python3.12/site-packages/ovsdbapp/backend/ovs_idl/transaction.py:89}}
Jun 01 19:57:01.173818 np0000001895 devstack@neutron-api.service[87093]: DEBUG ovsdbapp.backend.ovs_idl.transaction [-] Running txn n=1 command(idx=2): SetLSwitchPortCommand(_result=None, lport=4ab4e6c6-5f0a-4df6-ba13-5185b36fb092, external_ids_update=None, columns={'external_ids': {'neutron:port_name': '', 'neutron:device_id': 'ovnmeta-71f33969-8f1e-4980-ab9b-a2ec993908e4', 'neutron:project_id': '9124fba9b2bf4e0aa96df7fb536fb51f', 'neutron:cidrs': '10.1.0.2/26', 'neutron:device_owner': 'network:distributed', 'neutron:subnet_pool_addr_scope4': '', 'neutron:subnet_pool_addr_scope6': '', 'neutron:network_name': 'neutron-71f33969-8f1e-4980-ab9b-a2ec993908e4', 'neutron:security_group_ids': '', 'neutron:revision_number': '2', 'neutron:vnic_type': 'normal', 'neutron:port_capabilities': '', 'neutron:mtu': '1372'}, 'parent_name': [], 'tag': [], 'options': {}, 'enabled': True, 'port_security': [], 'dhcpv4_options': [], 'dhcpv6_options': [], 'type': 'localport', 'addresses': ['fa:16:3e:34:2d:23 10.1.0.2'], 'ha_chassis_group': []}, if_exists=False) {{(pid=87093) do_commit /opt/stack/data/venv/lib/python3.12/site-packages/ovsdbapp/backend/ovs_idl/transaction.py:89}}
Jun 01 19:57:01.174284 np0000001895 devstack@neutron-api.service[87093]: DEBUG ovsdbapp.backend.ovs_idl.transaction [-] Running txn n=1 command(idx=3): PgDelPortCommand(_result=None, port_group=neutron_pg_drop, lsp=['4ab4e6c6-5f0a-4df6-ba13-5185b36fb092'], if_exists=False) {{(pid=87093) do_commit /opt/stack/data/venv/lib/python3.12/site-packages/ovsdbapp/backend/ovs_idl/transaction.py:89}}
Jun 01 19:57:01.176508 np0000001895 devstack@neutron-api.service[87093]: DEBUG neutron.plugins.ml2.drivers.ovn.mech_driver.ovsdb.ovsdb_monitor [-] Hash Ring: Node 66924ded4509508d8302994807920a2a (host: np0000001895) handling event "create" for row 74902dd5-9225-482c-a86f-45aff0529c81 (table: DHCP_Options) {{(pid=87093) notify /opt/stack/neutron/neutron/plugins/ml2/drivers/ovn/mech_driver/ovsdb/ovsdb_monitor.py:1015}}
Jun 01 19:57:01.176594 np0000001895 devstack@neutron-api.service[87093]: DEBUG neutron.plugins.ml2.drivers.ovn.mech_driver.ovsdb.ovsdb_monitor [-] Hash Ring: Node 66924ded4509508d8302994807920a2a (host: np0000001895) handling event "update" for row 2e3bae15-8966-4b0e-9a3f-f3bea53f4df4 (table: Logical_Switch_Port) {{(pid=87093) notify /opt/stack/neutron/neutron/plugins/ml2/drivers/ovn/mech_driver/ovsdb/ovsdb_monitor.py:1015}}
Jun 01 19:57:01.177236 np0000001895 devstack@neutron-api.service[87092]: DEBUG neutron.plugins.ml2.drivers.ovn.mech_driver.ovsdb.ovsdb_monitor [-] Hash Ring: Node 6452c26926e357acae2f732cbfd105ab (host: np0000001895) handling event "update" for row 2e3bae15-8966-4b0e-9a3f-f3bea53f4df4 (table: Logical_Switch_Port) {{(pid=87092) notify /opt/stack/neutron/neutron/plugins/ml2/drivers/ovn/mech_driver/ovsdb/ovsdb_monitor.py:1015}}
Jun 01 19:57:01.180417 np0000001895 devstack@neutron-api.service[87092]: DEBUG neutron.plugins.ml2.drivers.ovn.mech_driver.ovsdb.ovsdb_monitor [-] Hash Ring: Node 6452c26926e357acae2f732cbfd105ab (host: np0000001895) handling event "update" for row 3d80b03f-5911-4126-8464-2f774693f7b6 (table: Port_Binding) {{(pid=87092) notify /opt/stack/neutron/neutron/plugins/ml2/drivers/ovn/mech_driver/ovsdb/ovsdb_monitor.py:1015}}
Jun 01 19:57:01.184330 np0000001895 devstack@neutron-api.service[87093]: DEBUG neutron.plugins.ml2.drivers.ovn.mech_driver.ovsdb.ovsdb_monitor [-] Hash Ring: Node 66924ded4509508d8302994807920a2a (host: np0000001895) handling event "update" for row 3d80b03f-5911-4126-8464-2f774693f7b6 (table: Port_Binding) {{(pid=87093) notify /opt/stack/neutron/neutron/plugins/ml2/drivers/ovn/mech_driver/ovsdb/ovsdb_monitor.py:1015}}
Jun 01 19:57:01.204217 np0000001895 devstack@neutron-api.service[87093]: INFO neutron.db.ovn_revision_numbers_db [None req-921f7e76-50e6-4339-bfd8-bb1529fc5362 admin admin] Successfully bumped revision number for resource 4ab4e6c6-5f0a-4df6-ba13-5185b36fb092 (type: ports) to 2
Jun 01 19:57:01.214708 np0000001895 devstack@neutron-api.service[87093]: DEBUG neutron.plugins.ml2.plugin [None req-921f7e76-50e6-4339-bfd8-bb1529fc5362 admin admin] In _notify_port_updated(), no bound segment for port 4ab4e6c6-5f0a-4df6-ba13-5185b36fb092 on network 71f33969-8f1e-4980-ab9b-a2ec993908e4 {{(pid=87093) _notify_port_updated /opt/stack/neutron/neutron/plugins/ml2/plugin.py:1037}}
Jun 01 19:57:01.244353 np0000001895 devstack@neutron-api.service[87093]: INFO neutron.db.ovn_revision_numbers_db [None req-921f7e76-50e6-4339-bfd8-bb1529fc5362 admin admin] Successfully bumped revision number for resource a1191135-6822-4417-8568-3e08342e002d (type: subnets) to 0
Jun 01 19:57:01.245489 np0000001895 devstack@neutron-api.service[87093]: DEBUG neutron.pecan_wsgi.hooks.policy_enforcement [None req-921f7e76-50e6-4339-bfd8-bb1529fc5362 admin admin] Attributes excluded by policy engine: ['standard_attr_id', 'shared', 'network'] {{(pid=87093) _exclude_attributes_by_policy /opt/stack/neutron/neutron/pecan_wsgi/hooks/policy_enforcement.py:256}}
Jun 01 19:57:01.245772 np0000001895 devstack@neutron-api.service[87093]: DEBUG neutron_lib.callbacks.manager [None req-921f7e76-50e6-4339-bfd8-bb1529fc5362 admin admin] Publish callbacks [] for subnet (None), before_response {{(pid=87093) _notify_loop /opt/stack/data/venv/lib/python3.12/site-packages/neutron_lib/callbacks/manager.py:184}}
Jun 01 19:57:01.256614 np0000001895 devstack@neutron-api.service[87093]: [pid: 87093|app: 0|req: 5/8] 10.4.3.93 () {68 vars in 1317 bytes} [Mon Jun 1 19:57:00 2026] POST /networking/v2.0/subnets => generated 666 bytes in 983 msecs (HTTP/1.1 201) 4 headers in 162 bytes (1 switches on core 0)
Jun 01 19:57:01.634737 np0000001895 devstack@neutron-api.service[87092]: DEBUG neutron.pecan_wsgi.hooks.policy_enforcement [None req-16976b56-5131-45c0-8032-dc997d7b3ba0 admin admin] Attributes excluded by policy engine: ['standard_attr_id'] {{(pid=87092) _exclude_attributes_by_policy /opt/stack/neutron/neutron/pecan_wsgi/hooks/policy_enforcement.py:256}}
Jun 01 19:57:01.635443 np0000001895 devstack@neutron-api.service[87092]: [pid: 87092|app: 0|req: 4/9] 10.4.3.93 () {64 vars in 1377 bytes} [Mon Jun 1 19:57:01 2026] GET /networking/v2.0/networks/71f33969-8f1e-4980-ab9b-a2ec993908e4 => generated 700 bytes in 42 msecs (HTTP/1.1 200) 4 headers in 157 bytes (1 switches on core 0)
Jun 01 19:57:01.646175 np0000001895 devstack@neutron-api.service[87093]: DEBUG neutron.api.wsgi [None req-5239489e-c3ce-4cad-818c-5f029846356f admin admin] Missing Content-Type {{(pid=87093) get_content_type /opt/stack/neutron/neutron/api/wsgi.py:80}}
Jun 01 19:57:01.656370 np0000001895 devstack@neutron-api.service[87093]: [pid: 87093|app: 0|req: 6/10] 10.4.3.93 () {64 vars in 1386 bytes} [Mon Jun 1 19:57:01 2026] GET /networking/v2.0/subnetpools/7977a647-49ec-4a7a-882d-7f1ec3d2fbe0 => generated 542 bytes in 13 msecs (HTTP/1.1 200) 4 headers in 157 bytes (1 switches on core 0)
Jun 01 19:57:01.666379 np0000001895 devstack@neutron-api.service[87092]: DEBUG neutron.api.v2.base [None req-de918440-182d-4c8d-969b-25cdec742f25 admin admin] Request body: {'subnet': {'ipv6_address_mode': 'slaac', 'ip_version': 6, 'network_id': '71f33969-8f1e-4980-ab9b-a2ec993908e4', 'name': 'ipv6-private-subnet', 'ipv6_ra_mode': 'slaac', 'subnetpool_id': '7977a647-49ec-4a7a-882d-7f1ec3d2fbe0'}} {{(pid=87092) prepare_request_body /opt/stack/neutron/neutron/api/v2/base.py:727}}
Jun 01 19:57:01.680991 np0000001895 devstack@neutron-api.service[87092]: DEBUG neutron.pecan_wsgi.hooks.quota_enforcement [None req-de918440-182d-4c8d-969b-25cdec742f25 admin admin] Made reservation on behalf of 9124fba9b2bf4e0aa96df7fb536fb51f for: {'subnet': 1} {{(pid=87092) before /opt/stack/neutron/neutron/pecan_wsgi/hooks/quota_enforcement.py:66}}
Jun 01 19:57:01.684249 np0000001895 devstack@neutron-api.service[87092]: DEBUG neutron_lib.callbacks.manager [None req-de918440-182d-4c8d-969b-25cdec742f25 admin admin] Publish callbacks [] for subnet (None), before_create {{(pid=87092) _notify_loop /opt/stack/data/venv/lib/python3.12/site-packages/neutron_lib/callbacks/manager.py:184}}
Jun 01 19:57:01.812837 np0000001895 devstack@neutron-api.service[87092]: DEBUG neutron.db.ovn_revision_numbers_db [None req-de918440-182d-4c8d-969b-25cdec742f25 admin admin] create_initial_revision uuid=6be66444-84c1-4864-acdf-c701b8f009df, type=subnets, rev=-1 {{(pid=87092) create_initial_revision /opt/stack/neutron/neutron/db/ovn_revision_numbers_db.py:98}}
Jun 01 19:57:01.883578 np0000001895 devstack@neutron-api.service[87092]: DEBUG neutron.objects.ports [None req-de918440-182d-4c8d-969b-25cdec742f25 admin admin] Time-cost: Fetching 1 ports in 0 security groups {{(pid=87092) get_objects /opt/stack/neutron/neutron/objects/ports.py:506}}
Jun 01 19:57:02.018046 np0000001895 devstack@neutron-api.service[87092]: DEBUG neutron_lib.callbacks.manager [None req-de918440-182d-4c8d-969b-25cdec742f25 admin admin] Publish callbacks ['neutron.plugins.ml2.plugin.SecurityGroupDbMixin._ensure_default_security_group_handler-33606', 'neutron.services.ovn_l3.plugin.OVNL3RouterPlugin._port_update-8502864088768', 'neutron.db.l3_db.L3_NAT_dbonly_mixin._prevent_internal_ip_change_for_fip-8502865625382'] for port (4ab4e6c6-5f0a-4df6-ba13-5185b36fb092), before_update {{(pid=87092) _notify_loop /opt/stack/data/venv/lib/python3.12/site-packages/neutron_lib/callbacks/manager.py:184}}
Jun 01 19:57:02.125881 np0000001895 devstack@neutron-api.service[87092]: DEBUG neutron_lib.callbacks.manager [None req-de918440-182d-4c8d-969b-25cdec742f25 admin admin] Publish callbacks [] for port (4ab4e6c6-5f0a-4df6-ba13-5185b36fb092), precommit_update {{(pid=87092) _notify_loop /opt/stack/data/venv/lib/python3.12/site-packages/neutron_lib/callbacks/manager.py:184}}
Jun 01 19:57:02.126051 np0000001895 devstack@neutron-api.service[87092]: DEBUG neutron.plugins.ml2.drivers.ovn.mech_driver.mech_driver [None req-de918440-182d-4c8d-969b-25cdec742f25 admin admin] No provisioning block for port 4ab4e6c6-5f0a-4df6-ba13-5185b36fb092 since it does not have a host {{(pid=87092) _is_port_provisioning_required /opt/stack/neutron/neutron/plugins/ml2/drivers/ovn/mech_driver/mech_driver.py:896}}
Jun 01 19:57:02.129626 np0000001895 devstack@neutron-api.service[87092]: DEBUG neutron_lib.callbacks.manager [None req-de918440-182d-4c8d-969b-25cdec742f25 admin admin] Publish callbacks ['neutron.plugins.ml2.ovo_rpc._ObjectChangeHandler.handle_event-8035418', 'neutron.services.ovn_l3.plugin.OVNL3RouterPlugin._port_update-8502864088768'] for port (4ab4e6c6-5f0a-4df6-ba13-5185b36fb092), after_update {{(pid=87092) _notify_loop /opt/stack/data/venv/lib/python3.12/site-packages/neutron_lib/callbacks/manager.py:184}}
Jun 01 19:57:02.153099 np0000001895 devstack@neutron-api.service[87092]: DEBUG neutron.api.rpc.handlers.resources_rpc [None req-de918440-182d-4c8d-969b-25cdec742f25 admin admin] Pushing event updated for resources: {'Port': ['ID=4ab4e6c6-5f0a-4df6-ba13-5185b36fb092,revision_number=3']} {{(pid=87092) push /opt/stack/neutron/neutron/api/rpc/handlers/resources_rpc.py:237}}
Jun 01 19:57:02.279012 np0000001895 devstack@neutron-api.service[87092]: DEBUG ovsdbapp.backend.ovs_idl.transaction [-] Running txn n=1 command(idx=0): CheckRevisionNumberCommand(_result=None, name=4ab4e6c6-5f0a-4df6-ba13-5185b36fb092, resource={'id': '4ab4e6c6-5f0a-4df6-ba13-5185b36fb092', 'name': '', 'network_id': '71f33969-8f1e-4980-ab9b-a2ec993908e4', 'project_id': '9124fba9b2bf4e0aa96df7fb536fb51f', 'mac_address': 'fa:16:3e:34:2d:23', 'admin_state_up': True, 'status': 'DOWN', 'device_id': 'ovnmeta-71f33969-8f1e-4980-ab9b-a2ec993908e4', 'device_owner': 'network:distributed', 'standard_attr_id': 14, 'fixed_ips': [{'subnet_id': 'a1191135-6822-4417-8568-3e08342e002d', 'ip_address': '10.1.0.2'}, {'subnet_id': '6be66444-84c1-4864-acdf-c701b8f009df', 'ip_address': 'fddb:2243:876:0:f816:3eff:fe34:2d23'}], 'allowed_address_pairs': [], 'extra_dhcp_opts': [], 'security_groups': [], 'description': '', 'binding:vnic_type': 'normal', 'binding:profile': {}, 'binding:host_id': '', 'binding:vif_type': 'unbound', 'binding:vif_details': {}, 'port_security_enabled': False, 'tags': [], 'created_at': '2026-06-01T19:56:59Z', 'updated_at': '2026-06-01T19:57:02Z', 'revision_number': 3, 'tenant_id': '9124fba9b2bf4e0aa96df7fb536fb51f', 'network': {'id': '71f33969-8f1e-4980-ab9b-a2ec993908e4', 'name': 'private', 'tenant_id': '9124fba9b2bf4e0aa96df7fb536fb51f', 'project_id': '9124fba9b2bf4e0aa96df7fb536fb51f', 'admin_state_up': True, 'mtu': 1372, 'status': 'ACTIVE', 'subnets': ['6be66444-84c1-4864-acdf-c701b8f009df', 'a1191135-6822-4417-8568-3e08342e002d'], 'standard_attr_id': 12, 'shared': False, 'availability_zone_hints': [], 'availability_zones': [], 'ipv4_address_scope': None, 'ipv6_address_scope': None, 'router:external': False, 'qinq': False, 'vlan_transparent': False, 'description': '', 'port_security_enabled': True, 'tags': [], 'created_at': '2026-06-01T19:56:59Z', 'updated_at': '2026-06-01T19:57:01Z', 'revision_number': 3, 'provider:network_type': 'geneve', 'provider:physical_network': None, 'provider:segmentation_id': 42949}}, resource_type=ports, if_exists=True) {{(pid=87092) do_commit /opt/stack/data/venv/lib/python3.12/site-packages/ovsdbapp/backend/ovs_idl/transaction.py:89}}
Jun 01 19:57:02.279637 np0000001895 devstack@neutron-api.service[87092]: DEBUG ovsdbapp.backend.ovs_idl.transaction [-] Running txn n=1 command(idx=1): SetLSwitchPortCommand(_result=None, lport=4ab4e6c6-5f0a-4df6-ba13-5185b36fb092, external_ids_update=None, columns={'external_ids': {'neutron:port_name': '', 'neutron:device_id': 'ovnmeta-71f33969-8f1e-4980-ab9b-a2ec993908e4', 'neutron:project_id': '9124fba9b2bf4e0aa96df7fb536fb51f', 'neutron:cidrs': '10.1.0.2/26 fddb:2243:876:0:f816:3eff:fe34:2d23/64', 'neutron:device_owner': 'network:distributed', 'neutron:subnet_pool_addr_scope4': '', 'neutron:subnet_pool_addr_scope6': '', 'neutron:network_name': 'neutron-71f33969-8f1e-4980-ab9b-a2ec993908e4', 'neutron:security_group_ids': '', 'neutron:revision_number': '3', 'neutron:vnic_type': 'normal', 'neutron:port_capabilities': '', 'neutron:mtu': '1372'}, 'parent_name': [], 'tag': [], 'options': {}, 'enabled': True, 'port_security': [], 'dhcpv4_options': [], 'dhcpv6_options': [], 'type': 'localport', 'addresses': ['fa:16:3e:34:2d:23 10.1.0.2 fddb:2243:876:0:f816:3eff:fe34:2d23'], 'ha_chassis_group': []}, if_exists=False) {{(pid=87092) do_commit /opt/stack/data/venv/lib/python3.12/site-packages/ovsdbapp/backend/ovs_idl/transaction.py:89}}
Jun 01 19:57:02.279941 np0000001895 devstack@neutron-api.service[87092]: DEBUG ovsdbapp.backend.ovs_idl.transaction [-] Running txn n=1 command(idx=2): PgDelPortCommand(_result=None, port_group=neutron_pg_drop, lsp=['4ab4e6c6-5f0a-4df6-ba13-5185b36fb092'], if_exists=False) {{(pid=87092) do_commit /opt/stack/data/venv/lib/python3.12/site-packages/ovsdbapp/backend/ovs_idl/transaction.py:89}}
Jun 01 19:57:02.282537 np0000001895 devstack@neutron-api.service[87093]: DEBUG neutron.plugins.ml2.drivers.ovn.mech_driver.ovsdb.ovsdb_monitor [-] Hash Ring: Node 66924ded4509508d8302994807920a2a (host: np0000001895) handling event "update" for row 2e3bae15-8966-4b0e-9a3f-f3bea53f4df4 (table: Logical_Switch_Port) {{(pid=87093) notify /opt/stack/neutron/neutron/plugins/ml2/drivers/ovn/mech_driver/ovsdb/ovsdb_monitor.py:1015}}
Jun 01 19:57:02.283079 np0000001895 devstack@neutron-api.service[87092]: DEBUG neutron.plugins.ml2.drivers.ovn.mech_driver.ovsdb.ovsdb_monitor [-] Hash Ring: Node 6452c26926e357acae2f732cbfd105ab (host: np0000001895) handling event "update" for row 2e3bae15-8966-4b0e-9a3f-f3bea53f4df4 (table: Logical_Switch_Port) {{(pid=87092) notify /opt/stack/neutron/neutron/plugins/ml2/drivers/ovn/mech_driver/ovsdb/ovsdb_monitor.py:1015}}
Jun 01 19:57:02.285154 np0000001895 devstack@neutron-api.service[87093]: DEBUG neutron.plugins.ml2.drivers.ovn.mech_driver.ovsdb.ovsdb_monitor [-] Hash Ring: Node 66924ded4509508d8302994807920a2a (host: np0000001895) handling event "update" for row 3d80b03f-5911-4126-8464-2f774693f7b6 (table: Port_Binding) {{(pid=87093) notify /opt/stack/neutron/neutron/plugins/ml2/drivers/ovn/mech_driver/ovsdb/ovsdb_monitor.py:1015}}
Jun 01 19:57:02.285209 np0000001895 devstack@neutron-api.service[87092]: DEBUG neutron.plugins.ml2.drivers.ovn.mech_driver.ovsdb.ovsdb_monitor [-] Hash Ring: Node 6452c26926e357acae2f732cbfd105ab (host: np0000001895) handling event "update" for row 3d80b03f-5911-4126-8464-2f774693f7b6 (table: Port_Binding) {{(pid=87092) notify /opt/stack/neutron/neutron/plugins/ml2/drivers/ovn/mech_driver/ovsdb/ovsdb_monitor.py:1015}}
Jun 01 19:57:02.309832 np0000001895 devstack@neutron-api.service[87092]: INFO neutron.db.ovn_revision_numbers_db [None req-de918440-182d-4c8d-969b-25cdec742f25 admin admin] Successfully bumped revision number for resource 4ab4e6c6-5f0a-4df6-ba13-5185b36fb092 (type: ports) to 3
Jun 01 19:57:02.317392 np0000001895 devstack@neutron-api.service[87092]: DEBUG neutron_lib.callbacks.manager [None req-de918440-182d-4c8d-969b-25cdec742f25 admin admin] Publish callbacks ['neutron.plugins.ml2.ovo_rpc._ObjectChangeHandler.handle_event-8035423'] for subnet (6be66444-84c1-4864-acdf-c701b8f009df), after_create {{(pid=87092) _notify_loop /opt/stack/data/venv/lib/python3.12/site-packages/neutron_lib/callbacks/manager.py:184}}
Jun 01 19:57:02.331392 np0000001895 devstack@neutron-api.service[87092]: DEBUG neutron.api.rpc.handlers.resources_rpc [None req-de918440-182d-4c8d-969b-25cdec742f25 admin admin] Pushing event updated for resources: {'Subnet': ['ID=6be66444-84c1-4864-acdf-c701b8f009df,revision_number=0']} {{(pid=87092) push /opt/stack/neutron/neutron/api/rpc/handlers/resources_rpc.py:237}}
Jun 01 19:57:02.360280 np0000001895 devstack@neutron-api.service[87092]: INFO neutron.db.ovn_revision_numbers_db [None req-de918440-182d-4c8d-969b-25cdec742f25 admin admin] Successfully bumped revision number for resource 6be66444-84c1-4864-acdf-c701b8f009df (type: subnets) to 0
Jun 01 19:57:02.361216 np0000001895 devstack@neutron-api.service[87092]: DEBUG neutron.pecan_wsgi.hooks.policy_enforcement [None req-de918440-182d-4c8d-969b-25cdec742f25 admin admin] Attributes excluded by policy engine: ['standard_attr_id', 'shared', 'network'] {{(pid=87092) _exclude_attributes_by_policy /opt/stack/neutron/neutron/pecan_wsgi/hooks/policy_enforcement.py:256}}
Jun 01 19:57:02.361504 np0000001895 devstack@neutron-api.service[87092]: DEBUG neutron_lib.callbacks.manager [None req-de918440-182d-4c8d-969b-25cdec742f25 admin admin] Publish callbacks [] for subnet (None), before_response {{(pid=87092) _notify_loop /opt/stack/data/venv/lib/python3.12/site-packages/neutron_lib/callbacks/manager.py:184}}
Jun 01 19:57:02.369872 np0000001895 devstack@neutron-api.service[87092]: [pid: 87092|app: 0|req: 5/11] 10.4.3.93 () {68 vars in 1317 bytes} [Mon Jun 1 19:57:01 2026] POST /networking/v2.0/subnets => generated 726 bytes in 706 msecs (HTTP/1.1 201) 4 headers in 162 bytes (1 switches on core 0)
Jun 01 19:57:02.621297 np0000001895 devstack@neutron-api.service[87093]: DEBUG neutron.api.wsgi [None req-fa9c9427-0620-4199-96bb-ab1b04617750 admin admin] Missing Content-Type {{(pid=87093) get_content_type /opt/stack/neutron/neutron/api/wsgi.py:80}}
Jun 01 19:57:02.621767 np0000001895 devstack@neutron-api.service[87093]: DEBUG neutron.api.wsgi [None req-fa9c9427-0620-4199-96bb-ab1b04617750 admin admin] https://10.4.3.93/networking/v2.0/extensions returned with HTTP 200 {{(pid=87093) __call__ /opt/stack/neutron/neutron/api/wsgi.py:540}}
Jun 01 19:57:02.622135 np0000001895 devstack@neutron-api.service[87093]: [pid: 87093|app: 0|req: 7/12] 10.4.3.93 () {64 vars in 1285 bytes} [Mon Jun 1 19:57:02 2026] GET /networking/v2.0/extensions => generated 15209 bytes in 3 msecs (HTTP/1.1 200) 4 headers in 159 bytes (1 switches on core 0)
Jun 01 19:57:02.937028 np0000001895 devstack@neutron-api.service[87092]: DEBUG neutron.api.wsgi [None req-faa87567-1ba8-4e69-a770-98134da0e4a6 admin admin] Missing Content-Type {{(pid=87092) get_content_type /opt/stack/neutron/neutron/api/wsgi.py:80}}
Jun 01 19:57:02.937724 np0000001895 devstack@neutron-api.service[87092]: DEBUG neutron.api.wsgi [None req-faa87567-1ba8-4e69-a770-98134da0e4a6 admin admin] https://10.4.3.93/networking/v2.0/extensions returned with HTTP 200 {{(pid=87092) __call__ /opt/stack/neutron/neutron/api/wsgi.py:540}}
Jun 01 19:57:02.938173 np0000001895 devstack@neutron-api.service[87092]: [pid: 87092|app: 0|req: 6/13] 10.4.3.93 () {64 vars in 1285 bytes} [Mon Jun 1 19:57:02 2026] GET /networking/v2.0/extensions => generated 15209 bytes in 4 msecs (HTTP/1.1 200) 4 headers in 159 bytes (1 switches on core 0)
Jun 01 19:57:03.204124 np0000001895 devstack@neutron-api.service[87093]: DEBUG neutron.api.v2.base [None req-bc04fbea-8608-4e03-a55e-1e4fd07daf36 admin admin] Request body: {'router': {'name': 'router1', 'admin_state_up': True}} {{(pid=87093) prepare_request_body /opt/stack/neutron/neutron/api/v2/base.py:727}}
Jun 01 19:57:03.217609 np0000001895 devstack@neutron-api.service[87093]: DEBUG neutron_lib.callbacks.manager [None req-bc04fbea-8608-4e03-a55e-1e4fd07daf36 admin admin] Publish callbacks ['neutron.services.ovn_l3.service_providers.driver_controller.DriverController._check_router_request-54701'] for router (d351cda3-d1bc-42c7-8c73-2ef312ce687c), before_create {{(pid=87093) _notify_loop /opt/stack/data/venv/lib/python3.12/site-packages/neutron_lib/callbacks/manager.py:184}}
Jun 01 19:57:03.218513 np0000001895 devstack@neutron-api.service[87093]: DEBUG neutron_lib.callbacks.manager [None req-bc04fbea-8608-4e03-a55e-1e4fd07daf36 admin admin] Publish callbacks ['neutron.services.ovn_l3.service_providers.ovn.OVN_L3_HA_db_mixin._precommit_router_create-28330', 'neutron.services.ovn_l3.plugin.RouterAvailabilityZoneMixin._process_az_request-384105', 'neutron.services.ovn_l3.plugin.ExtraGatewaysDbOnlyMixin._process_bfd_ecmp_create-7632785', 'neutron.services.ovn_l3.service_providers.ovn.OvnDriver._process_router_create_precommit-28118', 'neutron.services.ovn_l3.service_providers.driver_controller.DriverController._set_router_provider-54715'] for router (d351cda3-d1bc-42c7-8c73-2ef312ce687c), precommit_create {{(pid=87093) _notify_loop /opt/stack/data/venv/lib/python3.12/site-packages/neutron_lib/callbacks/manager.py:184}}
Jun 01 19:57:03.231321 np0000001895 devstack@neutron-api.service[87093]: DEBUG neutron.db.ovn_revision_numbers_db [None req-bc04fbea-8608-4e03-a55e-1e4fd07daf36 admin admin] create_initial_revision uuid=d351cda3-d1bc-42c7-8c73-2ef312ce687c, type=routers, rev=-1 {{(pid=87093) create_initial_revision /opt/stack/neutron/neutron/db/ovn_revision_numbers_db.py:98}}
Jun 01 19:57:03.302089 np0000001895 devstack@neutron-api.service[87093]: DEBUG neutron_lib.callbacks.manager [None req-bc04fbea-8608-4e03-a55e-1e4fd07daf36 admin admin] Publish callbacks [] for router_controller (d351cda3-d1bc-42c7-8c73-2ef312ce687c), precommit_add_association {{(pid=87093) _notify_loop /opt/stack/data/venv/lib/python3.12/site-packages/neutron_lib/callbacks/manager.py:184}}
Jun 01 19:57:03.305920 np0000001895 devstack@neutron-api.service[87093]: DEBUG neutron_lib.callbacks.manager [None req-bc04fbea-8608-4e03-a55e-1e4fd07daf36 admin admin] Publish callbacks ['neutron.services.ovn_l3.service_providers.ovn.OvnDriver._process_router_create-28070'] for router (d351cda3-d1bc-42c7-8c73-2ef312ce687c), after_create {{(pid=87093) _notify_loop /opt/stack/data/venv/lib/python3.12/site-packages/neutron_lib/callbacks/manager.py:184}}
Jun 01 19:57:03.306071 np0000001895 devstack@neutron-api.service[87093]: INFO neutron.plugins.ml2.drivers.ovn.mech_driver.ovsdb.extensions.qos [None req-bc04fbea-8608-4e03-a55e-1e4fd07daf36 admin admin] Starting OVNClientQosExtension
Jun 01 19:57:03.306381 np0000001895 devstack@neutron-api.service[87093]: DEBUG neutron.plugins.ml2.drivers.ovn.mech_driver.ovsdb.extensions.qos [None req-bc04fbea-8608-4e03-a55e-1e4fd07daf36 admin admin] Router d351cda3-d1bc-42c7-8c73-2ef312ce687c does not have ID or gateway assigned {{(pid=87093) update_router /opt/stack/neutron/neutron/plugins/ml2/drivers/ovn/mech_driver/ovsdb/extensions/qos.py:527}}
Jun 01 19:57:03.307451 np0000001895 devstack@neutron-api.service[87093]: DEBUG ovsdbapp.backend.ovs_idl.transaction [-] Running txn n=1 command(idx=0): LrAddCommand(_result=None, router=neutron-d351cda3-d1bc-42c7-8c73-2ef312ce687c, may_exist=True, columns={'external_ids': {'neutron:router_name': 'router1', 'neutron:revision_number': '1', 'neutron:availability_zone_hints': ''}, 'enabled': True, 'options': {'always_learn_from_arp_request': 'false', 'dynamic_neigh_routers': 'true', 'mac_binding_age_threshold': '300'}}) {{(pid=87093) do_commit /opt/stack/data/venv/lib/python3.12/site-packages/ovsdbapp/backend/ovs_idl/transaction.py:89}}
Jun 01 19:57:03.309711 np0000001895 devstack@neutron-api.service[87093]: DEBUG neutron.plugins.ml2.drivers.ovn.mech_driver.ovsdb.ovsdb_monitor [-] Hash Ring: Node 66924ded4509508d8302994807920a2a (host: np0000001895) handling event "create" for row da0098f3-2873-445f-baa2-d0fcbf5b74f5 (table: Logical_Router) {{(pid=87093) notify /opt/stack/neutron/neutron/plugins/ml2/drivers/ovn/mech_driver/ovsdb/ovsdb_monitor.py:1015}}
Jun 01 19:57:03.315011 np0000001895 devstack@neutron-api.service[87092]: DEBUG neutron.plugins.ml2.drivers.ovn.mech_driver.ovsdb.ovsdb_monitor [-] Hash Ring: Node 6452c26926e357acae2f732cbfd105ab (host: np0000001895) handling event "create" for row da0098f3-2873-445f-baa2-d0fcbf5b74f5 (table: Logical_Router) {{(pid=87092) notify /opt/stack/neutron/neutron/plugins/ml2/drivers/ovn/mech_driver/ovsdb/ovsdb_monitor.py:1015}}
Jun 01 19:57:03.331650 np0000001895 devstack@neutron-api.service[87093]: DEBUG neutron.plugins.ml2.drivers.ovn.mech_driver.ovsdb.ovsdb_monitor [-] Hash Ring: Node 66924ded4509508d8302994807920a2a (host: np0000001895) handling event "create" for row 2689b6a3-30e5-4821-9728-dbb93b33a10e (table: Datapath_Binding) {{(pid=87093) notify /opt/stack/neutron/neutron/plugins/ml2/drivers/ovn/mech_driver/ovsdb/ovsdb_monitor.py:1015}}
Jun 01 19:57:03.394975 np0000001895 devstack@neutron-api.service[87093]: INFO neutron.db.ovn_revision_numbers_db [None req-bc04fbea-8608-4e03-a55e-1e4fd07daf36 admin admin] Successfully bumped revision number for resource d351cda3-d1bc-42c7-8c73-2ef312ce687c (type: routers) to 1
Jun 01 19:57:03.404560 np0000001895 devstack@neutron-api.service[87093]: DEBUG neutron_lib.callbacks.manager [None req-bc04fbea-8608-4e03-a55e-1e4fd07daf36 admin admin] Publish callbacks [] for router (None), before_response {{(pid=87093) _notify_loop /opt/stack/data/venv/lib/python3.12/site-packages/neutron_lib/callbacks/manager.py:184}}
Jun 01 19:57:03.405147 np0000001895 devstack@neutron-api.service[87093]: [pid: 87093|app: 0|req: 8/14] 10.4.3.93 () {68 vars in 1316 bytes} [Mon Jun 1 19:57:03 2026] POST /networking/v2.0/routers => generated 599 bytes in 203 msecs (HTTP/1.1 201) 4 headers in 162 bytes (1 switches on core 0)
Jun 01 19:57:03.633677 np0000001895 devstack@neutron-api.service[87092]: DEBUG neutron.api.wsgi [None req-3998f40a-e26a-4010-bf2f-4e092e862317 admin admin] Missing Content-Type {{(pid=87092) get_content_type /opt/stack/neutron/neutron/api/wsgi.py:80}}
Jun 01 19:57:03.634201 np0000001895 devstack@neutron-api.service[87092]: DEBUG neutron.api.wsgi [None req-3998f40a-e26a-4010-bf2f-4e092e862317 admin admin] https://10.4.3.93/networking/v2.0/extensions returned with HTTP 200 {{(pid=87092) __call__ /opt/stack/neutron/neutron/api/wsgi.py:540}}
Jun 01 19:57:03.634672 np0000001895 devstack@neutron-api.service[87092]: [pid: 87092|app: 0|req: 7/15] 10.4.3.93 () {64 vars in 1285 bytes} [Mon Jun 1 19:57:03 2026] GET /networking/v2.0/extensions => generated 15209 bytes in 3 msecs (HTTP/1.1 200) 4 headers in 159 bytes (1 switches on core 0)
Jun 01 19:57:03.902104 np0000001895 devstack@neutron-api.service[87093]: DEBUG neutron.api.v2.base [None req-c56cb8dd-5331-41d4-a296-21d425472824 admin admin] Request body: {'network': {'name': 'public', 'provider:network_type': 'flat', 'provider:physical_network': 'public', 'router:external': True, 'is_default': True, 'admin_state_up': True}} {{(pid=87093) prepare_request_body /opt/stack/neutron/neutron/api/v2/base.py:727}}
Jun 01 19:57:03.914214 np0000001895 devstack@neutron-api.service[87093]: DEBUG neutron.pecan_wsgi.hooks.quota_enforcement [None req-c56cb8dd-5331-41d4-a296-21d425472824 admin admin] Made reservation on behalf of 9124fba9b2bf4e0aa96df7fb536fb51f for: {'network': 1} {{(pid=87093) before /opt/stack/neutron/neutron/pecan_wsgi/hooks/quota_enforcement.py:66}}
Jun 01 19:57:03.918241 np0000001895 devstack@neutron-api.service[87093]: DEBUG neutron_lib.callbacks.manager [None req-c56cb8dd-5331-41d4-a296-21d425472824 admin admin] Publish callbacks ['neutron.plugins.ml2.plugin.SecurityGroupDbMixin._ensure_default_security_group_handler-1261003'] for network (None), before_create {{(pid=87093) _notify_loop /opt/stack/data/venv/lib/python3.12/site-packages/neutron_lib/callbacks/manager.py:184}}
Jun 01 19:57:03.936224 np0000001895 devstack@neutron-api.service[87093]: DEBUG neutron.plugins.ml2.drivers.type_flat [None req-c56cb8dd-5331-41d4-a296-21d425472824 admin admin] Reserving flat network on physical network public {{(pid=87093) reserve_provider_segment /opt/stack/neutron/neutron/plugins/ml2/drivers/type_flat.py:100}}
Jun 01 19:57:03.945708 np0000001895 devstack@neutron-api.service[87093]: DEBUG neutron_lib.callbacks.manager [None req-c56cb8dd-5331-41d4-a296-21d425472824 admin admin] Publish callbacks ['neutron.services.segments.db._add_segment_host_mapping_for_segment-8502865860198', 'neutron.plugins.ml2.plugin.Ml2Plugin._handle_segment_change-1513961'] for segment (4650da91-54ef-47c5-a202-adafbbffc657), precommit_create {{(pid=87093) _notify_loop /opt/stack/data/venv/lib/python3.12/site-packages/neutron_lib/callbacks/manager.py:184}}
Jun 01 19:57:03.945950 np0000001895 devstack@neutron-api.service[87093]: DEBUG neutron_lib.callbacks.manager [None req-c56cb8dd-5331-41d4-a296-21d425472824 admin admin] Unsubscribe: segment precommit_create {{(pid=87093) unsubscribe /opt/stack/data/venv/lib/python3.12/site-packages/neutron_lib/callbacks/manager.py:90}}
Jun 01 19:57:03.946190 np0000001895 devstack@neutron-api.service[87093]: INFO neutron.db.segments_db [None req-c56cb8dd-5331-41d4-a296-21d425472824 admin admin] Added segment 4650da91-54ef-47c5-a202-adafbbffc657 of type flat for network 348e99fe-5b37-4ce2-a5d6-290f8709872a
Jun 01 19:57:03.966820 np0000001895 devstack@neutron-api.service[87093]: DEBUG neutron_lib.callbacks.manager [None req-c56cb8dd-5331-41d4-a296-21d425472824 admin admin] Publish callbacks ['neutron.services.auto_allocate.db._ensure_external_network_default_value_callback-8502865082392'] for network (348e99fe-5b37-4ce2-a5d6-290f8709872a), precommit_create {{(pid=87093) _notify_loop /opt/stack/data/venv/lib/python3.12/site-packages/neutron_lib/callbacks/manager.py:184}}
Jun 01 19:57:03.982190 np0000001895 devstack@neutron-api.service[87093]: DEBUG neutron.plugins.ml2.drivers.ovn.mech_driver.mech_driver [None req-c56cb8dd-5331-41d4-a296-21d425472824 admin admin] Validating network segment with type flat, segmentation ID None, physical network public {{(pid=87093) _validate_network_segments /opt/stack/neutron/neutron/plugins/ml2/drivers/ovn/mech_driver/mech_driver.py:643}}
