May 27 21:36:27.331064 np0000001556 neutron-periodic-workers[88962]: DEBUG cotyledon.oslo_config_glue [-] database.db_inc_retry_interval = True {{(pid=88962) log_opt_values /opt/stack/data/venv/lib/python3.12/site-packages/oslo_config/cfg.py:3256}}
May 27 21:36:27.331064 np0000001556 neutron-periodic-workers[88962]: DEBUG cotyledon.oslo_config_glue [-] database.db_max_retries = 20 {{(pid=88962) log_opt_values /opt/stack/data/venv/lib/python3.12/site-packages/oslo_config/cfg.py:3256}}
May 27 21:36:27.331064 np0000001556 neutron-periodic-workers[88962]: DEBUG cotyledon.oslo_config_glue [-] database.db_max_retry_interval = 10 {{(pid=88962) log_opt_values /opt/stack/data/venv/lib/python3.12/site-packages/oslo_config/cfg.py:3256}}
May 27 21:36:27.331296 np0000001556 neutron-periodic-workers[88962]: DEBUG cotyledon.oslo_config_glue [-] database.db_retry_interval = 1 {{(pid=88962) log_opt_values /opt/stack/data/venv/lib/python3.12/site-packages/oslo_config/cfg.py:3256}}
May 27 21:36:27.331296 np0000001556 neutron-periodic-workers[88962]: DEBUG cotyledon.oslo_config_glue [-] database.max_overflow = 50 {{(pid=88962) log_opt_values /opt/stack/data/venv/lib/python3.12/site-packages/oslo_config/cfg.py:3256}}
May 27 21:36:27.331296 np0000001556 neutron-periodic-workers[88962]: DEBUG cotyledon.oslo_config_glue [-] database.max_pool_size = 5 {{(pid=88962) log_opt_values /opt/stack/data/venv/lib/python3.12/site-packages/oslo_config/cfg.py:3256}}
May 27 21:36:27.331296 np0000001556 neutron-periodic-workers[88962]: DEBUG cotyledon.oslo_config_glue [-] database.max_retries = 10 {{(pid=88962) log_opt_values /opt/stack/data/venv/lib/python3.12/site-packages/oslo_config/cfg.py:3256}}
May 27 21:36:27.331296 np0000001556 neutron-periodic-workers[88962]: DEBUG cotyledon.oslo_config_glue [-] database.mysql_sql_mode = TRADITIONAL {{(pid=88962) log_opt_values /opt/stack/data/venv/lib/python3.12/site-packages/oslo_config/cfg.py:3256}}
May 27 21:36:27.331296 np0000001556 neutron-periodic-workers[88962]: DEBUG cotyledon.oslo_config_glue [-] database.mysql_wsrep_sync_wait = None {{(pid=88962) log_opt_values /opt/stack/data/venv/lib/python3.12/site-packages/oslo_config/cfg.py:3256}}
May 27 21:36:27.331296 np0000001556 neutron-periodic-workers[88962]: DEBUG cotyledon.oslo_config_glue [-] database.pool_timeout = None {{(pid=88962) log_opt_values /opt/stack/data/venv/lib/python3.12/site-packages/oslo_config/cfg.py:3256}}
May 27 21:36:27.331296 np0000001556 neutron-periodic-workers[88962]: DEBUG cotyledon.oslo_config_glue [-] database.retry_interval = 10 {{(pid=88962) log_opt_values /opt/stack/data/venv/lib/python3.12/site-packages/oslo_config/cfg.py:3256}}
May 27 21:36:27.331296 np0000001556 neutron-periodic-workers[88962]: DEBUG cotyledon.oslo_config_glue [-] database.slave_connection = **** {{(pid=88962) log_opt_values /opt/stack/data/venv/lib/python3.12/site-packages/oslo_config/cfg.py:3256}}
May 27 21:36:27.331576 np0000001556 neutron-periodic-workers[88962]: DEBUG cotyledon.oslo_config_glue [-] database.sqlite_synchronous = True {{(pid=88962) log_opt_values /opt/stack/data/venv/lib/python3.12/site-packages/oslo_config/cfg.py:3256}}
May 27 21:36:27.331576 np0000001556 neutron-periodic-workers[88962]: DEBUG cotyledon.oslo_config_glue [-] database.synchronous_reader = True {{(pid=88962) log_opt_values /opt/stack/data/venv/lib/python3.12/site-packages/oslo_config/cfg.py:3256}}
May 27 21:36:27.331576 np0000001556 neutron-periodic-workers[88962]: DEBUG cotyledon.oslo_config_glue [-] database.use_db_reconnect = False {{(pid=88962) log_opt_values /opt/stack/data/venv/lib/python3.12/site-packages/oslo_config/cfg.py:3256}}
May 27 21:36:27.331576 np0000001556 neutron-periodic-workers[88962]: DEBUG cotyledon.oslo_config_glue [-] ovn.bfd_min_rx = 1000 {{(pid=88962) log_opt_values /opt/stack/data/venv/lib/python3.12/site-packages/oslo_config/cfg.py:3256}}
May 27 21:36:27.331576 np0000001556 neutron-periodic-workers[88962]: DEBUG cotyledon.oslo_config_glue [-] ovn.bfd_min_tx = 100 {{(pid=88962) log_opt_values /opt/stack/data/venv/lib/python3.12/site-packages/oslo_config/cfg.py:3256}}
May 27 21:36:27.331576 np0000001556 neutron-periodic-workers[88962]: DEBUG cotyledon.oslo_config_glue [-] ovn.bfd_mult = 3 {{(pid=88962) log_opt_values /opt/stack/data/venv/lib/python3.12/site-packages/oslo_config/cfg.py:3256}}
May 27 21:36:27.331576 np0000001556 neutron-periodic-workers[88962]: DEBUG cotyledon.oslo_config_glue [-] ovn.broadcast_arps_to_all_routers = True {{(pid=88962) log_opt_values /opt/stack/data/venv/lib/python3.12/site-packages/oslo_config/cfg.py:3256}}
May 27 21:36:27.331576 np0000001556 neutron-periodic-workers[88962]: DEBUG cotyledon.oslo_config_glue [-] ovn.dhcp_default_lease_time = 43200 {{(pid=88962) log_opt_values /opt/stack/data/venv/lib/python3.12/site-packages/oslo_config/cfg.py:3256}}
May 27 21:36:27.331576 np0000001556 neutron-periodic-workers[88962]: DEBUG cotyledon.oslo_config_glue [-] ovn.disable_ovn_dhcp_for_baremetal_ports = False {{(pid=88962) log_opt_values /opt/stack/data/venv/lib/python3.12/site-packages/oslo_config/cfg.py:3256}}
May 27 21:36:27.331895 np0000001556 neutron-periodic-workers[88962]: DEBUG cotyledon.oslo_config_glue [-] ovn.dns_records_ovn_owned = False {{(pid=88962) log_opt_values /opt/stack/data/venv/lib/python3.12/site-packages/oslo_config/cfg.py:3256}}
May 27 21:36:27.331895 np0000001556 neutron-periodic-workers[88962]: DEBUG cotyledon.oslo_config_glue [-] ovn.dns_servers = [] {{(pid=88962) log_opt_values /opt/stack/data/venv/lib/python3.12/site-packages/oslo_config/cfg.py:3256}}
May 27 21:36:27.331895 np0000001556 neutron-periodic-workers[88962]: DEBUG cotyledon.oslo_config_glue [-] ovn.enable_distributed_floating_ip = False {{(pid=88962) log_opt_values /opt/stack/data/venv/lib/python3.12/site-packages/oslo_config/cfg.py:3256}}
May 27 21:36:27.331895 np0000001556 neutron-periodic-workers[88962]: DEBUG cotyledon.oslo_config_glue [-] ovn.fdb_age_threshold = 300 {{(pid=88962) log_opt_values /opt/stack/data/venv/lib/python3.12/site-packages/oslo_config/cfg.py:3256}}
May 27 21:36:27.332045 np0000001556 neutron-periodic-workers[88948]: DEBUG neutron.worker [-] PeriodicWorker start finished, description: Periodic worker for "AgentSchedulerDbMixin" {{(pid=88948) wrapper /opt/stack/neutron/neutron/common/utils.py:200}}
May 27 21:36:27.332137 np0000001556 neutron-periodic-workers[88962]: DEBUG cotyledon.oslo_config_glue [-] ovn.ha_failover_strategy = normal {{(pid=88962) log_opt_values /opt/stack/data/venv/lib/python3.12/site-packages/oslo_config/cfg.py:3256}}
May 27 21:36:27.332137 np0000001556 neutron-periodic-workers[88962]: DEBUG cotyledon.oslo_config_glue [-] ovn.live_migration_activation_strategy = rarp {{(pid=88962) log_opt_values /opt/stack/data/venv/lib/python3.12/site-packages/oslo_config/cfg.py:3256}}
May 27 21:36:27.332243 np0000001556 neutron-periodic-workers[88948]: DEBUG neutron.worker [-] PeriodicWorker wait called, description: Periodic worker for "AgentSchedulerDbMixin" {{(pid=88948) wrapper /opt/stack/neutron/neutron/common/utils.py:197}}
May 27 21:36:27.332321 np0000001556 neutron-periodic-workers[88962]: DEBUG cotyledon.oslo_config_glue [-] ovn.localnet_learn_fdb = False {{(pid=88962) log_opt_values /opt/stack/data/venv/lib/python3.12/site-packages/oslo_config/cfg.py:3256}}
May 27 21:36:27.332321 np0000001556 neutron-periodic-workers[88962]: DEBUG cotyledon.oslo_config_glue [-] ovn.mac_binding_age_threshold = 300 {{(pid=88962) log_opt_values /opt/stack/data/venv/lib/python3.12/site-packages/oslo_config/cfg.py:3256}}
May 27 21:36:27.332321 np0000001556 neutron-periodic-workers[88962]: DEBUG cotyledon.oslo_config_glue [-] ovn.neutron_sync_mode = log {{(pid=88962) log_opt_values /opt/stack/data/venv/lib/python3.12/site-packages/oslo_config/cfg.py:3256}}
May 27 21:36:27.332321 np0000001556 neutron-periodic-workers[88962]: DEBUG cotyledon.oslo_config_glue [-] ovn.ovn_dhcp4_global_options = {} {{(pid=88962) log_opt_values /opt/stack/data/venv/lib/python3.12/site-packages/oslo_config/cfg.py:3256}}
May 27 21:36:27.332321 np0000001556 neutron-periodic-workers[88962]: DEBUG cotyledon.oslo_config_glue [-] ovn.ovn_dhcp6_global_options = {} {{(pid=88962) log_opt_values /opt/stack/data/venv/lib/python3.12/site-packages/oslo_config/cfg.py:3256}}
May 27 21:36:27.332321 np0000001556 neutron-periodic-workers[88962]: DEBUG cotyledon.oslo_config_glue [-] ovn.ovn_l3_scheduler = leastloaded {{(pid=88962) log_opt_values /opt/stack/data/venv/lib/python3.12/site-packages/oslo_config/cfg.py:3256}}
May 27 21:36:27.332321 np0000001556 neutron-periodic-workers[88962]: DEBUG cotyledon.oslo_config_glue [-] ovn.ovn_metadata_enabled = True {{(pid=88962) log_opt_values /opt/stack/data/venv/lib/python3.12/site-packages/oslo_config/cfg.py:3256}}
May 27 21:36:27.332321 np0000001556 neutron-periodic-workers[88962]: DEBUG cotyledon.oslo_config_glue [-] ovn.ovn_nb_ca_cert = /opt/stack/data/CA/int-ca/ca-chain.pem {{(pid=88962) log_opt_values /opt/stack/data/venv/lib/python3.12/site-packages/oslo_config/cfg.py:3256}}
May 27 21:36:27.332321 np0000001556 neutron-periodic-workers[88962]: DEBUG cotyledon.oslo_config_glue [-] ovn.ovn_nb_certificate = /opt/stack/data/CA/int-ca/devstack-cert.crt {{(pid=88962) log_opt_values /opt/stack/data/venv/lib/python3.12/site-packages/oslo_config/cfg.py:3256}}
May 27 21:36:27.332551 np0000001556 neutron-periodic-workers[88962]: DEBUG cotyledon.oslo_config_glue [-] ovn.ovn_nb_connection = ['ssl:10.4.3.37:6641'] {{(pid=88962) log_opt_values /opt/stack/data/venv/lib/python3.12/site-packages/oslo_config/cfg.py:3256}}
May 27 21:36:27.332551 np0000001556 neutron-periodic-workers[88962]: DEBUG cotyledon.oslo_config_glue [-] ovn.ovn_nb_private_key = /opt/stack/data/CA/int-ca/private/devstack-cert.key {{(pid=88962) log_opt_values /opt/stack/data/venv/lib/python3.12/site-packages/oslo_config/cfg.py:3256}}
May 27 21:36:27.332551 np0000001556 neutron-periodic-workers[88962]: DEBUG cotyledon.oslo_config_glue [-] ovn.ovn_router_indirect_snat = False {{(pid=88962) log_opt_values /opt/stack/data/venv/lib/python3.12/site-packages/oslo_config/cfg.py:3256}}
May 27 21:36:27.332551 np0000001556 neutron-periodic-workers[88962]: DEBUG cotyledon.oslo_config_glue [-] ovn.ovn_sb_ca_cert = /opt/stack/data/CA/int-ca/ca-chain.pem {{(pid=88962) log_opt_values /opt/stack/data/venv/lib/python3.12/site-packages/oslo_config/cfg.py:3256}}
May 27 21:36:27.332551 np0000001556 neutron-periodic-workers[88962]: DEBUG cotyledon.oslo_config_glue [-] ovn.ovn_sb_certificate = /opt/stack/data/CA/int-ca/devstack-cert.crt {{(pid=88962) log_opt_values /opt/stack/data/venv/lib/python3.12/site-packages/oslo_config/cfg.py:3256}}
May 27 21:36:27.332551 np0000001556 neutron-periodic-workers[88962]: DEBUG cotyledon.oslo_config_glue [-] ovn.ovn_sb_connection = ['ssl:10.4.3.37:6642'] {{(pid=88962) log_opt_values /opt/stack/data/venv/lib/python3.12/site-packages/oslo_config/cfg.py:3256}}
May 27 21:36:27.332551 np0000001556 neutron-periodic-workers[88962]: DEBUG cotyledon.oslo_config_glue [-] ovn.ovn_sb_private_key = /opt/stack/data/CA/int-ca/private/devstack-cert.key {{(pid=88962) log_opt_values /opt/stack/data/venv/lib/python3.12/site-packages/oslo_config/cfg.py:3256}}
May 27 21:36:27.332551 np0000001556 neutron-periodic-workers[88962]: DEBUG cotyledon.oslo_config_glue [-] ovn.ovs_create_tap = False {{(pid=88962) log_opt_values /opt/stack/data/venv/lib/python3.12/site-packages/oslo_config/cfg.py:3256}}
May 27 21:36:27.332813 np0000001556 neutron-periodic-workers[88962]: DEBUG cotyledon.oslo_config_glue [-] ovn.ovsdb_connection_timeout = 180 {{(pid=88962) log_opt_values /opt/stack/data/venv/lib/python3.12/site-packages/oslo_config/cfg.py:3256}}
May 27 21:36:27.332813 np0000001556 neutron-periodic-workers[88962]: DEBUG cotyledon.oslo_config_glue [-] ovn.ovsdb_log_level = INFO {{(pid=88962) log_opt_values /opt/stack/data/venv/lib/python3.12/site-packages/oslo_config/cfg.py:3256}}
May 27 21:36:27.332813 np0000001556 neutron-periodic-workers[88962]: DEBUG cotyledon.oslo_config_glue [-] ovn.ovsdb_probe_interval = 60000 {{(pid=88962) log_opt_values /opt/stack/data/venv/lib/python3.12/site-packages/oslo_config/cfg.py:3256}}
May 27 21:36:27.332813 np0000001556 neutron-periodic-workers[88962]: DEBUG cotyledon.oslo_config_glue [-] ovn.ovsdb_retry_max_interval = 180 {{(pid=88962) log_opt_values /opt/stack/data/venv/lib/python3.12/site-packages/oslo_config/cfg.py:3256}}
May 27 21:36:27.332813 np0000001556 neutron-periodic-workers[88962]: DEBUG cotyledon.oslo_config_glue [-] ovn.stateless_nat_enabled = False {{(pid=88962) log_opt_values /opt/stack/data/venv/lib/python3.12/site-packages/oslo_config/cfg.py:3256}}
May 27 21:36:27.332813 np0000001556 neutron-periodic-workers[88962]: DEBUG cotyledon.oslo_config_glue [-] ovn.vhost_sock_dir = /var/run/openvswitch {{(pid=88962) log_opt_values /opt/stack/data/venv/lib/python3.12/site-packages/oslo_config/cfg.py:3256}}
May 27 21:36:27.332813 np0000001556 neutron-periodic-workers[88962]: DEBUG cotyledon.oslo_config_glue [-] OVS.bridge_mac_table_size = 50000 {{(pid=88962) log_opt_values /opt/stack/data/venv/lib/python3.12/site-packages/oslo_config/cfg.py:3256}}
May 27 21:36:27.332813 np0000001556 neutron-periodic-workers[88962]: DEBUG cotyledon.oslo_config_glue [-] OVS.igmp_flood = False {{(pid=88962) log_opt_values /opt/stack/data/venv/lib/python3.12/site-packages/oslo_config/cfg.py:3256}}
May 27 21:36:27.332813 np0000001556 neutron-periodic-workers[88962]: DEBUG cotyledon.oslo_config_glue [-] OVS.igmp_flood_reports = True {{(pid=88962) log_opt_values /opt/stack/data/venv/lib/python3.12/site-packages/oslo_config/cfg.py:3256}}
May 27 21:36:27.333047 np0000001556 neutron-periodic-workers[88962]: DEBUG cotyledon.oslo_config_glue [-] OVS.igmp_flood_unregistered = False {{(pid=88962) log_opt_values /opt/stack/data/venv/lib/python3.12/site-packages/oslo_config/cfg.py:3256}}
May 27 21:36:27.333047 np0000001556 neutron-periodic-workers[88962]: DEBUG cotyledon.oslo_config_glue [-] OVS.igmp_snooping_enable = False {{(pid=88962) log_opt_values /opt/stack/data/venv/lib/python3.12/site-packages/oslo_config/cfg.py:3256}}
May 27 21:36:27.333047 np0000001556 neutron-periodic-workers[88962]: DEBUG cotyledon.oslo_config_glue [-] OVS.ovsdb_timeout = 10 {{(pid=88962) log_opt_values /opt/stack/data/venv/lib/python3.12/site-packages/oslo_config/cfg.py:3256}}
May 27 21:36:27.333047 np0000001556 neutron-periodic-workers[88962]: DEBUG cotyledon.oslo_config_glue [-] ovn_nb_global.fdb_removal_limit = 0 {{(pid=88962) log_opt_values /opt/stack/data/venv/lib/python3.12/site-packages/oslo_config/cfg.py:3256}}
May 27 21:36:27.333047 np0000001556 neutron-periodic-workers[88962]: DEBUG cotyledon.oslo_config_glue [-] ovn_nb_global.ignore_lsp_down = False {{(pid=88962) log_opt_values /opt/stack/data/venv/lib/python3.12/site-packages/oslo_config/cfg.py:3256}}
May 27 21:36:27.333047 np0000001556 neutron-periodic-workers[88962]: DEBUG cotyledon.oslo_config_glue [-] ovn_nb_global.mac_binding_removal_limit = 0 {{(pid=88962) log_opt_values /opt/stack/data/venv/lib/python3.12/site-packages/oslo_config/cfg.py:3256}}
May 27 21:36:27.333047 np0000001556 neutron-periodic-workers[88962]: DEBUG cotyledon.oslo_config_glue [-] ******************************************************************************** {{(pid=88962) log_opt_values /opt/stack/data/venv/lib/python3.12/site-packages/oslo_config/cfg.py:3263}}
May 27 21:36:27.333047 np0000001556 neutron-periodic-workers[88962]: DEBUG cotyledon._service_worker [-] Run service ServiceWrapper(0) [88962] {{(pid=88962) wait_forever /opt/stack/data/venv/lib/python3.12/site-packages/cotyledon/_service_worker.py:218}}
May 27 21:36:27.333047 np0000001556 neutron-periodic-workers[88962]: DEBUG neutron.worker [-] PeriodicWorker start called, description: Periodic worker for "DbQuotaNoLockDriver" {{(pid=88962) wrapper /opt/stack/neutron/neutron/common/utils.py:197}}
May 27 21:36:27.333290 np0000001556 neutron-periodic-workers[88962]: DEBUG neutron.worker [-] PeriodicWorker start finished, description: Periodic worker for "DbQuotaNoLockDriver" {{(pid=88962) wrapper /opt/stack/neutron/neutron/common/utils.py:200}}
May 27 21:36:27.333290 np0000001556 neutron-periodic-workers[88962]: DEBUG neutron.worker [-] PeriodicWorker wait called, description: Periodic worker for "DbQuotaNoLockDriver" {{(pid=88962) wrapper /opt/stack/neutron/neutron/common/utils.py:197}}
May 27 21:36:37.024730 np0000001556 neutron-periodic-workers[88051]: DEBUG dbcounter [-] [88051] Writing DB stats neutron:SELECT=4 {{(pid=88051) stat_writer /opt/stack/data/venv/lib/python3.12/site-packages/dbcounter.py:115}}
May 27 21:37:19.325575 np0000001556 neutron-periodic-workers[88958]: DEBUG oslo_db.sqlalchemy.engines [None req-ce13ef40-192a-45fc-b852-65a9ee797dd0 None None] Parent process 88051 forked (88958) with an open database connection, which is being discarded and recreated. {{(pid=88958) checkout /opt/stack/data/venv/lib/python3.12/site-packages/oslo_db/sqlalchemy/engines.py:402}}
May 27 21:37:19.385011 np0000001556 neutron-periodic-workers[88958]: DEBUG dbcounter [-] [88958] Writer thread running {{(pid=88958) stat_writer /opt/stack/data/venv/lib/python3.12/site-packages/dbcounter.py:102}}
May 27 21:37:19.388673 np0000001556 neutron-periodic-workers[88958]: DEBUG neutron.db.agents_db [None req-ce13ef40-192a-45fc-b852-65a9ee797dd0 None None] Agent healthcheck: found 0 active agents {{(pid=88958) agent_health_check /opt/stack/neutron/neutron/db/agents_db.py:322}}
May 27 21:37:19.388940 np0000001556 neutron-periodic-workers[88958]: DEBUG oslo.service.backend._threading.loopingcall [None req-ce13ef40-192a-45fc-b852-65a9ee797dd0 None None] Fixed interval looping call 'neutron.plugins.ml2.plugin.AgentDbMixin.agent_health_check' sleeping for 36.93 seconds {{(pid=88958) _run_loop /opt/stack/data/venv/lib/python3.12/site-packages/oslo_service/backend/_threading/loopingcall.py:125}}
May 27 21:37:26.370760 np0000001556 neutron-periodic-workers[88948]: DEBUG dbcounter [-] [88948] Writer thread running {{(pid=88948) stat_writer /opt/stack/data/venv/lib/python3.12/site-packages/dbcounter.py:102}}
May 27 21:37:26.378670 np0000001556 neutron-periodic-workers[88948]: DEBUG oslo.service.backend._threading.loopingcall [None req-121bb0d6-e2d3-47c3-850d-89d711ddd0b1 None None] Fixed interval looping call 'neutron.plugins.ml2.plugin.DhcpAgentSchedulerDbMixin.remove_networks_from_down_agents' sleeping for 36.95 seconds {{(pid=88948) _run_loop /opt/stack/data/venv/lib/python3.12/site-packages/oslo_service/backend/_threading/loopingcall.py:125}}
May 27 21:37:29.385491 np0000001556 neutron-periodic-workers[88958]: DEBUG dbcounter [-] [88958] Writing DB stats neutron:SELECT=1 {{(pid=88958) stat_writer /opt/stack/data/venv/lib/python3.12/site-packages/dbcounter.py:115}}
May 27 21:37:36.377701 np0000001556 neutron-periodic-workers[88948]: DEBUG dbcounter [-] [88948] Writing DB stats neutron:SELECT=3 {{(pid=88948) stat_writer /opt/stack/data/venv/lib/python3.12/site-packages/dbcounter.py:115}}
May 27 21:37:56.322212 np0000001556 neutron-periodic-workers[88958]: DEBUG neutron.db.agents_db [None req-ce13ef40-192a-45fc-b852-65a9ee797dd0 None None] Agent healthcheck: found 0 active agents {{(pid=88958) agent_health_check /opt/stack/neutron/neutron/db/agents_db.py:322}}
May 27 21:37:56.322608 np0000001556 neutron-periodic-workers[88958]: DEBUG oslo.service.backend._threading.loopingcall [None req-ce13ef40-192a-45fc-b852-65a9ee797dd0 None None] Fixed interval looping call 'neutron.plugins.ml2.plugin.AgentDbMixin.agent_health_check' sleeping for 37.00 seconds {{(pid=88958) _run_loop /opt/stack/data/venv/lib/python3.12/site-packages/oslo_service/backend/_threading/loopingcall.py:125}}
May 27 21:38:03.334599 np0000001556 neutron-periodic-workers[88948]: DEBUG oslo.service.backend._threading.loopingcall [None req-121bb0d6-e2d3-47c3-850d-89d711ddd0b1 None None] Fixed interval looping call 'neutron.plugins.ml2.plugin.DhcpAgentSchedulerDbMixin.remove_networks_from_down_agents' sleeping for 36.99 seconds {{(pid=88948) _run_loop /opt/stack/data/venv/lib/python3.12/site-packages/oslo_service/backend/_threading/loopingcall.py:125}}
May 27 21:38:06.321235 np0000001556 neutron-periodic-workers[88958]: DEBUG dbcounter [-] [88958] Writing DB stats neutron:SELECT=1 {{(pid=88958) stat_writer /opt/stack/data/venv/lib/python3.12/site-packages/dbcounter.py:115}}
May 27 21:38:13.333750 np0000001556 neutron-periodic-workers[88948]: DEBUG dbcounter [-] [88948] Writing DB stats neutron:SELECT=3 {{(pid=88948) stat_writer /opt/stack/data/venv/lib/python3.12/site-packages/dbcounter.py:115}}
May 27 21:38:27.367075 np0000001556 neutron-periodic-workers[88962]: DEBUG dbcounter [-] [88962] Writer thread running {{(pid=88962) stat_writer /opt/stack/data/venv/lib/python3.12/site-packages/dbcounter.py:102}}
May 27 21:38:27.368773 np0000001556 neutron-periodic-workers[88962]: DEBUG oslo.service.backend._threading.loopingcall [None req-0e412de0-2918-48f3-b6ed-d3567578aa41 None None] Fixed interval looping call 'neutron.db.quota.driver_nolock.DbQuotaNoLockDriver._remove_expired_reservations' sleeping for 119.96 seconds {{(pid=88962) _run_loop /opt/stack/data/venv/lib/python3.12/site-packages/oslo_service/backend/_threading/loopingcall.py:125}}
May 27 21:38:33.325911 np0000001556 neutron-periodic-workers[88958]: DEBUG neutron.db.agents_db [None req-ce13ef40-192a-45fc-b852-65a9ee797dd0 None None] Agent healthcheck: found 0 active agents {{(pid=88958) agent_health_check /opt/stack/neutron/neutron/db/agents_db.py:322}}
May 27 21:38:33.326336 np0000001556 neutron-periodic-workers[88958]: DEBUG oslo.service.backend._threading.loopingcall [None req-ce13ef40-192a-45fc-b852-65a9ee797dd0 None None] Fixed interval looping call 'neutron.plugins.ml2.plugin.AgentDbMixin.agent_health_check' sleeping for 37.00 seconds {{(pid=88958) _run_loop /opt/stack/data/venv/lib/python3.12/site-packages/oslo_service/backend/_threading/loopingcall.py:125}}
May 27 21:38:37.367525 np0000001556 neutron-periodic-workers[88962]: DEBUG dbcounter [-] [88962] Writing DB stats neutron:DELETE=1 {{(pid=88962) stat_writer /opt/stack/data/venv/lib/python3.12/site-packages/dbcounter.py:115}}
May 27 21:38:40.331602 np0000001556 neutron-periodic-workers[88948]: DEBUG oslo.service.backend._threading.loopingcall [None req-121bb0d6-e2d3-47c3-850d-89d711ddd0b1 None None] Fixed interval looping call 'neutron.plugins.ml2.plugin.DhcpAgentSchedulerDbMixin.remove_networks_from_down_agents' sleeping for 36.99 seconds {{(pid=88948) _run_loop /opt/stack/data/venv/lib/python3.12/site-packages/oslo_service/backend/_threading/loopingcall.py:125}}
May 27 21:38:43.324597 np0000001556 neutron-periodic-workers[88958]: DEBUG dbcounter [-] [88958] Writing DB stats neutron:SELECT=1 {{(pid=88958) stat_writer /opt/stack/data/venv/lib/python3.12/site-packages/dbcounter.py:115}}
May 27 21:38:50.331413 np0000001556 neutron-periodic-workers[88948]: DEBUG dbcounter [-] [88948] Writing DB stats neutron:SELECT=3 {{(pid=88948) stat_writer /opt/stack/data/venv/lib/python3.12/site-packages/dbcounter.py:115}}
May 27 21:39:10.329237 np0000001556 neutron-periodic-workers[88958]: DEBUG neutron.db.agents_db [None req-ce13ef40-192a-45fc-b852-65a9ee797dd0 None None] Agent healthcheck: found 0 active agents {{(pid=88958) agent_health_check /opt/stack/neutron/neutron/db/agents_db.py:322}}
May 27 21:39:10.329829 np0000001556 neutron-periodic-workers[88958]: DEBUG oslo.service.backend._threading.loopingcall [None req-ce13ef40-192a-45fc-b852-65a9ee797dd0 None None] Fixed interval looping call 'neutron.plugins.ml2.plugin.AgentDbMixin.agent_health_check' sleeping for 37.00 seconds {{(pid=88958) _run_loop /opt/stack/data/venv/lib/python3.12/site-packages/oslo_service/backend/_threading/loopingcall.py:125}}
May 27 21:39:12.345391 np0000001556 neutron-periodic-workers[88938]: DEBUG dbcounter [-] [88938] Writer thread running {{(pid=88938) stat_writer /opt/stack/data/venv/lib/python3.12/site-packages/dbcounter.py:102}}
May 27 21:39:12.353830 np0000001556 neutron-periodic-workers[88938]: DEBUG oslo.service.backend._threading.loopingcall [None req-b20b6f13-b7c6-4d39-b371-fb4199ab7bbb None None] Fixed interval looping call 'neutron.services.ovn_l3.plugin.L3_NAT_dbonly_mixin._clean_garbage' sleeping for 299.93 seconds {{(pid=88938) _run_loop /opt/stack/data/venv/lib/python3.12/site-packages/oslo_service/backend/_threading/loopingcall.py:125}}
May 27 21:39:17.329214 np0000001556 neutron-periodic-workers[88948]: DEBUG oslo.service.backend._threading.loopingcall [None req-121bb0d6-e2d3-47c3-850d-89d711ddd0b1 None None] Fixed interval looping call 'neutron.plugins.ml2.plugin.DhcpAgentSchedulerDbMixin.remove_networks_from_down_agents' sleeping for 36.99 seconds {{(pid=88948) _run_loop /opt/stack/data/venv/lib/python3.12/site-packages/oslo_service/backend/_threading/loopingcall.py:125}}
May 27 21:39:20.328919 np0000001556 neutron-periodic-workers[88958]: DEBUG dbcounter [-] [88958] Writing DB stats neutron:SELECT=1 {{(pid=88958) stat_writer /opt/stack/data/venv/lib/python3.12/site-packages/dbcounter.py:115}}
May 27 21:39:22.346088 np0000001556 neutron-periodic-workers[88938]: DEBUG dbcounter [-] [88938] Writing DB stats neutron:SELECT=1 {{(pid=88938) stat_writer /opt/stack/data/venv/lib/python3.12/site-packages/dbcounter.py:115}}
May 27 21:39:27.328801 np0000001556 neutron-periodic-workers[88948]: DEBUG dbcounter [-] [88948] Writing DB stats neutron:SELECT=3 {{(pid=88948) stat_writer /opt/stack/data/venv/lib/python3.12/site-packages/dbcounter.py:115}}
May 27 21:39:47.333042 np0000001556 neutron-periodic-workers[88958]: DEBUG neutron.db.agents_db [None req-ce13ef40-192a-45fc-b852-65a9ee797dd0 None None] Agent healthcheck: found 0 active agents {{(pid=88958) agent_health_check /opt/stack/neutron/neutron/db/agents_db.py:322}}
May 27 21:39:47.333558 np0000001556 neutron-periodic-workers[88958]: DEBUG oslo.service.backend._threading.loopingcall [None req-ce13ef40-192a-45fc-b852-65a9ee797dd0 None None] Fixed interval looping call 'neutron.plugins.ml2.plugin.AgentDbMixin.agent_health_check' sleeping for 37.00 seconds {{(pid=88958) _run_loop /opt/stack/data/venv/lib/python3.12/site-packages/oslo_service/backend/_threading/loopingcall.py:125}}
May 27 21:39:54.327416 np0000001556 neutron-periodic-workers[88948]: DEBUG oslo.service.backend._threading.loopingcall [None req-121bb0d6-e2d3-47c3-850d-89d711ddd0b1 None None] Fixed interval looping call 'neutron.plugins.ml2.plugin.DhcpAgentSchedulerDbMixin.remove_networks_from_down_agents' sleeping for 36.99 seconds {{(pid=88948) _run_loop /opt/stack/data/venv/lib/python3.12/site-packages/oslo_service/backend/_threading/loopingcall.py:125}}
May 27 21:39:57.331965 np0000001556 neutron-periodic-workers[88958]: DEBUG dbcounter [-] [88958] Writing DB stats neutron:SELECT=1 {{(pid=88958) stat_writer /opt/stack/data/venv/lib/python3.12/site-packages/dbcounter.py:115}}
May 27 21:40:04.326201 np0000001556 neutron-periodic-workers[88948]: DEBUG dbcounter [-] [88948] Writing DB stats neutron:SELECT=3 {{(pid=88948) stat_writer /opt/stack/data/venv/lib/python3.12/site-packages/dbcounter.py:115}}
May 27 21:40:24.339196 np0000001556 neutron-periodic-workers[88958]: DEBUG neutron.db.agents_db [None req-ce13ef40-192a-45fc-b852-65a9ee797dd0 None None] Agent healthcheck: found 0 active agents {{(pid=88958) agent_health_check /opt/stack/neutron/neutron/db/agents_db.py:322}}
May 27 21:40:24.339792 np0000001556 neutron-periodic-workers[88958]: DEBUG oslo.service.backend._threading.loopingcall [None req-ce13ef40-192a-45fc-b852-65a9ee797dd0 None None] Fixed interval looping call 'neutron.plugins.ml2.plugin.AgentDbMixin.agent_health_check' sleeping for 36.99 seconds {{(pid=88958) _run_loop /opt/stack/data/venv/lib/python3.12/site-packages/oslo_service/backend/_threading/loopingcall.py:125}}
May 27 21:40:27.345534 np0000001556 neutron-periodic-workers[88962]: DEBUG oslo.service.backend._threading.loopingcall [None req-0e412de0-2918-48f3-b6ed-d3567578aa41 None None] Fixed interval looping call 'neutron.db.quota.driver_nolock.DbQuotaNoLockDriver._remove_expired_reservations' sleeping for 119.98 seconds {{(pid=88962) _run_loop /opt/stack/data/venv/lib/python3.12/site-packages/oslo_service/backend/_threading/loopingcall.py:125}}
May 27 21:40:31.344719 np0000001556 neutron-periodic-workers[88948]: DEBUG oslo.service.backend._threading.loopingcall [None req-121bb0d6-e2d3-47c3-850d-89d711ddd0b1 None None] Fixed interval looping call 'neutron.plugins.ml2.plugin.DhcpAgentSchedulerDbMixin.remove_networks_from_down_agents' sleeping for 36.97 seconds {{(pid=88948) _run_loop /opt/stack/data/venv/lib/python3.12/site-packages/oslo_service/backend/_threading/loopingcall.py:125}}
May 27 21:40:34.335485 np0000001556 neutron-periodic-workers[88958]: DEBUG dbcounter [-] [88958] Writing DB stats neutron:SELECT=1 {{(pid=88958) stat_writer /opt/stack/data/venv/lib/python3.12/site-packages/dbcounter.py:115}}
May 27 21:40:37.344711 np0000001556 neutron-periodic-workers[88962]: DEBUG dbcounter [-] [88962] Writing DB stats neutron:DELETE=1 {{(pid=88962) stat_writer /opt/stack/data/venv/lib/python3.12/site-packages/dbcounter.py:115}}
May 27 21:40:41.343688 np0000001556 neutron-periodic-workers[88948]: DEBUG dbcounter [-] [88948] Writing DB stats neutron:SELECT=3 {{(pid=88948) stat_writer /opt/stack/data/venv/lib/python3.12/site-packages/dbcounter.py:115}}
May 27 21:41:01.333300 np0000001556 neutron-periodic-workers[88958]: DEBUG neutron.db.agents_db [None req-ce13ef40-192a-45fc-b852-65a9ee797dd0 None None] Agent healthcheck: found 0 active agents {{(pid=88958) agent_health_check /opt/stack/neutron/neutron/db/agents_db.py:322}}
May 27 21:41:01.333683 np0000001556 neutron-periodic-workers[88958]: DEBUG oslo.service.backend._threading.loopingcall [None req-ce13ef40-192a-45fc-b852-65a9ee797dd0 None None] Fixed interval looping call 'neutron.plugins.ml2.plugin.AgentDbMixin.agent_health_check' sleeping for 37.00 seconds {{(pid=88958) _run_loop /opt/stack/data/venv/lib/python3.12/site-packages/oslo_service/backend/_threading/loopingcall.py:125}}
May 27 21:41:08.321925 np0000001556 neutron-periodic-workers[88948]: DEBUG oslo.service.backend._threading.loopingcall [None req-121bb0d6-e2d3-47c3-850d-89d711ddd0b1 None None] Fixed interval looping call 'neutron.plugins.ml2.plugin.DhcpAgentSchedulerDbMixin.remove_networks_from_down_agents' sleeping for 36.99 seconds {{(pid=88948) _run_loop /opt/stack/data/venv/lib/python3.12/site-packages/oslo_service/backend/_threading/loopingcall.py:125}}
May 27 21:41:11.332136 np0000001556 neutron-periodic-workers[88958]: DEBUG dbcounter [-] [88958] Writing DB stats neutron:SELECT=1 {{(pid=88958) stat_writer /opt/stack/data/venv/lib/python3.12/site-packages/dbcounter.py:115}}
May 27 21:41:18.323817 np0000001556 neutron-periodic-workers[88948]: DEBUG dbcounter [-] [88948] Writing DB stats neutron:SELECT=3 {{(pid=88948) stat_writer /opt/stack/data/venv/lib/python3.12/site-packages/dbcounter.py:115}}
May 27 21:41:38.340751 np0000001556 neutron-periodic-workers[88958]: DEBUG neutron.db.agents_db [None req-ce13ef40-192a-45fc-b852-65a9ee797dd0 None None] Agent healthcheck: found 0 active agents {{(pid=88958) agent_health_check /opt/stack/neutron/neutron/db/agents_db.py:322}}
May 27 21:41:38.341159 np0000001556 neutron-periodic-workers[88958]: DEBUG oslo.service.backend._threading.loopingcall [None req-ce13ef40-192a-45fc-b852-65a9ee797dd0 None None] Fixed interval looping call 'neutron.plugins.ml2.plugin.AgentDbMixin.agent_health_check' sleeping for 37.00 seconds {{(pid=88958) _run_loop /opt/stack/data/venv/lib/python3.12/site-packages/oslo_service/backend/_threading/loopingcall.py:125}}
May 27 21:41:45.319777 np0000001556 neutron-periodic-workers[88948]: DEBUG oslo.service.backend._threading.loopingcall [None req-121bb0d6-e2d3-47c3-850d-89d711ddd0b1 None None] Fixed interval looping call 'neutron.plugins.ml2.plugin.DhcpAgentSchedulerDbMixin.remove_networks_from_down_agents' sleeping for 36.99 seconds {{(pid=88948) _run_loop /opt/stack/data/venv/lib/python3.12/site-packages/oslo_service/backend/_threading/loopingcall.py:125}}
May 27 21:41:48.338394 np0000001556 neutron-periodic-workers[88958]: DEBUG dbcounter [-] [88958] Writing DB stats neutron:SELECT=1 {{(pid=88958) stat_writer /opt/stack/data/venv/lib/python3.12/site-packages/dbcounter.py:115}}
May 27 21:41:55.319697 np0000001556 neutron-periodic-workers[88948]: DEBUG dbcounter [-] [88948] Writing DB stats neutron:SELECT=3 {{(pid=88948) stat_writer /opt/stack/data/venv/lib/python3.12/site-packages/dbcounter.py:115}}
May 27 21:42:15.345255 np0000001556 neutron-periodic-workers[88958]: DEBUG neutron.db.agents_db [None req-ce13ef40-192a-45fc-b852-65a9ee797dd0 None None] Agent healthcheck: found 0 active agents {{(pid=88958) agent_health_check /opt/stack/neutron/neutron/db/agents_db.py:322}}
May 27 21:42:15.345798 np0000001556 neutron-periodic-workers[88958]: DEBUG oslo.service.backend._threading.loopingcall [None req-ce13ef40-192a-45fc-b852-65a9ee797dd0 None None] Fixed interval looping call 'neutron.plugins.ml2.plugin.AgentDbMixin.agent_health_check' sleeping for 37.00 seconds {{(pid=88958) _run_loop /opt/stack/data/venv/lib/python3.12/site-packages/oslo_service/backend/_threading/loopingcall.py:125}}
May 27 21:42:22.317567 np0000001556 neutron-periodic-workers[88948]: DEBUG oslo.service.backend._threading.loopingcall [None req-121bb0d6-e2d3-47c3-850d-89d711ddd0b1 None None] Fixed interval looping call 'neutron.plugins.ml2.plugin.DhcpAgentSchedulerDbMixin.remove_networks_from_down_agents' sleeping for 36.99 seconds {{(pid=88948) _run_loop /opt/stack/data/venv/lib/python3.12/site-packages/oslo_service/backend/_threading/loopingcall.py:125}}
May 27 21:42:25.353063 np0000001556 neutron-periodic-workers[88958]: DEBUG dbcounter [-] [88958] Writing DB stats neutron:SELECT=1 {{(pid=88958) stat_writer /opt/stack/data/venv/lib/python3.12/site-packages/dbcounter.py:115}}
May 27 21:42:27.330749 np0000001556 neutron-periodic-workers[88962]: DEBUG oslo.service.backend._threading.loopingcall [None req-0e412de0-2918-48f3-b6ed-d3567578aa41 None None] Fixed interval looping call 'neutron.db.quota.driver_nolock.DbQuotaNoLockDriver._remove_expired_reservations' sleeping for 120.00 seconds {{(pid=88962) _run_loop /opt/stack/data/venv/lib/python3.12/site-packages/oslo_service/backend/_threading/loopingcall.py:125}}
May 27 21:42:32.316438 np0000001556 neutron-periodic-workers[88948]: DEBUG dbcounter [-] [88948] Writing DB stats neutron:SELECT=3 {{(pid=88948) stat_writer /opt/stack/data/venv/lib/python3.12/site-packages/dbcounter.py:115}}
May 27 21:42:37.328945 np0000001556 neutron-periodic-workers[88962]: DEBUG dbcounter [-] [88962] Writing DB stats neutron:DELETE=1 {{(pid=88962) stat_writer /opt/stack/data/venv/lib/python3.12/site-packages/dbcounter.py:115}}
May 27 21:42:52.350924 np0000001556 neutron-periodic-workers[88958]: DEBUG neutron.db.agents_db [None req-ce13ef40-192a-45fc-b852-65a9ee797dd0 None None] Agent healthcheck: found 0 active agents {{(pid=88958) agent_health_check /opt/stack/neutron/neutron/db/agents_db.py:322}}
May 27 21:42:52.351339 np0000001556 neutron-periodic-workers[88958]: DEBUG oslo.service.backend._threading.loopingcall [None req-ce13ef40-192a-45fc-b852-65a9ee797dd0 None None] Fixed interval looping call 'neutron.plugins.ml2.plugin.AgentDbMixin.agent_health_check' sleeping for 37.00 seconds {{(pid=88958) _run_loop /opt/stack/data/venv/lib/python3.12/site-packages/oslo_service/backend/_threading/loopingcall.py:125}}
May 27 21:42:59.315601 np0000001556 neutron-periodic-workers[88948]: DEBUG oslo.service.backend._threading.loopingcall [None req-121bb0d6-e2d3-47c3-850d-89d711ddd0b1 None None] Fixed interval looping call 'neutron.plugins.ml2.plugin.DhcpAgentSchedulerDbMixin.remove_networks_from_down_agents' sleeping for 36.99 seconds {{(pid=88948) _run_loop /opt/stack/data/venv/lib/python3.12/site-packages/oslo_service/backend/_threading/loopingcall.py:125}}
May 27 21:43:02.349407 np0000001556 neutron-periodic-workers[88958]: DEBUG dbcounter [-] [88958] Writing DB stats neutron:SELECT=1 {{(pid=88958) stat_writer /opt/stack/data/venv/lib/python3.12/site-packages/dbcounter.py:115}}
May 27 21:43:09.315530 np0000001556 neutron-periodic-workers[88948]: DEBUG dbcounter [-] [88948] Writing DB stats neutron:SELECT=3 {{(pid=88948) stat_writer /opt/stack/data/venv/lib/python3.12/site-packages/dbcounter.py:115}}
May 27 21:43:29.354506 np0000001556 neutron-periodic-workers[88958]: DEBUG neutron.db.agents_db [None req-ce13ef40-192a-45fc-b852-65a9ee797dd0 None None] Agent healthcheck: found 0 active agents {{(pid=88958) agent_health_check /opt/stack/neutron/neutron/db/agents_db.py:322}}
May 27 21:43:29.354946 np0000001556 neutron-periodic-workers[88958]: DEBUG oslo.service.backend._threading.loopingcall [None req-ce13ef40-192a-45fc-b852-65a9ee797dd0 None None] Fixed interval looping call 'neutron.plugins.ml2.plugin.AgentDbMixin.agent_health_check' sleeping for 37.00 seconds {{(pid=88958) _run_loop /opt/stack/data/venv/lib/python3.12/site-packages/oslo_service/backend/_threading/loopingcall.py:125}}
May 27 21:43:36.320923 np0000001556 neutron-periodic-workers[88948]: DEBUG oslo.service.backend._threading.loopingcall [None req-121bb0d6-e2d3-47c3-850d-89d711ddd0b1 None None] Fixed interval looping call 'neutron.plugins.ml2.plugin.DhcpAgentSchedulerDbMixin.remove_networks_from_down_agents' sleeping for 36.99 seconds {{(pid=88948) _run_loop /opt/stack/data/venv/lib/python3.12/site-packages/oslo_service/backend/_threading/loopingcall.py:125}}
May 27 21:43:39.353283 np0000001556 neutron-periodic-workers[88958]: DEBUG dbcounter [-] [88958] Writing DB stats neutron:SELECT=1 {{(pid=88958) stat_writer /opt/stack/data/venv/lib/python3.12/site-packages/dbcounter.py:115}}
May 27 21:43:46.318958 np0000001556 neutron-periodic-workers[88948]: DEBUG dbcounter [-] [88948] Writing DB stats neutron:SELECT=3 {{(pid=88948) stat_writer /opt/stack/data/venv/lib/python3.12/site-packages/dbcounter.py:115}}
May 27 21:44:06.359180 np0000001556 neutron-periodic-workers[88958]: DEBUG neutron.db.agents_db [None req-ce13ef40-192a-45fc-b852-65a9ee797dd0 None None] Agent healthcheck: found 0 active agents {{(pid=88958) agent_health_check /opt/stack/neutron/neutron/db/agents_db.py:322}}
May 27 21:44:06.359709 np0000001556 neutron-periodic-workers[88958]: DEBUG oslo.service.backend._threading.loopingcall [None req-ce13ef40-192a-45fc-b852-65a9ee797dd0 None None] Fixed interval looping call 'neutron.plugins.ml2.plugin.AgentDbMixin.agent_health_check' sleeping for 37.00 seconds {{(pid=88958) _run_loop /opt/stack/data/venv/lib/python3.12/site-packages/oslo_service/backend/_threading/loopingcall.py:125}}
May 27 21:44:12.295568 np0000001556 neutron-periodic-workers[88938]: DEBUG oslo.service.backend._threading.loopingcall [None req-b20b6f13-b7c6-4d39-b371-fb4199ab7bbb None None] Fixed interval looping call 'neutron.services.ovn_l3.plugin.L3_NAT_dbonly_mixin._clean_garbage' sleeping for 299.99 seconds {{(pid=88938) _run_loop /opt/stack/data/venv/lib/python3.12/site-packages/oslo_service/backend/_threading/loopingcall.py:125}}
May 27 21:44:13.319132 np0000001556 neutron-periodic-workers[88948]: DEBUG oslo.service.backend._threading.loopingcall [None req-121bb0d6-e2d3-47c3-850d-89d711ddd0b1 None None] Fixed interval looping call 'neutron.plugins.ml2.plugin.DhcpAgentSchedulerDbMixin.remove_networks_from_down_agents' sleeping for 36.99 seconds {{(pid=88948) _run_loop /opt/stack/data/venv/lib/python3.12/site-packages/oslo_service/backend/_threading/loopingcall.py:125}}
May 27 21:44:16.356833 np0000001556 neutron-periodic-workers[88958]: DEBUG dbcounter [-] [88958] Writing DB stats neutron:SELECT=1 {{(pid=88958) stat_writer /opt/stack/data/venv/lib/python3.12/site-packages/dbcounter.py:115}}
May 27 21:44:22.288036 np0000001556 neutron-periodic-workers[88938]: DEBUG dbcounter [-] [88938] Writing DB stats neutron:SELECT=1 {{(pid=88938) stat_writer /opt/stack/data/venv/lib/python3.12/site-packages/dbcounter.py:115}}
May 27 21:44:23.317017 np0000001556 neutron-periodic-workers[88948]: DEBUG dbcounter [-] [88948] Writing DB stats neutron:SELECT=3 {{(pid=88948) stat_writer /opt/stack/data/venv/lib/python3.12/site-packages/dbcounter.py:115}}
May 27 21:44:27.333926 np0000001556 neutron-periodic-workers[88962]: DEBUG oslo.service.backend._threading.loopingcall [None req-0e412de0-2918-48f3-b6ed-d3567578aa41 None None] Fixed interval looping call 'neutron.db.quota.driver_nolock.DbQuotaNoLockDriver._remove_expired_reservations' sleeping for 120.00 seconds {{(pid=88962) _run_loop /opt/stack/data/venv/lib/python3.12/site-packages/oslo_service/backend/_threading/loopingcall.py:125}}
May 27 21:44:37.338800 np0000001556 neutron-periodic-workers[88962]: DEBUG dbcounter [-] [88962] Writing DB stats neutron:DELETE=1 {{(pid=88962) stat_writer /opt/stack/data/venv/lib/python3.12/site-packages/dbcounter.py:115}}
May 27 21:44:43.366212 np0000001556 neutron-periodic-workers[88958]: DEBUG neutron.db.agents_db [None req-ce13ef40-192a-45fc-b852-65a9ee797dd0 None None] Agent healthcheck: found 0 active agents {{(pid=88958) agent_health_check /opt/stack/neutron/neutron/db/agents_db.py:322}}
May 27 21:44:43.368369 np0000001556 neutron-periodic-workers[88958]: DEBUG oslo.service.backend._threading.loopingcall [None req-ce13ef40-192a-45fc-b852-65a9ee797dd0 None None] Fixed interval looping call 'neutron.plugins.ml2.plugin.AgentDbMixin.agent_health_check' sleeping for 36.99 seconds {{(pid=88958) _run_loop /opt/stack/data/venv/lib/python3.12/site-packages/oslo_service/backend/_threading/loopingcall.py:125}}
May 27 21:44:50.319499 np0000001556 neutron-periodic-workers[88948]: DEBUG oslo.service.backend._threading.loopingcall [None req-121bb0d6-e2d3-47c3-850d-89d711ddd0b1 None None] Fixed interval looping call 'neutron.plugins.ml2.plugin.DhcpAgentSchedulerDbMixin.remove_networks_from_down_agents' sleeping for 36.99 seconds {{(pid=88948) _run_loop /opt/stack/data/venv/lib/python3.12/site-packages/oslo_service/backend/_threading/loopingcall.py:125}}
May 27 21:44:53.365935 np0000001556 neutron-periodic-workers[88958]: DEBUG dbcounter [-] [88958] Writing DB stats neutron:SELECT=1 {{(pid=88958) stat_writer /opt/stack/data/venv/lib/python3.12/site-packages/dbcounter.py:115}}
May 27 21:45:00.318739 np0000001556 neutron-periodic-workers[88948]: DEBUG dbcounter [-] [88948] Writing DB stats neutron:SELECT=3 {{(pid=88948) stat_writer /opt/stack/data/venv/lib/python3.12/site-packages/dbcounter.py:115}}
May 27 21:45:20.371784 np0000001556 neutron-periodic-workers[88958]: DEBUG neutron.db.agents_db [None req-ce13ef40-192a-45fc-b852-65a9ee797dd0 None None] Agent healthcheck: found 0 active agents {{(pid=88958) agent_health_check /opt/stack/neutron/neutron/db/agents_db.py:322}}
May 27 21:45:20.372258 np0000001556 neutron-periodic-workers[88958]: DEBUG oslo.service.backend._threading.loopingcall [None req-ce13ef40-192a-45fc-b852-65a9ee797dd0 None None] Fixed interval looping call 'neutron.plugins.ml2.plugin.AgentDbMixin.agent_health_check' sleeping for 36.98 seconds {{(pid=88958) _run_loop /opt/stack/data/venv/lib/python3.12/site-packages/oslo_service/backend/_threading/loopingcall.py:125}}
May 27 21:45:27.320297 np0000001556 neutron-periodic-workers[88948]: DEBUG oslo.service.backend._threading.loopingcall [None req-121bb0d6-e2d3-47c3-850d-89d711ddd0b1 None None] Fixed interval looping call 'neutron.plugins.ml2.plugin.DhcpAgentSchedulerDbMixin.remove_networks_from_down_agents' sleeping for 36.99 seconds {{(pid=88948) _run_loop /opt/stack/data/venv/lib/python3.12/site-packages/oslo_service/backend/_threading/loopingcall.py:125}}
May 27 21:45:30.368627 np0000001556 neutron-periodic-workers[88958]: DEBUG dbcounter [-] [88958] Writing DB stats neutron:SELECT=1 {{(pid=88958) stat_writer /opt/stack/data/venv/lib/python3.12/site-packages/dbcounter.py:115}}
May 27 21:45:38.169010 np0000001556 neutron-periodic-workers[88948]: DEBUG dbcounter [-] [88948] Writing DB stats neutron:SELECT=3 {{(pid=88948) stat_writer /opt/stack/data/venv/lib/python3.12/site-packages/dbcounter.py:115}}
May 27 21:45:57.355776 np0000001556 neutron-periodic-workers[88958]: DEBUG neutron.db.agents_db [None req-ce13ef40-192a-45fc-b852-65a9ee797dd0 None None] Agent healthcheck: found 0 active agents {{(pid=88958) agent_health_check /opt/stack/neutron/neutron/db/agents_db.py:322}}
May 27 21:45:57.357176 np0000001556 neutron-periodic-workers[88958]: DEBUG oslo.service.backend._threading.loopingcall [None req-ce13ef40-192a-45fc-b852-65a9ee797dd0 None None] Fixed interval looping call 'neutron.plugins.ml2.plugin.AgentDbMixin.agent_health_check' sleeping for 37.00 seconds {{(pid=88958) _run_loop /opt/stack/data/venv/lib/python3.12/site-packages/oslo_service/backend/_threading/loopingcall.py:125}}
May 27 21:46:04.315937 np0000001556 neutron-periodic-workers[88948]: DEBUG oslo.service.backend._threading.loopingcall [None req-121bb0d6-e2d3-47c3-850d-89d711ddd0b1 None None] Fixed interval looping call 'neutron.plugins.ml2.plugin.DhcpAgentSchedulerDbMixin.remove_networks_from_down_agents' sleeping for 36.99 seconds {{(pid=88948) _run_loop /opt/stack/data/venv/lib/python3.12/site-packages/oslo_service/backend/_threading/loopingcall.py:125}}
May 27 21:46:07.354844 np0000001556 neutron-periodic-workers[88958]: DEBUG dbcounter [-] [88958] Writing DB stats neutron:SELECT=1 {{(pid=88958) stat_writer /opt/stack/data/venv/lib/python3.12/site-packages/dbcounter.py:115}}
May 27 21:46:14.316343 np0000001556 neutron-periodic-workers[88948]: DEBUG dbcounter [-] [88948] Writing DB stats neutron:SELECT=3 {{(pid=88948) stat_writer /opt/stack/data/venv/lib/python3.12/site-packages/dbcounter.py:115}}
May 27 21:46:27.339436 np0000001556 neutron-periodic-workers[88962]: DEBUG oslo.service.backend._threading.loopingcall [None req-0e412de0-2918-48f3-b6ed-d3567578aa41 None None] Fixed interval looping call 'neutron.db.quota.driver_nolock.DbQuotaNoLockDriver._remove_expired_reservations' sleeping for 119.99 seconds {{(pid=88962) _run_loop /opt/stack/data/venv/lib/python3.12/site-packages/oslo_service/backend/_threading/loopingcall.py:125}}
May 27 21:46:34.364890 np0000001556 neutron-periodic-workers[88958]: DEBUG neutron.db.agents_db [None req-ce13ef40-192a-45fc-b852-65a9ee797dd0 None None] Agent healthcheck: found 0 active agents {{(pid=88958) agent_health_check /opt/stack/neutron/neutron/db/agents_db.py:322}}
May 27 21:46:34.364890 np0000001556 neutron-periodic-workers[88958]: DEBUG oslo.service.backend._threading.loopingcall [None req-ce13ef40-192a-45fc-b852-65a9ee797dd0 None None] Fixed interval looping call 'neutron.plugins.ml2.plugin.AgentDbMixin.agent_health_check' sleeping for 36.99 seconds {{(pid=88958) _run_loop /opt/stack/data/venv/lib/python3.12/site-packages/oslo_service/backend/_threading/loopingcall.py:125}}
May 27 21:46:37.338761 np0000001556 neutron-periodic-workers[88962]: DEBUG dbcounter [-] [88962] Writing DB stats neutron:DELETE=1 {{(pid=88962) stat_writer /opt/stack/data/venv/lib/python3.12/site-packages/dbcounter.py:115}}
May 27 21:46:41.321423 np0000001556 neutron-periodic-workers[88948]: DEBUG oslo.service.backend._threading.loopingcall [None req-121bb0d6-e2d3-47c3-850d-89d711ddd0b1 None None] Fixed interval looping call 'neutron.plugins.ml2.plugin.DhcpAgentSchedulerDbMixin.remove_networks_from_down_agents' sleeping for 36.99 seconds {{(pid=88948) _run_loop /opt/stack/data/venv/lib/python3.12/site-packages/oslo_service/backend/_threading/loopingcall.py:125}}
May 27 21:46:44.360132 np0000001556 neutron-periodic-workers[88958]: DEBUG dbcounter [-] [88958] Writing DB stats neutron:SELECT=1 {{(pid=88958) stat_writer /opt/stack/data/venv/lib/python3.12/site-packages/dbcounter.py:115}}
May 27 21:46:51.320458 np0000001556 neutron-periodic-workers[88948]: DEBUG dbcounter [-] [88948] Writing DB stats neutron:SELECT=3 {{(pid=88948) stat_writer /opt/stack/data/venv/lib/python3.12/site-packages/dbcounter.py:115}}
May 27 21:47:11.358048 np0000001556 neutron-periodic-workers[88958]: DEBUG neutron.db.agents_db [None req-ce13ef40-192a-45fc-b852-65a9ee797dd0 None None] Agent healthcheck: found 0 active agents {{(pid=88958) agent_health_check /opt/stack/neutron/neutron/db/agents_db.py:322}}
May 27 21:47:11.358369 np0000001556 neutron-periodic-workers[88958]: DEBUG oslo.service.backend._threading.loopingcall [None req-ce13ef40-192a-45fc-b852-65a9ee797dd0 None None] Fixed interval looping call 'neutron.plugins.ml2.plugin.AgentDbMixin.agent_health_check' sleeping for 37.00 seconds {{(pid=88958) _run_loop /opt/stack/data/venv/lib/python3.12/site-packages/oslo_service/backend/_threading/loopingcall.py:125}}
May 27 21:47:18.324643 np0000001556 neutron-periodic-workers[88948]: DEBUG oslo.service.backend._threading.loopingcall [None req-121bb0d6-e2d3-47c3-850d-89d711ddd0b1 None None] Fixed interval looping call 'neutron.plugins.ml2.plugin.DhcpAgentSchedulerDbMixin.remove_networks_from_down_agents' sleeping for 36.99 seconds {{(pid=88948) _run_loop /opt/stack/data/venv/lib/python3.12/site-packages/oslo_service/backend/_threading/loopingcall.py:125}}
May 27 21:47:21.359859 np0000001556 neutron-periodic-workers[88958]: DEBUG dbcounter [-] [88958] Writing DB stats neutron:SELECT=1 {{(pid=88958) stat_writer /opt/stack/data/venv/lib/python3.12/site-packages/dbcounter.py:115}}
May 27 21:47:28.322053 np0000001556 neutron-periodic-workers[88948]: DEBUG dbcounter [-] [88948] Writing DB stats neutron:SELECT=3 {{(pid=88948) stat_writer /opt/stack/data/venv/lib/python3.12/site-packages/dbcounter.py:115}}
May 27 21:47:48.361481 np0000001556 neutron-periodic-workers[88958]: DEBUG neutron.db.agents_db [None req-ce13ef40-192a-45fc-b852-65a9ee797dd0 None None] Agent healthcheck: found 0 active agents {{(pid=88958) agent_health_check /opt/stack/neutron/neutron/db/agents_db.py:322}}
