Jun 12 20:37:28.007437 np0000002747 nova-scheduler[95662]: DEBUG cotyledon.oslo_config_glue [-] oslo_limit.auth_type = None {{(pid=95662) log_opt_values /opt/stack/data/venv/lib/python3.12/site-packages/oslo_config/cfg.py:3253}}
Jun 12 20:37:28.007437 np0000002747 nova-scheduler[95662]: DEBUG cotyledon.oslo_config_glue [-] oslo_limit.cafile = None {{(pid=95662) log_opt_values /opt/stack/data/venv/lib/python3.12/site-packages/oslo_config/cfg.py:3253}}
Jun 12 20:37:28.007437 np0000002747 nova-scheduler[95662]: DEBUG cotyledon.oslo_config_glue [-] oslo_limit.certfile = None {{(pid=95662) log_opt_values /opt/stack/data/venv/lib/python3.12/site-packages/oslo_config/cfg.py:3253}}
Jun 12 20:37:28.007437 np0000002747 nova-scheduler[95662]: DEBUG cotyledon.oslo_config_glue [-] oslo_limit.collect_timing = False {{(pid=95662) log_opt_values /opt/stack/data/venv/lib/python3.12/site-packages/oslo_config/cfg.py:3253}}
Jun 12 20:37:28.007437 np0000002747 nova-scheduler[95662]: DEBUG cotyledon.oslo_config_glue [-] oslo_limit.connect_retries = None {{(pid=95662) log_opt_values /opt/stack/data/venv/lib/python3.12/site-packages/oslo_config/cfg.py:3253}}
Jun 12 20:37:28.007437 np0000002747 nova-scheduler[95662]: DEBUG cotyledon.oslo_config_glue [-] oslo_limit.connect_retry_delay = None {{(pid=95662) log_opt_values /opt/stack/data/venv/lib/python3.12/site-packages/oslo_config/cfg.py:3253}}
Jun 12 20:37:28.007698 np0000002747 nova-scheduler[95662]: DEBUG cotyledon.oslo_config_glue [-] oslo_limit.endpoint_id = None {{(pid=95662) log_opt_values /opt/stack/data/venv/lib/python3.12/site-packages/oslo_config/cfg.py:3253}}
Jun 12 20:37:28.007698 np0000002747 nova-scheduler[95662]: DEBUG cotyledon.oslo_config_glue [-] oslo_limit.endpoint_interface = public {{(pid=95662) log_opt_values /opt/stack/data/venv/lib/python3.12/site-packages/oslo_config/cfg.py:3253}}
Jun 12 20:37:28.007698 np0000002747 nova-scheduler[95662]: DEBUG cotyledon.oslo_config_glue [-] oslo_limit.endpoint_override = None {{(pid=95662) log_opt_values /opt/stack/data/venv/lib/python3.12/site-packages/oslo_config/cfg.py:3253}}
Jun 12 20:37:28.007698 np0000002747 nova-scheduler[95662]: DEBUG cotyledon.oslo_config_glue [-] oslo_limit.endpoint_region_name = None {{(pid=95662) log_opt_values /opt/stack/data/venv/lib/python3.12/site-packages/oslo_config/cfg.py:3253}}
Jun 12 20:37:28.007698 np0000002747 nova-scheduler[95662]: DEBUG cotyledon.oslo_config_glue [-] oslo_limit.endpoint_service_name = None {{(pid=95662) log_opt_values /opt/stack/data/venv/lib/python3.12/site-packages/oslo_config/cfg.py:3253}}
Jun 12 20:37:28.007698 np0000002747 nova-scheduler[95662]: DEBUG cotyledon.oslo_config_glue [-] oslo_limit.endpoint_service_type = None {{(pid=95662) log_opt_values /opt/stack/data/venv/lib/python3.12/site-packages/oslo_config/cfg.py:3253}}
Jun 12 20:37:28.007698 np0000002747 nova-scheduler[95662]: DEBUG cotyledon.oslo_config_glue [-] oslo_limit.insecure = False {{(pid=95662) log_opt_values /opt/stack/data/venv/lib/python3.12/site-packages/oslo_config/cfg.py:3253}}
Jun 12 20:37:28.007698 np0000002747 nova-scheduler[95662]: DEBUG cotyledon.oslo_config_glue [-] oslo_limit.keyfile = None {{(pid=95662) log_opt_values /opt/stack/data/venv/lib/python3.12/site-packages/oslo_config/cfg.py:3253}}
Jun 12 20:37:28.007698 np0000002747 nova-scheduler[95662]: DEBUG cotyledon.oslo_config_glue [-] oslo_limit.max_version = None {{(pid=95662) log_opt_values /opt/stack/data/venv/lib/python3.12/site-packages/oslo_config/cfg.py:3253}}
Jun 12 20:37:28.007960 np0000002747 nova-scheduler[95662]: DEBUG cotyledon.oslo_config_glue [-] oslo_limit.min_version = None {{(pid=95662) log_opt_values /opt/stack/data/venv/lib/python3.12/site-packages/oslo_config/cfg.py:3253}}
Jun 12 20:37:28.007960 np0000002747 nova-scheduler[95662]: DEBUG cotyledon.oslo_config_glue [-] oslo_limit.region_name = None {{(pid=95662) log_opt_values /opt/stack/data/venv/lib/python3.12/site-packages/oslo_config/cfg.py:3253}}
Jun 12 20:37:28.007960 np0000002747 nova-scheduler[95662]: DEBUG cotyledon.oslo_config_glue [-] oslo_limit.retriable_status_codes = None {{(pid=95662) log_opt_values /opt/stack/data/venv/lib/python3.12/site-packages/oslo_config/cfg.py:3253}}
Jun 12 20:37:28.007960 np0000002747 nova-scheduler[95662]: DEBUG cotyledon.oslo_config_glue [-] oslo_limit.service_name = None {{(pid=95662) log_opt_values /opt/stack/data/venv/lib/python3.12/site-packages/oslo_config/cfg.py:3253}}
Jun 12 20:37:28.007960 np0000002747 nova-scheduler[95662]: DEBUG cotyledon.oslo_config_glue [-] oslo_limit.service_type = None {{(pid=95662) log_opt_values /opt/stack/data/venv/lib/python3.12/site-packages/oslo_config/cfg.py:3253}}
Jun 12 20:37:28.007960 np0000002747 nova-scheduler[95662]: DEBUG cotyledon.oslo_config_glue [-] oslo_limit.split_loggers = False {{(pid=95662) log_opt_values /opt/stack/data/venv/lib/python3.12/site-packages/oslo_config/cfg.py:3253}}
Jun 12 20:37:28.007960 np0000002747 nova-scheduler[95662]: DEBUG cotyledon.oslo_config_glue [-] oslo_limit.status_code_retries = None {{(pid=95662) log_opt_values /opt/stack/data/venv/lib/python3.12/site-packages/oslo_config/cfg.py:3253}}
Jun 12 20:37:28.007960 np0000002747 nova-scheduler[95662]: DEBUG cotyledon.oslo_config_glue [-] oslo_limit.status_code_retry_delay = None {{(pid=95662) log_opt_values /opt/stack/data/venv/lib/python3.12/site-packages/oslo_config/cfg.py:3253}}
Jun 12 20:37:28.007960 np0000002747 nova-scheduler[95662]: DEBUG cotyledon.oslo_config_glue [-] oslo_limit.timeout = None {{(pid=95662) log_opt_values /opt/stack/data/venv/lib/python3.12/site-packages/oslo_config/cfg.py:3253}}
Jun 12 20:37:28.008266 np0000002747 nova-scheduler[95662]: DEBUG cotyledon.oslo_config_glue [-] oslo_limit.valid_interfaces = None {{(pid=95662) log_opt_values /opt/stack/data/venv/lib/python3.12/site-packages/oslo_config/cfg.py:3253}}
Jun 12 20:37:28.008266 np0000002747 nova-scheduler[95662]: DEBUG cotyledon.oslo_config_glue [-] oslo_limit.version = None {{(pid=95662) log_opt_values /opt/stack/data/venv/lib/python3.12/site-packages/oslo_config/cfg.py:3253}}
Jun 12 20:37:28.008266 np0000002747 nova-scheduler[95662]: DEBUG cotyledon.oslo_config_glue [-] oslo_reports.file_event_handler = None {{(pid=95662) log_opt_values /opt/stack/data/venv/lib/python3.12/site-packages/oslo_config/cfg.py:3253}}
Jun 12 20:37:28.008266 np0000002747 nova-scheduler[95662]: DEBUG cotyledon.oslo_config_glue [-] oslo_reports.file_event_handler_interval = 1 {{(pid=95662) log_opt_values /opt/stack/data/venv/lib/python3.12/site-packages/oslo_config/cfg.py:3253}}
Jun 12 20:37:28.008266 np0000002747 nova-scheduler[95662]: DEBUG cotyledon.oslo_config_glue [-] oslo_reports.log_dir = None {{(pid=95662) log_opt_values /opt/stack/data/venv/lib/python3.12/site-packages/oslo_config/cfg.py:3253}}
Jun 12 20:37:28.008266 np0000002747 nova-scheduler[95662]: DEBUG cotyledon.oslo_config_glue [-] ******************************************************************************** {{(pid=95662) log_opt_values /opt/stack/data/venv/lib/python3.12/site-packages/oslo_config/cfg.py:3260}}
Jun 12 20:37:28.008266 np0000002747 nova-scheduler[95662]: DEBUG cotyledon._service_worker [-] Run service ServiceWrapper(2) [95662] {{(pid=95662) wait_forever /opt/stack/data/venv/lib/python3.12/site-packages/cotyledon/_service_worker.py:218}}
Jun 12 20:37:28.008266 np0000002747 nova-scheduler[95662]: INFO nova.service [-] Starting scheduler node (version 33.1.0)
Jun 12 20:37:28.008266 np0000002747 nova-scheduler[95662]: INFO dbcounter [None req-273c24e0-0ffb-4de4-8369-19d655e118d6 None None] Registered counter for database nova_cell0
Jun 12 20:37:28.008524 np0000002747 nova-scheduler[95660]: DEBUG oslo_db.sqlalchemy.engines [None req-85c77798-1452-4176-9760-4aed667aef9c None None] MySQL server mode set to STRICT_TRANS_TABLES,STRICT_ALL_TABLES,NO_ZERO_IN_DATE,NO_ZERO_DATE,ERROR_FOR_DIVISION_BY_ZERO,TRADITIONAL,NO_ENGINE_SUBSTITUTION {{(pid=95660) _check_effective_sql_mode /opt/stack/data/venv/lib/python3.12/site-packages/oslo_db/sqlalchemy/engines.py:325}}
Jun 12 20:37:28.012755 np0000002747 nova-scheduler[95658]: DEBUG oslo_db.sqlalchemy.engines [None req-d8ec4cd6-3726-419c-8ccf-306aca05f524 None None] MySQL server mode set to STRICT_TRANS_TABLES,STRICT_ALL_TABLES,NO_ZERO_IN_DATE,NO_ZERO_DATE,ERROR_FOR_DIVISION_BY_ZERO,TRADITIONAL,NO_ENGINE_SUBSTITUTION {{(pid=95658) _check_effective_sql_mode /opt/stack/data/venv/lib/python3.12/site-packages/oslo_db/sqlalchemy/engines.py:325}}
Jun 12 20:37:28.014280 np0000002747 nova-scheduler[95660]: DEBUG dbcounter [-] [95660] Writer thread running {{(pid=95660) stat_writer /opt/stack/data/venv/lib/python3.12/site-packages/dbcounter.py:102}}
Jun 12 20:37:28.024098 np0000002747 nova-scheduler[95658]: DEBUG dbcounter [-] [95658] Writer thread running {{(pid=95658) stat_writer /opt/stack/data/venv/lib/python3.12/site-packages/dbcounter.py:102}}
Jun 12 20:37:28.035194 np0000002747 nova-scheduler[95660]: DEBUG nova.service [None req-85c77798-1452-4176-9760-4aed667aef9c None None] Creating RPC server for service: nova-scheduler on topic: scheduler {{(pid=95660) start /opt/stack/nova/nova/service.py:196}}
Jun 12 20:37:28.037294 np0000002747 nova-scheduler[95662]: DEBUG oslo_db.sqlalchemy.engines [None req-273c24e0-0ffb-4de4-8369-19d655e118d6 None None] MySQL server mode set to STRICT_TRANS_TABLES,STRICT_ALL_TABLES,NO_ZERO_IN_DATE,NO_ZERO_DATE,ERROR_FOR_DIVISION_BY_ZERO,TRADITIONAL,NO_ENGINE_SUBSTITUTION {{(pid=95662) _check_effective_sql_mode /opt/stack/data/venv/lib/python3.12/site-packages/oslo_db/sqlalchemy/engines.py:325}}
Jun 12 20:37:28.039090 np0000002747 nova-scheduler[95658]: DEBUG nova.service [None req-d8ec4cd6-3726-419c-8ccf-306aca05f524 None None] Creating RPC server for service: nova-scheduler on topic: scheduler {{(pid=95658) start /opt/stack/nova/nova/service.py:196}}
Jun 12 20:37:28.046442 np0000002747 nova-scheduler[95662]: DEBUG dbcounter [-] [95662] Writer thread running {{(pid=95662) stat_writer /opt/stack/data/venv/lib/python3.12/site-packages/dbcounter.py:102}}
Jun 12 20:37:28.049103 np0000002747 nova-scheduler[95662]: DEBUG nova.service [None req-273c24e0-0ffb-4de4-8369-19d655e118d6 None None] Creating RPC server for service: nova-scheduler on topic: scheduler {{(pid=95662) start /opt/stack/nova/nova/service.py:196}}
Jun 12 20:37:28.060163 np0000002747 nova-scheduler[95658]: DEBUG nova.service [None req-d8ec4cd6-3726-419c-8ccf-306aca05f524 None None] Join ServiceGroup membership for this service scheduler {{(pid=95658) start /opt/stack/nova/nova/service.py:222}}
Jun 12 20:37:28.060394 np0000002747 nova-scheduler[95658]: DEBUG nova.servicegroup.drivers.db [None req-d8ec4cd6-3726-419c-8ccf-306aca05f524 None None] DB_Driver: join new ServiceGroup member np0000002747 to the scheduler group, service = {{(pid=95658) join /opt/stack/nova/nova/servicegroup/drivers/db.py:44}}
Jun 12 20:37:28.067643 np0000002747 nova-scheduler[95660]: DEBUG nova.service [None req-85c77798-1452-4176-9760-4aed667aef9c None None] Join ServiceGroup membership for this service scheduler {{(pid=95660) start /opt/stack/nova/nova/service.py:222}}
Jun 12 20:37:28.067888 np0000002747 nova-scheduler[95660]: DEBUG nova.servicegroup.drivers.db [None req-85c77798-1452-4176-9760-4aed667aef9c None None] DB_Driver: join new ServiceGroup member np0000002747 to the scheduler group, service = {{(pid=95660) join /opt/stack/nova/nova/servicegroup/drivers/db.py:44}}
Jun 12 20:37:28.068467 np0000002747 nova-scheduler[95662]: DEBUG nova.service [None req-273c24e0-0ffb-4de4-8369-19d655e118d6 None None] Join ServiceGroup membership for this service scheduler {{(pid=95662) start /opt/stack/nova/nova/service.py:222}}
Jun 12 20:37:28.068542 np0000002747 nova-scheduler[95662]: DEBUG nova.servicegroup.drivers.db [None req-273c24e0-0ffb-4de4-8369-19d655e118d6 None None] DB_Driver: join new ServiceGroup member np0000002747 to the scheduler group, service = {{(pid=95662) join /opt/stack/nova/nova/servicegroup/drivers/db.py:44}}
Jun 12 20:37:33.080315 np0000002747 nova-scheduler[95658]: DEBUG oslo.service.backend._threading.loopingcall [-] Fixed interval looping call 'nova.servicegroup.drivers.db.DbDriver._report_state' sleeping for 119.98 seconds {{(pid=95658) _run_loop /opt/stack/data/venv/lib/python3.12/site-packages/oslo_service/backend/_threading/loopingcall.py:125}}
Jun 12 20:37:33.081057 np0000002747 nova-scheduler[95660]: DEBUG oslo.service.backend._threading.loopingcall [-] Fixed interval looping call 'nova.servicegroup.drivers.db.DbDriver._report_state' sleeping for 119.99 seconds {{(pid=95660) _run_loop /opt/stack/data/venv/lib/python3.12/site-packages/oslo_service/backend/_threading/loopingcall.py:125}}
Jun 12 20:37:33.081778 np0000002747 nova-scheduler[95662]: DEBUG oslo.service.backend._threading.loopingcall [-] Fixed interval looping call 'nova.servicegroup.drivers.db.DbDriver._report_state' sleeping for 119.99 seconds {{(pid=95662) _run_loop /opt/stack/data/venv/lib/python3.12/site-packages/oslo_service/backend/_threading/loopingcall.py:125}}
Jun 12 20:37:35.071232 np0000002747 nova-scheduler[95662]: DEBUG oslo.service.backend._threading.loopingcall [None req-b728bfeb-a59e-474c-920c-d9dfa649b3fb None None] Dynamic interval looping call 'nova.service.Service.periodic_tasks' sleeping for 60.00 seconds {{(pid=95662) _run_loop /opt/stack/data/venv/lib/python3.12/site-packages/oslo_service/backend/_threading/loopingcall.py:125}}
Jun 12 20:37:36.598703 np0000002747 nova-scheduler[94415]: DEBUG dbcounter [-] [94415] Writing DB stats nova_api:SELECT=3 {{(pid=94415) stat_writer /opt/stack/data/venv/lib/python3.12/site-packages/dbcounter.py:115}}
Jun 12 20:37:36.751420 np0000002747 nova-scheduler[94415]: DEBUG dbcounter [-] [94415] Writing DB stats nova_cell0:SELECT=1 {{(pid=94415) stat_writer /opt/stack/data/venv/lib/python3.12/site-packages/dbcounter.py:115}}
Jun 12 20:37:36.756868 np0000002747 nova-scheduler[94415]: DEBUG dbcounter [-] [94415] Writing DB stats nova_cell1:SELECT=1 {{(pid=94415) stat_writer /opt/stack/data/venv/lib/python3.12/site-packages/dbcounter.py:115}}
Jun 12 20:37:40.070623 np0000002747 nova-scheduler[95660]: DEBUG oslo.service.backend._threading.loopingcall [None req-23d148c0-f503-4640-9aae-0dd32096a949 None None] Dynamic interval looping call 'nova.service.Service.periodic_tasks' sleeping for 60.00 seconds {{(pid=95660) _run_loop /opt/stack/data/venv/lib/python3.12/site-packages/oslo_service/backend/_threading/loopingcall.py:125}}
Jun 12 20:37:43.070458 np0000002747 nova-scheduler[95658]: DEBUG dbcounter [-] [95658] Writing DB stats nova_cell0:SELECT=5,nova_cell0:INSERT=1,nova_cell0:UPDATE=1 {{(pid=95658) stat_writer /opt/stack/data/venv/lib/python3.12/site-packages/dbcounter.py:115}}
Jun 12 20:37:43.079016 np0000002747 nova-scheduler[95660]: DEBUG dbcounter [-] [95660] Writing DB stats nova_cell0:SELECT=4,nova_cell0:INSERT=1,nova_cell0:UPDATE=1 {{(pid=95660) stat_writer /opt/stack/data/venv/lib/python3.12/site-packages/dbcounter.py:115}}
Jun 12 20:37:43.082343 np0000002747 nova-scheduler[95662]: DEBUG dbcounter [-] [95662] Writing DB stats nova_cell0:SELECT=3 {{(pid=95662) stat_writer /opt/stack/data/venv/lib/python3.12/site-packages/dbcounter.py:115}}
Jun 12 20:37:47.062807 np0000002747 nova-scheduler[95658]: DEBUG oslo.service.backend._threading.loopingcall [None req-641a822a-2d06-490c-b112-68075aa2e00b None None] Dynamic interval looping call 'nova.service.Service.periodic_tasks' sleeping for 60.00 seconds {{(pid=95658) _run_loop /opt/stack/data/venv/lib/python3.12/site-packages/oslo_service/backend/_threading/loopingcall.py:125}}
Jun 12 20:38:35.071186 np0000002747 nova-scheduler[95662]: DEBUG oslo.service.backend._threading.loopingcall [None req-b728bfeb-a59e-474c-920c-d9dfa649b3fb None None] Dynamic interval looping call 'nova.service.Service.periodic_tasks' sleeping for 60.00 seconds {{(pid=95662) _run_loop /opt/stack/data/venv/lib/python3.12/site-packages/oslo_service/backend/_threading/loopingcall.py:125}}
Jun 12 20:38:40.071139 np0000002747 nova-scheduler[95660]: DEBUG oslo.service.backend._threading.loopingcall [None req-23d148c0-f503-4640-9aae-0dd32096a949 None None] Dynamic interval looping call 'nova.service.Service.periodic_tasks' sleeping for 60.00 seconds {{(pid=95660) _run_loop /opt/stack/data/venv/lib/python3.12/site-packages/oslo_service/backend/_threading/loopingcall.py:125}}
Jun 12 20:38:47.063344 np0000002747 nova-scheduler[95658]: DEBUG oslo.service.backend._threading.loopingcall [None req-641a822a-2d06-490c-b112-68075aa2e00b None None] Dynamic interval looping call 'nova.service.Service.periodic_tasks' sleeping for 60.00 seconds {{(pid=95658) _run_loop /opt/stack/data/venv/lib/python3.12/site-packages/oslo_service/backend/_threading/loopingcall.py:125}}
Jun 12 20:39:33.068384 np0000002747 nova-scheduler[95658]: DEBUG oslo.service.backend._threading.loopingcall [-] Fixed interval looping call 'nova.servicegroup.drivers.db.DbDriver._report_state' sleeping for 119.99 seconds {{(pid=95658) _run_loop /opt/stack/data/venv/lib/python3.12/site-packages/oslo_service/backend/_threading/loopingcall.py:125}}
Jun 12 20:39:33.075029 np0000002747 nova-scheduler[95660]: DEBUG oslo.service.backend._threading.loopingcall [-] Fixed interval looping call 'nova.servicegroup.drivers.db.DbDriver._report_state' sleeping for 120.00 seconds {{(pid=95660) _run_loop /opt/stack/data/venv/lib/python3.12/site-packages/oslo_service/backend/_threading/loopingcall.py:125}}
Jun 12 20:39:33.075641 np0000002747 nova-scheduler[95662]: DEBUG oslo.service.backend._threading.loopingcall [-] Fixed interval looping call 'nova.servicegroup.drivers.db.DbDriver._report_state' sleeping for 120.00 seconds {{(pid=95662) _run_loop /opt/stack/data/venv/lib/python3.12/site-packages/oslo_service/backend/_threading/loopingcall.py:125}}
Jun 12 20:39:35.071816 np0000002747 nova-scheduler[95662]: DEBUG oslo.service.backend._threading.loopingcall [None req-b728bfeb-a59e-474c-920c-d9dfa649b3fb None None] Dynamic interval looping call 'nova.service.Service.periodic_tasks' sleeping for 60.00 seconds {{(pid=95662) _run_loop /opt/stack/data/venv/lib/python3.12/site-packages/oslo_service/backend/_threading/loopingcall.py:125}}
Jun 12 20:39:40.071674 np0000002747 nova-scheduler[95660]: DEBUG oslo.service.backend._threading.loopingcall [None req-23d148c0-f503-4640-9aae-0dd32096a949 None None] Dynamic interval looping call 'nova.service.Service.periodic_tasks' sleeping for 60.00 seconds {{(pid=95660) _run_loop /opt/stack/data/venv/lib/python3.12/site-packages/oslo_service/backend/_threading/loopingcall.py:125}}
Jun 12 20:39:43.065123 np0000002747 nova-scheduler[95658]: DEBUG dbcounter [-] [95658] Writing DB stats nova_cell0:SELECT=1,nova_cell0:UPDATE=1 {{(pid=95658) stat_writer /opt/stack/data/venv/lib/python3.12/site-packages/dbcounter.py:115}}
Jun 12 20:39:43.073080 np0000002747 nova-scheduler[95660]: DEBUG dbcounter [-] [95660] Writing DB stats nova_cell0:SELECT=1 {{(pid=95660) stat_writer /opt/stack/data/venv/lib/python3.12/site-packages/dbcounter.py:115}}
Jun 12 20:39:43.073784 np0000002747 nova-scheduler[95662]: DEBUG dbcounter [-] [95662] Writing DB stats nova_cell0:SELECT=1 {{(pid=95662) stat_writer /opt/stack/data/venv/lib/python3.12/site-packages/dbcounter.py:115}}
Jun 12 20:39:47.063974 np0000002747 nova-scheduler[95658]: DEBUG oslo.service.backend._threading.loopingcall [None req-641a822a-2d06-490c-b112-68075aa2e00b None None] Dynamic interval looping call 'nova.service.Service.periodic_tasks' sleeping for 60.00 seconds {{(pid=95658) _run_loop /opt/stack/data/venv/lib/python3.12/site-packages/oslo_service/backend/_threading/loopingcall.py:125}}
Jun 12 20:40:14.831058 np0000002747 nova-scheduler[95658]: DEBUG nova.scheduler.manager [None req-07481deb-0f27-450d-b003-8284c3013f54 tempest-ServerRescueNegativeTestJSON-1074395701 tempest-ServerRescueNegativeTestJSON-1074395701-project-member] Starting to schedule for instances: ['26d95f5d-e77f-4bc5-952d-d26df5d1d9a3'] {{(pid=95658) select_destinations /opt/stack/nova/nova/scheduler/manager.py:210}}
Jun 12 20:40:14.832175 np0000002747 nova-scheduler[95658]: DEBUG nova.scheduler.request_filter [None req-07481deb-0f27-450d-b003-8284c3013f54 tempest-ServerRescueNegativeTestJSON-1074395701 tempest-ServerRescueNegativeTestJSON-1074395701-project-member] compute_status_filter request filter added forbidden trait COMPUTE_STATUS_DISABLED {{(pid=95658) compute_status_filter /opt/stack/nova/nova/scheduler/request_filter.py:253}}
Jun 12 20:40:14.832175 np0000002747 nova-scheduler[95658]: DEBUG nova.scheduler.request_filter [None req-07481deb-0f27-450d-b003-8284c3013f54 tempest-ServerRescueNegativeTestJSON-1074395701 tempest-ServerRescueNegativeTestJSON-1074395701-project-member] Request filter 'compute_status_filter' took 0.0 seconds {{(pid=95658) wrapper /opt/stack/nova/nova/scheduler/request_filter.py:46}}
Jun 12 20:40:14.832403 np0000002747 nova-scheduler[95658]: DEBUG nova.scheduler.request_filter [None req-07481deb-0f27-450d-b003-8284c3013f54 tempest-ServerRescueNegativeTestJSON-1074395701 tempest-ServerRescueNegativeTestJSON-1074395701-project-member] Request filter 'accelerators_filter' took 0.0 seconds {{(pid=95658) wrapper /opt/stack/nova/nova/scheduler/request_filter.py:46}}
Jun 12 20:40:14.832702 np0000002747 nova-scheduler[95658]: DEBUG nova.scheduler.request_filter [None req-07481deb-0f27-450d-b003-8284c3013f54 tempest-ServerRescueNegativeTestJSON-1074395701 tempest-ServerRescueNegativeTestJSON-1074395701-project-member] Request filter 'packed_virtqueue_filter' took 0.0 seconds {{(pid=95658) wrapper /opt/stack/nova/nova/scheduler/request_filter.py:46}}
Jun 12 20:40:14.832975 np0000002747 nova-scheduler[95658]: DEBUG nova.scheduler.request_filter [None req-07481deb-0f27-450d-b003-8284c3013f54 tempest-ServerRescueNegativeTestJSON-1074395701 tempest-ServerRescueNegativeTestJSON-1074395701-project-member] Request filter 'remote_managed_ports_filter' took 0.0 seconds {{(pid=95658) wrapper /opt/stack/nova/nova/scheduler/request_filter.py:46}}
Jun 12 20:40:14.833214 np0000002747 nova-scheduler[95658]: DEBUG nova.scheduler.request_filter [None req-07481deb-0f27-450d-b003-8284c3013f54 tempest-ServerRescueNegativeTestJSON-1074395701 tempest-ServerRescueNegativeTestJSON-1074395701-project-member] ephemeral_encryption_filter skipped {{(pid=95658) ephemeral_encryption_filter /opt/stack/nova/nova/scheduler/request_filter.py:426}}
Jun 12 20:40:14.833407 np0000002747 nova-scheduler[95658]: DEBUG nova.scheduler.request_filter [None req-07481deb-0f27-450d-b003-8284c3013f54 tempest-ServerRescueNegativeTestJSON-1074395701 tempest-ServerRescueNegativeTestJSON-1074395701-project-member] virtio_sound_filter skipped {{(pid=95658) virtio_sound_filter /opt/stack/nova/nova/scheduler/request_filter.py:460}}
Jun 12 20:40:14.833802 np0000002747 nova-scheduler[95658]: DEBUG nova.scheduler.request_filter [None req-07481deb-0f27-450d-b003-8284c3013f54 tempest-ServerRescueNegativeTestJSON-1074395701 tempest-ServerRescueNegativeTestJSON-1074395701-project-member] tpm_secret_security_filter skipped {{(pid=95658) tpm_secret_security_filter /opt/stack/nova/nova/scheduler/request_filter.py:477}}
Jun 12 20:40:15.411781 np0000002747 nova-scheduler[95658]: INFO nova.utils [None req-07481deb-0f27-450d-b003-8284c3013f54 tempest-ServerRescueNegativeTestJSON-1074395701 tempest-ServerRescueNegativeTestJSON-1074395701-project-member] The cell worker thread pool ForkProcess-1.cell_worker is initialized
Jun 12 20:40:15.412102 np0000002747 nova-scheduler[95658]: DEBUG oslo_concurrency.lockutils [None req-07481deb-0f27-450d-b003-8284c3013f54 tempest-ServerRescueNegativeTestJSON-1074395701 tempest-ServerRescueNegativeTestJSON-1074395701-project-member] Acquiring lock "5d90689d-765d-4959-b90e-1f3c74496e78" by "nova.context.set_target_cell..get_or_set_cached_cell_and_set_connections" {{(pid=95658) inner /opt/stack/data/venv/lib/python3.12/site-packages/oslo_concurrency/lockutils.py:511}}
Jun 12 20:40:15.412289 np0000002747 nova-scheduler[95658]: DEBUG oslo_concurrency.lockutils [None req-07481deb-0f27-450d-b003-8284c3013f54 tempest-ServerRescueNegativeTestJSON-1074395701 tempest-ServerRescueNegativeTestJSON-1074395701-project-member] Lock "5d90689d-765d-4959-b90e-1f3c74496e78" acquired by "nova.context.set_target_cell..get_or_set_cached_cell_and_set_connections" :: waited 0.000s {{(pid=95658) inner /opt/stack/data/venv/lib/python3.12/site-packages/oslo_concurrency/lockutils.py:524}}
Jun 12 20:40:15.413674 np0000002747 nova-scheduler[95658]: DEBUG oslo_concurrency.lockutils [None req-07481deb-0f27-450d-b003-8284c3013f54 tempest-ServerRescueNegativeTestJSON-1074395701 tempest-ServerRescueNegativeTestJSON-1074395701-project-member] Lock "5d90689d-765d-4959-b90e-1f3c74496e78" "released" by "nova.context.set_target_cell..get_or_set_cached_cell_and_set_connections" :: held 0.001s {{(pid=95658) inner /opt/stack/data/venv/lib/python3.12/site-packages/oslo_concurrency/lockutils.py:543}}
Jun 12 20:40:15.416589 np0000002747 nova-scheduler[95658]: INFO dbcounter [None req-07481deb-0f27-450d-b003-8284c3013f54 tempest-ServerRescueNegativeTestJSON-1074395701 tempest-ServerRescueNegativeTestJSON-1074395701-project-member] Registered counter for database nova_cell1
Jun 12 20:40:15.471695 np0000002747 nova-scheduler[95658]: DEBUG oslo_db.sqlalchemy.engines [None req-07481deb-0f27-450d-b003-8284c3013f54 tempest-ServerRescueNegativeTestJSON-1074395701 tempest-ServerRescueNegativeTestJSON-1074395701-project-member] MySQL server mode set to STRICT_TRANS_TABLES,STRICT_ALL_TABLES,NO_ZERO_IN_DATE,NO_ZERO_DATE,ERROR_FOR_DIVISION_BY_ZERO,TRADITIONAL,NO_ENGINE_SUBSTITUTION {{(pid=95658) _check_effective_sql_mode /opt/stack/data/venv/lib/python3.12/site-packages/oslo_db/sqlalchemy/engines.py:325}}
Jun 12 20:40:15.479097 np0000002747 nova-scheduler[95658]: DEBUG dbcounter [-] [95658] Writer thread running {{(pid=95658) stat_writer /opt/stack/data/venv/lib/python3.12/site-packages/dbcounter.py:102}}
Jun 12 20:40:15.496872 np0000002747 nova-scheduler[95658]: DEBUG oslo_db.sqlalchemy.engines [None req-07481deb-0f27-450d-b003-8284c3013f54 tempest-ServerRescueNegativeTestJSON-1074395701 tempest-ServerRescueNegativeTestJSON-1074395701-project-member] Parent process 94415 forked (95658) with an open database connection, which is being discarded and recreated. {{(pid=95658) checkout /opt/stack/data/venv/lib/python3.12/site-packages/oslo_db/sqlalchemy/engines.py:402}}
Jun 12 20:40:15.549405 np0000002747 nova-scheduler[95658]: DEBUG dbcounter [-] [95658] Writer thread running {{(pid=95658) stat_writer /opt/stack/data/venv/lib/python3.12/site-packages/dbcounter.py:102}}
Jun 12 20:40:15.553524 np0000002747 nova-scheduler[95658]: DEBUG oslo_concurrency.lockutils [None req-07481deb-0f27-450d-b003-8284c3013f54 tempest-ServerRescueNegativeTestJSON-1074395701 tempest-ServerRescueNegativeTestJSON-1074395701-project-member] Acquiring lock "5d90689d-765d-4959-b90e-1f3c74496e78" by "nova.context.set_target_cell..get_or_set_cached_cell_and_set_connections" {{(pid=95658) inner /opt/stack/data/venv/lib/python3.12/site-packages/oslo_concurrency/lockutils.py:511}}
Jun 12 20:40:15.553730 np0000002747 nova-scheduler[95658]: DEBUG oslo_concurrency.lockutils [None req-07481deb-0f27-450d-b003-8284c3013f54 tempest-ServerRescueNegativeTestJSON-1074395701 tempest-ServerRescueNegativeTestJSON-1074395701-project-member] Lock "5d90689d-765d-4959-b90e-1f3c74496e78" acquired by "nova.context.set_target_cell..get_or_set_cached_cell_and_set_connections" :: waited 0.000s {{(pid=95658) inner /opt/stack/data/venv/lib/python3.12/site-packages/oslo_concurrency/lockutils.py:524}}
Jun 12 20:40:15.553897 np0000002747 nova-scheduler[95658]: DEBUG oslo_concurrency.lockutils [None req-07481deb-0f27-450d-b003-8284c3013f54 tempest-ServerRescueNegativeTestJSON-1074395701 tempest-ServerRescueNegativeTestJSON-1074395701-project-member] Lock "5d90689d-765d-4959-b90e-1f3c74496e78" "released" by "nova.context.set_target_cell..get_or_set_cached_cell_and_set_connections" :: held 0.000s {{(pid=95658) inner /opt/stack/data/venv/lib/python3.12/site-packages/oslo_concurrency/lockutils.py:543}}
Jun 12 20:40:15.558120 np0000002747 nova-scheduler[95658]: DEBUG oslo_concurrency.lockutils [None req-07481deb-0f27-450d-b003-8284c3013f54 tempest-ServerRescueNegativeTestJSON-1074395701 tempest-ServerRescueNegativeTestJSON-1074395701-project-member] Acquiring lock "('np0000002747', 'np0000002747')" by "nova.scheduler.host_manager.HostState.update.._locked_update" {{(pid=95658) inner /opt/stack/data/venv/lib/python3.12/site-packages/oslo_concurrency/lockutils.py:511}}
Jun 12 20:40:15.558332 np0000002747 nova-scheduler[95658]: DEBUG oslo_concurrency.lockutils [None req-07481deb-0f27-450d-b003-8284c3013f54 tempest-ServerRescueNegativeTestJSON-1074395701 tempest-ServerRescueNegativeTestJSON-1074395701-project-member] Lock "('np0000002747', 'np0000002747')" acquired by "nova.scheduler.host_manager.HostState.update.._locked_update" :: waited 0.000s {{(pid=95658) inner /opt/stack/data/venv/lib/python3.12/site-packages/oslo_concurrency/lockutils.py:524}}
Jun 12 20:40:15.560238 np0000002747 nova-scheduler[95658]: DEBUG nova.scheduler.host_manager [None req-07481deb-0f27-450d-b003-8284c3013f54 tempest-ServerRescueNegativeTestJSON-1074395701 tempest-ServerRescueNegativeTestJSON-1074395701-project-member] Update host state from compute node: ComputeNode(cpu_allocation_ratio=4.0,cpu_info='{"arch": "x86_64", "model": "EPYC-Milan", "vendor": "AMD", "topology": {"cells": 1, "sockets": 12, "cores": 1, "threads": 1}, "maxphysaddr": {"mode": "emulate", "bits": 40}, "features": ["sse4.1", "avx", "lahf_lm", "pschange-mc-no", "lfence-always-serializing", "xgetbv1", "fsgsbase", "ssbd", "syscall", "bmi1", "ibrs", "erms", "lbrv", "tsc-scale", "tsc_adjust", "fxsr", "npt", "fpu", "xsaveerptr", "gds-no", "vaes", "nx", "rdtscp", "mca", "clflushopt", "clflush", "xsave", "mce", "wbnoinvd", "arat", "sse4a", "avx2", "bmi2", "adx", "mmx", "f16c", "pge", "clzero", "skip-l1dfl-vmentry", "mmxext", "topoext", "ssse3", "pause-filter", "pclmuldq", "amd-ssbd", "vpclmulqdq", "cmp_legacy", "xsaveopt", "amd-stibp", "rdseed", "sse2", "perfctr_core", "xsavec", "arch-capabilities", "mds-no", "ibpb", "de", "misalignsse", "pae", "rdrand", "umip", "nrip-save", "smap", "sse", "stibp", "fsrm", "rdctl-no", "xsaves", "cr8legacy", "sep", "pse36", "pse", "tsc", "pdpe1gb", "pat", "movbe", "rdpid", "null-sel-clr-base", "mtrr", "no-nested-data-bp", "pcid", "apic", "svm", "svme-addr-chk", "3dnowprefetch", "sse4.2", "vgif", "pni", "cx16", "fma", "v-vmsave-vmload", "vmcb-clean", "clwb", "fxsr_opt", "spec-ctrl", "osvw", "pku", "msr", "abm", "lm", "cmov", "popcnt", "sha-ni", "invpcid", "flushbyasid", "pfthreshold", "virt-ssbd", "hypervisor", "tsc-deadline", "cx8", "stibp-always-on", "amd-psfd", "vme", "x2apic", "smep", "aes"]}',created_at=2026-06-12T20:37:54Z,current_workload=0,deleted=False,deleted_at=None,disk_allocation_ratio=1.0,disk_available_least=74,free_disk_gb=95,free_ram_mb=23518,host='np0000002747',host_ip=10.4.3.196,hypervisor_hostname='np0000002747',hypervisor_type='QEMU',hypervisor_version=8002002,id=1,local_gb=95,local_gb_used=0,mapped=1,memory_mb=24030,memory_mb_used=512,metrics='[]',numa_topology='{"nova_object.name": "NUMATopology", "nova_object.namespace": "nova", "nova_object.version": "1.2", "nova_object.data": {"cells": [{"nova_object.name": "NUMACell", "nova_object.namespace": "nova", "nova_object.version": "1.5", "nova_object.data": {"id": 0, "cpuset": [0, 1, 2, 3, 4, 5, 6, 7, 8, 9, 10, 11], "pcpuset": [0, 1, 2, 3, 4, 5, 6, 7, 8, 9, 10, 11], "memory": 24030, "cpu_usage": 0, "memory_usage": 0, "pinned_cpus": [], "siblings": [[6], [2], [5], [11], [8], [4], [1], [7], [10], [0], [3], [9]], "mempages": [{"nova_object.name": "NUMAPagesTopology", "nova_object.namespace": "nova", "nova_object.version": "1.1", "nova_object.data": {"size_kb": 4, "total": 6151798, "used": 0, "reserved": 0}, "nova_object.changes": ["total", "size_kb", "used", "reserved"]}, {"nova_object.name": "NUMAPagesTopology", "nova_object.namespace": "nova", "nova_object.version": "1.1", "nova_object.data": {"size_kb": 2048, "total": 0, "used": 0, "reserved": 0}, "nova_object.changes": ["total", "size_kb", "used", "reserved"]}, {"nova_object.name": "NUMAPagesTopology", "nova_object.namespace": "nova", "nova_object.version": "1.1", "nova_object.data": {"size_kb": 1048576, "total": 0, "used": 0, "reserved": 0}, "nova_object.changes": ["total", "size_kb", "used", "reserved"]}], "network_metadata": {"nova_object.name": "NetworkMetadata", "nova_object.namespace": "nova", "nova_object.version": "1.0", "nova_object.data": {"physnets": [], "tunneled": false}, "nova_object.changes": ["tunneled", "physnets"]}, "socket": null}, "nova_object.changes": ["siblings", "id", "memory_usage", "cpu_usage", "pcpuset", "mempages", "cpuset", "pinned_cpus", "socket", "network_metadata", "memory"]}]}, "nova_object.changes": ["cells"]}',pci_device_pools=PciDevicePoolList,ram_allocation_ratio=1.0,running_vms=0,service_id=3,stats={failed_builds='0',uptime=' 20:39:40 up 24 min, 2 users, load average: 1.38, 1.45, 0.84
Jun 12 20:40:15.560238 np0000002747 nova-scheduler[95658]: '},supported_hv_specs=[HVSpec,HVSpec,HVSpec,HVSpec,HVSpec,HVSpec,HVSpec,HVSpec,HVSpec,HVSpec,HVSpec,HVSpec,HVSpec,HVSpec,HVSpec,HVSpec,HVSpec,HVSpec,HVSpec,HVSpec,HVSpec,HVSpec,HVSpec,HVSpec,HVSpec],updated_at=2026-06-12T20:39:42Z,uuid=10f84712-f0c8-49c4-a6df-e0fa713f3fd3,vcpus=12,vcpus_used=0) {{(pid=95658) _locked_update /opt/stack/nova/nova/scheduler/host_manager.py:168}}
Jun 12 20:40:15.560613 np0000002747 nova-scheduler[95658]: DEBUG nova.scheduler.host_manager [None req-07481deb-0f27-450d-b003-8284c3013f54 tempest-ServerRescueNegativeTestJSON-1074395701 tempest-ServerRescueNegativeTestJSON-1074395701-project-member] Update host state with aggregates: [] {{(pid=95658) _locked_update /opt/stack/nova/nova/scheduler/host_manager.py:171}}
Jun 12 20:40:15.560859 np0000002747 nova-scheduler[95658]: DEBUG nova.scheduler.host_manager [None req-07481deb-0f27-450d-b003-8284c3013f54 tempest-ServerRescueNegativeTestJSON-1074395701 tempest-ServerRescueNegativeTestJSON-1074395701-project-member] Update host state with service dict: {'id': 3, 'uuid': '262a0cf5-3dde-4ae7-997f-b1eaa65da4cd', 'host': 'np0000002747', 'binary': 'nova-compute', 'topic': 'compute', 'report_count': 2, 'disabled': False, 'disabled_reason': None, 'last_seen_up': datetime.datetime(2026, 6, 12, 20, 40, 3, tzinfo=datetime.timezone.utc), 'forced_down': False, 'version': 72, 'created_at': datetime.datetime(2026, 6, 12, 20, 37, 52, tzinfo=datetime.timezone.utc), 'updated_at': datetime.datetime(2026, 6, 12, 20, 40, 3, tzinfo=datetime.timezone.utc), 'deleted_at': None, 'deleted': False} {{(pid=95658) _locked_update /opt/stack/nova/nova/scheduler/host_manager.py:174}}
Jun 12 20:40:15.560984 np0000002747 nova-scheduler[95658]: DEBUG nova.scheduler.host_manager [None req-07481deb-0f27-450d-b003-8284c3013f54 tempest-ServerRescueNegativeTestJSON-1074395701 tempest-ServerRescueNegativeTestJSON-1074395701-project-member] Update host state with instances: [] {{(pid=95658) _locked_update /opt/stack/nova/nova/scheduler/host_manager.py:177}}
Jun 12 20:40:15.561403 np0000002747 nova-scheduler[95658]: DEBUG oslo_concurrency.lockutils [None req-07481deb-0f27-450d-b003-8284c3013f54 tempest-ServerRescueNegativeTestJSON-1074395701 tempest-ServerRescueNegativeTestJSON-1074395701-project-member] Lock "('np0000002747', 'np0000002747')" "released" by "nova.scheduler.host_manager.HostState.update.._locked_update" :: held 0.003s {{(pid=95658) inner /opt/stack/data/venv/lib/python3.12/site-packages/oslo_concurrency/lockutils.py:543}}
Jun 12 20:40:15.561850 np0000002747 nova-scheduler[95658]: DEBUG nova.filters [None req-07481deb-0f27-450d-b003-8284c3013f54 tempest-ServerRescueNegativeTestJSON-1074395701 tempest-ServerRescueNegativeTestJSON-1074395701-project-member] Starting with 1 host(s) {{(pid=95658) get_filtered_objects /opt/stack/nova/nova/filters.py:70}}
Jun 12 20:40:15.562228 np0000002747 nova-scheduler[95658]: DEBUG nova.filters [None req-07481deb-0f27-450d-b003-8284c3013f54 tempest-ServerRescueNegativeTestJSON-1074395701 tempest-ServerRescueNegativeTestJSON-1074395701-project-member] Filter ComputeFilter returned 1 host(s) {{(pid=95658) get_filtered_objects /opt/stack/nova/nova/filters.py:102}}
Jun 12 20:40:15.562405 np0000002747 nova-scheduler[95658]: DEBUG nova.filters [None req-07481deb-0f27-450d-b003-8284c3013f54 tempest-ServerRescueNegativeTestJSON-1074395701 tempest-ServerRescueNegativeTestJSON-1074395701-project-member] Filter ComputeCapabilitiesFilter returned 1 host(s) {{(pid=95658) get_filtered_objects /opt/stack/nova/nova/filters.py:102}}
Jun 12 20:40:15.562551 np0000002747 nova-scheduler[95658]: DEBUG nova.filters [None req-07481deb-0f27-450d-b003-8284c3013f54 tempest-ServerRescueNegativeTestJSON-1074395701 tempest-ServerRescueNegativeTestJSON-1074395701-project-member] Filter ImagePropertiesFilter returned 1 host(s) {{(pid=95658) get_filtered_objects /opt/stack/nova/nova/filters.py:102}}
Jun 12 20:40:15.562667 np0000002747 nova-scheduler[95658]: DEBUG nova.filters [None req-07481deb-0f27-450d-b003-8284c3013f54 tempest-ServerRescueNegativeTestJSON-1074395701 tempest-ServerRescueNegativeTestJSON-1074395701-project-member] Filter ServerGroupAntiAffinityFilter returned 1 host(s) {{(pid=95658) get_filtered_objects /opt/stack/nova/nova/filters.py:102}}
Jun 12 20:40:15.562813 np0000002747 nova-scheduler[95658]: DEBUG nova.filters [None req-07481deb-0f27-450d-b003-8284c3013f54 tempest-ServerRescueNegativeTestJSON-1074395701 tempest-ServerRescueNegativeTestJSON-1074395701-project-member] Filter ServerGroupAffinityFilter returned 1 host(s) {{(pid=95658) get_filtered_objects /opt/stack/nova/nova/filters.py:102}}
Jun 12 20:40:15.562983 np0000002747 nova-scheduler[95658]: DEBUG nova.filters [None req-07481deb-0f27-450d-b003-8284c3013f54 tempest-ServerRescueNegativeTestJSON-1074395701 tempest-ServerRescueNegativeTestJSON-1074395701-project-member] Filter SameHostFilter returned 1 host(s) {{(pid=95658) get_filtered_objects /opt/stack/nova/nova/filters.py:102}}
Jun 12 20:40:15.563273 np0000002747 nova-scheduler[95658]: DEBUG nova.filters [None req-07481deb-0f27-450d-b003-8284c3013f54 tempest-ServerRescueNegativeTestJSON-1074395701 tempest-ServerRescueNegativeTestJSON-1074395701-project-member] Filter DifferentHostFilter returned 1 host(s) {{(pid=95658) get_filtered_objects /opt/stack/nova/nova/filters.py:102}}
Jun 12 20:40:15.563371 np0000002747 nova-scheduler[95658]: DEBUG nova.scheduler.manager [None req-07481deb-0f27-450d-b003-8284c3013f54 tempest-ServerRescueNegativeTestJSON-1074395701 tempest-ServerRescueNegativeTestJSON-1074395701-project-member] Filtered [(np0000002747, np0000002747) ram: 23518MB disk: 75776MB io_ops: 0 instances: 0, allocation_candidates: 1] {{(pid=95658) _get_sorted_hosts /opt/stack/nova/nova/scheduler/manager.py:743}}
Jun 12 20:40:15.563638 np0000002747 nova-scheduler[95658]: DEBUG nova.scheduler.manager [None req-07481deb-0f27-450d-b003-8284c3013f54 tempest-ServerRescueNegativeTestJSON-1074395701 tempest-ServerRescueNegativeTestJSON-1074395701-project-member] Weighed [WeighedHost [host: (np0000002747, np0000002747) ram: 23518MB disk: 75776MB io_ops: 0 instances: 0, allocation_candidates: 1, weight: 0.0]] {{(pid=95658) _get_sorted_hosts /opt/stack/nova/nova/scheduler/manager.py:765}}
Jun 12 20:40:15.563802 np0000002747 nova-scheduler[95658]: DEBUG nova.scheduler.utils [None req-07481deb-0f27-450d-b003-8284c3013f54 tempest-ServerRescueNegativeTestJSON-1074395701 tempest-ServerRescueNegativeTestJSON-1074395701-project-member] Attempting to claim resources in the placement API for instance 26d95f5d-e77f-4bc5-952d-d26df5d1d9a3 {{(pid=95658) claim_resources /opt/stack/nova/nova/scheduler/utils.py:1345}}
Jun 12 20:40:15.786433 np0000002747 nova-scheduler[95658]: DEBUG nova.scheduler.manager [None req-07481deb-0f27-450d-b003-8284c3013f54 tempest-ServerRescueNegativeTestJSON-1074395701 tempest-ServerRescueNegativeTestJSON-1074395701-project-member] [instance: 26d95f5d-e77f-4bc5-952d-d26df5d1d9a3] Selected host: (np0000002747, np0000002747) ram: 23518MB disk: 75776MB io_ops: 0 instances: 0, allocation_candidates: 1 {{(pid=95658) _consume_selected_host /opt/stack/nova/nova/scheduler/manager.py:625}}
Jun 12 20:40:15.786860 np0000002747 nova-scheduler[95658]: DEBUG oslo_concurrency.lockutils [None req-07481deb-0f27-450d-b003-8284c3013f54 tempest-ServerRescueNegativeTestJSON-1074395701 tempest-ServerRescueNegativeTestJSON-1074395701-project-member] Acquiring lock "('np0000002747', 'np0000002747')" by "nova.scheduler.host_manager.HostState.consume_from_request.._locked" {{(pid=95658) inner /opt/stack/data/venv/lib/python3.12/site-packages/oslo_concurrency/lockutils.py:511}}
Jun 12 20:40:15.787097 np0000002747 nova-scheduler[95658]: DEBUG oslo_concurrency.lockutils [None req-07481deb-0f27-450d-b003-8284c3013f54 tempest-ServerRescueNegativeTestJSON-1074395701 tempest-ServerRescueNegativeTestJSON-1074395701-project-member] Lock "('np0000002747', 'np0000002747')" acquired by "nova.scheduler.host_manager.HostState.consume_from_request.._locked" :: waited 0.000s {{(pid=95658) inner /opt/stack/data/venv/lib/python3.12/site-packages/oslo_concurrency/lockutils.py:524}}
Jun 12 20:40:15.787523 np0000002747 nova-scheduler[95658]: DEBUG oslo_concurrency.lockutils [None req-07481deb-0f27-450d-b003-8284c3013f54 tempest-ServerRescueNegativeTestJSON-1074395701 tempest-ServerRescueNegativeTestJSON-1074395701-project-member] Lock "('np0000002747', 'np0000002747')" "released" by "nova.scheduler.host_manager.HostState.consume_from_request.._locked" :: held 0.000s {{(pid=95658) inner /opt/stack/data/venv/lib/python3.12/site-packages/oslo_concurrency/lockutils.py:543}}
Jun 12 20:40:18.656516 np0000002747 nova-scheduler[95660]: DEBUG nova.scheduler.manager [None req-70bdecfb-d8be-44c5-9bdd-19feb870c05b tempest-ServerBootFromVolumeStableRescueTest-1344964320 tempest-ServerBootFromVolumeStableRescueTest-1344964320-project-member] Starting to schedule for instances: ['09ee607d-6b7d-4dfd-a21b-ae0cb9a0e54d'] {{(pid=95660) select_destinations /opt/stack/nova/nova/scheduler/manager.py:210}}
Jun 12 20:40:18.656981 np0000002747 nova-scheduler[95660]: DEBUG nova.scheduler.request_filter [None req-70bdecfb-d8be-44c5-9bdd-19feb870c05b tempest-ServerBootFromVolumeStableRescueTest-1344964320 tempest-ServerBootFromVolumeStableRescueTest-1344964320-project-member] compute_status_filter request filter added forbidden trait COMPUTE_STATUS_DISABLED {{(pid=95660) compute_status_filter /opt/stack/nova/nova/scheduler/request_filter.py:253}}
Jun 12 20:40:18.657090 np0000002747 nova-scheduler[95660]: DEBUG nova.scheduler.request_filter [None req-70bdecfb-d8be-44c5-9bdd-19feb870c05b tempest-ServerBootFromVolumeStableRescueTest-1344964320 tempest-ServerBootFromVolumeStableRescueTest-1344964320-project-member] Request filter 'compute_status_filter' took 0.0 seconds {{(pid=95660) wrapper /opt/stack/nova/nova/scheduler/request_filter.py:46}}
Jun 12 20:40:18.658778 np0000002747 nova-scheduler[95660]: DEBUG nova.scheduler.request_filter [None req-70bdecfb-d8be-44c5-9bdd-19feb870c05b tempest-ServerBootFromVolumeStableRescueTest-1344964320 tempest-ServerBootFromVolumeStableRescueTest-1344964320-project-member] Request filter 'accelerators_filter' took 0.0 seconds {{(pid=95660) wrapper /opt/stack/nova/nova/scheduler/request_filter.py:46}}
Jun 12 20:40:18.659297 np0000002747 nova-scheduler[95660]: DEBUG nova.scheduler.request_filter [None req-70bdecfb-d8be-44c5-9bdd-19feb870c05b tempest-ServerBootFromVolumeStableRescueTest-1344964320 tempest-ServerBootFromVolumeStableRescueTest-1344964320-project-member] Request filter 'packed_virtqueue_filter' took 0.0 seconds {{(pid=95660) wrapper /opt/stack/nova/nova/scheduler/request_filter.py:46}}
Jun 12 20:40:18.659752 np0000002747 nova-scheduler[95660]: DEBUG nova.scheduler.request_filter [None req-70bdecfb-d8be-44c5-9bdd-19feb870c05b tempest-ServerBootFromVolumeStableRescueTest-1344964320 tempest-ServerBootFromVolumeStableRescueTest-1344964320-project-member] Request filter 'remote_managed_ports_filter' took 0.0 seconds {{(pid=95660) wrapper /opt/stack/nova/nova/scheduler/request_filter.py:46}}
Jun 12 20:40:18.659895 np0000002747 nova-scheduler[95660]: DEBUG nova.scheduler.request_filter [None req-70bdecfb-d8be-44c5-9bdd-19feb870c05b tempest-ServerBootFromVolumeStableRescueTest-1344964320 tempest-ServerBootFromVolumeStableRescueTest-1344964320-project-member] ephemeral_encryption_filter skipped {{(pid=95660) ephemeral_encryption_filter /opt/stack/nova/nova/scheduler/request_filter.py:426}}
Jun 12 20:40:18.660022 np0000002747 nova-scheduler[95660]: DEBUG nova.scheduler.request_filter [None req-70bdecfb-d8be-44c5-9bdd-19feb870c05b tempest-ServerBootFromVolumeStableRescueTest-1344964320 tempest-ServerBootFromVolumeStableRescueTest-1344964320-project-member] virtio_sound_filter skipped {{(pid=95660) virtio_sound_filter /opt/stack/nova/nova/scheduler/request_filter.py:460}}
Jun 12 20:40:18.660160 np0000002747 nova-scheduler[95660]: DEBUG nova.scheduler.request_filter [None req-70bdecfb-d8be-44c5-9bdd-19feb870c05b tempest-ServerBootFromVolumeStableRescueTest-1344964320 tempest-ServerBootFromVolumeStableRescueTest-1344964320-project-member] tpm_secret_security_filter skipped {{(pid=95660) tpm_secret_security_filter /opt/stack/nova/nova/scheduler/request_filter.py:477}}
Jun 12 20:40:18.785467 np0000002747 nova-scheduler[95660]: INFO nova.utils [None req-70bdecfb-d8be-44c5-9bdd-19feb870c05b tempest-ServerBootFromVolumeStableRescueTest-1344964320 tempest-ServerBootFromVolumeStableRescueTest-1344964320-project-member] The cell worker thread pool ForkProcess-2.cell_worker is initialized
Jun 12 20:40:18.785894 np0000002747 nova-scheduler[95660]: DEBUG oslo_concurrency.lockutils [None req-70bdecfb-d8be-44c5-9bdd-19feb870c05b tempest-ServerBootFromVolumeStableRescueTest-1344964320 tempest-ServerBootFromVolumeStableRescueTest-1344964320-project-member] Acquiring lock "5d90689d-765d-4959-b90e-1f3c74496e78" by "nova.context.set_target_cell..get_or_set_cached_cell_and_set_connections" {{(pid=95660) inner /opt/stack/data/venv/lib/python3.12/site-packages/oslo_concurrency/lockutils.py:511}}
Jun 12 20:40:18.786129 np0000002747 nova-scheduler[95660]: DEBUG oslo_concurrency.lockutils [None req-70bdecfb-d8be-44c5-9bdd-19feb870c05b tempest-ServerBootFromVolumeStableRescueTest-1344964320 tempest-ServerBootFromVolumeStableRescueTest-1344964320-project-member] Lock "5d90689d-765d-4959-b90e-1f3c74496e78" acquired by "nova.context.set_target_cell..get_or_set_cached_cell_and_set_connections" :: waited 0.000s {{(pid=95660) inner /opt/stack/data/venv/lib/python3.12/site-packages/oslo_concurrency/lockutils.py:524}}
Jun 12 20:40:18.787679 np0000002747 nova-scheduler[95660]: DEBUG oslo_concurrency.lockutils [None req-70bdecfb-d8be-44c5-9bdd-19feb870c05b tempest-ServerBootFromVolumeStableRescueTest-1344964320 tempest-ServerBootFromVolumeStableRescueTest-1344964320-project-member] Lock "5d90689d-765d-4959-b90e-1f3c74496e78" "released" by "nova.context.set_target_cell..get_or_set_cached_cell_and_set_connections" :: held 0.001s {{(pid=95660) inner /opt/stack/data/venv/lib/python3.12/site-packages/oslo_concurrency/lockutils.py:543}}
Jun 12 20:40:18.789665 np0000002747 nova-scheduler[95660]: INFO dbcounter [None req-70bdecfb-d8be-44c5-9bdd-19feb870c05b tempest-ServerBootFromVolumeStableRescueTest-1344964320 tempest-ServerBootFromVolumeStableRescueTest-1344964320-project-member] Registered counter for database nova_cell1
Jun 12 20:40:18.832100 np0000002747 nova-scheduler[95660]: DEBUG oslo_db.sqlalchemy.engines [None req-70bdecfb-d8be-44c5-9bdd-19feb870c05b tempest-ServerBootFromVolumeStableRescueTest-1344964320 tempest-ServerBootFromVolumeStableRescueTest-1344964320-project-member] MySQL server mode set to STRICT_TRANS_TABLES,STRICT_ALL_TABLES,NO_ZERO_IN_DATE,NO_ZERO_DATE,ERROR_FOR_DIVISION_BY_ZERO,TRADITIONAL,NO_ENGINE_SUBSTITUTION {{(pid=95660) _check_effective_sql_mode /opt/stack/data/venv/lib/python3.12/site-packages/oslo_db/sqlalchemy/engines.py:325}}
Jun 12 20:40:18.837885 np0000002747 nova-scheduler[95660]: DEBUG dbcounter [-] [95660] Writer thread running {{(pid=95660) stat_writer /opt/stack/data/venv/lib/python3.12/site-packages/dbcounter.py:102}}
Jun 12 20:40:18.911247 np0000002747 nova-scheduler[95660]: DEBUG dbcounter [-] [95660] Writer thread running {{(pid=95660) stat_writer /opt/stack/data/venv/lib/python3.12/site-packages/dbcounter.py:102}}
Jun 12 20:40:18.914788 np0000002747 nova-scheduler[95660]: DEBUG oslo_concurrency.lockutils [None req-70bdecfb-d8be-44c5-9bdd-19feb870c05b tempest-ServerBootFromVolumeStableRescueTest-1344964320 tempest-ServerBootFromVolumeStableRescueTest-1344964320-project-member] Acquiring lock "5d90689d-765d-4959-b90e-1f3c74496e78" by "nova.context.set_target_cell..get_or_set_cached_cell_and_set_connections" {{(pid=95660) inner /opt/stack/data/venv/lib/python3.12/site-packages/oslo_concurrency/lockutils.py:511}}
Jun 12 20:40:18.914991 np0000002747 nova-scheduler[95660]: DEBUG oslo_concurrency.lockutils [None req-70bdecfb-d8be-44c5-9bdd-19feb870c05b tempest-ServerBootFromVolumeStableRescueTest-1344964320 tempest-ServerBootFromVolumeStableRescueTest-1344964320-project-member] Lock "5d90689d-765d-4959-b90e-1f3c74496e78" acquired by "nova.context.set_target_cell..get_or_set_cached_cell_and_set_connections" :: waited 0.000s {{(pid=95660) inner /opt/stack/data/venv/lib/python3.12/site-packages/oslo_concurrency/lockutils.py:524}}
