Jul 07 17:32:14.425602 np0000004745 devstack@neutron-api.service[87396]: DEBUG ovsdbapp.backend.ovs_idl [None req-30754091-9dd3-42fe-b5ea-6e3064e2daf7 None None] Created schema index Datapath_Binding.tunnel_key {{(pid=87396) autocreate_indices /opt/stack/data/venv/lib/python3.12/site-packages/ovsdbapp/backend/ovs_idl/__init__.py:106}}
Jul 07 17:32:14.428013 np0000004745 devstack@neutron-api.service[87396]: INFO ovsdbapp.backend.ovs_idl.vlog [None req-30754091-9dd3-42fe-b5ea-6e3064e2daf7 None None] ssl:10.4.3.86:6642: connecting...
Jul 07 17:32:14.429551 np0000004745 devstack@neutron-api.service[87397]: INFO ovsdbapp.backend.ovs_idl.vlog [None req-858f781c-9796-4564-8012-d95a990fb230 None None] ssl:10.4.3.86:6642: connected
Jul 07 17:32:14.432699 np0000004745 devstack@neutron-api.service[87396]: INFO ovsdbapp.backend.ovs_idl.vlog [None req-30754091-9dd3-42fe-b5ea-6e3064e2daf7 None None] ssl:10.4.3.86:6642: connected
Jul 07 17:32:14.453109 np0000004745 devstack@neutron-api.service[87397]: DEBUG neutron.common.ovn.hash_ring_manager [None req-858f781c-9796-4564-8012-d95a990fb230 None None] Allow caching, nodes 3>=3 {{(pid=87397) _wait_startup_before_caching /opt/stack/neutron/neutron/common/ovn/hash_ring_manager.py:71}}
Jul 07 17:32:14.455168 np0000004745 devstack@neutron-api.service[87396]: DEBUG neutron.common.ovn.hash_ring_manager [None req-30754091-9dd3-42fe-b5ea-6e3064e2daf7 None None] Allow caching, nodes 3>=3 {{(pid=87396) _wait_startup_before_caching /opt/stack/neutron/neutron/common/ovn/hash_ring_manager.py:71}}
Jul 07 17:32:14.458410 np0000004745 devstack@neutron-api.service[87397]: DEBUG neutron.common.ovn.hash_ring_manager [None req-858f781c-9796-4564-8012-d95a990fb230 None None] Hash Ring loaded. 3 active nodes. 0 offline nodes {{(pid=87397) _load_hash_ring /opt/stack/neutron/neutron/common/ovn/hash_ring_manager.py:110}}
Jul 07 17:32:14.458683 np0000004745 devstack@neutron-api.service[87397]: DEBUG neutron.plugins.ml2.drivers.ovn.mech_driver.ovsdb.ovsdb_monitor [None req-858f781c-9796-4564-8012-d95a990fb230 None None] ChassisOVNAgentWriteEvent : Matched Chassis_Private, create, None None {{(pid=87397) matches /opt/stack/neutron/neutron/plugins/ml2/drivers/ovn/mech_driver/ovsdb/ovsdb_monitor.py:64}}
Jul 07 17:32:14.458802 np0000004745 devstack@neutron-api.service[87397]: DEBUG neutron.plugins.ml2.drivers.ovn.mech_driver.ovsdb.ovsdb_monitor [None req-858f781c-9796-4564-8012-d95a990fb230 None None] ChassisAgentWriteEvent : Matched Chassis_Private, create, None None {{(pid=87397) matches /opt/stack/neutron/neutron/plugins/ml2/drivers/ovn/mech_driver/ovsdb/ovsdb_monitor.py:64}}
Jul 07 17:32:14.459118 np0000004745 devstack@neutron-api.service[87397]: DEBUG neutron.plugins.ml2.drivers.ovn.mech_driver.ovsdb.ovsdb_monitor [None req-858f781c-9796-4564-8012-d95a990fb230 None None] Hash Ring: Node e51cead1b60a51408110c094ed664f3d (host: np0000004745) handling event "create" for row 82397669-222e-49b1-a0b5-f6559b4b8fcc (table: Chassis_Private) {{(pid=87397) notify /opt/stack/neutron/neutron/plugins/ml2/drivers/ovn/mech_driver/ovsdb/ovsdb_monitor.py:1015}}
Jul 07 17:32:14.459300 np0000004745 devstack@neutron-api.service[87397]: DEBUG neutron.plugins.ml2.drivers.ovn.mech_driver.ovsdb.ovsdb_monitor [None req-858f781c-9796-4564-8012-d95a990fb230 None None] Hash Ring: Node e51cead1b60a51408110c094ed664f3d (host: np0000004745) handling event "create" for row 1b603e92-eb28-467e-bf9d-d8dd1aa02e84 (table: Encap) {{(pid=87397) notify /opt/stack/neutron/neutron/plugins/ml2/drivers/ovn/mech_driver/ovsdb/ovsdb_monitor.py:1015}}
Jul 07 17:32:14.459575 np0000004745 devstack@neutron-api.service[87396]: DEBUG neutron.common.ovn.hash_ring_manager [None req-30754091-9dd3-42fe-b5ea-6e3064e2daf7 None None] Hash Ring loaded. 3 active nodes. 0 offline nodes {{(pid=87396) _load_hash_ring /opt/stack/neutron/neutron/common/ovn/hash_ring_manager.py:110}}
Jul 07 17:32:14.459818 np0000004745 devstack@neutron-api.service[87396]: DEBUG neutron.plugins.ml2.drivers.ovn.mech_driver.ovsdb.ovsdb_monitor [None req-30754091-9dd3-42fe-b5ea-6e3064e2daf7 None None] ChassisAgentWriteEvent : Matched Chassis_Private, create, None None {{(pid=87396) matches /opt/stack/neutron/neutron/plugins/ml2/drivers/ovn/mech_driver/ovsdb/ovsdb_monitor.py:64}}
Jul 07 17:32:14.460014 np0000004745 devstack@neutron-api.service[87396]: DEBUG neutron.plugins.ml2.drivers.ovn.mech_driver.ovsdb.ovsdb_monitor [None req-30754091-9dd3-42fe-b5ea-6e3064e2daf7 None None] ChassisOVNAgentWriteEvent : Matched Chassis_Private, create, None None {{(pid=87396) matches /opt/stack/neutron/neutron/plugins/ml2/drivers/ovn/mech_driver/ovsdb/ovsdb_monitor.py:64}}
Jul 07 17:32:14.460901 np0000004745 devstack@neutron-api.service[87397]: INFO neutron.plugins.ml2.drivers.ovn.mech_driver.mech_driver [None req-858f781c-9796-4564-8012-d95a990fb230 None None] WorkerService process has finished the post initialization
Jul 07 17:32:14.461215 np0000004745 devstack@neutron-api.service[87397]: DEBUG oslo_concurrency.processutils [None req-858f781c-9796-4564-8012-d95a990fb230 None None] Running cmd (subprocess): ovsdb-client transact ssl:10.4.3.86:6641 --timeout 180 -p /opt/stack/data/CA/int-ca/private/devstack-cert.key -c /opt/stack/data/CA/int-ca/devstack-cert.crt -C /opt/stack/data/CA/int-ca/ca-chain.pem ["OVN_Northbound", {"op": "wait", "timeout": 0, "table": "Port_Group", "where": [["name", "==", "pvlan_pg_drop"]], "until": "==", "rows": []}, {"op": "insert", "table": "ACL", "row": {"action": "drop", "direction": "to-lport", "match": "outport == @pvlan_pg_drop && ip", "priority": 1010}, "uuid-name": "pvlandroptoport"}, {"op": "insert", "table": "ACL", "row": {"action": "drop", "direction": "from-lport", "match": "inport == @pvlan_pg_drop && ip", "priority": 1010}, "uuid-name": "pvlandropfromport"}, {"op": "insert", "table": "Port_Group", "row": {"name": "pvlan_pg_drop", "acls": ["set", [["named-uuid", "pvlandroptoport"], ["named-uuid", "pvlandropfromport"]]]}}] {{(pid=87397) execute /opt/stack/data/venv/lib/python3.12/site-packages/oslo_concurrency/processutils.py:440}}
Jul 07 17:32:14.461750 np0000004745 devstack@neutron-api.service[87396]: INFO neutron.plugins.ml2.drivers.ovn.mech_driver.mech_driver [None req-30754091-9dd3-42fe-b5ea-6e3064e2daf7 None None] WorkerService process has finished the post initialization
Jul 07 17:32:14.462109 np0000004745 devstack@neutron-api.service[87396]: DEBUG oslo_concurrency.processutils [None req-30754091-9dd3-42fe-b5ea-6e3064e2daf7 None None] Running cmd (subprocess): ovsdb-client transact ssl:10.4.3.86:6641 --timeout 180 -p /opt/stack/data/CA/int-ca/private/devstack-cert.key -c /opt/stack/data/CA/int-ca/devstack-cert.crt -C /opt/stack/data/CA/int-ca/ca-chain.pem ["OVN_Northbound", {"op": "wait", "timeout": 0, "table": "Port_Group", "where": [["name", "==", "pvlan_pg_drop"]], "until": "==", "rows": []}, {"op": "insert", "table": "ACL", "row": {"action": "drop", "direction": "to-lport", "match": "outport == @pvlan_pg_drop && ip", "priority": 1010}, "uuid-name": "pvlandroptoport"}, {"op": "insert", "table": "ACL", "row": {"action": "drop", "direction": "from-lport", "match": "inport == @pvlan_pg_drop && ip", "priority": 1010}, "uuid-name": "pvlandropfromport"}, {"op": "insert", "table": "Port_Group", "row": {"name": "pvlan_pg_drop", "acls": ["set", [["named-uuid", "pvlandroptoport"], ["named-uuid", "pvlandropfromport"]]]}}] {{(pid=87396) execute /opt/stack/data/venv/lib/python3.12/site-packages/oslo_concurrency/processutils.py:440}}
Jul 07 17:32:14.487221 np0000004745 devstack@neutron-api.service[87397]: DEBUG oslo_concurrency.processutils [None req-858f781c-9796-4564-8012-d95a990fb230 None None] CMD "ovsdb-client transact ssl:10.4.3.86:6641 --timeout 180 -p /opt/stack/data/CA/int-ca/private/devstack-cert.key -c /opt/stack/data/CA/int-ca/devstack-cert.crt -C /opt/stack/data/CA/int-ca/ca-chain.pem ["OVN_Northbound", {"op": "wait", "timeout": 0, "table": "Port_Group", "where": [["name", "==", "pvlan_pg_drop"]], "until": "==", "rows": []}, {"op": "insert", "table": "ACL", "row": {"action": "drop", "direction": "to-lport", "match": "outport == @pvlan_pg_drop && ip", "priority": 1010}, "uuid-name": "pvlandroptoport"}, {"op": "insert", "table": "ACL", "row": {"action": "drop", "direction": "from-lport", "match": "inport == @pvlan_pg_drop && ip", "priority": 1010}, "uuid-name": "pvlandropfromport"}, {"op": "insert", "table": "Port_Group", "row": {"name": "pvlan_pg_drop", "acls": ["set", [["named-uuid", "pvlandroptoport"], ["named-uuid", "pvlandropfromport"]]]}}]" returned: 0 in 0.026s {{(pid=87397) execute /opt/stack/data/venv/lib/python3.12/site-packages/oslo_concurrency/processutils.py:468}}
Jul 07 17:32:14.489176 np0000004745 devstack@neutron-api.service[87397]: WSGI app 0 (mountpoint='') ready in 6 seconds on interpreter 0x77567baa4668 pid: 87397 (default app)
Jul 07 17:32:14.489237 np0000004745 devstack@neutron-api.service[87396]: DEBUG oslo_concurrency.processutils [None req-30754091-9dd3-42fe-b5ea-6e3064e2daf7 None None] CMD "ovsdb-client transact ssl:10.4.3.86:6641 --timeout 180 -p /opt/stack/data/CA/int-ca/private/devstack-cert.key -c /opt/stack/data/CA/int-ca/devstack-cert.crt -C /opt/stack/data/CA/int-ca/ca-chain.pem ["OVN_Northbound", {"op": "wait", "timeout": 0, "table": "Port_Group", "where": [["name", "==", "pvlan_pg_drop"]], "until": "==", "rows": []}, {"op": "insert", "table": "ACL", "row": {"action": "drop", "direction": "to-lport", "match": "outport == @pvlan_pg_drop && ip", "priority": 1010}, "uuid-name": "pvlandroptoport"}, {"op": "insert", "table": "ACL", "row": {"action": "drop", "direction": "from-lport", "match": "inport == @pvlan_pg_drop && ip", "priority": 1010}, "uuid-name": "pvlandropfromport"}, {"op": "insert", "table": "Port_Group", "row": {"name": "pvlan_pg_drop", "acls": ["set", [["named-uuid", "pvlandroptoport"], ["named-uuid", "pvlandropfromport"]]]}}]" returned: 0 in 0.027s {{(pid=87396) execute /opt/stack/data/venv/lib/python3.12/site-packages/oslo_concurrency/processutils.py:468}}
Jul 07 17:32:14.491131 np0000004745 devstack@neutron-api.service[87396]: WSGI app 0 (mountpoint='') ready in 6 seconds on interpreter 0x77567baa4668 pid: 87396 (default app)
Jul 07 17:32:15.168236 np0000004745 devstack@neutron-api.service[87397]: DEBUG neutron.plugins.ml2.drivers.ovn.mech_driver.ovsdb.ovsdb_monitor [-] Hash Ring: Node e51cead1b60a51408110c094ed664f3d (host: np0000004745) handling event "update" for row 2f76e00c-2b0c-4e05-b8f1-200e34d8fbe9 (table: Connection) {{(pid=87397) notify /opt/stack/neutron/neutron/plugins/ml2/drivers/ovn/mech_driver/ovsdb/ovsdb_monitor.py:1015}}
Jul 07 17:32:15.170949 np0000004745 devstack@neutron-api.service[87398]: DEBUG neutron.common.ovn.hash_ring_manager [-] Allow caching, nodes 3>=3 {{(pid=87398) _wait_startup_before_caching /opt/stack/neutron/neutron/common/ovn/hash_ring_manager.py:71}}
Jul 07 17:32:15.171272 np0000004745 devstack@neutron-api.service[87398]: DEBUG neutron.plugins.ml2.drivers.ovn.mech_driver.ovsdb.ovsdb_monitor [-] Hash Ring: Node 0d5118b2267557c798fffc190f575c32 (host: np0000004745) handling event "update" for row 2f76e00c-2b0c-4e05-b8f1-200e34d8fbe9 (table: Connection) {{(pid=87398) notify /opt/stack/neutron/neutron/plugins/ml2/drivers/ovn/mech_driver/ovsdb/ovsdb_monitor.py:1015}}
Jul 07 17:32:17.668639 np0000004745 devstack@neutron-api.service[87397]: DEBUG neutron.plugins.ml2.drivers.ovn.mech_driver.ovsdb.ovsdb_monitor [-] Hash Ring: Node e51cead1b60a51408110c094ed664f3d (host: np0000004745) handling event "update" for row 2f76e00c-2b0c-4e05-b8f1-200e34d8fbe9 (table: Connection) {{(pid=87397) notify /opt/stack/neutron/neutron/plugins/ml2/drivers/ovn/mech_driver/ovsdb/ovsdb_monitor.py:1015}}
Jul 07 17:32:17.669011 np0000004745 devstack@neutron-api.service[87398]: DEBUG neutron.plugins.ml2.drivers.ovn.mech_driver.ovsdb.ovsdb_monitor [-] Hash Ring: Node 0d5118b2267557c798fffc190f575c32 (host: np0000004745) handling event "update" for row 2f76e00c-2b0c-4e05-b8f1-200e34d8fbe9 (table: Connection) {{(pid=87398) notify /opt/stack/neutron/neutron/plugins/ml2/drivers/ovn/mech_driver/ovsdb/ovsdb_monitor.py:1015}}
Jul 07 17:32:18.256204 np0000004745 devstack@neutron-api.service[87398]: DEBUG neutron.api.wsgi [None req-63216f40-9899-4601-a32b-12bb188b1e11 admin admin] Missing Content-Type {{(pid=87398) get_content_type /opt/stack/neutron/neutron/api/wsgi.py:80}}
Jul 07 17:32:18.256626 np0000004745 devstack@neutron-api.service[87398]: DEBUG neutron.api.wsgi [None req-63216f40-9899-4601-a32b-12bb188b1e11 admin admin] https://10.4.3.86/networking/v2.0/extensions returned with HTTP 200 {{(pid=87398) __call__ /opt/stack/neutron/neutron/api/wsgi.py:540}}
Jul 07 17:32:18.256983 np0000004745 devstack@neutron-api.service[87398]: [pid: 87398|app: 0|req: 2/2] 10.4.3.86 () {64 vars in 1285 bytes} [Tue Jul 7 17:32:17 2026] GET /networking/v2.0/extensions => generated 16171 bytes in 539 msecs (HTTP/1.1 200) 4 headers in 159 bytes (1 switches on core 0)
Jul 07 17:32:18.599873 np0000004745 devstack@neutron-api.service[87397]: DEBUG neutron.api.v2.base [None req-51446a6b-4027-412a-ae53-22ce92039733 admin admin] Request body: {'subnetpool': {'shared': True, 'default_prefixlen': 26, 'prefixes': ['10.1.0.0/20'], 'name': 'shared-default-subnetpool-v4', 'is_default': True}} {{(pid=87397) prepare_request_body /opt/stack/neutron/neutron/api/v2/base.py:727}}
Jul 07 17:32:18.802769 np0000004745 devstack@neutron-api.service[87397]: DEBUG neutron.policy [None req-51446a6b-4027-412a-ae53-22ce92039733 admin admin] Loaded default policies from ['neutron'] under neutron.policies entry points {{(pid=87397) register_rules /opt/stack/neutron/neutron/policy.py:65}}
Jul 07 17:32:18.954328 np0000004745 devstack@neutron-api.service[87397]: DEBUG neutron_lib.callbacks.manager [None req-51446a6b-4027-412a-ae53-22ce92039733 admin admin] Publish callbacks ['neutron.objects.securitygroup.RbacNeutronDbObjectMixin.validate_rbac_policy_change-1391366018817', 'neutron.objects.address_group.RbacNeutronDbObjectMixin.validate_rbac_policy_change-1391366175462', 'neutron.objects.network.RbacNeutronDbObjectMixin.validate_rbac_policy_change-1391366041156', 'neutron.objects.qos.policy.RbacNeutronDbObjectMixin.validate_rbac_policy_change-1391365987270', 'neutron.objects.subnetpool.RbacNeutronDbObjectMixin.validate_rbac_policy_change-1391365996837', 'neutron.objects.address_scope.RbacNeutronDbObjectMixin.validate_rbac_policy_change-1391365997273', 'neutron.plugins.ml2.plugin.External_net_db_mixin._process_ext_policy_create-48293', 'neutron.plugins.ml2.plugin.NeutronDbPluginV2.validate_network_rbac_policy_change-51341'] for rbac-policy (None), before_create {{(pid=87397) _notify_loop /opt/stack/data/venv/lib/python3.12/site-packages/neutron_lib/callbacks/manager.py:184}}
Jul 07 17:32:18.990390 np0000004745 devstack@neutron-api.service[87397]: DEBUG neutron_lib.callbacks.manager [None req-51446a6b-4027-412a-ae53-22ce92039733 admin admin] Publish callbacks [] for subnetpool (None), before_response {{(pid=87397) _notify_loop /opt/stack/data/venv/lib/python3.12/site-packages/neutron_lib/callbacks/manager.py:184}}
Jul 07 17:32:18.990848 np0000004745 devstack@neutron-api.service[87397]: [pid: 87397|app: 0|req: 1/3] 10.4.3.86 () {68 vars in 1329 bytes} [Tue Jul 7 17:32:18 2026] POST /networking/v2.0/subnetpools => generated 533 bytes in 479 msecs (HTTP/1.1 201) 4 headers in 162 bytes (1 switches on core 0)
Jul 07 17:32:19.281315 np0000004745 devstack@neutron-api.service[87396]: DEBUG neutron.api.v2.base [None req-64131141-792e-4d06-9c9b-bbfc818adc67 admin admin] Request body: {'subnetpool': {'shared': True, 'default_prefixlen': 64, 'prefixes': ['fda8:a97a:2869::/56'], 'name': 'shared-default-subnetpool-v6', 'is_default': True}} {{(pid=87396) prepare_request_body /opt/stack/neutron/neutron/api/v2/base.py:727}}
Jul 07 17:32:19.444279 np0000004745 devstack@neutron-api.service[87396]: DEBUG neutron.policy [None req-64131141-792e-4d06-9c9b-bbfc818adc67 admin admin] Loaded default policies from ['neutron'] under neutron.policies entry points {{(pid=87396) register_rules /opt/stack/neutron/neutron/policy.py:65}}
Jul 07 17:32:19.575665 np0000004745 devstack@neutron-api.service[87396]: DEBUG neutron_lib.callbacks.manager [None req-64131141-792e-4d06-9c9b-bbfc818adc67 admin admin] Publish callbacks ['neutron.objects.securitygroup.RbacNeutronDbObjectMixin.validate_rbac_policy_change-1391366054478', 'neutron.objects.address_group.RbacNeutronDbObjectMixin.validate_rbac_policy_change-1391366065013', 'neutron.objects.network.RbacNeutronDbObjectMixin.validate_rbac_policy_change-1391366026776', 'neutron.objects.qos.policy.RbacNeutronDbObjectMixin.validate_rbac_policy_change-1391366045658', 'neutron.objects.subnetpool.RbacNeutronDbObjectMixin.validate_rbac_policy_change-1391366031208', 'neutron.objects.address_scope.RbacNeutronDbObjectMixin.validate_rbac_policy_change-1391366466319', 'neutron.plugins.ml2.plugin.External_net_db_mixin._process_ext_policy_create-44857', 'neutron.plugins.ml2.plugin.NeutronDbPluginV2.validate_network_rbac_policy_change-49377'] for rbac-policy (None), before_create {{(pid=87396) _notify_loop /opt/stack/data/venv/lib/python3.12/site-packages/neutron_lib/callbacks/manager.py:184}}
Jul 07 17:32:19.611030 np0000004745 devstack@neutron-api.service[87396]: DEBUG neutron_lib.callbacks.manager [None req-64131141-792e-4d06-9c9b-bbfc818adc67 admin admin] Publish callbacks [] for subnetpool (None), before_response {{(pid=87396) _notify_loop /opt/stack/data/venv/lib/python3.12/site-packages/neutron_lib/callbacks/manager.py:184}}
Jul 07 17:32:19.611552 np0000004745 devstack@neutron-api.service[87396]: [pid: 87396|app: 0|req: 1/4] 10.4.3.86 () {68 vars in 1329 bytes} [Tue Jul 7 17:32:19 2026] POST /networking/v2.0/subnetpools => generated 543 bytes in 419 msecs (HTTP/1.1 201) 4 headers in 162 bytes (1 switches on core 0)
Jul 07 17:32:19.827691 np0000004745 devstack@neutron-api.service[87398]: DEBUG neutron.api.v2.base [None req-79613ba1-d416-4759-8861-fd5ca5c02c50 admin admin] Request body: {'network': {'admin_state_up': True, 'name': 'private'}} {{(pid=87398) prepare_request_body /opt/stack/neutron/neutron/api/v2/base.py:727}}
Jul 07 17:32:19.856578 np0000004745 devstack@neutron-api.service[87398]: DEBUG neutron.pecan_wsgi.hooks.quota_enforcement [None req-79613ba1-d416-4759-8861-fd5ca5c02c50 admin admin] Made reservation on behalf of 52e0b6bef0ee4981ad1533526a096ca4 for: {'network': 1} {{(pid=87398) before /opt/stack/neutron/neutron/pecan_wsgi/hooks/quota_enforcement.py:66}}
Jul 07 17:32:20.030563 np0000004745 devstack@neutron-api.service[87398]: DEBUG neutron.policy [None req-79613ba1-d416-4759-8861-fd5ca5c02c50 admin admin] Loaded default policies from ['neutron'] under neutron.policies entry points {{(pid=87398) register_rules /opt/stack/neutron/neutron/policy.py:65}}
Jul 07 17:32:20.118735 np0000004745 devstack@neutron-api.service[87398]: DEBUG neutron_lib.callbacks.manager [None req-79613ba1-d416-4759-8861-fd5ca5c02c50 admin admin] Publish callbacks ['neutron.plugins.ml2.plugin.SecurityGroupDbMixin._ensure_default_security_group_handler-1260472'] for network (None), before_create {{(pid=87398) _notify_loop /opt/stack/data/venv/lib/python3.12/site-packages/neutron_lib/callbacks/manager.py:184}}
Jul 07 17:32:20.136026 np0000004745 devstack@neutron-api.service[87398]: DEBUG neutron_lib.callbacks.manager [None req-79613ba1-d416-4759-8861-fd5ca5c02c50 admin admin] Publish callbacks [] for security_group (None), before_create {{(pid=87398) _notify_loop /opt/stack/data/venv/lib/python3.12/site-packages/neutron_lib/callbacks/manager.py:184}}
Jul 07 17:32:20.223166 np0000004745 devstack@neutron-api.service[87398]: DEBUG neutron_lib.callbacks.manager [None req-79613ba1-d416-4759-8861-fd5ca5c02c50 admin admin] Publish callbacks ['neutron.plugins.ml2.drivers.ovn.mech_driver.mech_driver.OVNMechanismDriver._create_security_group_precommit-1011359'] for security_group (7143a46f-8497-494e-b9c9-2e9635f662f5), precommit_create {{(pid=87398) _notify_loop /opt/stack/data/venv/lib/python3.12/site-packages/neutron_lib/callbacks/manager.py:184}}
Jul 07 17:32:20.223348 np0000004745 devstack@neutron-api.service[87398]: DEBUG neutron.db.ovn_revision_numbers_db [None req-79613ba1-d416-4759-8861-fd5ca5c02c50 admin admin] create_initial_revision uuid=7143a46f-8497-494e-b9c9-2e9635f662f5, type=security_groups, rev=-1 {{(pid=87398) create_initial_revision /opt/stack/neutron/neutron/db/ovn_revision_numbers_db.py:98}}
Jul 07 17:32:20.225507 np0000004745 devstack@neutron-api.service[87398]: DEBUG neutron.db.ovn_revision_numbers_db [None req-79613ba1-d416-4759-8861-fd5ca5c02c50 admin admin] create_initial_revision uuid=42caf673-0ceb-4690-9e09-1add93eb9767, type=security_group_rules, rev=-1 {{(pid=87398) create_initial_revision /opt/stack/neutron/neutron/db/ovn_revision_numbers_db.py:98}}
Jul 07 17:32:20.226443 np0000004745 devstack@neutron-api.service[87398]: DEBUG neutron.db.ovn_revision_numbers_db [None req-79613ba1-d416-4759-8861-fd5ca5c02c50 admin admin] create_initial_revision uuid=456cc38f-d901-48a2-9f33-fb29d5ce5f0e, type=security_group_rules, rev=-1 {{(pid=87398) create_initial_revision /opt/stack/neutron/neutron/db/ovn_revision_numbers_db.py:98}}
Jul 07 17:32:20.227358 np0000004745 devstack@neutron-api.service[87398]: DEBUG neutron.db.ovn_revision_numbers_db [None req-79613ba1-d416-4759-8861-fd5ca5c02c50 admin admin] create_initial_revision uuid=59c5fc05-8af7-4ff5-b6ed-dbdd3b2be599, type=security_group_rules, rev=-1 {{(pid=87398) create_initial_revision /opt/stack/neutron/neutron/db/ovn_revision_numbers_db.py:98}}
Jul 07 17:32:20.228233 np0000004745 devstack@neutron-api.service[87398]: DEBUG neutron.db.ovn_revision_numbers_db [None req-79613ba1-d416-4759-8861-fd5ca5c02c50 admin admin] create_initial_revision uuid=c1267a66-92f9-43fc-93bb-05a80b351a43, type=security_group_rules, rev=-1 {{(pid=87398) create_initial_revision /opt/stack/neutron/neutron/db/ovn_revision_numbers_db.py:98}}
Jul 07 17:32:20.231818 np0000004745 devstack@neutron-api.service[87398]: DEBUG neutron_lib.callbacks.manager [None req-79613ba1-d416-4759-8861-fd5ca5c02c50 admin admin] Publish callbacks ['neutron.plugins.ml2.drivers.ovn.mech_driver.mech_driver.OVNMechanismDriver._create_security_group-1011345', 'neutron.plugins.ml2.ovo_rpc._ObjectChangeHandler.handle_event-7365633'] for security_group (7143a46f-8497-494e-b9c9-2e9635f662f5), after_create {{(pid=87398) _notify_loop /opt/stack/data/venv/lib/python3.12/site-packages/neutron_lib/callbacks/manager.py:184}}
Jul 07 17:32:20.232637 np0000004745 devstack@neutron-api.service[87398]: DEBUG ovsdbapp.backend.ovs_idl.transaction [-] Running txn n=1 command(idx=0): PgAddCommand(_result=None, name=pg_7143a46f_8497_494e_b9c9_2e9635f662f5, may_exist=False, columns={'acls': [], 'external_ids': {'neutron:security_group_id': '7143a46f-8497-494e-b9c9-2e9635f662f5'}}) {{(pid=87398) do_commit /opt/stack/data/venv/lib/python3.12/site-packages/ovsdbapp/backend/ovs_idl/transaction.py:89}}
Jul 07 17:32:20.233716 np0000004745 devstack@neutron-api.service[87398]: DEBUG ovsdbapp.backend.ovs_idl.transaction [-] Running txn n=1 command(idx=1): PgAclAddCommand(_result=None, entity=pg_7143a46f_8497_494e_b9c9_2e9635f662f5, direction=to-lport, priority=1002, match=outport == @pg_7143a46f_8497_494e_b9c9_2e9635f662f5 && ip6 && ip6.src == $pg_7143a46f_8497_494e_b9c9_2e9635f662f5_ip6, action=allow-related, log=False, may_exist=True, severity=[], name=[], meter=[], external_ids={'neutron:security_group_rule_id': '42caf673-0ceb-4690-9e09-1add93eb9767'}) {{(pid=87398) do_commit /opt/stack/data/venv/lib/python3.12/site-packages/ovsdbapp/backend/ovs_idl/transaction.py:89}}
Jul 07 17:32:20.234074 np0000004745 devstack@neutron-api.service[87398]: DEBUG ovsdbapp.backend.ovs_idl.transaction [-] Running txn n=1 command(idx=2): PgAclAddCommand(_result=None, entity=pg_7143a46f_8497_494e_b9c9_2e9635f662f5, direction=from-lport, priority=1002, match=inport == @pg_7143a46f_8497_494e_b9c9_2e9635f662f5 && ip6, action=allow-related, log=False, may_exist=True, severity=[], name=[], meter=[], external_ids={'neutron:security_group_rule_id': '456cc38f-d901-48a2-9f33-fb29d5ce5f0e'}) {{(pid=87398) do_commit /opt/stack/data/venv/lib/python3.12/site-packages/ovsdbapp/backend/ovs_idl/transaction.py:89}}
Jul 07 17:32:20.234358 np0000004745 devstack@neutron-api.service[87398]: DEBUG ovsdbapp.backend.ovs_idl.transaction [-] Running txn n=1 command(idx=3): PgAclAddCommand(_result=None, entity=pg_7143a46f_8497_494e_b9c9_2e9635f662f5, direction=to-lport, priority=1002, match=outport == @pg_7143a46f_8497_494e_b9c9_2e9635f662f5 && ip4 && ip4.src == $pg_7143a46f_8497_494e_b9c9_2e9635f662f5_ip4, action=allow-related, log=False, may_exist=True, severity=[], name=[], meter=[], external_ids={'neutron:security_group_rule_id': '59c5fc05-8af7-4ff5-b6ed-dbdd3b2be599'}) {{(pid=87398) do_commit /opt/stack/data/venv/lib/python3.12/site-packages/ovsdbapp/backend/ovs_idl/transaction.py:89}}
Jul 07 17:32:20.234609 np0000004745 devstack@neutron-api.service[87398]: DEBUG ovsdbapp.backend.ovs_idl.transaction [-] Running txn n=1 command(idx=4): PgAclAddCommand(_result=None, entity=pg_7143a46f_8497_494e_b9c9_2e9635f662f5, direction=from-lport, priority=1002, match=inport == @pg_7143a46f_8497_494e_b9c9_2e9635f662f5 && ip4, action=allow-related, log=False, may_exist=True, severity=[], name=[], meter=[], external_ids={'neutron:security_group_rule_id': 'c1267a66-92f9-43fc-93bb-05a80b351a43'}) {{(pid=87398) do_commit /opt/stack/data/venv/lib/python3.12/site-packages/ovsdbapp/backend/ovs_idl/transaction.py:89}}
Jul 07 17:32:20.241050 np0000004745 devstack@neutron-api.service[87398]: DEBUG neutron.plugins.ml2.drivers.ovn.mech_driver.ovsdb.ovsdb_monitor [-] Hash Ring: Node 0d5118b2267557c798fffc190f575c32 (host: np0000004745) handling event "create" for row 82733e49-274b-40a2-ab70-ae638558f3cf (table: ACL) {{(pid=87398) notify /opt/stack/neutron/neutron/plugins/ml2/drivers/ovn/mech_driver/ovsdb/ovsdb_monitor.py:1015}}
Jul 07 17:32:20.241253 np0000004745 devstack@neutron-api.service[87398]: DEBUG neutron.plugins.ml2.drivers.ovn.mech_driver.ovsdb.ovsdb_monitor [-] Hash Ring: Node 0d5118b2267557c798fffc190f575c32 (host: np0000004745) handling event "create" for row a2784470-1b8f-448a-8831-af7acf8a3984 (table: ACL) {{(pid=87398) notify /opt/stack/neutron/neutron/plugins/ml2/drivers/ovn/mech_driver/ovsdb/ovsdb_monitor.py:1015}}
Jul 07 17:32:20.241455 np0000004745 devstack@neutron-api.service[87398]: DEBUG neutron.plugins.ml2.drivers.ovn.mech_driver.ovsdb.ovsdb_monitor [-] Hash Ring: Node 0d5118b2267557c798fffc190f575c32 (host: np0000004745) handling event "create" for row c23a009e-8c9c-4aee-8508-63ca034a8369 (table: ACL) {{(pid=87398) notify /opt/stack/neutron/neutron/plugins/ml2/drivers/ovn/mech_driver/ovsdb/ovsdb_monitor.py:1015}}
Jul 07 17:32:20.241626 np0000004745 devstack@neutron-api.service[87398]: DEBUG neutron.plugins.ml2.drivers.ovn.mech_driver.ovsdb.ovsdb_monitor [-] Hash Ring: Node 0d5118b2267557c798fffc190f575c32 (host: np0000004745) handling event "create" for row d1d5f463-1449-492e-8a1f-11790903616c (table: ACL) {{(pid=87398) notify /opt/stack/neutron/neutron/plugins/ml2/drivers/ovn/mech_driver/ovsdb/ovsdb_monitor.py:1015}}
Jul 07 17:32:20.241714 np0000004745 devstack@neutron-api.service[87397]: DEBUG neutron.plugins.ml2.drivers.ovn.mech_driver.ovsdb.ovsdb_monitor [-] Hash Ring: Node e51cead1b60a51408110c094ed664f3d (host: np0000004745) handling event "create" for row 82733e49-274b-40a2-ab70-ae638558f3cf (table: ACL) {{(pid=87397) notify /opt/stack/neutron/neutron/plugins/ml2/drivers/ovn/mech_driver/ovsdb/ovsdb_monitor.py:1015}}
Jul 07 17:32:20.242075 np0000004745 devstack@neutron-api.service[87398]: DEBUG neutron.plugins.ml2.drivers.ovn.mech_driver.ovsdb.ovsdb_monitor [-] Hash Ring: Node 0d5118b2267557c798fffc190f575c32 (host: np0000004745) handling event "create" for row c618a242-7e50-40e4-a2fc-998019c5c815 (table: Port_Group) {{(pid=87398) notify /opt/stack/neutron/neutron/plugins/ml2/drivers/ovn/mech_driver/ovsdb/ovsdb_monitor.py:1015}}
Jul 07 17:32:20.242122 np0000004745 devstack@neutron-api.service[87397]: DEBUG neutron.plugins.ml2.drivers.ovn.mech_driver.ovsdb.ovsdb_monitor [-] Hash Ring: Node e51cead1b60a51408110c094ed664f3d (host: np0000004745) handling event "create" for row a2784470-1b8f-448a-8831-af7acf8a3984 (table: ACL) {{(pid=87397) notify /opt/stack/neutron/neutron/plugins/ml2/drivers/ovn/mech_driver/ovsdb/ovsdb_monitor.py:1015}}
Jul 07 17:32:20.242371 np0000004745 devstack@neutron-api.service[87397]: DEBUG neutron.plugins.ml2.drivers.ovn.mech_driver.ovsdb.ovsdb_monitor [-] Hash Ring: Node e51cead1b60a51408110c094ed664f3d (host: np0000004745) handling event "create" for row c618a242-7e50-40e4-a2fc-998019c5c815 (table: Port_Group) {{(pid=87397) notify /opt/stack/neutron/neutron/plugins/ml2/drivers/ovn/mech_driver/ovsdb/ovsdb_monitor.py:1015}}
Jul 07 17:32:20.243995 np0000004745 devstack@neutron-api.service[87396]: DEBUG neutron.plugins.ml2.drivers.ovn.mech_driver.ovsdb.ovsdb_monitor [-] Hash Ring: Node cc91115bd468588e8eca11d43e9fce35 (host: np0000004745) handling event "create" for row c23a009e-8c9c-4aee-8508-63ca034a8369 (table: ACL) {{(pid=87396) notify /opt/stack/neutron/neutron/plugins/ml2/drivers/ovn/mech_driver/ovsdb/ovsdb_monitor.py:1015}}
Jul 07 17:32:20.244186 np0000004745 devstack@neutron-api.service[87396]: DEBUG neutron.plugins.ml2.drivers.ovn.mech_driver.ovsdb.ovsdb_monitor [-] Hash Ring: Node cc91115bd468588e8eca11d43e9fce35 (host: np0000004745) handling event "create" for row d1d5f463-1449-492e-8a1f-11790903616c (table: ACL) {{(pid=87396) notify /opt/stack/neutron/neutron/plugins/ml2/drivers/ovn/mech_driver/ovsdb/ovsdb_monitor.py:1015}}
Jul 07 17:32:20.263327 np0000004745 devstack@neutron-api.service[87398]: INFO neutron.db.ovn_revision_numbers_db [None req-79613ba1-d416-4759-8861-fd5ca5c02c50 admin admin] Successfully bumped revision number for resource 7143a46f-8497-494e-b9c9-2e9635f662f5 (type: security_groups) to 1
Jul 07 17:32:20.276576 np0000004745 devstack@neutron-api.service[87398]: INFO neutron.db.ovn_revision_numbers_db [None req-79613ba1-d416-4759-8861-fd5ca5c02c50 admin admin] Successfully bumped revision number for resource 42caf673-0ceb-4690-9e09-1add93eb9767 (type: security_group_rules) to 0
Jul 07 17:32:20.285444 np0000004745 devstack@neutron-api.service[87398]: INFO neutron.db.ovn_revision_numbers_db [None req-79613ba1-d416-4759-8861-fd5ca5c02c50 admin admin] Successfully bumped revision number for resource 456cc38f-d901-48a2-9f33-fb29d5ce5f0e (type: security_group_rules) to 0
Jul 07 17:32:20.294703 np0000004745 devstack@neutron-api.service[87398]: INFO neutron.db.ovn_revision_numbers_db [None req-79613ba1-d416-4759-8861-fd5ca5c02c50 admin admin] Successfully bumped revision number for resource 59c5fc05-8af7-4ff5-b6ed-dbdd3b2be599 (type: security_group_rules) to 0
Jul 07 17:32:20.304003 np0000004745 devstack@neutron-api.service[87398]: INFO neutron.db.ovn_revision_numbers_db [None req-79613ba1-d416-4759-8861-fd5ca5c02c50 admin admin] Successfully bumped revision number for resource c1267a66-92f9-43fc-93bb-05a80b351a43 (type: security_group_rules) to 0
Jul 07 17:32:20.323487 np0000004745 devstack@neutron-api.service[87398]: DEBUG neutron.api.rpc.handlers.resources_rpc [None req-79613ba1-d416-4759-8861-fd5ca5c02c50 admin admin] Pushing event updated for resources: {'SecurityGroup': ['ID=7143a46f-8497-494e-b9c9-2e9635f662f5,revision_number=1']} {{(pid=87398) push /opt/stack/neutron/neutron/api/rpc/handlers/resources_rpc.py:237}}
Jul 07 17:32:20.329837 np0000004745 devstack@neutron-api.service[87398]: DEBUG ovsdbapp.backend.ovs_idl.transaction [-] Running txn n=1 command(idx=0): CheckLivenessCommand(_result=None) {{(pid=87398) do_commit /opt/stack/data/venv/lib/python3.12/site-packages/ovsdbapp/backend/ovs_idl/transaction.py:89}}
Jul 07 17:32:20.331756 np0000004745 devstack@neutron-api.service[87398]: DEBUG neutron.plugins.ml2.drivers.ovn.mech_driver.ovsdb.ovsdb_monitor [-] Hash Ring: Node 0d5118b2267557c798fffc190f575c32 (host: np0000004745) handling event "update" for row 8f3c9025-f8d9-4e2f-9ca5-62426417dea6 (table: NB_Global) {{(pid=87398) notify /opt/stack/neutron/neutron/plugins/ml2/drivers/ovn/mech_driver/ovsdb/ovsdb_monitor.py:1015}}
Jul 07 17:32:20.333035 np0000004745 devstack@neutron-api.service[87397]: DEBUG neutron.plugins.ml2.drivers.ovn.mech_driver.ovsdb.ovsdb_monitor [-] Hash Ring: Node e51cead1b60a51408110c094ed664f3d (host: np0000004745) handling event "update" for row 8f3c9025-f8d9-4e2f-9ca5-62426417dea6 (table: NB_Global) {{(pid=87397) notify /opt/stack/neutron/neutron/plugins/ml2/drivers/ovn/mech_driver/ovsdb/ovsdb_monitor.py:1015}}
Jul 07 17:32:20.334779 np0000004745 devstack@neutron-api.service[87398]: DEBUG neutron.api.rpc.callbacks.version_manager [None req-79613ba1-d416-4759-8861-fd5ca5c02c50 admin admin] Tracked resource versions report:
Jul 07 17:32:20.334779 np0000004745 devstack@neutron-api.service[87398]: pushed versions:
Jul 07 17:32:20.334779 np0000004745 devstack@neutron-api.service[87398]: { 'AddressGroup': {'1.2'},
Jul 07 17:32:20.334779 np0000004745 devstack@neutron-api.service[87398]: 'Agent': {'1.1'},
Jul 07 17:32:20.334779 np0000004745 devstack@neutron-api.service[87398]: 'ConntrackHelper': {'1.0'},
Jul 07 17:32:20.334779 np0000004745 devstack@neutron-api.service[87398]: 'LocalIPAssociation': {'1.0'},
Jul 07 17:32:20.334779 np0000004745 devstack@neutron-api.service[87398]: 'Log': {'1.0'},
Jul 07 17:32:20.334779 np0000004745 devstack@neutron-api.service[87398]: 'NDPProxy': {'1.0'},
Jul 07 17:32:20.334779 np0000004745 devstack@neutron-api.service[87398]: 'Network': {'1.3'},
Jul 07 17:32:20.334779 np0000004745 devstack@neutron-api.service[87398]: 'Port': {'1.11'},
Jul 07 17:32:20.334779 np0000004745 devstack@neutron-api.service[87398]: 'PortForwarding': {'1.3'},
Jul 07 17:32:20.334779 np0000004745 devstack@neutron-api.service[87398]: 'QosPolicy': {'1.10'},
Jul 07 17:32:20.334779 np0000004745 devstack@neutron-api.service[87398]: 'SecurityGroup': {'1.6'},
Jul 07 17:32:20.334779 np0000004745 devstack@neutron-api.service[87398]: 'SecurityGroupRule': {'1.3'},
Jul 07 17:32:20.334779 np0000004745 devstack@neutron-api.service[87398]: 'SubPort': {'1.0'},
Jul 07 17:32:20.334779 np0000004745 devstack@neutron-api.service[87398]: 'Subnet': {'1.2'},
Jul 07 17:32:20.334779 np0000004745 devstack@neutron-api.service[87398]: 'Trunk': {'1.1'}}
Jul 07 17:32:20.334779 np0000004745 devstack@neutron-api.service[87398]: consumer versions:
Jul 07 17:32:20.334779 np0000004745 devstack@neutron-api.service[87398]: {}
Jul 07 17:32:20.334779 np0000004745 devstack@neutron-api.service[87398]: {{(pid=87398) report /opt/stack/neutron/neutron/api/rpc/callbacks/version_manager.py:183}}
Jul 07 17:32:20.335679 np0000004745 devstack@neutron-api.service[87397]: DEBUG neutron.plugins.ml2.drivers.ovn.mech_driver.ovsdb.ovsdb_monitor [-] Hash Ring: Node e51cead1b60a51408110c094ed664f3d (host: np0000004745) handling event "update" for row 8f3c9025-f8d9-4e2f-9ca5-62426417dea6 (table: NB_Global) {{(pid=87397) notify /opt/stack/neutron/neutron/plugins/ml2/drivers/ovn/mech_driver/ovsdb/ovsdb_monitor.py:1015}}
Jul 07 17:32:20.339057 np0000004745 devstack@neutron-api.service[87398]: DEBUG neutron.plugins.ml2.drivers.ovn.mech_driver.ovsdb.ovsdb_monitor [-] Hash Ring: Node 0d5118b2267557c798fffc190f575c32 (host: np0000004745) handling event "update" for row 8f3c9025-f8d9-4e2f-9ca5-62426417dea6 (table: NB_Global) {{(pid=87398) notify /opt/stack/neutron/neutron/plugins/ml2/drivers/ovn/mech_driver/ovsdb/ovsdb_monitor.py:1015}}
Jul 07 17:32:20.340615 np0000004745 devstack@neutron-api.service[87397]: DEBUG neutron.plugins.ml2.drivers.ovn.mech_driver.ovsdb.ovsdb_monitor [-] Hash Ring: Node e51cead1b60a51408110c094ed664f3d (host: np0000004745) handling event "update" for row 8f3c9025-f8d9-4e2f-9ca5-62426417dea6 (table: NB_Global) {{(pid=87397) notify /opt/stack/neutron/neutron/plugins/ml2/drivers/ovn/mech_driver/ovsdb/ovsdb_monitor.py:1015}}
Jul 07 17:32:20.340907 np0000004745 devstack@neutron-api.service[87396]: DEBUG neutron.plugins.ml2.drivers.ovn.mech_driver.ovsdb.ovsdb_monitor [-] ChassisAgentWriteEvent : Matched Chassis_Private, update, None None {{(pid=87396) matches /opt/stack/neutron/neutron/plugins/ml2/drivers/ovn/mech_driver/ovsdb/ovsdb_monitor.py:64}}
Jul 07 17:32:20.342057 np0000004745 devstack@neutron-api.service[87397]: DEBUG neutron.plugins.ml2.drivers.ovn.mech_driver.ovsdb.ovsdb_monitor [-] Hash Ring: Node e51cead1b60a51408110c094ed664f3d (host: np0000004745) handling event "update" for row 8f3c9025-f8d9-4e2f-9ca5-62426417dea6 (table: NB_Global) {{(pid=87397) notify /opt/stack/neutron/neutron/plugins/ml2/drivers/ovn/mech_driver/ovsdb/ovsdb_monitor.py:1015}}
Jul 07 17:32:20.342576 np0000004745 devstack@neutron-api.service[87397]: DEBUG neutron.plugins.ml2.drivers.ovn.mech_driver.ovsdb.ovsdb_monitor [-] ChassisAgentWriteEvent : Matched Chassis_Private, update, None None {{(pid=87397) matches /opt/stack/neutron/neutron/plugins/ml2/drivers/ovn/mech_driver/ovsdb/ovsdb_monitor.py:64}}
Jul 07 17:32:20.343193 np0000004745 devstack@neutron-api.service[87397]: DEBUG neutron.plugins.ml2.drivers.ovn.mech_driver.ovsdb.ovsdb_monitor [-] Hash Ring: Node e51cead1b60a51408110c094ed664f3d (host: np0000004745) handling event "update" for row 82397669-222e-49b1-a0b5-f6559b4b8fcc (table: Chassis_Private) {{(pid=87397) notify /opt/stack/neutron/neutron/plugins/ml2/drivers/ovn/mech_driver/ovsdb/ovsdb_monitor.py:1015}}
Jul 07 17:32:20.343533 np0000004745 devstack@neutron-api.service[87398]: DEBUG neutron.plugins.ml2.drivers.ovn.mech_driver.ovsdb.ovsdb_monitor [-] Hash Ring: Node 0d5118b2267557c798fffc190f575c32 (host: np0000004745) handling event "update" for row 8f3c9025-f8d9-4e2f-9ca5-62426417dea6 (table: NB_Global) {{(pid=87398) notify /opt/stack/neutron/neutron/plugins/ml2/drivers/ovn/mech_driver/ovsdb/ovsdb_monitor.py:1015}}
Jul 07 17:32:20.345198 np0000004745 devstack@neutron-api.service[87396]: DEBUG neutron.plugins.ml2.drivers.ovn.mech_driver.ovsdb.ovsdb_monitor [-] ChassisOVNAgentWriteEvent : Matched Chassis_Private, update, None None {{(pid=87396) matches /opt/stack/neutron/neutron/plugins/ml2/drivers/ovn/mech_driver/ovsdb/ovsdb_monitor.py:64}}
Jul 07 17:32:20.345344 np0000004745 devstack@neutron-api.service[87398]: DEBUG neutron.plugins.ml2.drivers.ovn.mech_driver.ovsdb.ovsdb_monitor [-] ChassisAgentWriteEvent : Matched Chassis_Private, update, None None {{(pid=87398) matches /opt/stack/neutron/neutron/plugins/ml2/drivers/ovn/mech_driver/ovsdb/ovsdb_monitor.py:64}}
Jul 07 17:32:20.346820 np0000004745 devstack@neutron-api.service[87398]: DEBUG neutron.plugins.ml2.drivers.ovn.mech_driver.ovsdb.ovsdb_monitor [-] Hash Ring: Node 0d5118b2267557c798fffc190f575c32 (host: np0000004745) handling event "update" for row 8f3c9025-f8d9-4e2f-9ca5-62426417dea6 (table: NB_Global) {{(pid=87398) notify /opt/stack/neutron/neutron/plugins/ml2/drivers/ovn/mech_driver/ovsdb/ovsdb_monitor.py:1015}}
Jul 07 17:32:20.347770 np0000004745 devstack@neutron-api.service[87397]: DEBUG neutron.plugins.ml2.drivers.ovn.mech_driver.ovsdb.ovsdb_monitor [-] ChassisOVNAgentWriteEvent : Matched Chassis_Private, update, None None {{(pid=87397) matches /opt/stack/neutron/neutron/plugins/ml2/drivers/ovn/mech_driver/ovsdb/ovsdb_monitor.py:64}}
Jul 07 17:32:20.348102 np0000004745 devstack@neutron-api.service[87397]: DEBUG neutron.plugins.ml2.drivers.ovn.mech_driver.ovsdb.ovsdb_monitor [-] Hash Ring: Node e51cead1b60a51408110c094ed664f3d (host: np0000004745) handling event "update" for row 82397669-222e-49b1-a0b5-f6559b4b8fcc (table: Chassis_Private) {{(pid=87397) notify /opt/stack/neutron/neutron/plugins/ml2/drivers/ovn/mech_driver/ovsdb/ovsdb_monitor.py:1015}}
Jul 07 17:32:20.351101 np0000004745 devstack@neutron-api.service[87398]: DEBUG neutron.common.ovn.hash_ring_manager [-] Allow caching, nodes 3>=3 {{(pid=87398) _wait_startup_before_caching /opt/stack/neutron/neutron/common/ovn/hash_ring_manager.py:71}}
Jul 07 17:32:20.351551 np0000004745 devstack@neutron-api.service[87398]: DEBUG neutron.plugins.ml2.drivers.ovn.mech_driver.ovsdb.ovsdb_monitor [-] Hash Ring: Node 0d5118b2267557c798fffc190f575c32 (host: np0000004745) handling event "update" for row 82397669-222e-49b1-a0b5-f6559b4b8fcc (table: Chassis_Private) {{(pid=87398) notify /opt/stack/neutron/neutron/plugins/ml2/drivers/ovn/mech_driver/ovsdb/ovsdb_monitor.py:1015}}
Jul 07 17:32:20.352589 np0000004745 devstack@neutron-api.service[87398]: DEBUG neutron.plugins.ml2.drivers.ovn.mech_driver.ovsdb.ovsdb_monitor [-] ChassisOVNAgentWriteEvent : Matched Chassis_Private, update, None None {{(pid=87398) matches /opt/stack/neutron/neutron/plugins/ml2/drivers/ovn/mech_driver/ovsdb/ovsdb_monitor.py:64}}
Jul 07 17:32:20.352825 np0000004745 devstack@neutron-api.service[87398]: DEBUG neutron.plugins.ml2.drivers.ovn.mech_driver.ovsdb.ovsdb_monitor [-] Hash Ring: Node 0d5118b2267557c798fffc190f575c32 (host: np0000004745) handling event "update" for row 82397669-222e-49b1-a0b5-f6559b4b8fcc (table: Chassis_Private) {{(pid=87398) notify /opt/stack/neutron/neutron/plugins/ml2/drivers/ovn/mech_driver/ovsdb/ovsdb_monitor.py:1015}}
Jul 07 17:32:20.385134 np0000004745 devstack@neutron-api.service[87398]: DEBUG neutron.plugins.ml2.drivers.helpers [None req-79613ba1-d416-4759-8861-fd5ca5c02c50 admin admin] geneve segment allocate from pool success with {'geneve_vni': 16291} {{(pid=87398) allocate_partially_specified_segment /opt/stack/neutron/neutron/plugins/ml2/drivers/helpers.py:142}}
Jul 07 17:32:20.395075 np0000004745 devstack@neutron-api.service[87398]: DEBUG neutron_lib.callbacks.manager [None req-79613ba1-d416-4759-8861-fd5ca5c02c50 admin admin] Publish callbacks ['neutron.services.segments.db._add_segment_host_mapping_for_segment-8200825586378', 'neutron.plugins.ml2.plugin.Ml2Plugin._handle_segment_change-1500994'] for segment (a4e70938-8f49-442a-952f-ef00899736f5), precommit_create {{(pid=87398) _notify_loop /opt/stack/data/venv/lib/python3.12/site-packages/neutron_lib/callbacks/manager.py:184}}
Jul 07 17:32:20.395241 np0000004745 devstack@neutron-api.service[87398]: INFO neutron.db.segments_db [None req-79613ba1-d416-4759-8861-fd5ca5c02c50 admin admin] Added segment a4e70938-8f49-442a-952f-ef00899736f5 of type geneve for network 38dddcc1-ed6e-461f-9f37-8de2b0a03b87
Jul 07 17:32:20.431082 np0000004745 devstack@neutron-api.service[87398]: DEBUG neutron_lib.callbacks.manager [None req-79613ba1-d416-4759-8861-fd5ca5c02c50 admin admin] Publish callbacks ['neutron.services.auto_allocate.db._ensure_external_network_default_value_callback-8200823968158'] for network (38dddcc1-ed6e-461f-9f37-8de2b0a03b87), precommit_create {{(pid=87398) _notify_loop /opt/stack/data/venv/lib/python3.12/site-packages/neutron_lib/callbacks/manager.py:184}}
Jul 07 17:32:20.448993 np0000004745 devstack@neutron-api.service[87398]: DEBUG neutron.plugins.ml2.drivers.ovn.mech_driver.mech_driver [None req-79613ba1-d416-4759-8861-fd5ca5c02c50 admin admin] Validating network segment with type geneve, segmentation ID 16291, physical network None {{(pid=87398) _validate_network_segments /opt/stack/neutron/neutron/plugins/ml2/drivers/ovn/mech_driver/mech_driver.py:646}}
Jul 07 17:32:20.449105 np0000004745 devstack@neutron-api.service[87398]: DEBUG neutron.db.ovn_revision_numbers_db [None req-79613ba1-d416-4759-8861-fd5ca5c02c50 admin admin] create_initial_revision uuid=38dddcc1-ed6e-461f-9f37-8de2b0a03b87, type=networks, rev=-1 {{(pid=87398) create_initial_revision /opt/stack/neutron/neutron/db/ovn_revision_numbers_db.py:98}}
Jul 07 17:32:20.464644 np0000004745 devstack@neutron-api.service[87398]: DEBUG neutron_lib.callbacks.manager [None req-79613ba1-d416-4759-8861-fd5ca5c02c50 admin admin] Publish callbacks ['neutron.plugins.ml2.ovo_rpc._ObjectChangeHandler.handle_event-7365634'] for network (38dddcc1-ed6e-461f-9f37-8de2b0a03b87), after_create {{(pid=87398) _notify_loop /opt/stack/data/venv/lib/python3.12/site-packages/neutron_lib/callbacks/manager.py:184}}
Jul 07 17:32:20.509871 np0000004745 devstack@neutron-api.service[87398]: DEBUG neutron.api.rpc.handlers.resources_rpc [None req-79613ba1-d416-4759-8861-fd5ca5c02c50 admin admin] Pushing event updated for resources: {'Network': ['ID=38dddcc1-ed6e-461f-9f37-8de2b0a03b87,revision_number=1']} {{(pid=87398) push /opt/stack/neutron/neutron/api/rpc/handlers/resources_rpc.py:237}}
Jul 07 17:32:20.516677 np0000004745 devstack@neutron-api.service[87398]: DEBUG ovsdbapp.backend.ovs_idl.transaction [-] Running txn n=1 command(idx=0): AddNetworkCommand(_result=None, network_uuid=38dddcc1-ed6e-461f-9f37-8de2b0a03b87, may_exist=True, columns={'external_ids': {'neutron:network_name': 'private', 'neutron:mtu': '1372', 'neutron:revision_number': '1', 'neutron:availability_zone_hints': '', 'neutron:provnet-network-type': 'geneve'}, 'other_config': {'mcast_snoop': 'false', 'mcast_flood_unregistered': 'false', 'vlan-passthru': 'false'}}) {{(pid=87398) do_commit /opt/stack/data/venv/lib/python3.12/site-packages/ovsdbapp/backend/ovs_idl/transaction.py:89}}
Jul 07 17:32:20.516823 np0000004745 devstack@neutron-api.service[87398]: DEBUG neutron.common.ovn.utils [-] OVS persist_uuid supported=True {{(pid=87398) ovs_persist_uuid_supported /opt/stack/neutron/neutron/common/ovn/utils.py:1562}}
Jul 07 17:32:20.518715 np0000004745 devstack@neutron-api.service[87398]: DEBUG neutron.plugins.ml2.drivers.ovn.mech_driver.ovsdb.ovsdb_monitor [-] Hash Ring: Node 0d5118b2267557c798fffc190f575c32 (host: np0000004745) handling event "create" for row 38dddcc1-ed6e-461f-9f37-8de2b0a03b87 (table: Logical_Switch) {{(pid=87398) notify /opt/stack/neutron/neutron/plugins/ml2/drivers/ovn/mech_driver/ovsdb/ovsdb_monitor.py:1015}}
Jul 07 17:32:20.520029 np0000004745 devstack@neutron-api.service[87396]: DEBUG neutron.plugins.ml2.drivers.ovn.mech_driver.ovsdb.ovsdb_monitor [-] Hash Ring: Node cc91115bd468588e8eca11d43e9fce35 (host: np0000004745) handling event "create" for row 38dddcc1-ed6e-461f-9f37-8de2b0a03b87 (table: Logical_Switch) {{(pid=87396) notify /opt/stack/neutron/neutron/plugins/ml2/drivers/ovn/mech_driver/ovsdb/ovsdb_monitor.py:1015}}
Jul 07 17:32:20.530656 np0000004745 devstack@neutron-api.service[87398]: DEBUG neutron.plugins.ml2.drivers.ovn.mech_driver.ovsdb.ovsdb_monitor [-] Hash Ring: Node 0d5118b2267557c798fffc190f575c32 (host: np0000004745) handling event "create" for row 55bd9487-5835-41c8-9f45-3772b4564539 (table: Datapath_Binding) {{(pid=87398) notify /opt/stack/neutron/neutron/plugins/ml2/drivers/ovn/mech_driver/ovsdb/ovsdb_monitor.py:1015}}
Jul 07 17:32:20.546253 np0000004745 devstack@neutron-api.service[87398]: INFO neutron.db.ovn_revision_numbers_db [None req-79613ba1-d416-4759-8861-fd5ca5c02c50 admin admin] Successfully bumped revision number for resource 38dddcc1-ed6e-461f-9f37-8de2b0a03b87 (type: networks) to 1
Jul 07 17:32:20.598100 np0000004745 devstack@neutron-api.service[87398]: DEBUG neutron_lib.callbacks.manager [None req-79613ba1-d416-4759-8861-fd5ca5c02c50 admin admin] Publish callbacks ['neutron.plugins.ml2.plugin.SecurityGroupDbMixin._ensure_default_security_group_handler-1260472'] for port (None), before_create {{(pid=87398) _notify_loop /opt/stack/data/venv/lib/python3.12/site-packages/neutron_lib/callbacks/manager.py:184}}
Jul 07 17:32:20.691181 np0000004745 devstack@neutron-api.service[87398]: DEBUG neutron_lib.callbacks.manager [None req-79613ba1-d416-4759-8861-fd5ca5c02c50 admin admin] Publish callbacks ['neutron.plugins.ml2.drivers.ovn.mech_driver.mech_driver.OVNMechanismDriver._validate_allowed_address_pairs-1011207'] for allowed_address_pair (9e5a12e4-5c1b-4635-a187-6dfac12eaabb), before_create {{(pid=87398) _notify_loop /opt/stack/data/venv/lib/python3.12/site-packages/neutron_lib/callbacks/manager.py:184}}
Jul 07 17:32:20.691737 np0000004745 devstack@neutron-api.service[87398]: DEBUG neutron_lib.callbacks.manager [None req-79613ba1-d416-4759-8861-fd5ca5c02c50 admin admin] Publish callbacks [] for port (9e5a12e4-5c1b-4635-a187-6dfac12eaabb), precommit_create {{(pid=87398) _notify_loop /opt/stack/data/venv/lib/python3.12/site-packages/neutron_lib/callbacks/manager.py:184}}
Jul 07 17:32:20.691924 np0000004745 devstack@neutron-api.service[87398]: DEBUG neutron.plugins.ml2.drivers.ovn.mech_driver.mech_driver [None req-79613ba1-d416-4759-8861-fd5ca5c02c50 admin admin] No provisioning block for port 9e5a12e4-5c1b-4635-a187-6dfac12eaabb since it does not have a host {{(pid=87398) _is_port_provisioning_required /opt/stack/neutron/neutron/plugins/ml2/drivers/ovn/mech_driver/mech_driver.py:899}}
Jul 07 17:32:20.692052 np0000004745 devstack@neutron-api.service[87398]: DEBUG neutron.db.ovn_revision_numbers_db [None req-79613ba1-d416-4759-8861-fd5ca5c02c50 admin admin] create_initial_revision uuid=9e5a12e4-5c1b-4635-a187-6dfac12eaabb, type=ports, rev=-1 {{(pid=87398) create_initial_revision /opt/stack/neutron/neutron/db/ovn_revision_numbers_db.py:98}}
Jul 07 17:32:20.742504 np0000004745 devstack@neutron-api.service[87398]: DEBUG neutron_lib.callbacks.manager [None req-79613ba1-d416-4759-8861-fd5ca5c02c50 admin admin] Publish callbacks ['neutron.plugins.ml2.ovo_rpc._ObjectChangeHandler.handle_event-7365645'] for port (9e5a12e4-5c1b-4635-a187-6dfac12eaabb), after_create {{(pid=87398) _notify_loop /opt/stack/data/venv/lib/python3.12/site-packages/neutron_lib/callbacks/manager.py:184}}
Jul 07 17:32:20.801451 np0000004745 devstack@neutron-api.service[87398]: DEBUG neutron.api.rpc.handlers.resources_rpc [None req-79613ba1-d416-4759-8861-fd5ca5c02c50 admin admin] Pushing event updated for resources: {'Port': ['ID=9e5a12e4-5c1b-4635-a187-6dfac12eaabb,revision_number=1']} {{(pid=87398) push /opt/stack/neutron/neutron/api/rpc/handlers/resources_rpc.py:237}}
