Jul 07 17:32:24.271073 np0000004745 devstack@neutron-api.service[87397]: DEBUG neutron.api.wsgi [None req-b040c7e6-3d6f-4765-933b-fcfcad53fa02 admin admin] https://10.4.3.86/networking/v2.0/extensions returned with HTTP 200 {{(pid=87397) __call__ /opt/stack/neutron/neutron/api/wsgi.py:540}}
Jul 07 17:32:24.271386 np0000004745 devstack@neutron-api.service[87397]: [pid: 87397|app: 0|req: 5/15] 10.4.3.86 () {64 vars in 1285 bytes} [Tue Jul 7 17:32:24 2026] GET /networking/v2.0/extensions => generated 16171 bytes in 3 msecs (HTTP/1.1 200) 4 headers in 159 bytes (1 switches on core 0)
Jul 07 17:32:24.544141 np0000004745 devstack@neutron-api.service[87396]: DEBUG neutron.api.v2.base [None req-1cc0865a-5a4c-4ead-a2e7-825711882a0c admin admin] Request body: {'network': {'provider:physical_network': 'public', 'provider:network_type': 'flat', 'router:external': True, 'admin_state_up': True, 'name': 'public', 'is_default': True}} {{(pid=87396) prepare_request_body /opt/stack/neutron/neutron/api/v2/base.py:727}}
Jul 07 17:32:24.558587 np0000004745 devstack@neutron-api.service[87396]: DEBUG neutron.pecan_wsgi.hooks.quota_enforcement [None req-1cc0865a-5a4c-4ead-a2e7-825711882a0c admin admin] Made reservation on behalf of 52e0b6bef0ee4981ad1533526a096ca4 for: {'network': 1} {{(pid=87396) before /opt/stack/neutron/neutron/pecan_wsgi/hooks/quota_enforcement.py:66}}
Jul 07 17:32:24.562184 np0000004745 devstack@neutron-api.service[87396]: DEBUG neutron_lib.callbacks.manager [None req-1cc0865a-5a4c-4ead-a2e7-825711882a0c admin admin] Publish callbacks ['neutron.plugins.ml2.plugin.SecurityGroupDbMixin._ensure_default_security_group_handler-107001'] for network (None), before_create {{(pid=87396) _notify_loop /opt/stack/data/venv/lib/python3.12/site-packages/neutron_lib/callbacks/manager.py:184}}
Jul 07 17:32:24.593156 np0000004745 devstack@neutron-api.service[87396]: DEBUG neutron.plugins.ml2.drivers.type_flat [None req-1cc0865a-5a4c-4ead-a2e7-825711882a0c admin admin] Reserving flat network on physical network public {{(pid=87396) reserve_provider_segment /opt/stack/neutron/neutron/plugins/ml2/drivers/type_flat.py:100}}
Jul 07 17:32:24.604493 np0000004745 devstack@neutron-api.service[87396]: DEBUG neutron_lib.callbacks.manager [None req-1cc0865a-5a4c-4ead-a2e7-825711882a0c admin admin] Publish callbacks ['neutron.services.segments.db._add_segment_host_mapping_for_segment-8200825620280', 'neutron.plugins.ml2.plugin.Ml2Plugin._handle_segment_change-391507'] for segment (a66cd1e6-d636-49a9-9dfb-94bc81047bb9), precommit_create {{(pid=87396) _notify_loop /opt/stack/data/venv/lib/python3.12/site-packages/neutron_lib/callbacks/manager.py:184}}
Jul 07 17:32:24.604704 np0000004745 devstack@neutron-api.service[87396]: DEBUG neutron_lib.callbacks.manager [None req-1cc0865a-5a4c-4ead-a2e7-825711882a0c admin admin] Unsubscribe: segment precommit_create {{(pid=87396) unsubscribe /opt/stack/data/venv/lib/python3.12/site-packages/neutron_lib/callbacks/manager.py:90}}
Jul 07 17:32:24.604900 np0000004745 devstack@neutron-api.service[87396]: INFO neutron.db.segments_db [None req-1cc0865a-5a4c-4ead-a2e7-825711882a0c admin admin] Added segment a66cd1e6-d636-49a9-9dfb-94bc81047bb9 of type flat for network e5d10bbe-f4b2-4523-ab2e-7d136cca5a91
Jul 07 17:32:24.640564 np0000004745 devstack@neutron-api.service[87396]: DEBUG neutron_lib.callbacks.manager [None req-1cc0865a-5a4c-4ead-a2e7-825711882a0c admin admin] Publish callbacks ['neutron.services.auto_allocate.db._ensure_external_network_default_value_callback-8200824466816'] for network (e5d10bbe-f4b2-4523-ab2e-7d136cca5a91), precommit_create {{(pid=87396) _notify_loop /opt/stack/data/venv/lib/python3.12/site-packages/neutron_lib/callbacks/manager.py:184}}
Jul 07 17:32:24.659860 np0000004745 devstack@neutron-api.service[87396]: DEBUG neutron.plugins.ml2.drivers.ovn.mech_driver.mech_driver [None req-1cc0865a-5a4c-4ead-a2e7-825711882a0c admin admin] Validating network segment with type flat, segmentation ID None, physical network public {{(pid=87396) _validate_network_segments /opt/stack/neutron/neutron/plugins/ml2/drivers/ovn/mech_driver/mech_driver.py:646}}
Jul 07 17:32:24.659994 np0000004745 devstack@neutron-api.service[87396]: DEBUG neutron.db.ovn_revision_numbers_db [None req-1cc0865a-5a4c-4ead-a2e7-825711882a0c admin admin] create_initial_revision uuid=e5d10bbe-f4b2-4523-ab2e-7d136cca5a91, type=networks, rev=-1 {{(pid=87396) create_initial_revision /opt/stack/neutron/neutron/db/ovn_revision_numbers_db.py:98}}
Jul 07 17:32:24.678849 np0000004745 devstack@neutron-api.service[87396]: DEBUG neutron_lib.callbacks.manager [None req-1cc0865a-5a4c-4ead-a2e7-825711882a0c admin admin] Publish callbacks ['neutron.plugins.ml2.ovo_rpc._ObjectChangeHandler.handle_event-7762976'] for network (e5d10bbe-f4b2-4523-ab2e-7d136cca5a91), after_create {{(pid=87396) _notify_loop /opt/stack/data/venv/lib/python3.12/site-packages/neutron_lib/callbacks/manager.py:184}}
Jul 07 17:32:24.724857 np0000004745 devstack@neutron-api.service[87396]: DEBUG neutron.api.rpc.handlers.resources_rpc [None req-1cc0865a-5a4c-4ead-a2e7-825711882a0c admin admin] Pushing event updated for resources: {'Network': ['ID=e5d10bbe-f4b2-4523-ab2e-7d136cca5a91,revision_number=1']} {{(pid=87396) push /opt/stack/neutron/neutron/api/rpc/handlers/resources_rpc.py:237}}
Jul 07 17:32:24.730272 np0000004745 devstack@neutron-api.service[87396]: DEBUG neutron.api.rpc.callbacks.version_manager [None req-1cc0865a-5a4c-4ead-a2e7-825711882a0c admin admin] Tracked resource versions report:
Jul 07 17:32:24.730272 np0000004745 devstack@neutron-api.service[87396]: pushed versions:
Jul 07 17:32:24.730272 np0000004745 devstack@neutron-api.service[87396]: { 'AddressGroup': {'1.2'},
Jul 07 17:32:24.730272 np0000004745 devstack@neutron-api.service[87396]: 'Agent': {'1.1'},
Jul 07 17:32:24.730272 np0000004745 devstack@neutron-api.service[87396]: 'ConntrackHelper': {'1.0'},
Jul 07 17:32:24.730272 np0000004745 devstack@neutron-api.service[87396]: 'LocalIPAssociation': {'1.0'},
Jul 07 17:32:24.730272 np0000004745 devstack@neutron-api.service[87396]: 'Log': {'1.0'},
Jul 07 17:32:24.730272 np0000004745 devstack@neutron-api.service[87396]: 'NDPProxy': {'1.0'},
Jul 07 17:32:24.730272 np0000004745 devstack@neutron-api.service[87396]: 'Network': {'1.3'},
Jul 07 17:32:24.730272 np0000004745 devstack@neutron-api.service[87396]: 'Port': {'1.11'},
Jul 07 17:32:24.730272 np0000004745 devstack@neutron-api.service[87396]: 'PortForwarding': {'1.3'},
Jul 07 17:32:24.730272 np0000004745 devstack@neutron-api.service[87396]: 'QosPolicy': {'1.10'},
Jul 07 17:32:24.730272 np0000004745 devstack@neutron-api.service[87396]: 'SecurityGroup': {'1.6'},
Jul 07 17:32:24.730272 np0000004745 devstack@neutron-api.service[87396]: 'SecurityGroupRule': {'1.3'},
Jul 07 17:32:24.730272 np0000004745 devstack@neutron-api.service[87396]: 'SubPort': {'1.0'},
Jul 07 17:32:24.730272 np0000004745 devstack@neutron-api.service[87396]: 'Subnet': {'1.2'},
Jul 07 17:32:24.730272 np0000004745 devstack@neutron-api.service[87396]: 'Trunk': {'1.1'}}
Jul 07 17:32:24.730272 np0000004745 devstack@neutron-api.service[87396]: consumer versions:
Jul 07 17:32:24.730272 np0000004745 devstack@neutron-api.service[87396]: { OVN Neutron agent@np0000004745: {},
Jul 07 17:32:24.730272 np0000004745 devstack@neutron-api.service[87396]: OVN Controller Gateway agent@np0000004745: {}}
Jul 07 17:32:24.730272 np0000004745 devstack@neutron-api.service[87396]: {{(pid=87396) report /opt/stack/neutron/neutron/api/rpc/callbacks/version_manager.py:183}}
Jul 07 17:32:24.746987 np0000004745 devstack@neutron-api.service[87396]: DEBUG ovsdbapp.backend.ovs_idl.transaction [-] Running txn n=1 command(idx=0): AddNetworkCommand(_result=None, network_uuid=e5d10bbe-f4b2-4523-ab2e-7d136cca5a91, may_exist=True, columns={'external_ids': {'neutron:network_name': 'public', 'neutron:mtu': '1430', 'neutron:revision_number': '1', 'neutron:availability_zone_hints': '', 'neutron:provnet-network-type': 'flat', 'neutron:provnet-physical-network': 'public'}, 'other_config': {'mcast_snoop': 'false', 'mcast_flood_unregistered': 'false', 'vlan-passthru': 'false', 'fdb_age_threshold': '300', 'broadcast-arps-to-all-routers': 'true'}}) {{(pid=87396) do_commit /opt/stack/data/venv/lib/python3.12/site-packages/ovsdbapp/backend/ovs_idl/transaction.py:89}}
Jul 07 17:32:24.747402 np0000004745 devstack@neutron-api.service[87396]: DEBUG neutron.common.ovn.utils [-] OVS persist_uuid supported=True {{(pid=87396) ovs_persist_uuid_supported /opt/stack/neutron/neutron/common/ovn/utils.py:1562}}
Jul 07 17:32:24.747740 np0000004745 devstack@neutron-api.service[87396]: DEBUG ovsdbapp.backend.ovs_idl.transaction [-] Running txn n=1 command(idx=1): AddLSwitchPortCommand(_result=None, lport=provnet-a66cd1e6-d636-49a9-9dfb-94bc81047bb9, lswitch=neutron-e5d10bbe-f4b2-4523-ab2e-7d136cca5a91, may_exist=True, network_uuid=e5d10bbe-f4b2-4523-ab2e-7d136cca5a91, columns={'addresses': ['unknown'], 'external_ids': {'neutron:provnet-physical-network': 'public'}, 'type': 'localnet', 'tag_request': [], 'options': {'network_name': 'public', 'mcast_flood_reports': 'true', 'mcast_flood': 'false', 'localnet_learn_fdb': 'false'}}) {{(pid=87396) do_commit /opt/stack/data/venv/lib/python3.12/site-packages/ovsdbapp/backend/ovs_idl/transaction.py:89}}
Jul 07 17:32:24.751704 np0000004745 devstack@neutron-api.service[87397]: DEBUG neutron.plugins.ml2.drivers.ovn.mech_driver.ovsdb.ovsdb_monitor [-] Hash Ring: Node e51cead1b60a51408110c094ed664f3d (host: np0000004745) handling event "create" for row d8571fce-0841-4436-9434-d915d0065e98 (table: Logical_Switch_Port) {{(pid=87397) notify /opt/stack/neutron/neutron/plugins/ml2/drivers/ovn/mech_driver/ovsdb/ovsdb_monitor.py:1015}}
Jul 07 17:32:24.752137 np0000004745 devstack@neutron-api.service[87398]: DEBUG neutron.plugins.ml2.drivers.ovn.mech_driver.ovsdb.ovsdb_monitor [-] Hash Ring: Node 0d5118b2267557c798fffc190f575c32 (host: np0000004745) handling event "create" for row e5d10bbe-f4b2-4523-ab2e-7d136cca5a91 (table: Logical_Switch) {{(pid=87398) notify /opt/stack/neutron/neutron/plugins/ml2/drivers/ovn/mech_driver/ovsdb/ovsdb_monitor.py:1015}}
Jul 07 17:32:24.752391 np0000004745 devstack@neutron-api.service[87398]: DEBUG neutron.plugins.ml2.drivers.ovn.mech_driver.ovsdb.ovsdb_monitor [-] Hash Ring: Node 0d5118b2267557c798fffc190f575c32 (host: np0000004745) handling event "create" for row d8571fce-0841-4436-9434-d915d0065e98 (table: Logical_Switch_Port) {{(pid=87398) notify /opt/stack/neutron/neutron/plugins/ml2/drivers/ovn/mech_driver/ovsdb/ovsdb_monitor.py:1015}}
Jul 07 17:32:24.753489 np0000004745 devstack@neutron-api.service[87397]: DEBUG neutron.plugins.ml2.drivers.ovn.mech_driver.ovsdb.ovsdb_monitor [-] Hash Ring: Node e51cead1b60a51408110c094ed664f3d (host: np0000004745) handling event "update" for row d8571fce-0841-4436-9434-d915d0065e98 (table: Logical_Switch_Port) {{(pid=87397) notify /opt/stack/neutron/neutron/plugins/ml2/drivers/ovn/mech_driver/ovsdb/ovsdb_monitor.py:1015}}
Jul 07 17:32:24.754535 np0000004745 devstack@neutron-api.service[87398]: DEBUG neutron.plugins.ml2.drivers.ovn.mech_driver.ovsdb.ovsdb_monitor [-] Hash Ring: Node 0d5118b2267557c798fffc190f575c32 (host: np0000004745) handling event "update" for row d8571fce-0841-4436-9434-d915d0065e98 (table: Logical_Switch_Port) {{(pid=87398) notify /opt/stack/neutron/neutron/plugins/ml2/drivers/ovn/mech_driver/ovsdb/ovsdb_monitor.py:1015}}
Jul 07 17:32:24.758308 np0000004745 devstack@neutron-api.service[87398]: DEBUG neutron.plugins.ml2.drivers.ovn.mech_driver.ovsdb.ovsdb_monitor [-] Hash Ring: Node 0d5118b2267557c798fffc190f575c32 (host: np0000004745) handling event "create" for row 5b85ba9e-7f14-41eb-9ee0-bd91dff99869 (table: Datapath_Binding) {{(pid=87398) notify /opt/stack/neutron/neutron/plugins/ml2/drivers/ovn/mech_driver/ovsdb/ovsdb_monitor.py:1015}}
Jul 07 17:32:24.758308 np0000004745 devstack@neutron-api.service[87398]: DEBUG neutron.plugins.ml2.drivers.ovn.mech_driver.ovsdb.ovsdb_monitor [-] Hash Ring: Node 0d5118b2267557c798fffc190f575c32 (host: np0000004745) handling event "create" for row acddded8-1759-4e12-8209-9ba72774c745 (table: Port_Binding) {{(pid=87398) notify /opt/stack/neutron/neutron/plugins/ml2/drivers/ovn/mech_driver/ovsdb/ovsdb_monitor.py:1015}}
Jul 07 17:32:24.759037 np0000004745 devstack@neutron-api.service[87397]: DEBUG neutron.plugins.ml2.drivers.ovn.mech_driver.ovsdb.ovsdb_monitor [-] Hash Ring: Node e51cead1b60a51408110c094ed664f3d (host: np0000004745) handling event "create" for row acddded8-1759-4e12-8209-9ba72774c745 (table: Port_Binding) {{(pid=87397) notify /opt/stack/neutron/neutron/plugins/ml2/drivers/ovn/mech_driver/ovsdb/ovsdb_monitor.py:1015}}
Jul 07 17:32:24.783314 np0000004745 devstack@neutron-api.service[87396]: INFO neutron.db.ovn_revision_numbers_db [None req-1cc0865a-5a4c-4ead-a2e7-825711882a0c admin admin] Successfully bumped revision number for resource e5d10bbe-f4b2-4523-ab2e-7d136cca5a91 (type: networks) to 1
Jul 07 17:32:25.015266 np0000004745 devstack@neutron-api.service[87396]: DEBUG neutron_lib.callbacks.manager [None req-1cc0865a-5a4c-4ead-a2e7-825711882a0c admin admin] Publish callbacks ['neutron.plugins.ml2.plugin.SecurityGroupDbMixin._ensure_default_security_group_handler-107001'] for port (None), before_create {{(pid=87396) _notify_loop /opt/stack/data/venv/lib/python3.12/site-packages/neutron_lib/callbacks/manager.py:184}}
Jul 07 17:32:25.095568 np0000004745 devstack@neutron-api.service[87396]: DEBUG neutron_lib.callbacks.manager [None req-1cc0865a-5a4c-4ead-a2e7-825711882a0c admin admin] Publish callbacks ['neutron.plugins.ml2.drivers.ovn.mech_driver.mech_driver.OVNMechanismDriver._validate_allowed_address_pairs-988318'] for allowed_address_pair (96681b4b-dd99-48c1-81f6-43cb4317a229), before_create {{(pid=87396) _notify_loop /opt/stack/data/venv/lib/python3.12/site-packages/neutron_lib/callbacks/manager.py:184}}
Jul 07 17:32:25.096029 np0000004745 devstack@neutron-api.service[87396]: DEBUG neutron_lib.callbacks.manager [None req-1cc0865a-5a4c-4ead-a2e7-825711882a0c admin admin] Publish callbacks [] for port (96681b4b-dd99-48c1-81f6-43cb4317a229), precommit_create {{(pid=87396) _notify_loop /opt/stack/data/venv/lib/python3.12/site-packages/neutron_lib/callbacks/manager.py:184}}
Jul 07 17:32:25.096238 np0000004745 devstack@neutron-api.service[87396]: DEBUG neutron.plugins.ml2.drivers.ovn.mech_driver.mech_driver [None req-1cc0865a-5a4c-4ead-a2e7-825711882a0c admin admin] No provisioning block for port 96681b4b-dd99-48c1-81f6-43cb4317a229 since it does not have a host {{(pid=87396) _is_port_provisioning_required /opt/stack/neutron/neutron/plugins/ml2/drivers/ovn/mech_driver/mech_driver.py:899}}
Jul 07 17:32:25.096366 np0000004745 devstack@neutron-api.service[87396]: DEBUG neutron.db.ovn_revision_numbers_db [None req-1cc0865a-5a4c-4ead-a2e7-825711882a0c admin admin] create_initial_revision uuid=96681b4b-dd99-48c1-81f6-43cb4317a229, type=ports, rev=-1 {{(pid=87396) create_initial_revision /opt/stack/neutron/neutron/db/ovn_revision_numbers_db.py:98}}
Jul 07 17:32:25.137381 np0000004745 devstack@neutron-api.service[87396]: DEBUG neutron_lib.callbacks.manager [None req-1cc0865a-5a4c-4ead-a2e7-825711882a0c admin admin] Publish callbacks ['neutron.plugins.ml2.ovo_rpc._ObjectChangeHandler.handle_event-7763400'] for port (96681b4b-dd99-48c1-81f6-43cb4317a229), after_create {{(pid=87396) _notify_loop /opt/stack/data/venv/lib/python3.12/site-packages/neutron_lib/callbacks/manager.py:184}}
Jul 07 17:32:25.184141 np0000004745 devstack@neutron-api.service[87396]: DEBUG neutron.api.rpc.handlers.resources_rpc [None req-1cc0865a-5a4c-4ead-a2e7-825711882a0c admin admin] Pushing event updated for resources: {'Port': ['ID=96681b4b-dd99-48c1-81f6-43cb4317a229,revision_number=1']} {{(pid=87396) push /opt/stack/neutron/neutron/api/rpc/handlers/resources_rpc.py:237}}
Jul 07 17:32:25.212879 np0000004745 devstack@neutron-api.service[87396]: DEBUG neutron.plugins.ml2.drivers.ovn.mech_driver.ovsdb.commands [None req-1cc0865a-5a4c-4ead-a2e7-825711882a0c admin admin] Converting tag [] to a tag_request {{(pid=87396) _tag_column_to_tag_request /opt/stack/neutron/neutron/plugins/ml2/drivers/ovn/mech_driver/ovsdb/commands.py:205}}
Jul 07 17:32:25.213959 np0000004745 devstack@neutron-api.service[87396]: DEBUG ovsdbapp.backend.ovs_idl.transaction [-] Running txn n=1 command(idx=0): AddLSwitchPortCommand(_result=None, lport=96681b4b-dd99-48c1-81f6-43cb4317a229, lswitch=neutron-e5d10bbe-f4b2-4523-ab2e-7d136cca5a91, may_exist=True, network_uuid=e5d10bbe-f4b2-4523-ab2e-7d136cca5a91, columns={'addresses': ['fa:16:3e:fb:f8:73'], 'external_ids': {'neutron:port_name': '', 'neutron:device_id': 'ovnmeta-e5d10bbe-f4b2-4523-ab2e-7d136cca5a91', 'neutron:project_id': '52e0b6bef0ee4981ad1533526a096ca4', 'neutron:cidrs': '', 'neutron:device_owner': 'network:distributed', 'neutron:subnet_pool_addr_scope4': '', 'neutron:subnet_pool_addr_scope6': '', 'neutron:network_name': 'neutron-e5d10bbe-f4b2-4523-ab2e-7d136cca5a91', 'neutron:security_group_ids': '', 'neutron:revision_number': '1', 'neutron:vnic_type': 'normal', 'neutron:port_capabilities': '', 'neutron:mtu': '1430'}, 'parent_name': [], 'enabled': True, 'options': {}, 'type': 'localport', 'port_security': [], 'dhcpv4_options': [], 'dhcpv6_options': [], 'tag_request': []}) {{(pid=87396) do_commit /opt/stack/data/venv/lib/python3.12/site-packages/ovsdbapp/backend/ovs_idl/transaction.py:89}}
Jul 07 17:32:25.214049 np0000004745 devstack@neutron-api.service[87396]: DEBUG ovsdbapp.backend.ovs_idl.transaction [-] Running txn n=1 command(idx=1): QoSDelCommand(_result=None, switch=neutron-e5d10bbe-f4b2-4523-ab2e-7d136cca5a91, conditions=[('direction', '=', 'to-lport'), ('priority', '=', 2002), ('match', '=', 'outport == "96681b4b-dd99-48c1-81f6-43cb4317a229"')], if_exists=True) {{(pid=87396) do_commit /opt/stack/data/venv/lib/python3.12/site-packages/ovsdbapp/backend/ovs_idl/transaction.py:89}}
Jul 07 17:32:25.214194 np0000004745 devstack@neutron-api.service[87396]: DEBUG ovsdbapp.backend.ovs_idl.transaction [-] Running txn n=1 command(idx=2): QoSDelCommand(_result=None, switch=neutron-e5d10bbe-f4b2-4523-ab2e-7d136cca5a91, conditions=[('direction', '=', 'from-lport'), ('priority', '=', 2002), ('match', '=', 'inport == "96681b4b-dd99-48c1-81f6-43cb4317a229"')], if_exists=True) {{(pid=87396) do_commit /opt/stack/data/venv/lib/python3.12/site-packages/ovsdbapp/backend/ovs_idl/transaction.py:89}}
Jul 07 17:32:25.214341 np0000004745 devstack@neutron-api.service[87396]: DEBUG ovsdbapp.backend.ovs_idl.transaction [-] Running txn n=1 command(idx=3): UpdateLSwitchPortQosOptionsCommand(_result=None, lport=AddLSwitchPortCommand(_result=eee8bfcd-90dd-4af0-bdd4-bf61e10b7bf8, lport=96681b4b-dd99-48c1-81f6-43cb4317a229, lswitch=neutron-e5d10bbe-f4b2-4523-ab2e-7d136cca5a91, may_exist=True, network_uuid=e5d10bbe-f4b2-4523-ab2e-7d136cca5a91, columns={'addresses': ['fa:16:3e:fb:f8:73'], 'external_ids': {'neutron:port_name': '', 'neutron:device_id': 'ovnmeta-e5d10bbe-f4b2-4523-ab2e-7d136cca5a91', 'neutron:project_id': '52e0b6bef0ee4981ad1533526a096ca4', 'neutron:cidrs': '', 'neutron:device_owner': 'network:distributed', 'neutron:subnet_pool_addr_scope4': '', 'neutron:subnet_pool_addr_scope6': '', 'neutron:network_name': 'neutron-e5d10bbe-f4b2-4523-ab2e-7d136cca5a91', 'neutron:security_group_ids': '', 'neutron:revision_number': '1', 'neutron:vnic_type': 'normal', 'neutron:port_capabilities': '', 'neutron:mtu': '1430'}, 'parent_name': [], 'enabled': True, 'options': {}, 'type': 'localport', 'port_security': [], 'tag_request': []}), if_exists=True, qos={'qos_max_rate': None, 'qos_burst': None, 'qos_min_rate': None}) {{(pid=87396) do_commit /opt/stack/data/venv/lib/python3.12/site-packages/ovsdbapp/backend/ovs_idl/transaction.py:89}}
Jul 07 17:32:25.218548 np0000004745 devstack@neutron-api.service[87396]: DEBUG neutron.plugins.ml2.drivers.ovn.mech_driver.ovsdb.ovsdb_monitor [-] Hash Ring: Node cc91115bd468588e8eca11d43e9fce35 (host: np0000004745) handling event "create" for row 145e72e2-ae8e-40fb-9189-ef809e0d9703 (table: Logical_Switch_Port) {{(pid=87396) notify /opt/stack/neutron/neutron/plugins/ml2/drivers/ovn/mech_driver/ovsdb/ovsdb_monitor.py:1015}}
Jul 07 17:32:25.219485 np0000004745 devstack@neutron-api.service[87398]: DEBUG neutron.plugins.ml2.drivers.ovn.mech_driver.ovsdb.ovsdb_monitor [-] Hash Ring: Node 0d5118b2267557c798fffc190f575c32 (host: np0000004745) handling event "update" for row e5d10bbe-f4b2-4523-ab2e-7d136cca5a91 (table: Logical_Switch) {{(pid=87398) notify /opt/stack/neutron/neutron/plugins/ml2/drivers/ovn/mech_driver/ovsdb/ovsdb_monitor.py:1015}}
Jul 07 17:32:25.221733 np0000004745 devstack@neutron-api.service[87398]: DEBUG neutron.plugins.ml2.drivers.ovn.mech_driver.ovsdb.ovsdb_monitor [-] Hash Ring: Node 0d5118b2267557c798fffc190f575c32 (host: np0000004745) handling event "create" for row 145e72e2-ae8e-40fb-9189-ef809e0d9703 (table: Logical_Switch_Port) {{(pid=87398) notify /opt/stack/neutron/neutron/plugins/ml2/drivers/ovn/mech_driver/ovsdb/ovsdb_monitor.py:1015}}
Jul 07 17:32:25.221826 np0000004745 devstack@neutron-api.service[87396]: DEBUG ovsdbapp.backend.ovs_idl.event [-] Matched CREATE: LogicalSwitchPortCreateEvent(events=('create',), table='Logical_Switch_Port', conditions=[], old_conditions=None), priority=20 to row=Logical_Switch_Port(uuid=145e72e2-ae8e-40fb-9189-ef809e0d9703, addresses=['fa:16:3e:fb:f8:73'], dhcpv4_options=[], dhcpv6_options=[], dynamic_addresses=[], enabled=True, external_ids={'neutron:cidrs': '', 'neutron:device_id': 'ovnmeta-e5d10bbe-f4b2-4523-ab2e-7d136cca5a91', 'neutron:device_owner': 'network:distributed', 'neutron:mtu': '1430', 'neutron:network_name': 'neutron-e5d10bbe-f4b2-4523-ab2e-7d136cca5a91', 'neutron:port_capabilities': '', 'neutron:port_name': '', 'neutron:project_id': '52e0b6bef0ee4981ad1533526a096ca4', 'neutron:revision_number': '1', 'neutron:security_group_ids': '', 'neutron:subnet_pool_addr_scope4': '', 'neutron:subnet_pool_addr_scope6': '', 'neutron:vnic_type': 'normal'}, ha_chassis_group=[], mirror_rules=[], name='96681b4b-dd99-48c1-81f6-43cb4317a229', options={}, parent_name=[], port_security=[], tag=[], tag_request=[], type='localport', up=[]) old= {{(pid=87396) matches /opt/stack/data/venv/lib/python3.12/site-packages/ovsdbapp/backend/ovs_idl/event.py:55}}
Jul 07 17:32:25.221918 np0000004745 devstack@neutron-api.service[87398]: DEBUG ovsdbapp.backend.ovs_idl.event [-] Matched CREATE: LogicalSwitchPortCreateEvent(events=('create',), table='Logical_Switch_Port', conditions=[], old_conditions=None), priority=20 to row=Logical_Switch_Port(uuid=145e72e2-ae8e-40fb-9189-ef809e0d9703, addresses=['fa:16:3e:fb:f8:73'], dhcpv4_options=[], dhcpv6_options=[], dynamic_addresses=[], enabled=True, external_ids={'neutron:cidrs': '', 'neutron:device_id': 'ovnmeta-e5d10bbe-f4b2-4523-ab2e-7d136cca5a91', 'neutron:device_owner': 'network:distributed', 'neutron:mtu': '1430', 'neutron:network_name': 'neutron-e5d10bbe-f4b2-4523-ab2e-7d136cca5a91', 'neutron:port_capabilities': '', 'neutron:port_name': '', 'neutron:project_id': '52e0b6bef0ee4981ad1533526a096ca4', 'neutron:revision_number': '1', 'neutron:security_group_ids': '', 'neutron:subnet_pool_addr_scope4': '', 'neutron:subnet_pool_addr_scope6': '', 'neutron:vnic_type': 'normal'}, ha_chassis_group=[], mirror_rules=[], name='96681b4b-dd99-48c1-81f6-43cb4317a229', options={}, parent_name=[], port_security=[], tag=[], tag_request=[], type='localport', up=[]) old= {{(pid=87398) matches /opt/stack/data/venv/lib/python3.12/site-packages/ovsdbapp/backend/ovs_idl/event.py:55}}
Jul 07 17:32:25.222013 np0000004745 devstack@neutron-api.service[87396]: INFO neutron.plugins.ml2.drivers.ovn.mech_driver.mech_driver [None req-c941bb09-c03f-4b2f-af2f-61526b669747 None None] OVN reports status down for port: 96681b4b-dd99-48c1-81f6-43cb4317a229
Jul 07 17:32:25.222013 np0000004745 devstack@neutron-api.service[87396]: DEBUG neutron.plugins.ml2.drivers.ovn.mech_driver.ovsdb.ovsdb_monitor [-] Hash Ring: Node cc91115bd468588e8eca11d43e9fce35 (host: np0000004745) handling event "update" for row 145e72e2-ae8e-40fb-9189-ef809e0d9703 (table: Logical_Switch_Port) {{(pid=87396) notify /opt/stack/neutron/neutron/plugins/ml2/drivers/ovn/mech_driver/ovsdb/ovsdb_monitor.py:1015}}
Jul 07 17:32:25.222157 np0000004745 devstack@neutron-api.service[87398]: INFO neutron.plugins.ml2.drivers.ovn.mech_driver.mech_driver [None req-658dedbd-a202-4c03-9ddd-ac6865b1c93b None None] OVN reports status down for port: 96681b4b-dd99-48c1-81f6-43cb4317a229
Jul 07 17:32:25.223532 np0000004745 devstack@neutron-api.service[87398]: DEBUG neutron.plugins.ml2.drivers.ovn.mech_driver.ovsdb.ovsdb_monitor [-] Hash Ring: Node 0d5118b2267557c798fffc190f575c32 (host: np0000004745) handling event "update" for row 145e72e2-ae8e-40fb-9189-ef809e0d9703 (table: Logical_Switch_Port) {{(pid=87398) notify /opt/stack/neutron/neutron/plugins/ml2/drivers/ovn/mech_driver/ovsdb/ovsdb_monitor.py:1015}}
Jul 07 17:32:25.224091 np0000004745 devstack@neutron-api.service[87398]: DEBUG neutron.plugins.ml2.drivers.ovn.mech_driver.ovsdb.ovsdb_monitor [-] Hash Ring: Node 0d5118b2267557c798fffc190f575c32 (host: np0000004745) handling event "create" for row efe20e0b-fb78-4d3f-995a-965b1b5fed7d (table: Port_Binding) {{(pid=87398) notify /opt/stack/neutron/neutron/plugins/ml2/drivers/ovn/mech_driver/ovsdb/ovsdb_monitor.py:1015}}
Jul 07 17:32:25.244488 np0000004745 devstack@neutron-api.service[87398]: DEBUG neutron.db.provisioning_blocks [None req-658dedbd-a202-4c03-9ddd-ac6865b1c93b None None] Transition to ACTIVE for port object 96681b4b-dd99-48c1-81f6-43cb4317a229 will not be triggered until provisioned by entity L2. {{(pid=87398) add_provisioning_component /opt/stack/neutron/neutron/db/provisioning_blocks.py:74}}
Jul 07 17:32:25.265068 np0000004745 devstack@neutron-api.service[87398]: DEBUG neutron.plugins.ml2.plugin [None req-658dedbd-a202-4c03-9ddd-ac6865b1c93b None None] Current status of the port 96681b4b-dd99-48c1-81f6-43cb4317a229 is: DOWN; New status is: DOWN {{(pid=87398) _update_individual_port_db_status /opt/stack/neutron/neutron/plugins/ml2/plugin.py:2473}}
Jul 07 17:32:25.266178 np0000004745 devstack@neutron-api.service[87398]: DEBUG ovsdbapp.backend.ovs_idl.transaction [-] Running txn n=1 command(idx=0): DbRemoveCommand(_result=None, table=Logical_Switch_Port, record=96681b4b-dd99-48c1-81f6-43cb4317a229, column=external_ids, values=('neutron:host_id',), keyvalues={}, if_exists=True) {{(pid=87398) do_commit /opt/stack/data/venv/lib/python3.12/site-packages/ovsdbapp/backend/ovs_idl/transaction.py:89}}
Jul 07 17:32:25.276306 np0000004745 devstack@neutron-api.service[87396]: INFO neutron.db.ovn_revision_numbers_db [None req-1cc0865a-5a4c-4ead-a2e7-825711882a0c admin admin] Successfully bumped revision number for resource 96681b4b-dd99-48c1-81f6-43cb4317a229 (type: ports) to 1
Jul 07 17:32:25.298606 np0000004745 devstack@neutron-api.service[87396]: DEBUG neutron.db.provisioning_blocks [None req-c941bb09-c03f-4b2f-af2f-61526b669747 None None] Ignored duplicate provisioning block setup for port 96681b4b-dd99-48c1-81f6-43cb4317a229 by entity L2. {{(pid=87396) add_provisioning_component /opt/stack/neutron/neutron/db/provisioning_blocks.py:69}}
Jul 07 17:32:25.299433 np0000004745 devstack@neutron-api.service[87396]: DEBUG neutron.pecan_wsgi.hooks.policy_enforcement [None req-1cc0865a-5a4c-4ead-a2e7-825711882a0c admin admin] Attributes excluded by policy engine: ['standard_attr_id'] {{(pid=87396) _exclude_attributes_by_policy /opt/stack/neutron/neutron/pecan_wsgi/hooks/policy_enforcement.py:259}}
Jul 07 17:32:25.299870 np0000004745 devstack@neutron-api.service[87396]: DEBUG neutron_lib.callbacks.manager [None req-1cc0865a-5a4c-4ead-a2e7-825711882a0c admin admin] Publish callbacks [] for network (None), before_response {{(pid=87396) _notify_loop /opt/stack/data/venv/lib/python3.12/site-packages/neutron_lib/callbacks/manager.py:184}}
Jul 07 17:32:25.315264 np0000004745 devstack@neutron-api.service[87396]: [pid: 87396|app: 0|req: 5/16] 10.4.3.86 () {68 vars in 1320 bytes} [Tue Jul 7 17:32:24 2026] POST /networking/v2.0/networks => generated 679 bytes in 774 msecs (HTTP/1.1 201) 4 headers in 162 bytes (1 switches on core 0)
Jul 07 17:32:25.322959 np0000004745 devstack@neutron-api.service[87396]: DEBUG neutron.plugins.ml2.plugin [None req-c941bb09-c03f-4b2f-af2f-61526b669747 None None] Current status of the port 96681b4b-dd99-48c1-81f6-43cb4317a229 is: DOWN; New status is: DOWN {{(pid=87396) _update_individual_port_db_status /opt/stack/neutron/neutron/plugins/ml2/plugin.py:2473}}
Jul 07 17:32:25.324325 np0000004745 devstack@neutron-api.service[87396]: DEBUG ovsdbapp.backend.ovs_idl.transaction [-] Running txn n=1 command(idx=0): DbRemoveCommand(_result=None, table=Logical_Switch_Port, record=96681b4b-dd99-48c1-81f6-43cb4317a229, column=external_ids, values=('neutron:host_id',), keyvalues={}, if_exists=True) {{(pid=87396) do_commit /opt/stack/data/venv/lib/python3.12/site-packages/ovsdbapp/backend/ovs_idl/transaction.py:89}}
Jul 07 17:32:25.544056 np0000004745 devstack@neutron-api.service[87398]: DEBUG neutron.pecan_wsgi.hooks.policy_enforcement [None req-d18977d5-1a03-44e9-8b70-81061f70fd22 admin admin] Attributes excluded by policy engine: ['standard_attr_id', 'shared'] {{(pid=87398) _exclude_attributes_by_policy /opt/stack/neutron/neutron/pecan_wsgi/hooks/policy_enforcement.py:259}}
Jul 07 17:32:25.545147 np0000004745 devstack@neutron-api.service[87398]: [pid: 87398|app: 0|req: 7/17] 10.4.3.86 () {64 vars in 1374 bytes} [Tue Jul 7 17:32:25 2026] GET /networking/v2.0/subnets/ef45318c-254f-424a-9697-ca263372b692 => generated 666 bytes in 20 msecs (HTTP/1.1 200) 4 headers in 157 bytes (1 switches on core 0)
Jul 07 17:32:25.554855 np0000004745 devstack@neutron-api.service[87397]: DEBUG neutron.api.wsgi [None req-8290c56b-63ba-4228-a076-c360c2c3343b admin admin] Missing Content-Type {{(pid=87397) get_content_type /opt/stack/neutron/neutron/api/wsgi.py:80}}
Jul 07 17:32:25.634114 np0000004745 devstack@neutron-api.service[87397]: [pid: 87397|app: 0|req: 6/18] 10.4.3.86 () {64 vars in 1374 bytes} [Tue Jul 7 17:32:25 2026] GET /networking/v2.0/routers/5cb54d4c-3685-4f54-927d-63de2604f29d => generated 599 bytes in 81 msecs (HTTP/1.1 200) 4 headers in 157 bytes (1 switches on core 0)
Jul 07 17:32:25.780476 np0000004745 devstack@neutron-api.service[87396]: DEBUG neutron_lib.callbacks.manager [None req-f7b86933-e8d0-4bcc-826d-651b6b48c21f admin admin] Publish callbacks ['neutron.plugins.ml2.plugin.SecurityGroupDbMixin._ensure_default_security_group_handler-107001'] for port (None), before_create {{(pid=87396) _notify_loop /opt/stack/data/venv/lib/python3.12/site-packages/neutron_lib/callbacks/manager.py:184}}
Jul 07 17:32:25.882514 np0000004745 devstack@neutron-api.service[87396]: DEBUG neutron.db.db_base_plugin_common [None req-f7b86933-e8d0-4bcc-826d-651b6b48c21f admin admin] Allocated IP 10.1.0.1 (38dddcc1-ed6e-461f-9f37-8de2b0a03b87/ef45318c-254f-424a-9697-ca263372b692/f277b4a8-6391-481c-be4c-1e776c467cea) {{(pid=87396) _store_ip_allocation /opt/stack/neutron/neutron/db/db_base_plugin_common.py:131}}
Jul 07 17:32:25.939382 np0000004745 devstack@neutron-api.service[87396]: DEBUG neutron_lib.callbacks.manager [None req-f7b86933-e8d0-4bcc-826d-651b6b48c21f admin admin] Publish callbacks ['neutron.plugins.ml2.drivers.ovn.mech_driver.mech_driver.OVNMechanismDriver._validate_allowed_address_pairs-988318'] for allowed_address_pair (f277b4a8-6391-481c-be4c-1e776c467cea), before_create {{(pid=87396) _notify_loop /opt/stack/data/venv/lib/python3.12/site-packages/neutron_lib/callbacks/manager.py:184}}
Jul 07 17:32:25.939943 np0000004745 devstack@neutron-api.service[87396]: DEBUG neutron_lib.callbacks.manager [None req-f7b86933-e8d0-4bcc-826d-651b6b48c21f admin admin] Publish callbacks [] for port (f277b4a8-6391-481c-be4c-1e776c467cea), precommit_create {{(pid=87396) _notify_loop /opt/stack/data/venv/lib/python3.12/site-packages/neutron_lib/callbacks/manager.py:184}}
Jul 07 17:32:25.940132 np0000004745 devstack@neutron-api.service[87396]: DEBUG neutron.plugins.ml2.drivers.ovn.mech_driver.mech_driver [None req-f7b86933-e8d0-4bcc-826d-651b6b48c21f admin admin] No provisioning block for port f277b4a8-6391-481c-be4c-1e776c467cea since it does not have a host {{(pid=87396) _is_port_provisioning_required /opt/stack/neutron/neutron/plugins/ml2/drivers/ovn/mech_driver/mech_driver.py:899}}
Jul 07 17:32:25.940243 np0000004745 devstack@neutron-api.service[87396]: DEBUG neutron.db.ovn_revision_numbers_db [None req-f7b86933-e8d0-4bcc-826d-651b6b48c21f admin admin] create_initial_revision uuid=f277b4a8-6391-481c-be4c-1e776c467cea, type=ports, rev=-1 {{(pid=87396) create_initial_revision /opt/stack/neutron/neutron/db/ovn_revision_numbers_db.py:98}}
Jul 07 17:32:26.000454 np0000004745 devstack@neutron-api.service[87396]: DEBUG neutron.db.ovn_revision_numbers_db [None req-f7b86933-e8d0-4bcc-826d-651b6b48c21f admin admin] create_initial_revision uuid=f277b4a8-6391-481c-be4c-1e776c467cea, type=router_ports, rev=-1 {{(pid=87396) create_initial_revision /opt/stack/neutron/neutron/db/ovn_revision_numbers_db.py:98}}
Jul 07 17:32:26.023638 np0000004745 devstack@neutron-api.service[87396]: DEBUG neutron_lib.callbacks.manager [None req-f7b86933-e8d0-4bcc-826d-651b6b48c21f admin admin] Publish callbacks ['neutron.plugins.ml2.ovo_rpc._ObjectChangeHandler.handle_event-7763400'] for port (f277b4a8-6391-481c-be4c-1e776c467cea), after_create {{(pid=87396) _notify_loop /opt/stack/data/venv/lib/python3.12/site-packages/neutron_lib/callbacks/manager.py:184}}
Jul 07 17:32:26.047105 np0000004745 devstack@neutron-api.service[87396]: DEBUG neutron.api.rpc.handlers.resources_rpc [None req-f7b86933-e8d0-4bcc-826d-651b6b48c21f admin admin] Pushing event updated for resources: {'Port': ['ID=f277b4a8-6391-481c-be4c-1e776c467cea,revision_number=1']} {{(pid=87396) push /opt/stack/neutron/neutron/api/rpc/handlers/resources_rpc.py:237}}
Jul 07 17:32:26.104141 np0000004745 devstack@neutron-api.service[87396]: DEBUG neutron.plugins.ml2.drivers.ovn.mech_driver.ovsdb.commands [None req-f7b86933-e8d0-4bcc-826d-651b6b48c21f admin admin] Converting tag [] to a tag_request {{(pid=87396) _tag_column_to_tag_request /opt/stack/neutron/neutron/plugins/ml2/drivers/ovn/mech_driver/ovsdb/commands.py:205}}
Jul 07 17:32:26.104868 np0000004745 devstack@neutron-api.service[87396]: DEBUG ovsdbapp.backend.ovs_idl.transaction [-] Running txn n=1 command(idx=0): AddLSwitchPortCommand(_result=None, lport=f277b4a8-6391-481c-be4c-1e776c467cea, lswitch=neutron-38dddcc1-ed6e-461f-9f37-8de2b0a03b87, may_exist=True, network_uuid=38dddcc1-ed6e-461f-9f37-8de2b0a03b87, columns={'addresses': ['unknown'], 'external_ids': {'neutron:port_name': '', 'neutron:device_id': '5cb54d4c-3685-4f54-927d-63de2604f29d', 'neutron:project_id': '52e0b6bef0ee4981ad1533526a096ca4', 'neutron:cidrs': '10.1.0.1/26', 'neutron:device_owner': 'network:router_interface', 'neutron:subnet_pool_addr_scope4': '', 'neutron:subnet_pool_addr_scope6': '', 'neutron:network_name': 'neutron-38dddcc1-ed6e-461f-9f37-8de2b0a03b87', 'neutron:security_group_ids': '', 'neutron:revision_number': '1', 'neutron:vnic_type': 'normal', 'neutron:port_capabilities': '', 'neutron:mtu': ''}, 'parent_name': [], 'enabled': True, 'options': {}, 'type': '', 'port_security': [], 'dhcpv4_options': [], 'dhcpv6_options': [], 'tag_request': []}) {{(pid=87396) do_commit /opt/stack/data/venv/lib/python3.12/site-packages/ovsdbapp/backend/ovs_idl/transaction.py:89}}
Jul 07 17:32:26.105331 np0000004745 devstack@neutron-api.service[87396]: DEBUG ovsdbapp.backend.ovs_idl.transaction [-] Running txn n=1 command(idx=1): QoSDelCommand(_result=None, switch=neutron-38dddcc1-ed6e-461f-9f37-8de2b0a03b87, conditions=[('direction', '=', 'to-lport'), ('priority', '=', 2002), ('match', '=', 'outport == "f277b4a8-6391-481c-be4c-1e776c467cea"')], if_exists=True) {{(pid=87396) do_commit /opt/stack/data/venv/lib/python3.12/site-packages/ovsdbapp/backend/ovs_idl/transaction.py:89}}
Jul 07 17:32:26.105494 np0000004745 devstack@neutron-api.service[87396]: DEBUG ovsdbapp.backend.ovs_idl.transaction [-] Running txn n=1 command(idx=2): QoSDelCommand(_result=None, switch=neutron-38dddcc1-ed6e-461f-9f37-8de2b0a03b87, conditions=[('direction', '=', 'from-lport'), ('priority', '=', 2002), ('match', '=', 'inport == "f277b4a8-6391-481c-be4c-1e776c467cea"')], if_exists=True) {{(pid=87396) do_commit /opt/stack/data/venv/lib/python3.12/site-packages/ovsdbapp/backend/ovs_idl/transaction.py:89}}
Jul 07 17:32:26.108140 np0000004745 devstack@neutron-api.service[87396]: DEBUG neutron.plugins.ml2.drivers.ovn.mech_driver.ovsdb.ovsdb_monitor [-] Hash Ring: Node cc91115bd468588e8eca11d43e9fce35 (host: np0000004745) handling event "update" for row 38dddcc1-ed6e-461f-9f37-8de2b0a03b87 (table: Logical_Switch) {{(pid=87396) notify /opt/stack/neutron/neutron/plugins/ml2/drivers/ovn/mech_driver/ovsdb/ovsdb_monitor.py:1015}}
Jul 07 17:32:26.108271 np0000004745 devstack@neutron-api.service[87398]: DEBUG neutron.plugins.ml2.drivers.ovn.mech_driver.ovsdb.ovsdb_monitor [-] Hash Ring: Node 0d5118b2267557c798fffc190f575c32 (host: np0000004745) handling event "update" for row 38dddcc1-ed6e-461f-9f37-8de2b0a03b87 (table: Logical_Switch) {{(pid=87398) notify /opt/stack/neutron/neutron/plugins/ml2/drivers/ovn/mech_driver/ovsdb/ovsdb_monitor.py:1015}}
Jul 07 17:32:26.108482 np0000004745 devstack@neutron-api.service[87396]: DEBUG neutron.plugins.ml2.drivers.ovn.mech_driver.ovsdb.ovsdb_monitor [-] Hash Ring: Node cc91115bd468588e8eca11d43e9fce35 (host: np0000004745) handling event "create" for row dcd58092-5dd8-4a88-b068-33762de116a0 (table: Logical_Switch_Port) {{(pid=87396) notify /opt/stack/neutron/neutron/plugins/ml2/drivers/ovn/mech_driver/ovsdb/ovsdb_monitor.py:1015}}
Jul 07 17:32:26.108656 np0000004745 devstack@neutron-api.service[87398]: DEBUG neutron.plugins.ml2.drivers.ovn.mech_driver.ovsdb.ovsdb_monitor [-] Hash Ring: Node 0d5118b2267557c798fffc190f575c32 (host: np0000004745) handling event "create" for row dcd58092-5dd8-4a88-b068-33762de116a0 (table: Logical_Switch_Port) {{(pid=87398) notify /opt/stack/neutron/neutron/plugins/ml2/drivers/ovn/mech_driver/ovsdb/ovsdb_monitor.py:1015}}
Jul 07 17:32:26.108995 np0000004745 devstack@neutron-api.service[87396]: DEBUG ovsdbapp.backend.ovs_idl.event [-] Matched CREATE: LogicalSwitchPortCreateEvent(events=('create',), table='Logical_Switch_Port', conditions=[], old_conditions=None), priority=20 to row=Logical_Switch_Port(uuid=dcd58092-5dd8-4a88-b068-33762de116a0, addresses=['unknown'], dhcpv4_options=[], dhcpv6_options=[], dynamic_addresses=[], enabled=True, external_ids={'neutron:cidrs': '10.1.0.1/26', 'neutron:device_id': '5cb54d4c-3685-4f54-927d-63de2604f29d', 'neutron:device_owner': 'network:router_interface', 'neutron:mtu': '', 'neutron:network_name': 'neutron-38dddcc1-ed6e-461f-9f37-8de2b0a03b87', 'neutron:port_capabilities': '', 'neutron:port_name': '', 'neutron:project_id': '52e0b6bef0ee4981ad1533526a096ca4', 'neutron:revision_number': '1', 'neutron:security_group_ids': '', 'neutron:subnet_pool_addr_scope4': '', 'neutron:subnet_pool_addr_scope6': '', 'neutron:vnic_type': 'normal'}, ha_chassis_group=[], mirror_rules=[], name='f277b4a8-6391-481c-be4c-1e776c467cea', options={}, parent_name=[], port_security=[], tag=[], tag_request=[], type='', up=[]) old= {{(pid=87396) matches /opt/stack/data/venv/lib/python3.12/site-packages/ovsdbapp/backend/ovs_idl/event.py:55}}
Jul 07 17:32:26.109256 np0000004745 devstack@neutron-api.service[87398]: DEBUG ovsdbapp.backend.ovs_idl.event [-] Matched CREATE: LogicalSwitchPortCreateEvent(events=('create',), table='Logical_Switch_Port', conditions=[], old_conditions=None), priority=20 to row=Logical_Switch_Port(uuid=dcd58092-5dd8-4a88-b068-33762de116a0, addresses=['unknown'], dhcpv4_options=[], dhcpv6_options=[], dynamic_addresses=[], enabled=True, external_ids={'neutron:cidrs': '10.1.0.1/26', 'neutron:device_id': '5cb54d4c-3685-4f54-927d-63de2604f29d', 'neutron:device_owner': 'network:router_interface', 'neutron:mtu': '', 'neutron:network_name': 'neutron-38dddcc1-ed6e-461f-9f37-8de2b0a03b87', 'neutron:port_capabilities': '', 'neutron:port_name': '', 'neutron:project_id': '52e0b6bef0ee4981ad1533526a096ca4', 'neutron:revision_number': '1', 'neutron:security_group_ids': '', 'neutron:subnet_pool_addr_scope4': '', 'neutron:subnet_pool_addr_scope6': '', 'neutron:vnic_type': 'normal'}, ha_chassis_group=[], mirror_rules=[], name='f277b4a8-6391-481c-be4c-1e776c467cea', options={}, parent_name=[], port_security=[], tag=[], tag_request=[], type='', up=[]) old= {{(pid=87398) matches /opt/stack/data/venv/lib/python3.12/site-packages/ovsdbapp/backend/ovs_idl/event.py:55}}
Jul 07 17:32:26.110118 np0000004745 devstack@neutron-api.service[87396]: INFO neutron.plugins.ml2.drivers.ovn.mech_driver.mech_driver [None req-c941bb09-c03f-4b2f-af2f-61526b669747 None None] OVN reports status down for port: f277b4a8-6391-481c-be4c-1e776c467cea
Jul 07 17:32:26.110235 np0000004745 devstack@neutron-api.service[87398]: DEBUG neutron.plugins.ml2.drivers.ovn.mech_driver.ovsdb.ovsdb_monitor [-] Hash Ring: Node 0d5118b2267557c798fffc190f575c32 (host: np0000004745) handling event "update" for row dcd58092-5dd8-4a88-b068-33762de116a0 (table: Logical_Switch_Port) {{(pid=87398) notify /opt/stack/neutron/neutron/plugins/ml2/drivers/ovn/mech_driver/ovsdb/ovsdb_monitor.py:1015}}
Jul 07 17:32:26.112227 np0000004745 devstack@neutron-api.service[87398]: DEBUG neutron.plugins.ml2.drivers.ovn.mech_driver.ovsdb.ovsdb_monitor [-] Hash Ring: Node 0d5118b2267557c798fffc190f575c32 (host: np0000004745) handling event "create" for row d96a4b88-18d9-48e9-8a85-14967c9d8f56 (table: Port_Binding) {{(pid=87398) notify /opt/stack/neutron/neutron/plugins/ml2/drivers/ovn/mech_driver/ovsdb/ovsdb_monitor.py:1015}}
Jul 07 17:32:26.113145 np0000004745 devstack@neutron-api.service[87396]: DEBUG neutron.plugins.ml2.drivers.ovn.mech_driver.ovsdb.ovsdb_monitor [-] Hash Ring: Node cc91115bd468588e8eca11d43e9fce35 (host: np0000004745) handling event "update" for row dcd58092-5dd8-4a88-b068-33762de116a0 (table: Logical_Switch_Port) {{(pid=87396) notify /opt/stack/neutron/neutron/plugins/ml2/drivers/ovn/mech_driver/ovsdb/ovsdb_monitor.py:1015}}
Jul 07 17:32:26.115034 np0000004745 devstack@neutron-api.service[87398]: INFO neutron.plugins.ml2.drivers.ovn.mech_driver.mech_driver [None req-658dedbd-a202-4c03-9ddd-ac6865b1c93b None None] OVN reports status down for port: f277b4a8-6391-481c-be4c-1e776c467cea
Jul 07 17:32:26.115141 np0000004745 devstack@neutron-api.service[87397]: DEBUG neutron.plugins.ml2.drivers.ovn.mech_driver.ovsdb.ovsdb_monitor [-] Hash Ring: Node e51cead1b60a51408110c094ed664f3d (host: np0000004745) handling event "create" for row d96a4b88-18d9-48e9-8a85-14967c9d8f56 (table: Port_Binding) {{(pid=87397) notify /opt/stack/neutron/neutron/plugins/ml2/drivers/ovn/mech_driver/ovsdb/ovsdb_monitor.py:1015}}
Jul 07 17:32:26.138540 np0000004745 devstack@neutron-api.service[87398]: DEBUG neutron.db.provisioning_blocks [None req-658dedbd-a202-4c03-9ddd-ac6865b1c93b None None] Transition to ACTIVE for port object f277b4a8-6391-481c-be4c-1e776c467cea will not be triggered until provisioned by entity L2. {{(pid=87398) add_provisioning_component /opt/stack/neutron/neutron/db/provisioning_blocks.py:74}}
Jul 07 17:32:26.156559 np0000004745 devstack@neutron-api.service[87396]: DEBUG neutron.db.provisioning_blocks [None req-c941bb09-c03f-4b2f-af2f-61526b669747 None None] Ignored duplicate provisioning block setup for port f277b4a8-6391-481c-be4c-1e776c467cea by entity L2. {{(pid=87396) add_provisioning_component /opt/stack/neutron/neutron/db/provisioning_blocks.py:69}}
Jul 07 17:32:26.158824 np0000004745 devstack@neutron-api.service[87396]: INFO neutron.db.ovn_revision_numbers_db [None req-f7b86933-e8d0-4bcc-826d-651b6b48c21f admin admin] Successfully bumped revision number for resource f277b4a8-6391-481c-be4c-1e776c467cea (type: ports) to 1
Jul 07 17:32:26.161016 np0000004745 devstack@neutron-api.service[87398]: DEBUG neutron.plugins.ml2.plugin [None req-658dedbd-a202-4c03-9ddd-ac6865b1c93b None None] Current status of the port f277b4a8-6391-481c-be4c-1e776c467cea is: DOWN; New status is: DOWN {{(pid=87398) _update_individual_port_db_status /opt/stack/neutron/neutron/plugins/ml2/plugin.py:2473}}
Jul 07 17:32:26.162362 np0000004745 devstack@neutron-api.service[87398]: DEBUG ovsdbapp.backend.ovs_idl.transaction [-] Running txn n=1 command(idx=0): DbRemoveCommand(_result=None, table=Logical_Switch_Port, record=f277b4a8-6391-481c-be4c-1e776c467cea, column=external_ids, values=('neutron:host_id',), keyvalues={}, if_exists=True) {{(pid=87398) do_commit /opt/stack/data/venv/lib/python3.12/site-packages/ovsdbapp/backend/ovs_idl/transaction.py:89}}
Jul 07 17:32:26.175413 np0000004745 devstack@neutron-api.service[87396]: DEBUG neutron_lib.callbacks.manager [None req-f7b86933-e8d0-4bcc-826d-651b6b48c21f admin admin] Publish callbacks [] for router_interface (5cb54d4c-3685-4f54-927d-63de2604f29d), before_create {{(pid=87396) _notify_loop /opt/stack/data/venv/lib/python3.12/site-packages/neutron_lib/callbacks/manager.py:184}}
Jul 07 17:32:26.228856 np0000004745 devstack@neutron-api.service[87396]: DEBUG neutron.plugins.ml2.plugin [None req-c941bb09-c03f-4b2f-af2f-61526b669747 None None] Current status of the port f277b4a8-6391-481c-be4c-1e776c467cea is: DOWN; New status is: DOWN {{(pid=87396) _update_individual_port_db_status /opt/stack/neutron/neutron/plugins/ml2/plugin.py:2473}}
Jul 07 17:32:26.236608 np0000004745 devstack@neutron-api.service[87396]: DEBUG ovsdbapp.backend.ovs_idl.transaction [-] Running txn n=1 command(idx=0): DbRemoveCommand(_result=None, table=Logical_Switch_Port, record=f277b4a8-6391-481c-be4c-1e776c467cea, column=external_ids, values=('neutron:host_id',), keyvalues={}, if_exists=True) {{(pid=87396) do_commit /opt/stack/data/venv/lib/python3.12/site-packages/ovsdbapp/backend/ovs_idl/transaction.py:89}}
Jul 07 17:32:26.366587 np0000004745 devstack@neutron-api.service[87396]: DEBUG neutron_lib.callbacks.manager [None req-f7b86933-e8d0-4bcc-826d-651b6b48c21f admin admin] Publish callbacks ['neutron.plugins.ml2.plugin.SecurityGroupDbMixin._ensure_default_security_group_handler-107001', 'neutron.services.ovn_l3.plugin.OVNL3RouterPlugin._port_update-8200824421136', 'neutron.db.l3_db.L3_NAT_dbonly_mixin._prevent_internal_ip_change_for_fip-8200825470326'] for port (f277b4a8-6391-481c-be4c-1e776c467cea), before_update {{(pid=87396) _notify_loop /opt/stack/data/venv/lib/python3.12/site-packages/neutron_lib/callbacks/manager.py:184}}
Jul 07 17:32:26.484071 np0000004745 devstack@neutron-api.service[87396]: DEBUG neutron_lib.callbacks.manager [None req-f7b86933-e8d0-4bcc-826d-651b6b48c21f admin admin] Publish callbacks [] for port (f277b4a8-6391-481c-be4c-1e776c467cea), precommit_update {{(pid=87396) _notify_loop /opt/stack/data/venv/lib/python3.12/site-packages/neutron_lib/callbacks/manager.py:184}}
Jul 07 17:32:26.484357 np0000004745 devstack@neutron-api.service[87396]: DEBUG neutron.plugins.ml2.drivers.ovn.mech_driver.mech_driver [None req-f7b86933-e8d0-4bcc-826d-651b6b48c21f admin admin] No provisioning block for port f277b4a8-6391-481c-be4c-1e776c467cea since it does not have a host {{(pid=87396) _is_port_provisioning_required /opt/stack/neutron/neutron/plugins/ml2/drivers/ovn/mech_driver/mech_driver.py:899}}
Jul 07 17:32:26.746077 np0000004745 devstack@neutron-api.service[87396]: DEBUG neutron_lib.callbacks.manager [None req-f7b86933-e8d0-4bcc-826d-651b6b48c21f admin admin] Publish callbacks ['neutron.plugins.ml2.ovo_rpc._ObjectChangeHandler.handle_event-7763400', 'neutron.services.ovn_l3.plugin.OVNL3RouterPlugin._port_update-8200824421136'] for port (f277b4a8-6391-481c-be4c-1e776c467cea), after_update {{(pid=87396) _notify_loop /opt/stack/data/venv/lib/python3.12/site-packages/neutron_lib/callbacks/manager.py:184}}
Jul 07 17:32:26.775890 np0000004745 devstack@neutron-api.service[87396]: DEBUG neutron.api.rpc.handlers.resources_rpc [None req-f7b86933-e8d0-4bcc-826d-651b6b48c21f admin admin] Pushing event updated for resources: {'Port': ['ID=f277b4a8-6391-481c-be4c-1e776c467cea,revision_number=1']} {{(pid=87396) push /opt/stack/neutron/neutron/api/rpc/handlers/resources_rpc.py:237}}
Jul 07 17:32:26.852090 np0000004745 devstack@neutron-api.service[87396]: DEBUG neutron.plugins.ml2.drivers.ovn.mech_driver.ovsdb.commands [None req-f7b86933-e8d0-4bcc-826d-651b6b48c21f admin admin] Converting tag [] to a tag_request {{(pid=87396) _tag_column_to_tag_request /opt/stack/neutron/neutron/plugins/ml2/drivers/ovn/mech_driver/ovsdb/commands.py:205}}
