Aug 19 12:49:04.188741 np0000007772 devstack@c-api.service[97021]: DEBUG cinder.volume.api [req-e9109bf8-bac1-43be-be09-9775ec3badba req-5a863c34-4855-4646-a768-5cabaf6ebdab tempest-VolumesGetTestJSON-1600011587 tempest-VolumesGetTestJSON-1600011587-project-member] Flow 'volume_create_api' (d350f67d-718b-4851-807a-003eab20d17b) transitioned into state 'RUNNING' from state 'PENDING' {{(pid=97021) _flow_receiver /opt/stack/data/venv/lib/python3.12/site-packages/taskflow/listeners/logging.py:160}}
Aug 19 12:49:04.189903 np0000007772 devstack@c-api.service[97021]: DEBUG cinder.volume.api [req-e9109bf8-bac1-43be-be09-9775ec3badba req-5a863c34-4855-4646-a768-5cabaf6ebdab tempest-VolumesGetTestJSON-1600011587 tempest-VolumesGetTestJSON-1600011587-project-member] Task 'cinder.volume.flows.api.create_volume.ExtractVolumeRequestTask;volume:create' (b9b12efe-fdc8-49f3-bab3-768b475fbe79) transitioned into state 'RUNNING' from state 'PENDING' {{(pid=97021) _task_receiver /opt/stack/data/venv/lib/python3.12/site-packages/taskflow/listeners/logging.py:242}}
Aug 19 12:49:04.191025 np0000007772 devstack@c-api.service[97021]: DEBUG cinder.volume.flows.api.create_volume [req-e9109bf8-bac1-43be-be09-9775ec3badba req-5a863c34-4855-4646-a768-5cabaf6ebdab tempest-VolumesGetTestJSON-1600011587 tempest-VolumesGetTestJSON-1600011587-project-member] Validating volume size '1' using validate_int {{(pid=97021) _extract_size /opt/stack/cinder/cinder/volume/flows/api/create_volume.py:226}}
Aug 19 12:49:04.232010 np0000007772 devstack@c-api.service[97021]: DEBUG cinder.volume.api [req-e9109bf8-bac1-43be-be09-9775ec3badba req-5a863c34-4855-4646-a768-5cabaf6ebdab tempest-VolumesGetTestJSON-1600011587 tempest-VolumesGetTestJSON-1600011587-project-member] Task 'cinder.volume.flows.api.create_volume.ExtractVolumeRequestTask;volume:create' (b9b12efe-fdc8-49f3-bab3-768b475fbe79) transitioned into state 'SUCCESS' from state 'RUNNING' with result '{'size': 1, 'snapshot_id': None, 'source_volid': None, 'volume_type': VolumeType(created_at=2026-08-19T12:46:12Z,deleted=False,deleted_at=None,description=None,extra_specs={volume_backend_name='storpool'},id=033cdfe4-8f59-48a0-a3ce-2476c6d0184b,is_public=True,name='storpool',projects=[],qos_specs=,qos_specs_id=None,updated_at=None), 'volume_type_id': '033cdfe4-8f59-48a0-a3ce-2476c6d0184b', 'encryption_key_id': None, 'qos_specs': None, 'consistencygroup_id': None, 'cgsnapshot_id': None, 'group_id': None, 'replication_status': 'disabled', 'refresh_az': False, 'backup_id': None, 'multiattach': False, 'availability_zones': ['nova']}' {{(pid=97021) _task_receiver /opt/stack/data/venv/lib/python3.12/site-packages/taskflow/listeners/logging.py:218}}
Aug 19 12:49:04.233189 np0000007772 devstack@c-api.service[97021]: DEBUG cinder.volume.api [req-e9109bf8-bac1-43be-be09-9775ec3badba req-5a863c34-4855-4646-a768-5cabaf6ebdab tempest-VolumesGetTestJSON-1600011587 tempest-VolumesGetTestJSON-1600011587-project-member] Task 'cinder.volume.flows.api.create_volume.QuotaReserveTask;volume:create' (482d1b3d-e239-43ff-bc47-44680769eab1) transitioned into state 'RUNNING' from state 'PENDING' {{(pid=97021) _task_receiver /opt/stack/data/venv/lib/python3.12/site-packages/taskflow/listeners/logging.py:242}}
Aug 19 12:49:04.336161 np0000007772 devstack@c-api.service[97021]: DEBUG cinder.quota [req-e9109bf8-bac1-43be-be09-9775ec3badba req-5a863c34-4855-4646-a768-5cabaf6ebdab tempest-VolumesGetTestJSON-1600011587 tempest-VolumesGetTestJSON-1600011587-project-member] Created reservations ['fb4efd58-59ce-483c-b572-67ba1f39669b', '0d02cc67-b943-4f7c-9ad5-11c4c904299e', '6b32f9a7-c5de-42af-acfa-a27d661a19ed', 'b5e1d52f-d8e6-4804-9595-8bc753d496b8'] {{(pid=97021) reserve /opt/stack/cinder/cinder/quota.py:752}}
Aug 19 12:49:04.337075 np0000007772 devstack@c-api.service[97021]: DEBUG cinder.volume.api [req-e9109bf8-bac1-43be-be09-9775ec3badba req-5a863c34-4855-4646-a768-5cabaf6ebdab tempest-VolumesGetTestJSON-1600011587 tempest-VolumesGetTestJSON-1600011587-project-member] Task 'cinder.volume.flows.api.create_volume.QuotaReserveTask;volume:create' (482d1b3d-e239-43ff-bc47-44680769eab1) transitioned into state 'SUCCESS' from state 'RUNNING' with result '{'reservations': ['fb4efd58-59ce-483c-b572-67ba1f39669b', '0d02cc67-b943-4f7c-9ad5-11c4c904299e', '6b32f9a7-c5de-42af-acfa-a27d661a19ed', 'b5e1d52f-d8e6-4804-9595-8bc753d496b8']}' {{(pid=97021) _task_receiver /opt/stack/data/venv/lib/python3.12/site-packages/taskflow/listeners/logging.py:218}}
Aug 19 12:49:04.338386 np0000007772 devstack@c-api.service[97021]: DEBUG cinder.volume.api [req-e9109bf8-bac1-43be-be09-9775ec3badba req-5a863c34-4855-4646-a768-5cabaf6ebdab tempest-VolumesGetTestJSON-1600011587 tempest-VolumesGetTestJSON-1600011587-project-member] Task 'cinder.volume.flows.api.create_volume.EntryCreateTask;volume:create' (edadcbd9-892c-4d5c-9006-7474edaeea7b) transitioned into state 'RUNNING' from state 'PENDING' {{(pid=97021) _task_receiver /opt/stack/data/venv/lib/python3.12/site-packages/taskflow/listeners/logging.py:242}}
Aug 19 12:49:04.372858 np0000007772 devstack@c-api.service[97021]: DEBUG cinder.volume.api [req-e9109bf8-bac1-43be-be09-9775ec3badba req-5a863c34-4855-4646-a768-5cabaf6ebdab tempest-VolumesGetTestJSON-1600011587 tempest-VolumesGetTestJSON-1600011587-project-member] Task 'cinder.volume.flows.api.create_volume.EntryCreateTask;volume:create' (edadcbd9-892c-4d5c-9006-7474edaeea7b) transitioned into state 'SUCCESS' from state 'RUNNING' with result '{'volume_id': '7f3ca674-53e0-4784-90d5-b1a3a0b0a8e2', 'volume_properties': VolumeProperties(attach_status='detached',availability_zone='nova',cgsnapshot_id=None,consistencygroup_id=None,display_description=None,display_name='tempest-VolumesGetTestJSON-Volume-1944294196',encryption_key_id=None,group_id=None,group_type_id=,metadata={Type='work'},multiattach=False,project_id='9daeda3a445047788c24ef811d65e656',qos_specs=None,replication_status=,reservations=['fb4efd58-59ce-483c-b572-67ba1f39669b','0d02cc67-b943-4f7c-9ad5-11c4c904299e','6b32f9a7-c5de-42af-acfa-a27d661a19ed','b5e1d52f-d8e6-4804-9595-8bc753d496b8'],size=1,snapshot_id=None,source_replicaid=,source_volid=None,status='creating',user_id='f81557a0b2c0481884567f9fdd461ec1',volume_type_id=033cdfe4-8f59-48a0-a3ce-2476c6d0184b), 'volume': Volume(_name_id=None,admin_metadata=,attach_status='detached',availability_zone='nova',bootable=False,cluster=,cluster_name=None,consistencygroup=,consistencygroup_id=None,created_at=2026-08-19T12:49:04Z,deleted=False,deleted_at=None,display_description=None,display_name='tempest-VolumesGetTestJSON-Volume-1944294196',ec2_id=None,encryption_key_id=None,glance_metadata=,group=,group_id=None,host=None,id=7f3ca674-53e0-4784-90d5-b1a3a0b0a8e2,launched_at=None,metadata={Type='work'},migration_status=None,multiattach=False,previous_status=None,project_id='9daeda3a445047788c24ef811d65e656',provider_auth=None,provider_geometry=None,provider_id=None,provider_location=None,replication_driver_data=None,replication_extended_status=None,replication_status=None,scheduled_at=None,service_uuid=None,shared_targets=True,size=1,snapshot_id=None,snapshots=,source_volid=None,status='creating',terminated_at=None,updated_at=None,use_quota=True,user_id='f81557a0b2c0481884567f9fdd461ec1',volume_attachment=VolumeAttachmentList,volume_type=VolumeType(033cdfe4-8f59-48a0-a3ce-2476c6d0184b),volume_type_id=033cdfe4-8f59-48a0-a3ce-2476c6d0184b)}' {{(pid=97021) _task_receiver /opt/stack/data/venv/lib/python3.12/site-packages/taskflow/listeners/logging.py:218}}
Aug 19 12:49:04.373358 np0000007772 devstack@c-api.service[97021]: DEBUG cinder.volume.api [req-e9109bf8-bac1-43be-be09-9775ec3badba req-5a863c34-4855-4646-a768-5cabaf6ebdab tempest-VolumesGetTestJSON-1600011587 tempest-VolumesGetTestJSON-1600011587-project-member] Task 'cinder.volume.flows.api.create_volume.QuotaCommitTask;volume:create' (7a612fc6-0e62-4a48-b351-6d5ce726bb3b) transitioned into state 'RUNNING' from state 'PENDING' {{(pid=97021) _task_receiver /opt/stack/data/venv/lib/python3.12/site-packages/taskflow/listeners/logging.py:242}}
Aug 19 12:49:04.404967 np0000007772 devstack@c-api.service[97021]: DEBUG cinder.volume.api [req-e9109bf8-bac1-43be-be09-9775ec3badba req-5a863c34-4855-4646-a768-5cabaf6ebdab tempest-VolumesGetTestJSON-1600011587 tempest-VolumesGetTestJSON-1600011587-project-member] Task 'cinder.volume.flows.api.create_volume.QuotaCommitTask;volume:create' (7a612fc6-0e62-4a48-b351-6d5ce726bb3b) transitioned into state 'SUCCESS' from state 'RUNNING' with result '{'volume_properties': VolumeProperties(attach_status='detached',availability_zone='nova',cgsnapshot_id=None,consistencygroup_id=None,display_description=None,display_name='tempest-VolumesGetTestJSON-Volume-1944294196',encryption_key_id=None,group_id=None,group_type_id=,metadata={Type='work'},multiattach=False,project_id='9daeda3a445047788c24ef811d65e656',qos_specs=None,replication_status=,reservations=['fb4efd58-59ce-483c-b572-67ba1f39669b','0d02cc67-b943-4f7c-9ad5-11c4c904299e','6b32f9a7-c5de-42af-acfa-a27d661a19ed','b5e1d52f-d8e6-4804-9595-8bc753d496b8'],size=1,snapshot_id=None,source_replicaid=,source_volid=None,status='creating',user_id='f81557a0b2c0481884567f9fdd461ec1',volume_type_id=033cdfe4-8f59-48a0-a3ce-2476c6d0184b)}' {{(pid=97021) _task_receiver /opt/stack/data/venv/lib/python3.12/site-packages/taskflow/listeners/logging.py:218}}
Aug 19 12:49:04.406110 np0000007772 devstack@c-api.service[97021]: DEBUG cinder.volume.api [req-e9109bf8-bac1-43be-be09-9775ec3badba req-5a863c34-4855-4646-a768-5cabaf6ebdab tempest-VolumesGetTestJSON-1600011587 tempest-VolumesGetTestJSON-1600011587-project-member] Task 'cinder.volume.flows.api.create_volume.VolumeCastTask;volume:create' (901f47cf-74e1-4779-a104-2a0f9df7e748) transitioned into state 'RUNNING' from state 'PENDING' {{(pid=97021) _task_receiver /opt/stack/data/venv/lib/python3.12/site-packages/taskflow/listeners/logging.py:242}}
Aug 19 12:49:04.426944 np0000007772 devstack@c-api.service[97021]: DEBUG cinder.volume.api [req-e9109bf8-bac1-43be-be09-9775ec3badba req-5a863c34-4855-4646-a768-5cabaf6ebdab tempest-VolumesGetTestJSON-1600011587 tempest-VolumesGetTestJSON-1600011587-project-member] Task 'cinder.volume.flows.api.create_volume.VolumeCastTask;volume:create' (901f47cf-74e1-4779-a104-2a0f9df7e748) transitioned into state 'SUCCESS' from state 'RUNNING' with result 'None' {{(pid=97021) _task_receiver /opt/stack/data/venv/lib/python3.12/site-packages/taskflow/listeners/logging.py:218}}
Aug 19 12:49:04.428327 np0000007772 devstack@c-api.service[97021]: DEBUG cinder.volume.api [req-e9109bf8-bac1-43be-be09-9775ec3badba req-5a863c34-4855-4646-a768-5cabaf6ebdab tempest-VolumesGetTestJSON-1600011587 tempest-VolumesGetTestJSON-1600011587-project-member] Flow 'volume_create_api' (d350f67d-718b-4851-807a-003eab20d17b) transitioned into state 'SUCCESS' from state 'RUNNING' {{(pid=97021) _flow_receiver /opt/stack/data/venv/lib/python3.12/site-packages/taskflow/listeners/logging.py:160}}
Aug 19 12:49:04.428800 np0000007772 devstack@c-api.service[97021]: INFO cinder.volume.api [req-e9109bf8-bac1-43be-be09-9775ec3badba req-5a863c34-4855-4646-a768-5cabaf6ebdab tempest-VolumesGetTestJSON-1600011587 tempest-VolumesGetTestJSON-1600011587-project-member] Create volume request issued successfully.
Aug 19 12:49:04.430314 np0000007772 devstack@c-api.service[97021]: INFO cinder.api.openstack.wsgi [req-e9109bf8-bac1-43be-be09-9775ec3badba req-5a863c34-4855-4646-a768-5cabaf6ebdab tempest-VolumesGetTestJSON-1600011587 tempest-VolumesGetTestJSON-1600011587-project-member] https://10.4.3.83/volume/v3/volumes returned with HTTP 202
Aug 19 12:49:04.430576 np0000007772 devstack@c-api.service[97021]: [pid: 97021|app: 0|req: 45/134] 10.4.3.83 () {72 vars in 1534 bytes} [Wed Aug 19 12:49:04 2026] POST /volume/v3/volumes => generated 761 bytes in 277 msecs (HTTP/1.1 202) 7 headers in 291 bytes (2 switches on core 0)
Aug 19 12:49:04.442756 np0000007772 devstack@c-api.service[97020]: DEBUG cinder.api.middleware.request_id [req-e9109bf8-bac1-43be-be09-9775ec3badba req-64176e8e-cfc4-47c5-b476-a6132017602c None None] RequestId filter calling following filter/app {{(pid=97020) _context_setter /opt/stack/cinder/cinder/api/middleware/request_id.py:62}}
Aug 19 12:49:04.451444 np0000007772 devstack@c-api.service[97020]: INFO cinder.api.openstack.wsgi [req-e9109bf8-bac1-43be-be09-9775ec3badba req-64176e8e-cfc4-47c5-b476-a6132017602c tempest-VolumesGetTestJSON-1600011587 tempest-VolumesGetTestJSON-1600011587-project-member] GET https://10.4.3.83/volume/v3/volumes/7f3ca674-53e0-4784-90d5-b1a3a0b0a8e2
Aug 19 12:49:04.451712 np0000007772 devstack@c-api.service[97020]: DEBUG cinder.api.openstack.wsgi [req-e9109bf8-bac1-43be-be09-9775ec3badba req-64176e8e-cfc4-47c5-b476-a6132017602c tempest-VolumesGetTestJSON-1600011587 tempest-VolumesGetTestJSON-1600011587-project-member] Empty body provided in request {{(pid=97020) get_body /opt/stack/cinder/cinder/api/openstack/wsgi.py:725}}
Aug 19 12:49:04.453236 np0000007772 devstack@c-api.service[97020]: DEBUG cinder.api.openstack.wsgi [req-e9109bf8-bac1-43be-be09-9775ec3badba req-64176e8e-cfc4-47c5-b476-a6132017602c tempest-VolumesGetTestJSON-1600011587 tempest-VolumesGetTestJSON-1600011587-project-member] Calling method 'show' {{(pid=97020) _process_stack /opt/stack/cinder/cinder/api/openstack/wsgi.py:878}}
Aug 19 12:49:04.470779 np0000007772 devstack@c-api.service[97020]: /opt/stack/data/venv/lib/python3.12/site-packages/oslo_context/context.py:102: DeprecationWarning: Policy enforcement is depending on the value of is_admin. This key is deprecated. Please update your policy file to use the standard policy values.
Aug 19 12:49:04.470779 np0000007772 devstack@c-api.service[97020]: warnings.warn(
Aug 19 12:49:04.487685 np0000007772 devstack@c-api.service[97020]: INFO cinder.volume.api [req-e9109bf8-bac1-43be-be09-9775ec3badba req-64176e8e-cfc4-47c5-b476-a6132017602c tempest-VolumesGetTestJSON-1600011587 tempest-VolumesGetTestJSON-1600011587-project-member] Volume info retrieved successfully.
Aug 19 12:49:04.493128 np0000007772 devstack@c-api.service[97020]: INFO cinder.api.openstack.wsgi [req-e9109bf8-bac1-43be-be09-9775ec3badba req-64176e8e-cfc4-47c5-b476-a6132017602c tempest-VolumesGetTestJSON-1600011587 tempest-VolumesGetTestJSON-1600011587-project-member] https://10.4.3.83/volume/v3/volumes/7f3ca674-53e0-4784-90d5-b1a3a0b0a8e2 returned with HTTP 200
Aug 19 12:49:04.493849 np0000007772 devstack@c-api.service[97020]: [pid: 97020|app: 0|req: 46/135] 10.4.3.83 () {68 vars in 1591 bytes} [Wed Aug 19 12:49:04 2026] GET /volume/v3/volumes/7f3ca674-53e0-4784-90d5-b1a3a0b0a8e2 => generated 829 bytes in 51 msecs (HTTP/1.1 200) 7 headers in 285 bytes (1 switches on core 0)
Aug 19 12:49:04.533186 np0000007772 devstack@c-api.service[97022]: DEBUG cinder.api.middleware.request_id [req-8276f27c-0003-4fa6-a6e2-1693c301378d req-fa0da470-fb75-4794-8a08-465adac52ec4 None None] RequestId filter calling following filter/app {{(pid=97022) _context_setter /opt/stack/cinder/cinder/api/middleware/request_id.py:62}}
Aug 19 12:49:04.541440 np0000007772 devstack@c-api.service[97022]: INFO cinder.api.openstack.wsgi [req-8276f27c-0003-4fa6-a6e2-1693c301378d req-fa0da470-fb75-4794-8a08-465adac52ec4 tempest-VolumesGetTestJSON-1600011587 tempest-VolumesGetTestJSON-1600011587-project-member] GET https://10.4.3.83/volume/v3/volumes/7f3ca674-53e0-4784-90d5-b1a3a0b0a8e2
Aug 19 12:49:04.541794 np0000007772 devstack@c-api.service[97022]: DEBUG cinder.api.openstack.wsgi [req-8276f27c-0003-4fa6-a6e2-1693c301378d req-fa0da470-fb75-4794-8a08-465adac52ec4 tempest-VolumesGetTestJSON-1600011587 tempest-VolumesGetTestJSON-1600011587-project-member] Empty body provided in request {{(pid=97022) get_body /opt/stack/cinder/cinder/api/openstack/wsgi.py:725}}
Aug 19 12:49:04.541975 np0000007772 devstack@c-api.service[97022]: DEBUG cinder.api.openstack.wsgi [req-8276f27c-0003-4fa6-a6e2-1693c301378d req-fa0da470-fb75-4794-8a08-465adac52ec4 tempest-VolumesGetTestJSON-1600011587 tempest-VolumesGetTestJSON-1600011587-project-member] Calling method 'show' {{(pid=97022) _process_stack /opt/stack/cinder/cinder/api/openstack/wsgi.py:878}}
Aug 19 12:49:04.553028 np0000007772 devstack@c-api.service[97022]: /opt/stack/data/venv/lib/python3.12/site-packages/oslo_context/context.py:102: DeprecationWarning: Policy enforcement is depending on the value of is_admin. This key is deprecated. Please update your policy file to use the standard policy values.
Aug 19 12:49:04.553028 np0000007772 devstack@c-api.service[97022]: warnings.warn(
Aug 19 12:49:04.562598 np0000007772 devstack@c-api.service[97022]: INFO cinder.volume.api [req-8276f27c-0003-4fa6-a6e2-1693c301378d req-fa0da470-fb75-4794-8a08-465adac52ec4 tempest-VolumesGetTestJSON-1600011587 tempest-VolumesGetTestJSON-1600011587-project-member] Volume info retrieved successfully.
Aug 19 12:49:04.569342 np0000007772 devstack@c-api.service[97022]: INFO cinder.api.openstack.wsgi [req-8276f27c-0003-4fa6-a6e2-1693c301378d req-fa0da470-fb75-4794-8a08-465adac52ec4 tempest-VolumesGetTestJSON-1600011587 tempest-VolumesGetTestJSON-1600011587-project-member] https://10.4.3.83/volume/v3/volumes/7f3ca674-53e0-4784-90d5-b1a3a0b0a8e2 returned with HTTP 200
Aug 19 12:49:04.569715 np0000007772 devstack@c-api.service[97022]: [pid: 97022|app: 0|req: 45/136] 10.4.3.83 () {68 vars in 1591 bytes} [Wed Aug 19 12:49:04 2026] GET /volume/v3/volumes/7f3ca674-53e0-4784-90d5-b1a3a0b0a8e2 => generated 829 bytes in 37 msecs (HTTP/1.1 200) 7 headers in 285 bytes (1 switches on core 0)
Aug 19 12:49:05.145809 np0000007772 devstack@c-api.service[97021]: DEBUG cinder.api.middleware.request_id [None req-175c9b51-fca0-45e8-8e32-aec8d2cb915a None None] RequestId filter calling following filter/app {{(pid=97021) _context_setter /opt/stack/cinder/cinder/api/middleware/request_id.py:62}}
Aug 19 12:49:05.148813 np0000007772 devstack@c-api.service[97021]: INFO cinder.api.openstack.wsgi [None req-175c9b51-fca0-45e8-8e32-aec8d2cb915a tempest-VolumesAdminNegativeTest-215055366 tempest-VolumesAdminNegativeTest-215055366-project-member] GET https://10.4.3.83/volume/v3/volumes/6f230bea-d853-41bc-a986-8394d7503f35
Aug 19 12:49:05.149165 np0000007772 devstack@c-api.service[97021]: DEBUG cinder.api.openstack.wsgi [None req-175c9b51-fca0-45e8-8e32-aec8d2cb915a tempest-VolumesAdminNegativeTest-215055366 tempest-VolumesAdminNegativeTest-215055366-project-member] Empty body provided in request {{(pid=97021) get_body /opt/stack/cinder/cinder/api/openstack/wsgi.py:725}}
Aug 19 12:49:05.149448 np0000007772 devstack@c-api.service[97021]: DEBUG cinder.api.openstack.wsgi [None req-175c9b51-fca0-45e8-8e32-aec8d2cb915a tempest-VolumesAdminNegativeTest-215055366 tempest-VolumesAdminNegativeTest-215055366-project-member] Calling method 'show' {{(pid=97021) _process_stack /opt/stack/cinder/cinder/api/openstack/wsgi.py:878}}
Aug 19 12:49:05.168933 np0000007772 devstack@c-api.service[97021]: /opt/stack/data/venv/lib/python3.12/site-packages/oslo_context/context.py:102: DeprecationWarning: Policy enforcement is depending on the value of is_admin. This key is deprecated. Please update your policy file to use the standard policy values.
Aug 19 12:49:05.168933 np0000007772 devstack@c-api.service[97021]: warnings.warn(
Aug 19 12:49:05.178000 np0000007772 devstack@c-api.service[97021]: INFO cinder.volume.api [None req-175c9b51-fca0-45e8-8e32-aec8d2cb915a tempest-VolumesAdminNegativeTest-215055366 tempest-VolumesAdminNegativeTest-215055366-project-member] Volume info retrieved successfully.
Aug 19 12:49:05.183368 np0000007772 devstack@c-api.service[97021]: INFO cinder.api.openstack.wsgi [None req-175c9b51-fca0-45e8-8e32-aec8d2cb915a tempest-VolumesAdminNegativeTest-215055366 tempest-VolumesAdminNegativeTest-215055366-project-member] https://10.4.3.83/volume/v3/volumes/6f230bea-d853-41bc-a986-8394d7503f35 returned with HTTP 200
Aug 19 12:49:05.183977 np0000007772 devstack@c-api.service[97021]: [pid: 97021|app: 0|req: 46/137] 10.4.3.83 () {66 vars in 1341 bytes} [Wed Aug 19 12:49:05 2026] GET /volume/v3/volumes/6f230bea-d853-41bc-a986-8394d7503f35 => generated 846 bytes in 40 msecs (HTTP/1.1 200) 7 headers in 285 bytes (1 switches on core 0)
Aug 19 12:49:05.322349 np0000007772 devstack@c-api.service[97020]: DEBUG cinder.api.middleware.request_id [None req-3f168535-bcf4-461e-965d-be3c627ab8d6 None None] RequestId filter calling following filter/app {{(pid=97020) _context_setter /opt/stack/cinder/cinder/api/middleware/request_id.py:62}}
Aug 19 12:49:05.323681 np0000007772 devstack@c-api.service[97020]: INFO cinder.api.openstack.wsgi [None req-3f168535-bcf4-461e-965d-be3c627ab8d6 None None] GET https://10.4.3.83/volume//
Aug 19 12:49:05.323935 np0000007772 devstack@c-api.service[97020]: DEBUG cinder.api.openstack.wsgi [None req-3f168535-bcf4-461e-965d-be3c627ab8d6 None None] Empty body provided in request {{(pid=97020) get_body /opt/stack/cinder/cinder/api/openstack/wsgi.py:725}}
Aug 19 12:49:05.324156 np0000007772 devstack@c-api.service[97020]: DEBUG cinder.api.openstack.wsgi [None req-3f168535-bcf4-461e-965d-be3c627ab8d6 None None] Calling method 'all' {{(pid=97020) _process_stack /opt/stack/cinder/cinder/api/openstack/wsgi.py:878}}
Aug 19 12:49:05.325172 np0000007772 devstack@c-api.service[97020]: INFO cinder.api.openstack.wsgi [None req-3f168535-bcf4-461e-965d-be3c627ab8d6 None None] https://10.4.3.83/volume// returned with HTTP 300
Aug 19 12:49:05.325498 np0000007772 devstack@c-api.service[97020]: [pid: 97020|app: 0|req: 47/138] 10.4.3.83 () {66 vars in 1419 bytes} [Wed Aug 19 12:49:05 2026] GET /volume/ => generated 385 bytes in 4 msecs (HTTP/1.1 300) 7 headers in 299 bytes (1 switches on core 0)
Aug 19 12:49:05.339532 np0000007772 devstack@c-api.service[97022]: DEBUG cinder.api.middleware.request_id [req-c8eef805-1f40-45b5-9032-11dc9db0cb48 req-7e5f982f-e812-4492-a447-cf05cfa8fe28 None None] RequestId filter calling following filter/app {{(pid=97022) _context_setter /opt/stack/cinder/cinder/api/middleware/request_id.py:62}}
Aug 19 12:49:05.348444 np0000007772 devstack@c-api.service[97022]: INFO cinder.api.openstack.wsgi [req-c8eef805-1f40-45b5-9032-11dc9db0cb48 req-7e5f982f-e812-4492-a447-cf05cfa8fe28 tempest-TaggedBootDevicesTest-1219328967 tempest-TaggedBootDevicesTest-1219328967-project-member] GET https://10.4.3.83/volume/v3/volumes/f183d49a-bd2f-4f2c-b9f8-bec82dc938b5
Aug 19 12:49:05.349347 np0000007772 devstack@c-api.service[97022]: DEBUG cinder.api.openstack.wsgi [req-c8eef805-1f40-45b5-9032-11dc9db0cb48 req-7e5f982f-e812-4492-a447-cf05cfa8fe28 tempest-TaggedBootDevicesTest-1219328967 tempest-TaggedBootDevicesTest-1219328967-project-member] Empty body provided in request {{(pid=97022) get_body /opt/stack/cinder/cinder/api/openstack/wsgi.py:725}}
Aug 19 12:49:05.350299 np0000007772 devstack@c-api.service[97022]: DEBUG cinder.api.openstack.wsgi [req-c8eef805-1f40-45b5-9032-11dc9db0cb48 req-7e5f982f-e812-4492-a447-cf05cfa8fe28 tempest-TaggedBootDevicesTest-1219328967 tempest-TaggedBootDevicesTest-1219328967-project-member] Calling method 'show' {{(pid=97022) _process_stack /opt/stack/cinder/cinder/api/openstack/wsgi.py:878}}
Aug 19 12:49:05.375640 np0000007772 devstack@c-api.service[97022]: /opt/stack/data/venv/lib/python3.12/site-packages/oslo_context/context.py:102: DeprecationWarning: Policy enforcement is depending on the value of is_admin. This key is deprecated. Please update your policy file to use the standard policy values.
Aug 19 12:49:05.375640 np0000007772 devstack@c-api.service[97022]: warnings.warn(
Aug 19 12:49:05.382196 np0000007772 devstack@c-api.service[97022]: INFO cinder.volume.api [req-c8eef805-1f40-45b5-9032-11dc9db0cb48 req-7e5f982f-e812-4492-a447-cf05cfa8fe28 tempest-TaggedBootDevicesTest-1219328967 tempest-TaggedBootDevicesTest-1219328967-project-member] Volume info retrieved successfully.
Aug 19 12:49:05.387932 np0000007772 devstack@c-api.service[97022]: INFO cinder.api.openstack.wsgi [req-c8eef805-1f40-45b5-9032-11dc9db0cb48 req-7e5f982f-e812-4492-a447-cf05cfa8fe28 tempest-TaggedBootDevicesTest-1219328967 tempest-TaggedBootDevicesTest-1219328967-project-member] https://10.4.3.83/volume/v3/volumes/f183d49a-bd2f-4f2c-b9f8-bec82dc938b5 returned with HTTP 200
Aug 19 12:49:05.389144 np0000007772 devstack@c-api.service[97022]: [pid: 97022|app: 0|req: 46/139] 10.4.3.83 () {70 vars in 1632 bytes} [Wed Aug 19 12:49:05 2026] GET /volume/v3/volumes/f183d49a-bd2f-4f2c-b9f8-bec82dc938b5 => generated 1568 bytes in 49 msecs (HTTP/1.1 200) 7 headers in 287 bytes (1 switches on core 0)
Aug 19 12:49:05.480552 np0000007772 devstack@c-api.service[97021]: DEBUG cinder.api.middleware.request_id [req-c8eef805-1f40-45b5-9032-11dc9db0cb48 req-5b673112-e8b1-43c4-a653-16700edbd91f None None] RequestId filter calling following filter/app {{(pid=97021) _context_setter /opt/stack/cinder/cinder/api/middleware/request_id.py:62}}
Aug 19 12:49:05.483018 np0000007772 devstack@c-api.service[97021]: INFO cinder.api.openstack.wsgi [req-c8eef805-1f40-45b5-9032-11dc9db0cb48 req-5b673112-e8b1-43c4-a653-16700edbd91f tempest-TaggedBootDevicesTest-1219328967 tempest-TaggedBootDevicesTest-1219328967-project-member] PUT https://10.4.3.83/volume/v3/attachments/a0a6c53a-e26c-4f7a-960e-418257cb92e8
Aug 19 12:49:05.483504 np0000007772 devstack@c-api.service[97021]: DEBUG cinder.api.openstack.wsgi [req-c8eef805-1f40-45b5-9032-11dc9db0cb48 req-5b673112-e8b1-43c4-a653-16700edbd91f tempest-TaggedBootDevicesTest-1219328967 tempest-TaggedBootDevicesTest-1219328967-project-member] Action: 'update', calling method: version_select, body: {"attachment": {"connector": {"platform": "x86_64", "os_type": "linux", "ip": "10.4.3.83", "host": "np0000007772", "multipath": false, "enforce_multipath": true, "initiator": "iqn.2016-04.com.open-iscsi:d09f8715a412", "do_local_attach": false, "nvme_hostid": "66d7ded8-4a45-4e2c-8bc9-d754c73921ce", "uuid": "8515de1c-ba7e-467b-adde-6d9f8a8dbc1f", "system uuid": "88801de7-72f2-4e9e-9414-14d58f4227c1", "nqn": "nqn.2014-08.org.nvmexpress:uuid:88801de7-72f2-4e9e-9414-14d58f4227c1", "nvme_native_multipath": true, "found_dsc": "", "host_ips": ["10.4.3.83", "fe80::f816:3eff:fe8c:46df", "192.168.10.6", "fe80::f816:3eff:fedb:3c1d", "192.168.20.6", "fe80::f816:3eff:fe01:ac4d", "192.168.30.6", "fe80::f816:3eff:fe3e:49f7", "192.168.122.1", "172.24.5.1", "2001:db8::2", "fe80::1033:ffff:fe4e:1241", "fe80::f816:3eff:fed1:f1a8", "fe80::b81e:66ff:fe68:fa42", "fe80::f816:3eff:fe82:1f04", "fe80::285e:60ff:fef2:1f7d", "fe80::f816:3eff:fef5:4843", "fe80::64d3:1cff:febc:2d31", "fe80::f816:3eff:fe59:5fcb", "fe80::4097:ddff:fe5b:782c"], "mountpoint": "/dev/vda"}}} {{(pid=97021) _process_stack /opt/stack/cinder/cinder/api/openstack/wsgi.py:876}}
Aug 19 12:49:05.496703 np0000007772 devstack@c-api.service[97021]: DEBUG cinder.coordination [req-c8eef805-1f40-45b5-9032-11dc9db0cb48 req-5b673112-e8b1-43c4-a653-16700edbd91f tempest-TaggedBootDevicesTest-1219328967 tempest-TaggedBootDevicesTest-1219328967-project-member] Acquiring lock "cinder-attachment_update-f183d49a-bd2f-4f2c-b9f8-bec82dc938b5-np0000007772" by "attachment_update" {{(pid=97021) __acquire /opt/stack/cinder/cinder/coordination.py:138}}
Aug 19 12:49:05.503804 np0000007772 devstack@c-api.service[97021]: DEBUG cinder.coordination [req-c8eef805-1f40-45b5-9032-11dc9db0cb48 req-5b673112-e8b1-43c4-a653-16700edbd91f tempest-TaggedBootDevicesTest-1219328967 tempest-TaggedBootDevicesTest-1219328967-project-member] Lock "cinder-attachment_update-f183d49a-bd2f-4f2c-b9f8-bec82dc938b5-np0000007772" acquired by "attachment_update" :: waited 0.007s {{(pid=97021) __acquire /opt/stack/cinder/cinder/coordination.py:141}}
Aug 19 12:49:05.505410 np0000007772 devstack@c-api.service[97021]: /opt/stack/data/venv/lib/python3.12/site-packages/oslo_context/context.py:102: DeprecationWarning: Policy enforcement is depending on the value of is_admin. This key is deprecated. Please update your policy file to use the standard policy values.
Aug 19 12:49:05.505410 np0000007772 devstack@c-api.service[97021]: warnings.warn(
Aug 19 12:49:05.639385 np0000007772 devstack@c-api.service[97021]: DEBUG cinder.coordination [req-c8eef805-1f40-45b5-9032-11dc9db0cb48 req-5b673112-e8b1-43c4-a653-16700edbd91f tempest-TaggedBootDevicesTest-1219328967 tempest-TaggedBootDevicesTest-1219328967-project-member] Lock "cinder-attachment_update-f183d49a-bd2f-4f2c-b9f8-bec82dc938b5-np0000007772" released by "attachment_update" :: held 0.136s {{(pid=97021) __release /opt/stack/cinder/cinder/coordination.py:152}}
Aug 19 12:49:05.640105 np0000007772 devstack@c-api.service[97021]: INFO cinder.api.openstack.wsgi [req-c8eef805-1f40-45b5-9032-11dc9db0cb48 req-5b673112-e8b1-43c4-a653-16700edbd91f tempest-TaggedBootDevicesTest-1219328967 tempest-TaggedBootDevicesTest-1219328967-project-member] https://10.4.3.83/volume/v3/attachments/a0a6c53a-e26c-4f7a-960e-418257cb92e8 returned with HTTP 200
Aug 19 12:49:05.641911 np0000007772 devstack@c-api.service[97021]: [pid: 97021|app: 0|req: 47/140] 10.4.3.83 () {74 vars in 1698 bytes} [Wed Aug 19 12:49:05 2026] PUT /volume/v3/attachments/a0a6c53a-e26c-4f7a-960e-418257cb92e8 => generated 535 bytes in 161 msecs (HTTP/1.1 200) 7 headers in 286 bytes (1 switches on core 0)
Aug 19 12:49:05.654883 np0000007772 devstack@c-api.service[97020]: DEBUG cinder.api.middleware.request_id [req-8d46120f-53bd-453a-bcb5-443a6308cbae req-9f7703da-c679-4519-97c6-d3a0251fe3b0 None None] RequestId filter calling following filter/app {{(pid=97020) _context_setter /opt/stack/cinder/cinder/api/middleware/request_id.py:62}}
Aug 19 12:49:05.659292 np0000007772 devstack@c-api.service[97020]: INFO cinder.api.openstack.wsgi [req-8d46120f-53bd-453a-bcb5-443a6308cbae req-9f7703da-c679-4519-97c6-d3a0251fe3b0 tempest-VolumesAdminNegativeTest-1671141910 tempest-VolumesAdminNegativeTest-1671141910-project] GET https://10.4.3.83/volume/v3/volumes/c8edfd07-6940-4b54-ab44-f0a7750cf396
Aug 19 12:49:05.659523 np0000007772 devstack@c-api.service[97020]: DEBUG cinder.api.openstack.wsgi [req-8d46120f-53bd-453a-bcb5-443a6308cbae req-9f7703da-c679-4519-97c6-d3a0251fe3b0 tempest-VolumesAdminNegativeTest-1671141910 tempest-VolumesAdminNegativeTest-1671141910-project] Empty body provided in request {{(pid=97020) get_body /opt/stack/cinder/cinder/api/openstack/wsgi.py:725}}
Aug 19 12:49:05.659877 np0000007772 devstack@c-api.service[97020]: DEBUG cinder.api.openstack.wsgi [req-8d46120f-53bd-453a-bcb5-443a6308cbae req-9f7703da-c679-4519-97c6-d3a0251fe3b0 tempest-VolumesAdminNegativeTest-1671141910 tempest-VolumesAdminNegativeTest-1671141910-project] Calling method 'show' {{(pid=97020) _process_stack /opt/stack/cinder/cinder/api/openstack/wsgi.py:878}}
Aug 19 12:49:05.680893 np0000007772 devstack@c-api.service[97020]: INFO cinder.api.openstack.wsgi [req-8d46120f-53bd-453a-bcb5-443a6308cbae req-9f7703da-c679-4519-97c6-d3a0251fe3b0 tempest-VolumesAdminNegativeTest-1671141910 tempest-VolumesAdminNegativeTest-1671141910-project] https://10.4.3.83/volume/v3/volumes/c8edfd07-6940-4b54-ab44-f0a7750cf396 returned with HTTP 404
Aug 19 12:49:05.680893 np0000007772 devstack@c-api.service[97020]: [pid: 97020|app: 0|req: 48/141] 10.4.3.83 () {68 vars in 1591 bytes} [Wed Aug 19 12:49:05 2026] GET /volume/v3/volumes/c8edfd07-6940-4b54-ab44-f0a7750cf396 => generated 109 bytes in 27 msecs (HTTP/1.1 404) 7 headers in 292 bytes (1 switches on core 0)
Aug 19 12:49:05.688538 np0000007772 devstack@c-api.service[97022]: DEBUG cinder.api.middleware.request_id [req-c8eef805-1f40-45b5-9032-11dc9db0cb48 req-365d943b-7b41-4e2d-8a43-d35cdb0e956a None None] RequestId filter calling following filter/app {{(pid=97022) _context_setter /opt/stack/cinder/cinder/api/middleware/request_id.py:62}}
Aug 19 12:49:05.693591 np0000007772 devstack@c-api.service[97022]: INFO cinder.api.openstack.wsgi [req-c8eef805-1f40-45b5-9032-11dc9db0cb48 req-365d943b-7b41-4e2d-8a43-d35cdb0e956a tempest-TaggedBootDevicesTest-1219328967 tempest-TaggedBootDevicesTest-1219328967-project-member] POST https://10.4.3.83/volume/v3/attachments/a0a6c53a-e26c-4f7a-960e-418257cb92e8/action
Aug 19 12:49:05.693591 np0000007772 devstack@c-api.service[97022]: DEBUG cinder.api.openstack.wsgi [req-c8eef805-1f40-45b5-9032-11dc9db0cb48 req-365d943b-7b41-4e2d-8a43-d35cdb0e956a tempest-TaggedBootDevicesTest-1219328967 tempest-TaggedBootDevicesTest-1219328967-project-member] Action body: b'{"os-complete": null}' {{(pid=97022) get_method /opt/stack/cinder/cinder/api/openstack/wsgi.py:993}}
Aug 19 12:49:05.693891 np0000007772 devstack@c-api.service[97022]: DEBUG cinder.api.openstack.wsgi [req-c8eef805-1f40-45b5-9032-11dc9db0cb48 req-365d943b-7b41-4e2d-8a43-d35cdb0e956a tempest-TaggedBootDevicesTest-1219328967 tempest-TaggedBootDevicesTest-1219328967-project-member] Action: 'action', calling method: complete, body: {"os-complete": null} {{(pid=97022) _process_stack /opt/stack/cinder/cinder/api/openstack/wsgi.py:876}}
Aug 19 12:49:05.697801 np0000007772 devstack@c-api.service[97021]: DEBUG cinder.api.middleware.request_id [req-07088240-c66a-436d-a0c9-3ebc1c3a930d req-19720ba0-bf5f-4806-9995-ee6ed678db88 None None] RequestId filter calling following filter/app {{(pid=97021) _context_setter /opt/stack/cinder/cinder/api/middleware/request_id.py:62}}
Aug 19 12:49:05.700692 np0000007772 devstack@c-api.service[97021]: INFO cinder.api.openstack.wsgi [req-07088240-c66a-436d-a0c9-3ebc1c3a930d req-19720ba0-bf5f-4806-9995-ee6ed678db88 tempest-VolumesGetTestJSON-1600011587 tempest-VolumesGetTestJSON-1600011587-project-member] GET https://10.4.3.83/volume/v3/volumes/7f3ca674-53e0-4784-90d5-b1a3a0b0a8e2
Aug 19 12:49:05.701044 np0000007772 devstack@c-api.service[97021]: DEBUG cinder.api.openstack.wsgi [req-07088240-c66a-436d-a0c9-3ebc1c3a930d req-19720ba0-bf5f-4806-9995-ee6ed678db88 tempest-VolumesGetTestJSON-1600011587 tempest-VolumesGetTestJSON-1600011587-project-member] Empty body provided in request {{(pid=97021) get_body /opt/stack/cinder/cinder/api/openstack/wsgi.py:725}}
Aug 19 12:49:05.701255 np0000007772 devstack@c-api.service[97021]: DEBUG cinder.api.openstack.wsgi [req-07088240-c66a-436d-a0c9-3ebc1c3a930d req-19720ba0-bf5f-4806-9995-ee6ed678db88 tempest-VolumesGetTestJSON-1600011587 tempest-VolumesGetTestJSON-1600011587-project-member] Calling method 'show' {{(pid=97021) _process_stack /opt/stack/cinder/cinder/api/openstack/wsgi.py:878}}
Aug 19 12:49:05.702269 np0000007772 devstack@c-api.service[97020]: DEBUG cinder.api.middleware.request_id [None req-ea99829b-95fe-4fe0-8c08-e86d75b7ef9f None None] RequestId filter calling following filter/app {{(pid=97020) _context_setter /opt/stack/cinder/cinder/api/middleware/request_id.py:62}}
Aug 19 12:49:05.707641 np0000007772 devstack@c-api.service[97020]: INFO cinder.api.openstack.wsgi [None req-ea99829b-95fe-4fe0-8c08-e86d75b7ef9f tempest-VolumesAdminNegativeTest-215055366 tempest-VolumesAdminNegativeTest-215055366-project-member] DELETE https://10.4.3.83/volume/v3/volumes/6f230bea-d853-41bc-a986-8394d7503f35
Aug 19 12:49:05.707923 np0000007772 devstack@c-api.service[97020]: DEBUG cinder.api.openstack.wsgi [None req-ea99829b-95fe-4fe0-8c08-e86d75b7ef9f tempest-VolumesAdminNegativeTest-215055366 tempest-VolumesAdminNegativeTest-215055366-project-member] Empty body provided in request {{(pid=97020) get_body /opt/stack/cinder/cinder/api/openstack/wsgi.py:725}}
Aug 19 12:49:05.708234 np0000007772 devstack@c-api.service[97020]: DEBUG cinder.api.openstack.wsgi [None req-ea99829b-95fe-4fe0-8c08-e86d75b7ef9f tempest-VolumesAdminNegativeTest-215055366 tempest-VolumesAdminNegativeTest-215055366-project-member] Calling method 'delete' {{(pid=97020) _process_stack /opt/stack/cinder/cinder/api/openstack/wsgi.py:878}}
Aug 19 12:49:05.708647 np0000007772 devstack@c-api.service[97020]: INFO cinder.api.v3.volumes [None req-ea99829b-95fe-4fe0-8c08-e86d75b7ef9f tempest-VolumesAdminNegativeTest-215055366 tempest-VolumesAdminNegativeTest-215055366-project-member] Delete volume with id: 6f230bea-d853-41bc-a986-8394d7503f35
Aug 19 12:49:05.711033 np0000007772 devstack@c-api.service[97021]: /opt/stack/data/venv/lib/python3.12/site-packages/oslo_context/context.py:102: DeprecationWarning: Policy enforcement is depending on the value of is_admin. This key is deprecated. Please update your policy file to use the standard policy values.
Aug 19 12:49:05.711033 np0000007772 devstack@c-api.service[97021]: warnings.warn(
Aug 19 12:49:05.717562 np0000007772 devstack@c-api.service[97022]: /opt/stack/data/venv/lib/python3.12/site-packages/oslo_context/context.py:102: DeprecationWarning: Policy enforcement is depending on the value of is_admin. This key is deprecated. Please update your policy file to use the standard policy values.
Aug 19 12:49:05.717562 np0000007772 devstack@c-api.service[97022]: warnings.warn(
Aug 19 12:49:05.721865 np0000007772 devstack@c-api.service[97021]: INFO cinder.volume.api [req-07088240-c66a-436d-a0c9-3ebc1c3a930d req-19720ba0-bf5f-4806-9995-ee6ed678db88 tempest-VolumesGetTestJSON-1600011587 tempest-VolumesGetTestJSON-1600011587-project-member] Volume info retrieved successfully.
Aug 19 12:49:05.726797 np0000007772 devstack@c-api.service[97020]: /opt/stack/data/venv/lib/python3.12/site-packages/oslo_context/context.py:102: DeprecationWarning: Policy enforcement is depending on the value of is_admin. This key is deprecated. Please update your policy file to use the standard policy values.
Aug 19 12:49:05.726797 np0000007772 devstack@c-api.service[97020]: warnings.warn(
Aug 19 12:49:05.727552 np0000007772 devstack@c-api.service[97020]: INFO cinder.volume.api [None req-ea99829b-95fe-4fe0-8c08-e86d75b7ef9f tempest-VolumesAdminNegativeTest-215055366 tempest-VolumesAdminNegativeTest-215055366-project-member] Volume info retrieved successfully.
Aug 19 12:49:05.733653 np0000007772 devstack@c-api.service[97021]: INFO cinder.api.openstack.wsgi [req-07088240-c66a-436d-a0c9-3ebc1c3a930d req-19720ba0-bf5f-4806-9995-ee6ed678db88 tempest-VolumesGetTestJSON-1600011587 tempest-VolumesGetTestJSON-1600011587-project-member] https://10.4.3.83/volume/v3/volumes/7f3ca674-53e0-4784-90d5-b1a3a0b0a8e2 returned with HTTP 200
Aug 19 12:49:05.734413 np0000007772 devstack@c-api.service[97021]: [pid: 97021|app: 0|req: 48/142] 10.4.3.83 () {68 vars in 1591 bytes} [Wed Aug 19 12:49:05 2026] GET /volume/v3/volumes/7f3ca674-53e0-4784-90d5-b1a3a0b0a8e2 => generated 854 bytes in 37 msecs (HTTP/1.1 200) 7 headers in 285 bytes (1 switches on core 0)
Aug 19 12:49:05.737460 np0000007772 devstack@c-api.service[97022]: INFO cinder.api.openstack.wsgi [req-c8eef805-1f40-45b5-9032-11dc9db0cb48 req-365d943b-7b41-4e2d-8a43-d35cdb0e956a tempest-TaggedBootDevicesTest-1219328967 tempest-TaggedBootDevicesTest-1219328967-project-member] https://10.4.3.83/volume/v3/attachments/a0a6c53a-e26c-4f7a-960e-418257cb92e8/action returned with HTTP 204
Aug 19 12:49:05.737941 np0000007772 devstack@c-api.service[97022]: [pid: 97022|app: 0|req: 47/143] 10.4.3.83 () {74 vars in 1718 bytes} [Wed Aug 19 12:49:05 2026] POST /volume/v3/attachments/a0a6c53a-e26c-4f7a-960e-418257cb92e8/action => generated 0 bytes in 50 msecs (HTTP/1.1 204) 7 headers in 292 bytes (1 switches on core 0)
Aug 19 12:49:05.763521 np0000007772 devstack@c-api.service[97020]: INFO cinder.volume.api [None req-ea99829b-95fe-4fe0-8c08-e86d75b7ef9f tempest-VolumesAdminNegativeTest-215055366 tempest-VolumesAdminNegativeTest-215055366-project-member] Delete volume request issued successfully.
Aug 19 12:49:05.763869 np0000007772 devstack@c-api.service[97020]: INFO cinder.api.openstack.wsgi [None req-ea99829b-95fe-4fe0-8c08-e86d75b7ef9f tempest-VolumesAdminNegativeTest-215055366 tempest-VolumesAdminNegativeTest-215055366-project-member] https://10.4.3.83/volume/v3/volumes/6f230bea-d853-41bc-a986-8394d7503f35 returned with HTTP 202
Aug 19 12:49:05.764549 np0000007772 devstack@c-api.service[97020]: [pid: 97020|app: 0|req: 49/144] 10.4.3.83 () {66 vars in 1344 bytes} [Wed Aug 19 12:49:05 2026] DELETE /volume/v3/volumes/6f230bea-d853-41bc-a986-8394d7503f35 => generated 0 bytes in 63 msecs (HTTP/1.1 202) 6 headers in 233 bytes (1 switches on core 0)
Aug 19 12:49:05.777883 np0000007772 devstack@c-api.service[97021]: DEBUG cinder.api.middleware.request_id [None req-fa85aeaf-048f-45d9-b307-4f9966806013 None None] RequestId filter calling following filter/app {{(pid=97021) _context_setter /opt/stack/cinder/cinder/api/middleware/request_id.py:62}}
Aug 19 12:49:05.779457 np0000007772 devstack@c-api.service[97022]: DEBUG cinder.api.middleware.request_id [None req-b20398b3-723a-44d9-8aba-7f1165e31ad3 None None] RequestId filter calling following filter/app {{(pid=97022) _context_setter /opt/stack/cinder/cinder/api/middleware/request_id.py:62}}
Aug 19 12:49:05.779765 np0000007772 devstack@c-api.service[97022]: INFO cinder.api.openstack.wsgi [None req-b20398b3-723a-44d9-8aba-7f1165e31ad3 None None] GET https://10.4.3.83/volume//
Aug 19 12:49:05.779984 np0000007772 devstack@c-api.service[97022]: DEBUG cinder.api.openstack.wsgi [None req-b20398b3-723a-44d9-8aba-7f1165e31ad3 None None] Empty body provided in request {{(pid=97022) get_body /opt/stack/cinder/cinder/api/openstack/wsgi.py:725}}
Aug 19 12:49:05.780266 np0000007772 devstack@c-api.service[97022]: DEBUG cinder.api.openstack.wsgi [None req-b20398b3-723a-44d9-8aba-7f1165e31ad3 None None] Calling method 'all' {{(pid=97022) _process_stack /opt/stack/cinder/cinder/api/openstack/wsgi.py:878}}
Aug 19 12:49:05.780368 np0000007772 devstack@c-api.service[97021]: INFO cinder.api.openstack.wsgi [None req-fa85aeaf-048f-45d9-b307-4f9966806013 tempest-VolumesAdminNegativeTest-215055366 tempest-VolumesAdminNegativeTest-215055366-project-member] GET https://10.4.3.83/volume/v3/volumes/6f230bea-d853-41bc-a986-8394d7503f35
Aug 19 12:49:05.780709 np0000007772 devstack@c-api.service[97021]: DEBUG cinder.api.openstack.wsgi [None req-fa85aeaf-048f-45d9-b307-4f9966806013 tempest-VolumesAdminNegativeTest-215055366 tempest-VolumesAdminNegativeTest-215055366-project-member] Empty body provided in request {{(pid=97021) get_body /opt/stack/cinder/cinder/api/openstack/wsgi.py:725}}
Aug 19 12:49:05.780787 np0000007772 devstack@c-api.service[97022]: INFO cinder.api.openstack.wsgi [None req-b20398b3-723a-44d9-8aba-7f1165e31ad3 None None] https://10.4.3.83/volume// returned with HTTP 300
Aug 19 12:49:05.781020 np0000007772 devstack@c-api.service[97021]: DEBUG cinder.api.openstack.wsgi [None req-fa85aeaf-048f-45d9-b307-4f9966806013 tempest-VolumesAdminNegativeTest-215055366 tempest-VolumesAdminNegativeTest-215055366-project-member] Calling method 'show' {{(pid=97021) _process_stack /opt/stack/cinder/cinder/api/openstack/wsgi.py:878}}
Aug 19 12:49:05.781295 np0000007772 devstack@c-api.service[97022]: [pid: 97022|app: 0|req: 48/145] 10.4.3.83 () {66 vars in 1419 bytes} [Wed Aug 19 12:49:05 2026] GET /volume/ => generated 385 bytes in 3 msecs (HTTP/1.1 300) 7 headers in 299 bytes (1 switches on core 0)
Aug 19 12:49:05.795933 np0000007772 devstack@c-api.service[97021]: /opt/stack/data/venv/lib/python3.12/site-packages/oslo_context/context.py:102: DeprecationWarning: Policy enforcement is depending on the value of is_admin. This key is deprecated. Please update your policy file to use the standard policy values.
Aug 19 12:49:05.795933 np0000007772 devstack@c-api.service[97021]: warnings.warn(
Aug 19 12:49:05.798015 np0000007772 devstack@c-api.service[97020]: DEBUG cinder.api.middleware.request_id [req-c8eef805-1f40-45b5-9032-11dc9db0cb48 req-218cf028-587b-4bb1-806b-169752b86a56 None None] RequestId filter calling following filter/app {{(pid=97020) _context_setter /opt/stack/cinder/cinder/api/middleware/request_id.py:62}}
Aug 19 12:49:05.803309 np0000007772 devstack@c-api.service[97021]: INFO cinder.volume.api [None req-fa85aeaf-048f-45d9-b307-4f9966806013 tempest-VolumesAdminNegativeTest-215055366 tempest-VolumesAdminNegativeTest-215055366-project-member] Volume info retrieved successfully.
Aug 19 12:49:05.803656 np0000007772 devstack@c-api.service[97020]: INFO cinder.api.openstack.wsgi [req-c8eef805-1f40-45b5-9032-11dc9db0cb48 req-218cf028-587b-4bb1-806b-169752b86a56 tempest-TaggedBootDevicesTest-1219328967 tempest-TaggedBootDevicesTest-1219328967-project-member] GET https://10.4.3.83/volume/v3/volumes/fb1cad2b-4014-46a6-b312-84d4ae4546b6
Aug 19 12:49:05.804042 np0000007772 devstack@c-api.service[97020]: DEBUG cinder.api.openstack.wsgi [req-c8eef805-1f40-45b5-9032-11dc9db0cb48 req-218cf028-587b-4bb1-806b-169752b86a56 tempest-TaggedBootDevicesTest-1219328967 tempest-TaggedBootDevicesTest-1219328967-project-member] Empty body provided in request {{(pid=97020) get_body /opt/stack/cinder/cinder/api/openstack/wsgi.py:725}}
Aug 19 12:49:05.804250 np0000007772 devstack@c-api.service[97020]: DEBUG cinder.api.openstack.wsgi [req-c8eef805-1f40-45b5-9032-11dc9db0cb48 req-218cf028-587b-4bb1-806b-169752b86a56 tempest-TaggedBootDevicesTest-1219328967 tempest-TaggedBootDevicesTest-1219328967-project-member] Calling method 'show' {{(pid=97020) _process_stack /opt/stack/cinder/cinder/api/openstack/wsgi.py:878}}
Aug 19 12:49:05.811552 np0000007772 devstack@c-api.service[97021]: INFO cinder.api.openstack.wsgi [None req-fa85aeaf-048f-45d9-b307-4f9966806013 tempest-VolumesAdminNegativeTest-215055366 tempest-VolumesAdminNegativeTest-215055366-project-member] https://10.4.3.83/volume/v3/volumes/6f230bea-d853-41bc-a986-8394d7503f35 returned with HTTP 200
Aug 19 12:49:05.813029 np0000007772 devstack@c-api.service[97021]: [pid: 97021|app: 0|req: 49/146] 10.4.3.83 () {66 vars in 1341 bytes} [Wed Aug 19 12:49:05 2026] GET /volume/v3/volumes/6f230bea-d853-41bc-a986-8394d7503f35 => generated 845 bytes in 37 msecs (HTTP/1.1 200) 7 headers in 285 bytes (1 switches on core 0)
Aug 19 12:49:05.820209 np0000007772 devstack@c-api.service[97020]: /opt/stack/data/venv/lib/python3.12/site-packages/oslo_context/context.py:102: DeprecationWarning: Policy enforcement is depending on the value of is_admin. This key is deprecated. Please update your policy file to use the standard policy values.
Aug 19 12:49:05.820209 np0000007772 devstack@c-api.service[97020]: warnings.warn(
Aug 19 12:49:05.828934 np0000007772 devstack@c-api.service[97020]: INFO cinder.volume.api [req-c8eef805-1f40-45b5-9032-11dc9db0cb48 req-218cf028-587b-4bb1-806b-169752b86a56 tempest-TaggedBootDevicesTest-1219328967 tempest-TaggedBootDevicesTest-1219328967-project-member] Volume info retrieved successfully.
Aug 19 12:49:05.839246 np0000007772 devstack@c-api.service[97020]: INFO cinder.api.openstack.wsgi [req-c8eef805-1f40-45b5-9032-11dc9db0cb48 req-218cf028-587b-4bb1-806b-169752b86a56 tempest-TaggedBootDevicesTest-1219328967 tempest-TaggedBootDevicesTest-1219328967-project-member] https://10.4.3.83/volume/v3/volumes/fb1cad2b-4014-46a6-b312-84d4ae4546b6 returned with HTTP 200
Aug 19 12:49:05.840247 np0000007772 devstack@c-api.service[97020]: [pid: 97020|app: 0|req: 50/147] 10.4.3.83 () {70 vars in 1632 bytes} [Wed Aug 19 12:49:05 2026] GET /volume/v3/volumes/fb1cad2b-4014-46a6-b312-84d4ae4546b6 => generated 1023 bytes in 43 msecs (HTTP/1.1 200) 7 headers in 287 bytes (1 switches on core 0)
Aug 19 12:49:05.951235 np0000007772 devstack@c-api.service[97022]: DEBUG cinder.api.middleware.request_id [req-c8eef805-1f40-45b5-9032-11dc9db0cb48 req-b62cf282-4106-4298-9147-763a4c8a01dd None None] RequestId filter calling following filter/app {{(pid=97022) _context_setter /opt/stack/cinder/cinder/api/middleware/request_id.py:62}}
Aug 19 12:49:05.953495 np0000007772 devstack@c-api.service[97022]: INFO cinder.api.openstack.wsgi [req-c8eef805-1f40-45b5-9032-11dc9db0cb48 req-b62cf282-4106-4298-9147-763a4c8a01dd tempest-TaggedBootDevicesTest-1219328967 tempest-TaggedBootDevicesTest-1219328967-project-member] PUT https://10.4.3.83/volume/v3/attachments/38447647-82ee-4cc8-9942-ae32708e7616
Aug 19 12:49:05.954225 np0000007772 devstack@c-api.service[97022]: DEBUG cinder.api.openstack.wsgi [req-c8eef805-1f40-45b5-9032-11dc9db0cb48 req-b62cf282-4106-4298-9147-763a4c8a01dd tempest-TaggedBootDevicesTest-1219328967 tempest-TaggedBootDevicesTest-1219328967-project-member] Action: 'update', calling method: version_select, body: {"attachment": {"connector": {"platform": "x86_64", "os_type": "linux", "ip": "10.4.3.83", "host": "np0000007772", "multipath": false, "enforce_multipath": true, "initiator": "iqn.2016-04.com.open-iscsi:d09f8715a412", "do_local_attach": false, "nvme_hostid": "66d7ded8-4a45-4e2c-8bc9-d754c73921ce", "uuid": "8515de1c-ba7e-467b-adde-6d9f8a8dbc1f", "system uuid": "88801de7-72f2-4e9e-9414-14d58f4227c1", "nqn": "nqn.2014-08.org.nvmexpress:uuid:88801de7-72f2-4e9e-9414-14d58f4227c1", "nvme_native_multipath": true, "found_dsc": "", "host_ips": ["10.4.3.83", "fe80::f816:3eff:fe8c:46df", "192.168.10.6", "fe80::f816:3eff:fedb:3c1d", "192.168.20.6", "fe80::f816:3eff:fe01:ac4d", "192.168.30.6", "fe80::f816:3eff:fe3e:49f7", "192.168.122.1", "172.24.5.1", "2001:db8::2", "fe80::1033:ffff:fe4e:1241", "fe80::f816:3eff:fed1:f1a8", "fe80::b81e:66ff:fe68:fa42", "fe80::f816:3eff:fe82:1f04", "fe80::285e:60ff:fef2:1f7d", "fe80::f816:3eff:fef5:4843", "fe80::64d3:1cff:febc:2d31", "fe80::f816:3eff:fe59:5fcb", "fe80::4097:ddff:fe5b:782c"], "mountpoint": "/dev/vdb"}}} {{(pid=97022) _process_stack /opt/stack/cinder/cinder/api/openstack/wsgi.py:876}}
Aug 19 12:49:05.966687 np0000007772 devstack@c-api.service[97022]: DEBUG cinder.coordination [req-c8eef805-1f40-45b5-9032-11dc9db0cb48 req-b62cf282-4106-4298-9147-763a4c8a01dd tempest-TaggedBootDevicesTest-1219328967 tempest-TaggedBootDevicesTest-1219328967-project-member] Acquiring lock "cinder-attachment_update-fb1cad2b-4014-46a6-b312-84d4ae4546b6-np0000007772" by "attachment_update" {{(pid=97022) __acquire /opt/stack/cinder/cinder/coordination.py:138}}
