May 21 06:24:14.158316 np0000001130 neutron-periodic-workers[88807]: DEBUG cotyledon.oslo_config_glue [-] ovn.broadcast_arps_to_all_routers = True {{(pid=88807) log_opt_values /opt/stack/data/venv/lib/python3.12/site-packages/oslo_config/cfg.py:3256}}
May 21 06:24:14.158316 np0000001130 neutron-periodic-workers[88807]: DEBUG cotyledon.oslo_config_glue [-] ovn.dhcp_default_lease_time = 43200 {{(pid=88807) log_opt_values /opt/stack/data/venv/lib/python3.12/site-packages/oslo_config/cfg.py:3256}}
May 21 06:24:14.158316 np0000001130 neutron-periodic-workers[88807]: DEBUG cotyledon.oslo_config_glue [-] ovn.disable_ovn_dhcp_for_baremetal_ports = False {{(pid=88807) log_opt_values /opt/stack/data/venv/lib/python3.12/site-packages/oslo_config/cfg.py:3256}}
May 21 06:24:14.158316 np0000001130 neutron-periodic-workers[88807]: DEBUG cotyledon.oslo_config_glue [-] ovn.dns_records_ovn_owned = False {{(pid=88807) log_opt_values /opt/stack/data/venv/lib/python3.12/site-packages/oslo_config/cfg.py:3256}}
May 21 06:24:14.158316 np0000001130 neutron-periodic-workers[88807]: DEBUG cotyledon.oslo_config_glue [-] ovn.dns_servers = [] {{(pid=88807) log_opt_values /opt/stack/data/venv/lib/python3.12/site-packages/oslo_config/cfg.py:3256}}
May 21 06:24:14.158596 np0000001130 neutron-periodic-workers[88807]: DEBUG cotyledon.oslo_config_glue [-] ovn.enable_distributed_floating_ip = False {{(pid=88807) log_opt_values /opt/stack/data/venv/lib/python3.12/site-packages/oslo_config/cfg.py:3256}}
May 21 06:24:14.158596 np0000001130 neutron-periodic-workers[88807]: DEBUG cotyledon.oslo_config_glue [-] ovn.fdb_age_threshold = 300 {{(pid=88807) log_opt_values /opt/stack/data/venv/lib/python3.12/site-packages/oslo_config/cfg.py:3256}}
May 21 06:24:14.158596 np0000001130 neutron-periodic-workers[88807]: DEBUG cotyledon.oslo_config_glue [-] ovn.ha_failover_strategy = normal {{(pid=88807) log_opt_values /opt/stack/data/venv/lib/python3.12/site-packages/oslo_config/cfg.py:3256}}
May 21 06:24:14.158596 np0000001130 neutron-periodic-workers[88807]: DEBUG cotyledon.oslo_config_glue [-] ovn.live_migration_activation_strategy = rarp {{(pid=88807) log_opt_values /opt/stack/data/venv/lib/python3.12/site-packages/oslo_config/cfg.py:3256}}
May 21 06:24:14.158596 np0000001130 neutron-periodic-workers[88807]: DEBUG cotyledon.oslo_config_glue [-] ovn.localnet_learn_fdb = False {{(pid=88807) log_opt_values /opt/stack/data/venv/lib/python3.12/site-packages/oslo_config/cfg.py:3256}}
May 21 06:24:14.158596 np0000001130 neutron-periodic-workers[88807]: DEBUG cotyledon.oslo_config_glue [-] ovn.mac_binding_age_threshold = 300 {{(pid=88807) log_opt_values /opt/stack/data/venv/lib/python3.12/site-packages/oslo_config/cfg.py:3256}}
May 21 06:24:14.158596 np0000001130 neutron-periodic-workers[88807]: DEBUG cotyledon.oslo_config_glue [-] ovn.neutron_sync_mode = log {{(pid=88807) log_opt_values /opt/stack/data/venv/lib/python3.12/site-packages/oslo_config/cfg.py:3256}}
May 21 06:24:14.158596 np0000001130 neutron-periodic-workers[88807]: DEBUG cotyledon.oslo_config_glue [-] ovn.ovn_dhcp4_global_options = {} {{(pid=88807) log_opt_values /opt/stack/data/venv/lib/python3.12/site-packages/oslo_config/cfg.py:3256}}
May 21 06:24:14.158596 np0000001130 neutron-periodic-workers[88807]: DEBUG cotyledon.oslo_config_glue [-] ovn.ovn_dhcp6_global_options = {} {{(pid=88807) log_opt_values /opt/stack/data/venv/lib/python3.12/site-packages/oslo_config/cfg.py:3256}}
May 21 06:24:14.159158 np0000001130 neutron-periodic-workers[88807]: DEBUG cotyledon.oslo_config_glue [-] ovn.ovn_l3_scheduler = leastloaded {{(pid=88807) log_opt_values /opt/stack/data/venv/lib/python3.12/site-packages/oslo_config/cfg.py:3256}}
May 21 06:24:14.159158 np0000001130 neutron-periodic-workers[88807]: DEBUG cotyledon.oslo_config_glue [-] ovn.ovn_metadata_enabled = True {{(pid=88807) log_opt_values /opt/stack/data/venv/lib/python3.12/site-packages/oslo_config/cfg.py:3256}}
May 21 06:24:14.159158 np0000001130 neutron-periodic-workers[88807]: DEBUG cotyledon.oslo_config_glue [-] ovn.ovn_nb_ca_cert = /opt/stack/data/CA/int-ca/ca-chain.pem {{(pid=88807) log_opt_values /opt/stack/data/venv/lib/python3.12/site-packages/oslo_config/cfg.py:3256}}
May 21 06:24:14.159158 np0000001130 neutron-periodic-workers[88807]: DEBUG cotyledon.oslo_config_glue [-] ovn.ovn_nb_certificate = /opt/stack/data/CA/int-ca/devstack-cert.crt {{(pid=88807) log_opt_values /opt/stack/data/venv/lib/python3.12/site-packages/oslo_config/cfg.py:3256}}
May 21 06:24:14.159158 np0000001130 neutron-periodic-workers[88807]: DEBUG cotyledon.oslo_config_glue [-] ovn.ovn_nb_connection = ['ssl:10.4.3.144:6641'] {{(pid=88807) log_opt_values /opt/stack/data/venv/lib/python3.12/site-packages/oslo_config/cfg.py:3256}}
May 21 06:24:14.159158 np0000001130 neutron-periodic-workers[88807]: DEBUG cotyledon.oslo_config_glue [-] ovn.ovn_nb_private_key = /opt/stack/data/CA/int-ca/private/devstack-cert.key {{(pid=88807) log_opt_values /opt/stack/data/venv/lib/python3.12/site-packages/oslo_config/cfg.py:3256}}
May 21 06:24:14.159158 np0000001130 neutron-periodic-workers[88807]: DEBUG cotyledon.oslo_config_glue [-] ovn.ovn_router_indirect_snat = False {{(pid=88807) log_opt_values /opt/stack/data/venv/lib/python3.12/site-packages/oslo_config/cfg.py:3256}}
May 21 06:24:14.159158 np0000001130 neutron-periodic-workers[88807]: DEBUG cotyledon.oslo_config_glue [-] ovn.ovn_sb_ca_cert = /opt/stack/data/CA/int-ca/ca-chain.pem {{(pid=88807) log_opt_values /opt/stack/data/venv/lib/python3.12/site-packages/oslo_config/cfg.py:3256}}
May 21 06:24:14.159479 np0000001130 neutron-periodic-workers[88807]: DEBUG cotyledon.oslo_config_glue [-] ovn.ovn_sb_certificate = /opt/stack/data/CA/int-ca/devstack-cert.crt {{(pid=88807) log_opt_values /opt/stack/data/venv/lib/python3.12/site-packages/oslo_config/cfg.py:3256}}
May 21 06:24:14.159479 np0000001130 neutron-periodic-workers[88807]: DEBUG cotyledon.oslo_config_glue [-] ovn.ovn_sb_connection = ['ssl:10.4.3.144:6642'] {{(pid=88807) log_opt_values /opt/stack/data/venv/lib/python3.12/site-packages/oslo_config/cfg.py:3256}}
May 21 06:24:14.159479 np0000001130 neutron-periodic-workers[88807]: DEBUG cotyledon.oslo_config_glue [-] ovn.ovn_sb_private_key = /opt/stack/data/CA/int-ca/private/devstack-cert.key {{(pid=88807) log_opt_values /opt/stack/data/venv/lib/python3.12/site-packages/oslo_config/cfg.py:3256}}
May 21 06:24:14.159479 np0000001130 neutron-periodic-workers[88807]: DEBUG cotyledon.oslo_config_glue [-] ovn.ovs_create_tap = False {{(pid=88807) log_opt_values /opt/stack/data/venv/lib/python3.12/site-packages/oslo_config/cfg.py:3256}}
May 21 06:24:14.159479 np0000001130 neutron-periodic-workers[88807]: DEBUG cotyledon.oslo_config_glue [-] ovn.ovsdb_connection_timeout = 180 {{(pid=88807) log_opt_values /opt/stack/data/venv/lib/python3.12/site-packages/oslo_config/cfg.py:3256}}
May 21 06:24:14.159479 np0000001130 neutron-periodic-workers[88807]: DEBUG cotyledon.oslo_config_glue [-] ovn.ovsdb_log_level = INFO {{(pid=88807) log_opt_values /opt/stack/data/venv/lib/python3.12/site-packages/oslo_config/cfg.py:3256}}
May 21 06:24:14.159479 np0000001130 neutron-periodic-workers[88807]: DEBUG cotyledon.oslo_config_glue [-] ovn.ovsdb_probe_interval = 60000 {{(pid=88807) log_opt_values /opt/stack/data/venv/lib/python3.12/site-packages/oslo_config/cfg.py:3256}}
May 21 06:24:14.159479 np0000001130 neutron-periodic-workers[88807]: DEBUG cotyledon.oslo_config_glue [-] ovn.ovsdb_retry_max_interval = 180 {{(pid=88807) log_opt_values /opt/stack/data/venv/lib/python3.12/site-packages/oslo_config/cfg.py:3256}}
May 21 06:24:14.159479 np0000001130 neutron-periodic-workers[88807]: DEBUG cotyledon.oslo_config_glue [-] ovn.stateless_nat_enabled = False {{(pid=88807) log_opt_values /opt/stack/data/venv/lib/python3.12/site-packages/oslo_config/cfg.py:3256}}
May 21 06:24:14.160052 np0000001130 neutron-periodic-workers[88807]: DEBUG cotyledon.oslo_config_glue [-] ovn.vhost_sock_dir = /var/run/openvswitch {{(pid=88807) log_opt_values /opt/stack/data/venv/lib/python3.12/site-packages/oslo_config/cfg.py:3256}}
May 21 06:24:14.160052 np0000001130 neutron-periodic-workers[88807]: DEBUG cotyledon.oslo_config_glue [-] OVS.bridge_mac_table_size = 50000 {{(pid=88807) log_opt_values /opt/stack/data/venv/lib/python3.12/site-packages/oslo_config/cfg.py:3256}}
May 21 06:24:14.160052 np0000001130 neutron-periodic-workers[88807]: DEBUG cotyledon.oslo_config_glue [-] OVS.igmp_flood = False {{(pid=88807) log_opt_values /opt/stack/data/venv/lib/python3.12/site-packages/oslo_config/cfg.py:3256}}
May 21 06:24:14.160052 np0000001130 neutron-periodic-workers[88807]: DEBUG cotyledon.oslo_config_glue [-] OVS.igmp_flood_reports = True {{(pid=88807) log_opt_values /opt/stack/data/venv/lib/python3.12/site-packages/oslo_config/cfg.py:3256}}
May 21 06:24:14.160052 np0000001130 neutron-periodic-workers[88807]: DEBUG cotyledon.oslo_config_glue [-] OVS.igmp_flood_unregistered = False {{(pid=88807) log_opt_values /opt/stack/data/venv/lib/python3.12/site-packages/oslo_config/cfg.py:3256}}
May 21 06:24:14.160052 np0000001130 neutron-periodic-workers[88807]: DEBUG cotyledon.oslo_config_glue [-] OVS.igmp_snooping_enable = False {{(pid=88807) log_opt_values /opt/stack/data/venv/lib/python3.12/site-packages/oslo_config/cfg.py:3256}}
May 21 06:24:14.160052 np0000001130 neutron-periodic-workers[88807]: DEBUG cotyledon.oslo_config_glue [-] OVS.ovsdb_timeout = 10 {{(pid=88807) log_opt_values /opt/stack/data/venv/lib/python3.12/site-packages/oslo_config/cfg.py:3256}}
May 21 06:24:14.160052 np0000001130 neutron-periodic-workers[88807]: DEBUG cotyledon.oslo_config_glue [-] ovn_nb_global.fdb_removal_limit = 0 {{(pid=88807) log_opt_values /opt/stack/data/venv/lib/python3.12/site-packages/oslo_config/cfg.py:3256}}
May 21 06:24:14.160052 np0000001130 neutron-periodic-workers[88807]: DEBUG cotyledon.oslo_config_glue [-] ovn_nb_global.ignore_lsp_down = False {{(pid=88807) log_opt_values /opt/stack/data/venv/lib/python3.12/site-packages/oslo_config/cfg.py:3256}}
May 21 06:24:14.160494 np0000001130 neutron-periodic-workers[88807]: DEBUG cotyledon.oslo_config_glue [-] ovn_nb_global.mac_binding_removal_limit = 0 {{(pid=88807) log_opt_values /opt/stack/data/venv/lib/python3.12/site-packages/oslo_config/cfg.py:3256}}
May 21 06:24:14.160494 np0000001130 neutron-periodic-workers[88807]: DEBUG cotyledon.oslo_config_glue [-] ******************************************************************************** {{(pid=88807) log_opt_values /opt/stack/data/venv/lib/python3.12/site-packages/oslo_config/cfg.py:3263}}
May 21 06:24:14.160494 np0000001130 neutron-periodic-workers[88807]: DEBUG cotyledon._service_worker [-] Run service ServiceWrapper(0) [88807] {{(pid=88807) wait_forever /opt/stack/data/venv/lib/python3.12/site-packages/cotyledon/_service_worker.py:218}}
May 21 06:24:23.777149 np0000001130 neutron-periodic-workers[88042]: DEBUG dbcounter [-] [88042] Writing DB stats neutron:SELECT=4 {{(pid=88042) stat_writer /opt/stack/data/venv/lib/python3.12/site-packages/dbcounter.py:115}}
May 21 06:24:47.079508 np0000001130 neutron-periodic-workers[88774]: DEBUG oslo_db.sqlalchemy.engines [None req-f65fb2ed-5f3b-4640-9909-b0a390edcfe8 None None] Parent process 88042 forked (88774) with an open database connection, which is being discarded and recreated. {{(pid=88774) checkout /opt/stack/data/venv/lib/python3.12/site-packages/oslo_db/sqlalchemy/engines.py:402}}
May 21 06:24:47.098582 np0000001130 neutron-periodic-workers[88774]: DEBUG dbcounter [-] [88774] Writer thread running {{(pid=88774) stat_writer /opt/stack/data/venv/lib/python3.12/site-packages/dbcounter.py:102}}
May 21 06:24:47.109210 np0000001130 neutron-periodic-workers[88774]: DEBUG oslo.service.backend._threading.loopingcall [None req-f65fb2ed-5f3b-4640-9909-b0a390edcfe8 None None] Fixed interval looping call 'neutron.services.ovn_l3.plugin.L3_NAT_dbonly_mixin._clean_garbage' sleeping for 299.97 seconds {{(pid=88774) _run_loop /opt/stack/data/venv/lib/python3.12/site-packages/oslo_service/backend/_threading/loopingcall.py:125}}
May 21 06:24:57.100433 np0000001130 neutron-periodic-workers[88774]: DEBUG dbcounter [-] [88774] Writing DB stats neutron:SELECT=1 {{(pid=88774) stat_writer /opt/stack/data/venv/lib/python3.12/site-packages/dbcounter.py:115}}
May 21 06:25:10.129394 np0000001130 neutron-periodic-workers[88794]: DEBUG dbcounter [-] [88794] Writer thread running {{(pid=88794) stat_writer /opt/stack/data/venv/lib/python3.12/site-packages/dbcounter.py:102}}
May 21 06:25:10.132218 np0000001130 neutron-periodic-workers[88794]: DEBUG neutron.db.agents_db [None req-eaf5dc2d-a66d-4ac4-8b93-d2b96ffdb3e5 None None] Agent healthcheck: found 0 active agents {{(pid=88794) agent_health_check /opt/stack/neutron/neutron/db/agents_db.py:322}}
May 21 06:25:10.132388 np0000001130 neutron-periodic-workers[88794]: DEBUG oslo.service.backend._threading.loopingcall [None req-eaf5dc2d-a66d-4ac4-8b93-d2b96ffdb3e5 None None] Fixed interval looping call 'neutron.plugins.ml2.plugin.AgentDbMixin.agent_health_check' sleeping for 36.99 seconds {{(pid=88794) _run_loop /opt/stack/data/venv/lib/python3.12/site-packages/oslo_service/backend/_threading/loopingcall.py:125}}
May 21 06:25:18.118526 np0000001130 neutron-periodic-workers[88783]: DEBUG dbcounter [-] [88783] Writer thread running {{(pid=88783) stat_writer /opt/stack/data/venv/lib/python3.12/site-packages/dbcounter.py:102}}
May 21 06:25:18.126668 np0000001130 neutron-periodic-workers[88783]: DEBUG oslo.service.backend._threading.loopingcall [None req-31677a52-8260-4f30-8af4-751758fdaaea None None] Fixed interval looping call 'neutron.plugins.ml2.plugin.DhcpAgentSchedulerDbMixin.remove_networks_from_down_agents' sleeping for 36.98 seconds {{(pid=88783) _run_loop /opt/stack/data/venv/lib/python3.12/site-packages/oslo_service/backend/_threading/loopingcall.py:125}}
May 21 06:25:20.129817 np0000001130 neutron-periodic-workers[88794]: DEBUG dbcounter [-] [88794] Writing DB stats neutron:SELECT=1 {{(pid=88794) stat_writer /opt/stack/data/venv/lib/python3.12/site-packages/dbcounter.py:115}}
May 21 06:25:28.125663 np0000001130 neutron-periodic-workers[88783]: DEBUG dbcounter [-] [88783] Writing DB stats neutron:SELECT=3 {{(pid=88783) stat_writer /opt/stack/data/venv/lib/python3.12/site-packages/dbcounter.py:115}}
May 21 06:25:47.125770 np0000001130 neutron-periodic-workers[88794]: DEBUG neutron.db.agents_db [None req-eaf5dc2d-a66d-4ac4-8b93-d2b96ffdb3e5 None None] Agent healthcheck: found 0 active agents {{(pid=88794) agent_health_check /opt/stack/neutron/neutron/db/agents_db.py:322}}
May 21 06:25:47.126221 np0000001130 neutron-periodic-workers[88794]: DEBUG oslo.service.backend._threading.loopingcall [None req-eaf5dc2d-a66d-4ac4-8b93-d2b96ffdb3e5 None None] Fixed interval looping call 'neutron.plugins.ml2.plugin.AgentDbMixin.agent_health_check' sleeping for 37.00 seconds {{(pid=88794) _run_loop /opt/stack/data/venv/lib/python3.12/site-packages/oslo_service/backend/_threading/loopingcall.py:125}}
May 21 06:25:55.112318 np0000001130 neutron-periodic-workers[88783]: DEBUG oslo.service.backend._threading.loopingcall [None req-31677a52-8260-4f30-8af4-751758fdaaea None None] Fixed interval looping call 'neutron.plugins.ml2.plugin.DhcpAgentSchedulerDbMixin.remove_networks_from_down_agents' sleeping for 36.99 seconds {{(pid=88783) _run_loop /opt/stack/data/venv/lib/python3.12/site-packages/oslo_service/backend/_threading/loopingcall.py:125}}
May 21 06:25:57.125152 np0000001130 neutron-periodic-workers[88794]: DEBUG dbcounter [-] [88794] Writing DB stats neutron:SELECT=1 {{(pid=88794) stat_writer /opt/stack/data/venv/lib/python3.12/site-packages/dbcounter.py:115}}
May 21 06:26:05.111500 np0000001130 neutron-periodic-workers[88783]: DEBUG dbcounter [-] [88783] Writing DB stats neutron:SELECT=3 {{(pid=88783) stat_writer /opt/stack/data/venv/lib/python3.12/site-packages/dbcounter.py:115}}
May 21 06:26:14.131664 np0000001130 neutron-periodic-workers[88807]: DEBUG dbcounter [-] [88807] Writer thread running {{(pid=88807) stat_writer /opt/stack/data/venv/lib/python3.12/site-packages/dbcounter.py:102}}
May 21 06:26:14.133528 np0000001130 neutron-periodic-workers[88807]: DEBUG oslo.service.backend._threading.loopingcall [None req-3666034a-58e1-483a-82fc-708d801aaac2 None None] Fixed interval looping call 'neutron.db.quota.driver_nolock.DbQuotaNoLockDriver._remove_expired_reservations' sleeping for 119.99 seconds {{(pid=88807) _run_loop /opt/stack/data/venv/lib/python3.12/site-packages/oslo_service/backend/_threading/loopingcall.py:125}}
May 21 06:26:24.129597 np0000001130 neutron-periodic-workers[88794]: DEBUG neutron.db.agents_db [None req-eaf5dc2d-a66d-4ac4-8b93-d2b96ffdb3e5 None None] Agent healthcheck: found 0 active agents {{(pid=88794) agent_health_check /opt/stack/neutron/neutron/db/agents_db.py:322}}
May 21 06:26:24.130363 np0000001130 neutron-periodic-workers[88794]: DEBUG oslo.service.backend._threading.loopingcall [None req-eaf5dc2d-a66d-4ac4-8b93-d2b96ffdb3e5 None None] Fixed interval looping call 'neutron.plugins.ml2.plugin.AgentDbMixin.agent_health_check' sleeping for 37.00 seconds {{(pid=88794) _run_loop /opt/stack/data/venv/lib/python3.12/site-packages/oslo_service/backend/_threading/loopingcall.py:125}}
May 21 06:26:24.132117 np0000001130 neutron-periodic-workers[88807]: DEBUG dbcounter [-] [88807] Writing DB stats neutron:DELETE=1 {{(pid=88807) stat_writer /opt/stack/data/venv/lib/python3.12/site-packages/dbcounter.py:115}}
May 21 06:26:32.107986 np0000001130 neutron-periodic-workers[88783]: DEBUG oslo.service.backend._threading.loopingcall [None req-31677a52-8260-4f30-8af4-751758fdaaea None None] Fixed interval looping call 'neutron.plugins.ml2.plugin.DhcpAgentSchedulerDbMixin.remove_networks_from_down_agents' sleeping for 36.99 seconds {{(pid=88783) _run_loop /opt/stack/data/venv/lib/python3.12/site-packages/oslo_service/backend/_threading/loopingcall.py:125}}
May 21 06:26:34.128528 np0000001130 neutron-periodic-workers[88794]: DEBUG dbcounter [-] [88794] Writing DB stats neutron:SELECT=1 {{(pid=88794) stat_writer /opt/stack/data/venv/lib/python3.12/site-packages/dbcounter.py:115}}
May 21 06:26:42.107278 np0000001130 neutron-periodic-workers[88783]: DEBUG dbcounter [-] [88783] Writing DB stats neutron:SELECT=3 {{(pid=88783) stat_writer /opt/stack/data/venv/lib/python3.12/site-packages/dbcounter.py:115}}
May 21 06:27:01.141123 np0000001130 neutron-periodic-workers[88794]: DEBUG neutron.db.agents_db [None req-eaf5dc2d-a66d-4ac4-8b93-d2b96ffdb3e5 None None] Agent healthcheck: found 0 active agents {{(pid=88794) agent_health_check /opt/stack/neutron/neutron/db/agents_db.py:322}}
May 21 06:27:01.141562 np0000001130 neutron-periodic-workers[88794]: DEBUG oslo.service.backend._threading.loopingcall [None req-eaf5dc2d-a66d-4ac4-8b93-d2b96ffdb3e5 None None] Fixed interval looping call 'neutron.plugins.ml2.plugin.AgentDbMixin.agent_health_check' sleeping for 36.99 seconds {{(pid=88794) _run_loop /opt/stack/data/venv/lib/python3.12/site-packages/oslo_service/backend/_threading/loopingcall.py:125}}
May 21 06:27:09.104751 np0000001130 neutron-periodic-workers[88783]: DEBUG oslo.service.backend._threading.loopingcall [None req-31677a52-8260-4f30-8af4-751758fdaaea None None] Fixed interval looping call 'neutron.plugins.ml2.plugin.DhcpAgentSchedulerDbMixin.remove_networks_from_down_agents' sleeping for 36.99 seconds {{(pid=88783) _run_loop /opt/stack/data/venv/lib/python3.12/site-packages/oslo_service/backend/_threading/loopingcall.py:125}}
May 21 06:27:11.132484 np0000001130 neutron-periodic-workers[88794]: DEBUG dbcounter [-] [88794] Writing DB stats neutron:SELECT=1 {{(pid=88794) stat_writer /opt/stack/data/venv/lib/python3.12/site-packages/dbcounter.py:115}}
May 21 06:27:19.103861 np0000001130 neutron-periodic-workers[88783]: DEBUG dbcounter [-] [88783] Writing DB stats neutron:SELECT=3 {{(pid=88783) stat_writer /opt/stack/data/venv/lib/python3.12/site-packages/dbcounter.py:115}}
May 21 06:27:38.138028 np0000001130 neutron-periodic-workers[88794]: DEBUG neutron.db.agents_db [None req-eaf5dc2d-a66d-4ac4-8b93-d2b96ffdb3e5 None None] Agent healthcheck: found 0 active agents {{(pid=88794) agent_health_check /opt/stack/neutron/neutron/db/agents_db.py:322}}
May 21 06:27:38.138483 np0000001130 neutron-periodic-workers[88794]: DEBUG oslo.service.backend._threading.loopingcall [None req-eaf5dc2d-a66d-4ac4-8b93-d2b96ffdb3e5 None None] Fixed interval looping call 'neutron.plugins.ml2.plugin.AgentDbMixin.agent_health_check' sleeping for 36.99 seconds {{(pid=88794) _run_loop /opt/stack/data/venv/lib/python3.12/site-packages/oslo_service/backend/_threading/loopingcall.py:125}}
May 21 06:27:46.111144 np0000001130 neutron-periodic-workers[88783]: DEBUG oslo.service.backend._threading.loopingcall [None req-31677a52-8260-4f30-8af4-751758fdaaea None None] Fixed interval looping call 'neutron.plugins.ml2.plugin.DhcpAgentSchedulerDbMixin.remove_networks_from_down_agents' sleeping for 36.98 seconds {{(pid=88783) _run_loop /opt/stack/data/venv/lib/python3.12/site-packages/oslo_service/backend/_threading/loopingcall.py:125}}
May 21 06:27:48.133603 np0000001130 neutron-periodic-workers[88794]: DEBUG dbcounter [-] [88794] Writing DB stats neutron:SELECT=1 {{(pid=88794) stat_writer /opt/stack/data/venv/lib/python3.12/site-packages/dbcounter.py:115}}
May 21 06:27:56.108639 np0000001130 neutron-periodic-workers[88783]: DEBUG dbcounter [-] [88783] Writing DB stats neutron:SELECT=3 {{(pid=88783) stat_writer /opt/stack/data/venv/lib/python3.12/site-packages/dbcounter.py:115}}
May 21 06:28:14.127656 np0000001130 neutron-periodic-workers[88807]: DEBUG oslo.service.backend._threading.loopingcall [None req-3666034a-58e1-483a-82fc-708d801aaac2 None None] Fixed interval looping call 'neutron.db.quota.driver_nolock.DbQuotaNoLockDriver._remove_expired_reservations' sleeping for 120.00 seconds {{(pid=88807) _run_loop /opt/stack/data/venv/lib/python3.12/site-packages/oslo_service/backend/_threading/loopingcall.py:125}}
May 21 06:28:15.132157 np0000001130 neutron-periodic-workers[88794]: DEBUG neutron.db.agents_db [None req-eaf5dc2d-a66d-4ac4-8b93-d2b96ffdb3e5 None None] Agent healthcheck: found 0 active agents {{(pid=88794) agent_health_check /opt/stack/neutron/neutron/db/agents_db.py:322}}
May 21 06:28:15.132631 np0000001130 neutron-periodic-workers[88794]: DEBUG oslo.service.backend._threading.loopingcall [None req-eaf5dc2d-a66d-4ac4-8b93-d2b96ffdb3e5 None None] Fixed interval looping call 'neutron.plugins.ml2.plugin.AgentDbMixin.agent_health_check' sleeping for 37.00 seconds {{(pid=88794) _run_loop /opt/stack/data/venv/lib/python3.12/site-packages/oslo_service/backend/_threading/loopingcall.py:125}}
May 21 06:28:23.105811 np0000001130 neutron-periodic-workers[88783]: DEBUG oslo.service.backend._threading.loopingcall [None req-31677a52-8260-4f30-8af4-751758fdaaea None None] Fixed interval looping call 'neutron.plugins.ml2.plugin.DhcpAgentSchedulerDbMixin.remove_networks_from_down_agents' sleeping for 36.99 seconds {{(pid=88783) _run_loop /opt/stack/data/venv/lib/python3.12/site-packages/oslo_service/backend/_threading/loopingcall.py:125}}
May 21 06:28:24.126440 np0000001130 neutron-periodic-workers[88807]: DEBUG dbcounter [-] [88807] Writing DB stats neutron:DELETE=1 {{(pid=88807) stat_writer /opt/stack/data/venv/lib/python3.12/site-packages/dbcounter.py:115}}
May 21 06:28:25.130943 np0000001130 neutron-periodic-workers[88794]: DEBUG dbcounter [-] [88794] Writing DB stats neutron:SELECT=1 {{(pid=88794) stat_writer /opt/stack/data/venv/lib/python3.12/site-packages/dbcounter.py:115}}
May 21 06:28:33.101761 np0000001130 neutron-periodic-workers[88783]: DEBUG dbcounter [-] [88783] Writing DB stats neutron:SELECT=3 {{(pid=88783) stat_writer /opt/stack/data/venv/lib/python3.12/site-packages/dbcounter.py:115}}
May 21 06:28:52.140430 np0000001130 neutron-periodic-workers[88794]: DEBUG neutron.db.agents_db [None req-eaf5dc2d-a66d-4ac4-8b93-d2b96ffdb3e5 None None] Agent healthcheck: found 0 active agents {{(pid=88794) agent_health_check /opt/stack/neutron/neutron/db/agents_db.py:322}}
May 21 06:28:52.140430 np0000001130 neutron-periodic-workers[88794]: DEBUG oslo.service.backend._threading.loopingcall [None req-eaf5dc2d-a66d-4ac4-8b93-d2b96ffdb3e5 None None] Fixed interval looping call 'neutron.plugins.ml2.plugin.AgentDbMixin.agent_health_check' sleeping for 36.99 seconds {{(pid=88794) _run_loop /opt/stack/data/venv/lib/python3.12/site-packages/oslo_service/backend/_threading/loopingcall.py:125}}
May 21 06:29:00.104395 np0000001130 neutron-periodic-workers[88783]: DEBUG oslo.service.backend._threading.loopingcall [None req-31677a52-8260-4f30-8af4-751758fdaaea None None] Fixed interval looping call 'neutron.plugins.ml2.plugin.DhcpAgentSchedulerDbMixin.remove_networks_from_down_agents' sleeping for 36.99 seconds {{(pid=88783) _run_loop /opt/stack/data/venv/lib/python3.12/site-packages/oslo_service/backend/_threading/loopingcall.py:125}}
May 21 06:29:02.141702 np0000001130 neutron-periodic-workers[88794]: DEBUG dbcounter [-] [88794] Writing DB stats neutron:SELECT=1 {{(pid=88794) stat_writer /opt/stack/data/venv/lib/python3.12/site-packages/dbcounter.py:115}}
May 21 06:29:10.102683 np0000001130 neutron-periodic-workers[88783]: DEBUG dbcounter [-] [88783] Writing DB stats neutron:SELECT=3 {{(pid=88783) stat_writer /opt/stack/data/venv/lib/python3.12/site-packages/dbcounter.py:115}}
May 21 06:29:29.137625 np0000001130 neutron-periodic-workers[88794]: DEBUG neutron.db.agents_db [None req-eaf5dc2d-a66d-4ac4-8b93-d2b96ffdb3e5 None None] Agent healthcheck: found 0 active agents {{(pid=88794) agent_health_check /opt/stack/neutron/neutron/db/agents_db.py:322}}
May 21 06:29:29.138121 np0000001130 neutron-periodic-workers[88794]: DEBUG oslo.service.backend._threading.loopingcall [None req-eaf5dc2d-a66d-4ac4-8b93-d2b96ffdb3e5 None None] Fixed interval looping call 'neutron.plugins.ml2.plugin.AgentDbMixin.agent_health_check' sleeping for 36.99 seconds {{(pid=88794) _run_loop /opt/stack/data/venv/lib/python3.12/site-packages/oslo_service/backend/_threading/loopingcall.py:125}}
May 21 06:29:37.111917 np0000001130 neutron-periodic-workers[88783]: DEBUG oslo.service.backend._threading.loopingcall [None req-31677a52-8260-4f30-8af4-751758fdaaea None None] Fixed interval looping call 'neutron.plugins.ml2.plugin.DhcpAgentSchedulerDbMixin.remove_networks_from_down_agents' sleeping for 36.98 seconds {{(pid=88783) _run_loop /opt/stack/data/venv/lib/python3.12/site-packages/oslo_service/backend/_threading/loopingcall.py:125}}
May 21 06:29:39.133610 np0000001130 neutron-periodic-workers[88794]: DEBUG dbcounter [-] [88794] Writing DB stats neutron:SELECT=1 {{(pid=88794) stat_writer /opt/stack/data/venv/lib/python3.12/site-packages/dbcounter.py:115}}
May 21 06:29:47.093460 np0000001130 neutron-periodic-workers[88774]: DEBUG oslo.service.backend._threading.loopingcall [None req-f65fb2ed-5f3b-4640-9909-b0a390edcfe8 None None] Fixed interval looping call 'neutron.services.ovn_l3.plugin.L3_NAT_dbonly_mixin._clean_garbage' sleeping for 299.99 seconds {{(pid=88774) _run_loop /opt/stack/data/venv/lib/python3.12/site-packages/oslo_service/backend/_threading/loopingcall.py:125}}
May 21 06:29:47.108499 np0000001130 neutron-periodic-workers[88783]: DEBUG dbcounter [-] [88783] Writing DB stats neutron:SELECT=3 {{(pid=88783) stat_writer /opt/stack/data/venv/lib/python3.12/site-packages/dbcounter.py:115}}
May 21 06:29:57.084317 np0000001130 neutron-periodic-workers[88774]: DEBUG dbcounter [-] [88774] Writing DB stats neutron:SELECT=1 {{(pid=88774) stat_writer /opt/stack/data/venv/lib/python3.12/site-packages/dbcounter.py:115}}
May 21 06:30:06.132290 np0000001130 neutron-periodic-workers[88794]: DEBUG neutron.db.agents_db [None req-eaf5dc2d-a66d-4ac4-8b93-d2b96ffdb3e5 None None] Agent healthcheck: found 0 active agents {{(pid=88794) agent_health_check /opt/stack/neutron/neutron/db/agents_db.py:322}}
May 21 06:30:06.134325 np0000001130 neutron-periodic-workers[88794]: DEBUG oslo.service.backend._threading.loopingcall [None req-eaf5dc2d-a66d-4ac4-8b93-d2b96ffdb3e5 None None] Fixed interval looping call 'neutron.plugins.ml2.plugin.AgentDbMixin.agent_health_check' sleeping for 36.99 seconds {{(pid=88794) _run_loop /opt/stack/data/venv/lib/python3.12/site-packages/oslo_service/backend/_threading/loopingcall.py:125}}
May 21 06:30:14.105211 np0000001130 neutron-periodic-workers[88783]: DEBUG oslo.service.backend._threading.loopingcall [None req-31677a52-8260-4f30-8af4-751758fdaaea None None] Fixed interval looping call 'neutron.plugins.ml2.plugin.DhcpAgentSchedulerDbMixin.remove_networks_from_down_agents' sleeping for 36.99 seconds {{(pid=88783) _run_loop /opt/stack/data/venv/lib/python3.12/site-packages/oslo_service/backend/_threading/loopingcall.py:125}}
May 21 06:30:14.135593 np0000001130 neutron-periodic-workers[88807]: DEBUG oslo.service.backend._threading.loopingcall [None req-3666034a-58e1-483a-82fc-708d801aaac2 None None] Fixed interval looping call 'neutron.db.quota.driver_nolock.DbQuotaNoLockDriver._remove_expired_reservations' sleeping for 119.99 seconds {{(pid=88807) _run_loop /opt/stack/data/venv/lib/python3.12/site-packages/oslo_service/backend/_threading/loopingcall.py:125}}
May 21 06:30:16.131482 np0000001130 neutron-periodic-workers[88794]: DEBUG dbcounter [-] [88794] Writing DB stats neutron:SELECT=1 {{(pid=88794) stat_writer /opt/stack/data/venv/lib/python3.12/site-packages/dbcounter.py:115}}
May 21 06:30:24.099390 np0000001130 neutron-periodic-workers[88783]: DEBUG dbcounter [-] [88783] Writing DB stats neutron:SELECT=3 {{(pid=88783) stat_writer /opt/stack/data/venv/lib/python3.12/site-packages/dbcounter.py:115}}
May 21 06:30:24.130168 np0000001130 neutron-periodic-workers[88807]: DEBUG dbcounter [-] [88807] Writing DB stats neutron:DELETE=1 {{(pid=88807) stat_writer /opt/stack/data/venv/lib/python3.12/site-packages/dbcounter.py:115}}
May 21 06:30:43.133019 np0000001130 neutron-periodic-workers[88794]: DEBUG neutron.db.agents_db [None req-eaf5dc2d-a66d-4ac4-8b93-d2b96ffdb3e5 None None] Agent healthcheck: found 0 active agents {{(pid=88794) agent_health_check /opt/stack/neutron/neutron/db/agents_db.py:322}}
May 21 06:30:43.133580 np0000001130 neutron-periodic-workers[88794]: DEBUG oslo.service.backend._threading.loopingcall [None req-eaf5dc2d-a66d-4ac4-8b93-d2b96ffdb3e5 None None] Fixed interval looping call 'neutron.plugins.ml2.plugin.AgentDbMixin.agent_health_check' sleeping for 36.99 seconds {{(pid=88794) _run_loop /opt/stack/data/venv/lib/python3.12/site-packages/oslo_service/backend/_threading/loopingcall.py:125}}
May 21 06:30:51.102709 np0000001130 neutron-periodic-workers[88783]: DEBUG oslo.service.backend._threading.loopingcall [None req-31677a52-8260-4f30-8af4-751758fdaaea None None] Fixed interval looping call 'neutron.plugins.ml2.plugin.DhcpAgentSchedulerDbMixin.remove_networks_from_down_agents' sleeping for 36.99 seconds {{(pid=88783) _run_loop /opt/stack/data/venv/lib/python3.12/site-packages/oslo_service/backend/_threading/loopingcall.py:125}}
May 21 06:30:53.131321 np0000001130 neutron-periodic-workers[88794]: DEBUG dbcounter [-] [88794] Writing DB stats neutron:SELECT=1 {{(pid=88794) stat_writer /opt/stack/data/venv/lib/python3.12/site-packages/dbcounter.py:115}}
May 21 06:31:01.099909 np0000001130 neutron-periodic-workers[88783]: DEBUG dbcounter [-] [88783] Writing DB stats neutron:SELECT=3 {{(pid=88783) stat_writer /opt/stack/data/venv/lib/python3.12/site-packages/dbcounter.py:115}}
May 21 06:31:20.132150 np0000001130 neutron-periodic-workers[88794]: DEBUG neutron.db.agents_db [None req-eaf5dc2d-a66d-4ac4-8b93-d2b96ffdb3e5 None None] Agent healthcheck: found 0 active agents {{(pid=88794) agent_health_check /opt/stack/neutron/neutron/db/agents_db.py:322}}
May 21 06:31:20.132663 np0000001130 neutron-periodic-workers[88794]: DEBUG oslo.service.backend._threading.loopingcall [None req-eaf5dc2d-a66d-4ac4-8b93-d2b96ffdb3e5 None None] Fixed interval looping call 'neutron.plugins.ml2.plugin.AgentDbMixin.agent_health_check' sleeping for 36.99 seconds {{(pid=88794) _run_loop /opt/stack/data/venv/lib/python3.12/site-packages/oslo_service/backend/_threading/loopingcall.py:125}}
May 21 06:31:28.099718 np0000001130 neutron-periodic-workers[88783]: DEBUG oslo.service.backend._threading.loopingcall [None req-31677a52-8260-4f30-8af4-751758fdaaea None None] Fixed interval looping call 'neutron.plugins.ml2.plugin.DhcpAgentSchedulerDbMixin.remove_networks_from_down_agents' sleeping for 36.99 seconds {{(pid=88783) _run_loop /opt/stack/data/venv/lib/python3.12/site-packages/oslo_service/backend/_threading/loopingcall.py:125}}
May 21 06:31:30.129790 np0000001130 neutron-periodic-workers[88794]: DEBUG dbcounter [-] [88794] Writing DB stats neutron:SELECT=1 {{(pid=88794) stat_writer /opt/stack/data/venv/lib/python3.12/site-packages/dbcounter.py:115}}
May 21 06:31:38.102157 np0000001130 neutron-periodic-workers[88783]: DEBUG dbcounter [-] [88783] Writing DB stats neutron:SELECT=3 {{(pid=88783) stat_writer /opt/stack/data/venv/lib/python3.12/site-packages/dbcounter.py:115}}
May 21 06:31:57.143469 np0000001130 neutron-periodic-workers[88794]: DEBUG neutron.db.agents_db [None req-eaf5dc2d-a66d-4ac4-8b93-d2b96ffdb3e5 None None] Agent healthcheck: found 0 active agents {{(pid=88794) agent_health_check /opt/stack/neutron/neutron/db/agents_db.py:322}}
May 21 06:31:57.143469 np0000001130 neutron-periodic-workers[88794]: DEBUG oslo.service.backend._threading.loopingcall [None req-eaf5dc2d-a66d-4ac4-8b93-d2b96ffdb3e5 None None] Fixed interval looping call 'neutron.plugins.ml2.plugin.AgentDbMixin.agent_health_check' sleeping for 36.98 seconds {{(pid=88794) _run_loop /opt/stack/data/venv/lib/python3.12/site-packages/oslo_service/backend/_threading/loopingcall.py:125}}
May 21 06:32:05.103380 np0000001130 neutron-periodic-workers[88783]: DEBUG oslo.service.backend._threading.loopingcall [None req-31677a52-8260-4f30-8af4-751758fdaaea None None] Fixed interval looping call 'neutron.plugins.ml2.plugin.DhcpAgentSchedulerDbMixin.remove_networks_from_down_agents' sleeping for 36.99 seconds {{(pid=88783) _run_loop /opt/stack/data/venv/lib/python3.12/site-packages/oslo_service/backend/_threading/loopingcall.py:125}}
May 21 06:32:07.129013 np0000001130 neutron-periodic-workers[88794]: DEBUG dbcounter [-] [88794] Writing DB stats neutron:SELECT=1 {{(pid=88794) stat_writer /opt/stack/data/venv/lib/python3.12/site-packages/dbcounter.py:115}}
May 21 06:32:14.135742 np0000001130 neutron-periodic-workers[88807]: DEBUG oslo.service.backend._threading.loopingcall [None req-3666034a-58e1-483a-82fc-708d801aaac2 None None] Fixed interval looping call 'neutron.db.quota.driver_nolock.DbQuotaNoLockDriver._remove_expired_reservations' sleeping for 119.99 seconds {{(pid=88807) _run_loop /opt/stack/data/venv/lib/python3.12/site-packages/oslo_service/backend/_threading/loopingcall.py:125}}
May 21 06:32:15.101500 np0000001130 neutron-periodic-workers[88783]: DEBUG dbcounter [-] [88783] Writing DB stats neutron:SELECT=3 {{(pid=88783) stat_writer /opt/stack/data/venv/lib/python3.12/site-packages/dbcounter.py:115}}
May 21 06:32:24.128976 np0000001130 neutron-periodic-workers[88807]: DEBUG dbcounter [-] [88807] Writing DB stats neutron:DELETE=1 {{(pid=88807) stat_writer /opt/stack/data/venv/lib/python3.12/site-packages/dbcounter.py:115}}
May 21 06:32:34.128461 np0000001130 neutron-periodic-workers[88794]: DEBUG neutron.db.agents_db [None req-eaf5dc2d-a66d-4ac4-8b93-d2b96ffdb3e5 None None] Agent healthcheck: found 0 active agents {{(pid=88794) agent_health_check /opt/stack/neutron/neutron/db/agents_db.py:322}}
May 21 06:32:34.128461 np0000001130 neutron-periodic-workers[88794]: DEBUG oslo.service.backend._threading.loopingcall [None req-eaf5dc2d-a66d-4ac4-8b93-d2b96ffdb3e5 None None] Fixed interval looping call 'neutron.plugins.ml2.plugin.AgentDbMixin.agent_health_check' sleeping for 37.00 seconds {{(pid=88794) _run_loop /opt/stack/data/venv/lib/python3.12/site-packages/oslo_service/backend/_threading/loopingcall.py:125}}
May 21 06:32:42.106305 np0000001130 neutron-periodic-workers[88783]: DEBUG oslo.service.backend._threading.loopingcall [None req-31677a52-8260-4f30-8af4-751758fdaaea None None] Fixed interval looping call 'neutron.plugins.ml2.plugin.DhcpAgentSchedulerDbMixin.remove_networks_from_down_agents' sleeping for 36.99 seconds {{(pid=88783) _run_loop /opt/stack/data/venv/lib/python3.12/site-packages/oslo_service/backend/_threading/loopingcall.py:125}}
May 21 06:32:44.126177 np0000001130 neutron-periodic-workers[88794]: DEBUG dbcounter [-] [88794] Writing DB stats neutron:SELECT=1 {{(pid=88794) stat_writer /opt/stack/data/venv/lib/python3.12/site-packages/dbcounter.py:115}}
May 21 06:32:52.103964 np0000001130 neutron-periodic-workers[88783]: DEBUG dbcounter [-] [88783] Writing DB stats neutron:SELECT=3 {{(pid=88783) stat_writer /opt/stack/data/venv/lib/python3.12/site-packages/dbcounter.py:115}}
May 21 06:33:11.135675 np0000001130 neutron-periodic-workers[88794]: DEBUG neutron.db.agents_db [None req-eaf5dc2d-a66d-4ac4-8b93-d2b96ffdb3e5 None None] Agent healthcheck: found 0 active agents {{(pid=88794) agent_health_check /opt/stack/neutron/neutron/db/agents_db.py:322}}
May 21 06:33:11.136162 np0000001130 neutron-periodic-workers[88794]: DEBUG oslo.service.backend._threading.loopingcall [None req-eaf5dc2d-a66d-4ac4-8b93-d2b96ffdb3e5 None None] Fixed interval looping call 'neutron.plugins.ml2.plugin.AgentDbMixin.agent_health_check' sleeping for 36.99 seconds {{(pid=88794) _run_loop /opt/stack/data/venv/lib/python3.12/site-packages/oslo_service/backend/_threading/loopingcall.py:125}}
May 21 06:33:19.104557 np0000001130 neutron-periodic-workers[88783]: DEBUG oslo.service.backend._threading.loopingcall [None req-31677a52-8260-4f30-8af4-751758fdaaea None None] Fixed interval looping call 'neutron.plugins.ml2.plugin.DhcpAgentSchedulerDbMixin.remove_networks_from_down_agents' sleeping for 36.99 seconds {{(pid=88783) _run_loop /opt/stack/data/venv/lib/python3.12/site-packages/oslo_service/backend/_threading/loopingcall.py:125}}
May 21 06:33:21.135497 np0000001130 neutron-periodic-workers[88794]: DEBUG dbcounter [-] [88794] Writing DB stats neutron:SELECT=1 {{(pid=88794) stat_writer /opt/stack/data/venv/lib/python3.12/site-packages/dbcounter.py:115}}
May 21 06:33:29.103661 np0000001130 neutron-periodic-workers[88783]: DEBUG dbcounter [-] [88783] Writing DB stats neutron:SELECT=3 {{(pid=88783) stat_writer /opt/stack/data/venv/lib/python3.12/site-packages/dbcounter.py:115}}
May 21 06:33:48.129755 np0000001130 neutron-periodic-workers[88794]: DEBUG neutron.db.agents_db [None req-eaf5dc2d-a66d-4ac4-8b93-d2b96ffdb3e5 None None] Agent healthcheck: found 0 active agents {{(pid=88794) agent_health_check /opt/stack/neutron/neutron/db/agents_db.py:322}}
May 21 06:33:48.130344 np0000001130 neutron-periodic-workers[88794]: DEBUG oslo.service.backend._threading.loopingcall [None req-eaf5dc2d-a66d-4ac4-8b93-d2b96ffdb3e5 None None] Fixed interval looping call 'neutron.plugins.ml2.plugin.AgentDbMixin.agent_health_check' sleeping for 37.00 seconds {{(pid=88794) _run_loop /opt/stack/data/venv/lib/python3.12/site-packages/oslo_service/backend/_threading/loopingcall.py:125}}
May 21 06:33:56.109971 np0000001130 neutron-periodic-workers[88783]: DEBUG oslo.service.backend._threading.loopingcall [None req-31677a52-8260-4f30-8af4-751758fdaaea None None] Fixed interval looping call 'neutron.plugins.ml2.plugin.DhcpAgentSchedulerDbMixin.remove_networks_from_down_agents' sleeping for 36.99 seconds {{(pid=88783) _run_loop /opt/stack/data/venv/lib/python3.12/site-packages/oslo_service/backend/_threading/loopingcall.py:125}}
May 21 06:33:58.130924 np0000001130 neutron-periodic-workers[88794]: DEBUG dbcounter [-] [88794] Writing DB stats neutron:SELECT=1 {{(pid=88794) stat_writer /opt/stack/data/venv/lib/python3.12/site-packages/dbcounter.py:115}}
May 21 06:34:06.107333 np0000001130 neutron-periodic-workers[88783]: DEBUG dbcounter [-] [88783] Writing DB stats neutron:SELECT=3 {{(pid=88783) stat_writer /opt/stack/data/venv/lib/python3.12/site-packages/dbcounter.py:115}}
May 21 06:34:14.129070 np0000001130 neutron-periodic-workers[88807]: DEBUG oslo.service.backend._threading.loopingcall [None req-3666034a-58e1-483a-82fc-708d801aaac2 None None] Fixed interval looping call 'neutron.db.quota.driver_nolock.DbQuotaNoLockDriver._remove_expired_reservations' sleeping for 120.00 seconds {{(pid=88807) _run_loop /opt/stack/data/venv/lib/python3.12/site-packages/oslo_service/backend/_threading/loopingcall.py:125}}
May 21 06:34:24.131777 np0000001130 neutron-periodic-workers[88807]: DEBUG dbcounter [-] [88807] Writing DB stats neutron:DELETE=1 {{(pid=88807) stat_writer /opt/stack/data/venv/lib/python3.12/site-packages/dbcounter.py:115}}
May 21 06:34:25.138669 np0000001130 neutron-periodic-workers[88794]: DEBUG neutron.db.agents_db [None req-eaf5dc2d-a66d-4ac4-8b93-d2b96ffdb3e5 None None] Agent healthcheck: found 0 active agents {{(pid=88794) agent_health_check /opt/stack/neutron/neutron/db/agents_db.py:322}}
May 21 06:34:25.139161 np0000001130 neutron-periodic-workers[88794]: DEBUG oslo.service.backend._threading.loopingcall [None req-eaf5dc2d-a66d-4ac4-8b93-d2b96ffdb3e5 None None] Fixed interval looping call 'neutron.plugins.ml2.plugin.AgentDbMixin.agent_health_check' sleeping for 36.99 seconds {{(pid=88794) _run_loop /opt/stack/data/venv/lib/python3.12/site-packages/oslo_service/backend/_threading/loopingcall.py:125}}
May 21 06:34:33.110372 np0000001130 neutron-periodic-workers[88783]: DEBUG oslo.service.backend._threading.loopingcall [None req-31677a52-8260-4f30-8af4-751758fdaaea None None] Fixed interval looping call 'neutron.plugins.ml2.plugin.DhcpAgentSchedulerDbMixin.remove_networks_from_down_agents' sleeping for 36.99 seconds {{(pid=88783) _run_loop /opt/stack/data/venv/lib/python3.12/site-packages/oslo_service/backend/_threading/loopingcall.py:125}}
May 21 06:34:35.139864 np0000001130 neutron-periodic-workers[88794]: DEBUG dbcounter [-] [88794] Writing DB stats neutron:SELECT=1 {{(pid=88794) stat_writer /opt/stack/data/venv/lib/python3.12/site-packages/dbcounter.py:115}}
May 21 06:34:43.109100 np0000001130 neutron-periodic-workers[88783]: DEBUG dbcounter [-] [88783] Writing DB stats neutron:SELECT=3 {{(pid=88783) stat_writer /opt/stack/data/venv/lib/python3.12/site-packages/dbcounter.py:115}}
May 21 06:34:47.093496 np0000001130 neutron-periodic-workers[88774]: DEBUG oslo.service.backend._threading.loopingcall [None req-f65fb2ed-5f3b-4640-9909-b0a390edcfe8 None None] Fixed interval looping call 'neutron.services.ovn_l3.plugin.L3_NAT_dbonly_mixin._clean_garbage' sleeping for 299.99 seconds {{(pid=88774) _run_loop /opt/stack/data/venv/lib/python3.12/site-packages/oslo_service/backend/_threading/loopingcall.py:125}}
May 21 06:34:57.087397 np0000001130 neutron-periodic-workers[88774]: DEBUG dbcounter [-] [88774] Writing DB stats neutron:SELECT=1 {{(pid=88774) stat_writer /opt/stack/data/venv/lib/python3.12/site-packages/dbcounter.py:115}}
May 21 06:35:02.136356 np0000001130 neutron-periodic-workers[88794]: DEBUG neutron.db.agents_db [None req-eaf5dc2d-a66d-4ac4-8b93-d2b96ffdb3e5 None None] Agent healthcheck: found 0 active agents {{(pid=88794) agent_health_check /opt/stack/neutron/neutron/db/agents_db.py:322}}
May 21 06:35:02.136921 np0000001130 neutron-periodic-workers[88794]: DEBUG oslo.service.backend._threading.loopingcall [None req-eaf5dc2d-a66d-4ac4-8b93-d2b96ffdb3e5 None None] Fixed interval looping call 'neutron.plugins.ml2.plugin.AgentDbMixin.agent_health_check' sleeping for 36.99 seconds {{(pid=88794) _run_loop /opt/stack/data/venv/lib/python3.12/site-packages/oslo_service/backend/_threading/loopingcall.py:125}}
May 21 06:35:10.107850 np0000001130 neutron-periodic-workers[88783]: DEBUG oslo.service.backend._threading.loopingcall [None req-31677a52-8260-4f30-8af4-751758fdaaea None None] Fixed interval looping call 'neutron.plugins.ml2.plugin.DhcpAgentSchedulerDbMixin.remove_networks_from_down_agents' sleeping for 36.99 seconds {{(pid=88783) _run_loop /opt/stack/data/venv/lib/python3.12/site-packages/oslo_service/backend/_threading/loopingcall.py:125}}
May 21 06:35:12.132464 np0000001130 neutron-periodic-workers[88794]: DEBUG dbcounter [-] [88794] Writing DB stats neutron:SELECT=1 {{(pid=88794) stat_writer /opt/stack/data/venv/lib/python3.12/site-packages/dbcounter.py:115}}
May 21 06:35:20.107008 np0000001130 neutron-periodic-workers[88783]: DEBUG dbcounter [-] [88783] Writing DB stats neutron:SELECT=3 {{(pid=88783) stat_writer /opt/stack/data/venv/lib/python3.12/site-packages/dbcounter.py:115}}
May 21 06:35:39.131897 np0000001130 neutron-periodic-workers[88794]: DEBUG neutron.db.agents_db [None req-eaf5dc2d-a66d-4ac4-8b93-d2b96ffdb3e5 None None] Agent healthcheck: found 0 active agents {{(pid=88794) agent_health_check /opt/stack/neutron/neutron/db/agents_db.py:322}}
May 21 06:35:39.131897 np0000001130 neutron-periodic-workers[88794]: DEBUG oslo.service.backend._threading.loopingcall [None req-eaf5dc2d-a66d-4ac4-8b93-d2b96ffdb3e5 None None] Fixed interval looping call 'neutron.plugins.ml2.plugin.AgentDbMixin.agent_health_check' sleeping for 37.00 seconds {{(pid=88794) _run_loop /opt/stack/data/venv/lib/python3.12/site-packages/oslo_service/backend/_threading/loopingcall.py:125}}
May 21 06:35:47.110724 np0000001130 neutron-periodic-workers[88783]: DEBUG oslo.service.backend._threading.loopingcall [None req-31677a52-8260-4f30-8af4-751758fdaaea None None] Fixed interval looping call 'neutron.plugins.ml2.plugin.DhcpAgentSchedulerDbMixin.remove_networks_from_down_agents' sleeping for 36.99 seconds {{(pid=88783) _run_loop /opt/stack/data/venv/lib/python3.12/site-packages/oslo_service/backend/_threading/loopingcall.py:125}}
May 21 06:35:49.132140 np0000001130 neutron-periodic-workers[88794]: DEBUG dbcounter [-] [88794] Writing DB stats neutron:SELECT=1 {{(pid=88794) stat_writer /opt/stack/data/venv/lib/python3.12/site-packages/dbcounter.py:115}}
May 21 06:35:57.108088 np0000001130 neutron-periodic-workers[88783]: DEBUG dbcounter [-] [88783] Writing DB stats neutron:SELECT=3 {{(pid=88783) stat_writer /opt/stack/data/venv/lib/python3.12/site-packages/dbcounter.py:115}}
May 21 06:36:14.138056 np0000001130 neutron-periodic-workers[88807]: DEBUG oslo.service.backend._threading.loopingcall [None req-3666034a-58e1-483a-82fc-708d801aaac2 None None] Fixed interval looping call 'neutron.db.quota.driver_nolock.DbQuotaNoLockDriver._remove_expired_reservations' sleeping for 119.99 seconds {{(pid=88807) _run_loop /opt/stack/data/venv/lib/python3.12/site-packages/oslo_service/backend/_threading/loopingcall.py:125}}
May 21 06:36:16.134742 np0000001130 neutron-periodic-workers[88794]: DEBUG neutron.db.agents_db [None req-eaf5dc2d-a66d-4ac4-8b93-d2b96ffdb3e5 None None] Agent healthcheck: found 0 active agents {{(pid=88794) agent_health_check /opt/stack/neutron/neutron/db/agents_db.py:322}}
May 21 06:36:16.135854 np0000001130 neutron-periodic-workers[88794]: DEBUG oslo.service.backend._threading.loopingcall [None req-eaf5dc2d-a66d-4ac4-8b93-d2b96ffdb3e5 None None] Fixed interval looping call 'neutron.plugins.ml2.plugin.AgentDbMixin.agent_health_check' sleeping for 37.00 seconds {{(pid=88794) _run_loop /opt/stack/data/venv/lib/python3.12/site-packages/oslo_service/backend/_threading/loopingcall.py:125}}
May 21 06:36:24.111954 np0000001130 neutron-periodic-workers[88783]: DEBUG oslo.service.backend._threading.loopingcall [None req-31677a52-8260-4f30-8af4-751758fdaaea None None] Fixed interval looping call 'neutron.plugins.ml2.plugin.DhcpAgentSchedulerDbMixin.remove_networks_from_down_agents' sleeping for 36.99 seconds {{(pid=88783) _run_loop /opt/stack/data/venv/lib/python3.12/site-packages/oslo_service/backend/_threading/loopingcall.py:125}}
May 21 06:36:24.134285 np0000001130 neutron-periodic-workers[88807]: DEBUG dbcounter [-] [88807] Writing DB stats neutron:DELETE=1 {{(pid=88807) stat_writer /opt/stack/data/venv/lib/python3.12/site-packages/dbcounter.py:115}}
May 21 06:36:26.133636 np0000001130 neutron-periodic-workers[88794]: DEBUG dbcounter [-] [88794] Writing DB stats neutron:SELECT=1 {{(pid=88794) stat_writer /opt/stack/data/venv/lib/python3.12/site-packages/dbcounter.py:115}}
May 21 06:36:34.109830 np0000001130 neutron-periodic-workers[88783]: DEBUG dbcounter [-] [88783] Writing DB stats neutron:SELECT=3 {{(pid=88783) stat_writer /opt/stack/data/venv/lib/python3.12/site-packages/dbcounter.py:115}}
May 21 06:36:53.141947 np0000001130 neutron-periodic-workers[88794]: DEBUG neutron.db.agents_db [None req-eaf5dc2d-a66d-4ac4-8b93-d2b96ffdb3e5 None None] Agent healthcheck: found 0 active agents {{(pid=88794) agent_health_check /opt/stack/neutron/neutron/db/agents_db.py:322}}
May 21 06:36:53.142638 np0000001130 neutron-periodic-workers[88794]: DEBUG oslo.service.backend._threading.loopingcall [None req-eaf5dc2d-a66d-4ac4-8b93-d2b96ffdb3e5 None None] Fixed interval looping call 'neutron.plugins.ml2.plugin.AgentDbMixin.agent_health_check' sleeping for 36.99 seconds {{(pid=88794) _run_loop /opt/stack/data/venv/lib/python3.12/site-packages/oslo_service/backend/_threading/loopingcall.py:125}}
May 21 06:37:01.116724 np0000001130 neutron-periodic-workers[88783]: DEBUG oslo.service.backend._threading.loopingcall [None req-31677a52-8260-4f30-8af4-751758fdaaea None None] Fixed interval looping call 'neutron.plugins.ml2.plugin.DhcpAgentSchedulerDbMixin.remove_networks_from_down_agents' sleeping for 36.99 seconds {{(pid=88783) _run_loop /opt/stack/data/venv/lib/python3.12/site-packages/oslo_service/backend/_threading/loopingcall.py:125}}
May 21 06:37:03.138636 np0000001130 neutron-periodic-workers[88794]: DEBUG dbcounter [-] [88794] Writing DB stats neutron:SELECT=1 {{(pid=88794) stat_writer /opt/stack/data/venv/lib/python3.12/site-packages/dbcounter.py:115}}
