Aug 08 18:24:56.616399 np0000006797 nova-scheduler[96604]: DEBUG cotyledon.oslo_config_glue [-] workarounds.qemu_monitor_announce_self_count = 3 {{(pid=96604) log_opt_values /opt/stack/data/venv/lib/python3.12/site-packages/oslo_config/cfg.py:3545}}
Aug 08 18:24:56.616399 np0000006797 nova-scheduler[96604]: DEBUG cotyledon.oslo_config_glue [-] workarounds.qemu_monitor_announce_self_interval = 1 {{(pid=96604) log_opt_values /opt/stack/data/venv/lib/python3.12/site-packages/oslo_config/cfg.py:3545}}
Aug 08 18:24:56.616399 np0000006797 nova-scheduler[96604]: DEBUG cotyledon.oslo_config_glue [-] workarounds.reserve_disk_resource_for_image_cache = False {{(pid=96604) log_opt_values /opt/stack/data/venv/lib/python3.12/site-packages/oslo_config/cfg.py:3545}}
Aug 08 18:24:56.616399 np0000006797 nova-scheduler[96604]: DEBUG cotyledon.oslo_config_glue [-] workarounds.skip_cpu_compare_at_startup = False {{(pid=96604) log_opt_values /opt/stack/data/venv/lib/python3.12/site-packages/oslo_config/cfg.py:3545}}
Aug 08 18:24:56.616399 np0000006797 nova-scheduler[96604]: DEBUG cotyledon.oslo_config_glue [-] workarounds.skip_cpu_compare_on_dest = False {{(pid=96604) log_opt_values /opt/stack/data/venv/lib/python3.12/site-packages/oslo_config/cfg.py:3545}}
Aug 08 18:24:56.616399 np0000006797 nova-scheduler[96604]: DEBUG cotyledon.oslo_config_glue [-] workarounds.skip_hypervisor_version_check_on_lm = False {{(pid=96604) log_opt_values /opt/stack/data/venv/lib/python3.12/site-packages/oslo_config/cfg.py:3545}}
Aug 08 18:24:56.616399 np0000006797 nova-scheduler[96604]: DEBUG cotyledon.oslo_config_glue [-] workarounds.skip_reserve_in_use_ironic_nodes = False {{(pid=96604) log_opt_values /opt/stack/data/venv/lib/python3.12/site-packages/oslo_config/cfg.py:3545}}
Aug 08 18:24:56.616602 np0000006797 nova-scheduler[96604]: DEBUG cotyledon.oslo_config_glue [-] workarounds.unified_limits_count_pcpu_as_vcpu = False {{(pid=96604) log_opt_values /opt/stack/data/venv/lib/python3.12/site-packages/oslo_config/cfg.py:3545}}
Aug 08 18:24:56.616602 np0000006797 nova-scheduler[96604]: DEBUG cotyledon.oslo_config_glue [-] workarounds.wait_for_vif_plugged_event_during_hard_reboot = [] {{(pid=96604) log_opt_values /opt/stack/data/venv/lib/python3.12/site-packages/oslo_config/cfg.py:3545}}
Aug 08 18:24:56.616602 np0000006797 nova-scheduler[96604]: DEBUG cotyledon.oslo_config_glue [-] wsgi.api_paste_config = /etc/nova/api-paste.ini {{(pid=96604) log_opt_values /opt/stack/data/venv/lib/python3.12/site-packages/oslo_config/cfg.py:3545}}
Aug 08 18:24:56.616602 np0000006797 nova-scheduler[96604]: DEBUG cotyledon.oslo_config_glue [-] wsgi.secure_proxy_ssl_header = None {{(pid=96604) log_opt_values /opt/stack/data/venv/lib/python3.12/site-packages/oslo_config/cfg.py:3545}}
Aug 08 18:24:56.616602 np0000006797 nova-scheduler[96604]: DEBUG cotyledon.oslo_config_glue [-] zvm.ca_file = None {{(pid=96604) log_opt_values /opt/stack/data/venv/lib/python3.12/site-packages/oslo_config/cfg.py:3545}}
Aug 08 18:24:56.616730 np0000006797 nova-scheduler[96598]: DEBUG oslo_db.sqlalchemy.engines [None req-8bab9585-96cb-4078-bb7d-e2929db864a9 None None] MySQL server mode set to STRICT_TRANS_TABLES,STRICT_ALL_TABLES,NO_ZERO_IN_DATE,NO_ZERO_DATE,ERROR_FOR_DIVISION_BY_ZERO,TRADITIONAL,NO_ENGINE_SUBSTITUTION {{(pid=96598) _check_effective_sql_mode /opt/stack/data/venv/lib/python3.12/site-packages/oslo_db/sqlalchemy/engines.py:325}}
Aug 08 18:24:56.616767 np0000006797 nova-scheduler[96604]: DEBUG cotyledon.oslo_config_glue [-] zvm.cloud_connector_url = None {{(pid=96604) log_opt_values /opt/stack/data/venv/lib/python3.12/site-packages/oslo_config/cfg.py:3545}}
Aug 08 18:24:56.616767 np0000006797 nova-scheduler[96604]: DEBUG cotyledon.oslo_config_glue [-] zvm.image_tmp_path = /opt/stack/data/nova/images {{(pid=96604) log_opt_values /opt/stack/data/venv/lib/python3.12/site-packages/oslo_config/cfg.py:3545}}
Aug 08 18:24:56.616767 np0000006797 nova-scheduler[96604]: DEBUG cotyledon.oslo_config_glue [-] zvm.reachable_timeout = 300 {{(pid=96604) log_opt_values /opt/stack/data/venv/lib/python3.12/site-packages/oslo_config/cfg.py:3545}}
Aug 08 18:24:56.616767 np0000006797 nova-scheduler[96604]: DEBUG cotyledon.oslo_config_glue [-] oslo_versionedobjects.fatal_exception_format_errors = False {{(pid=96604) log_opt_values /opt/stack/data/venv/lib/python3.12/site-packages/oslo_config/cfg.py:3545}}
Aug 08 18:24:56.616767 np0000006797 nova-scheduler[96604]: DEBUG cotyledon.oslo_config_glue [-] oslo_middleware.http_basic_auth_user_file = /etc/htpasswd {{(pid=96604) log_opt_values /opt/stack/data/venv/lib/python3.12/site-packages/oslo_config/cfg.py:3545}}
Aug 08 18:24:56.616767 np0000006797 nova-scheduler[96604]: DEBUG cotyledon.oslo_config_glue [-] oslo_messaging_metrics.metrics_buffer_size = 1000 {{(pid=96604) log_opt_values /opt/stack/data/venv/lib/python3.12/site-packages/oslo_config/cfg.py:3545}}
Aug 08 18:24:56.616767 np0000006797 nova-scheduler[96604]: DEBUG cotyledon.oslo_config_glue [-] oslo_messaging_metrics.metrics_enabled = False {{(pid=96604) log_opt_values /opt/stack/data/venv/lib/python3.12/site-packages/oslo_config/cfg.py:3545}}
Aug 08 18:24:56.616767 np0000006797 nova-scheduler[96604]: DEBUG cotyledon.oslo_config_glue [-] oslo_messaging_metrics.metrics_process_name = {{(pid=96604) log_opt_values /opt/stack/data/venv/lib/python3.12/site-packages/oslo_config/cfg.py:3545}}
Aug 08 18:24:56.616933 np0000006797 nova-scheduler[96604]: DEBUG cotyledon.oslo_config_glue [-] oslo_messaging_metrics.metrics_socket_file = /var/tmp/metrics_collector.sock {{(pid=96604) log_opt_values /opt/stack/data/venv/lib/python3.12/site-packages/oslo_config/cfg.py:3545}}
Aug 08 18:24:56.616933 np0000006797 nova-scheduler[96604]: DEBUG cotyledon.oslo_config_glue [-] oslo_messaging_metrics.metrics_thread_stop_timeout = 10 {{(pid=96604) log_opt_values /opt/stack/data/venv/lib/python3.12/site-packages/oslo_config/cfg.py:3545}}
Aug 08 18:24:56.616933 np0000006797 nova-scheduler[96604]: DEBUG cotyledon.oslo_config_glue [-] profiler.connection_string = messaging:// {{(pid=96604) log_opt_values /opt/stack/data/venv/lib/python3.12/site-packages/oslo_config/cfg.py:3545}}
Aug 08 18:24:56.616933 np0000006797 nova-scheduler[96604]: DEBUG cotyledon.oslo_config_glue [-] profiler.enabled = False {{(pid=96604) log_opt_values /opt/stack/data/venv/lib/python3.12/site-packages/oslo_config/cfg.py:3545}}
Aug 08 18:24:56.616933 np0000006797 nova-scheduler[96604]: DEBUG cotyledon.oslo_config_glue [-] profiler.es_doc_type = notification {{(pid=96604) log_opt_values /opt/stack/data/venv/lib/python3.12/site-packages/oslo_config/cfg.py:3545}}
Aug 08 18:24:56.616933 np0000006797 nova-scheduler[96604]: DEBUG cotyledon.oslo_config_glue [-] profiler.es_scroll_size = 10000 {{(pid=96604) log_opt_values /opt/stack/data/venv/lib/python3.12/site-packages/oslo_config/cfg.py:3545}}
Aug 08 18:24:56.616933 np0000006797 nova-scheduler[96604]: DEBUG cotyledon.oslo_config_glue [-] profiler.es_scroll_time = 2m {{(pid=96604) log_opt_values /opt/stack/data/venv/lib/python3.12/site-packages/oslo_config/cfg.py:3545}}
Aug 08 18:24:56.616933 np0000006797 nova-scheduler[96604]: DEBUG cotyledon.oslo_config_glue [-] profiler.filter_error_trace = False {{(pid=96604) log_opt_values /opt/stack/data/venv/lib/python3.12/site-packages/oslo_config/cfg.py:3545}}
Aug 08 18:24:56.616933 np0000006797 nova-scheduler[96604]: DEBUG cotyledon.oslo_config_glue [-] profiler.hmac_keys = **** {{(pid=96604) log_opt_values /opt/stack/data/venv/lib/python3.12/site-packages/oslo_config/cfg.py:3545}}
Aug 08 18:24:56.617211 np0000006797 nova-scheduler[96604]: DEBUG cotyledon.oslo_config_glue [-] profiler.sentinel_service_name = mymaster {{(pid=96604) log_opt_values /opt/stack/data/venv/lib/python3.12/site-packages/oslo_config/cfg.py:3545}}
Aug 08 18:24:56.617211 np0000006797 nova-scheduler[96604]: DEBUG cotyledon.oslo_config_glue [-] profiler.socket_timeout = 0.1 {{(pid=96604) log_opt_values /opt/stack/data/venv/lib/python3.12/site-packages/oslo_config/cfg.py:3545}}
Aug 08 18:24:56.617211 np0000006797 nova-scheduler[96604]: DEBUG cotyledon.oslo_config_glue [-] profiler.trace_requests = False {{(pid=96604) log_opt_values /opt/stack/data/venv/lib/python3.12/site-packages/oslo_config/cfg.py:3545}}
Aug 08 18:24:56.617211 np0000006797 nova-scheduler[96604]: DEBUG cotyledon.oslo_config_glue [-] profiler.trace_sqlalchemy = False {{(pid=96604) log_opt_values /opt/stack/data/venv/lib/python3.12/site-packages/oslo_config/cfg.py:3545}}
Aug 08 18:24:56.617211 np0000006797 nova-scheduler[96604]: DEBUG cotyledon.oslo_config_glue [-] profiler_jaeger.process_tags = {} {{(pid=96604) log_opt_values /opt/stack/data/venv/lib/python3.12/site-packages/oslo_config/cfg.py:3545}}
Aug 08 18:24:56.617211 np0000006797 nova-scheduler[96604]: DEBUG cotyledon.oslo_config_glue [-] profiler_jaeger.service_name_prefix = None {{(pid=96604) log_opt_values /opt/stack/data/venv/lib/python3.12/site-packages/oslo_config/cfg.py:3545}}
Aug 08 18:24:56.617211 np0000006797 nova-scheduler[96604]: DEBUG cotyledon.oslo_config_glue [-] profiler_otlp.service_name_prefix = None {{(pid=96604) log_opt_values /opt/stack/data/venv/lib/python3.12/site-packages/oslo_config/cfg.py:3545}}
Aug 08 18:24:56.617211 np0000006797 nova-scheduler[96604]: DEBUG cotyledon.oslo_config_glue [-] oslo_messaging_rabbit.amqp_auto_delete = False {{(pid=96604) log_opt_values /opt/stack/data/venv/lib/python3.12/site-packages/oslo_config/cfg.py:3545}}
Aug 08 18:24:56.617211 np0000006797 nova-scheduler[96604]: DEBUG cotyledon.oslo_config_glue [-] oslo_messaging_rabbit.amqp_durable_queues = False {{(pid=96604) log_opt_values /opt/stack/data/venv/lib/python3.12/site-packages/oslo_config/cfg.py:3545}}
Aug 08 18:24:56.617390 np0000006797 nova-scheduler[96604]: DEBUG cotyledon.oslo_config_glue [-] oslo_messaging_rabbit.conn_pool_min_size = 2 {{(pid=96604) log_opt_values /opt/stack/data/venv/lib/python3.12/site-packages/oslo_config/cfg.py:3545}}
Aug 08 18:24:56.617390 np0000006797 nova-scheduler[96604]: DEBUG cotyledon.oslo_config_glue [-] oslo_messaging_rabbit.conn_pool_ttl = 1200 {{(pid=96604) log_opt_values /opt/stack/data/venv/lib/python3.12/site-packages/oslo_config/cfg.py:3545}}
Aug 08 18:24:56.617390 np0000006797 nova-scheduler[96604]: DEBUG cotyledon.oslo_config_glue [-] oslo_messaging_rabbit.direct_mandatory_flag = True {{(pid=96604) log_opt_values /opt/stack/data/venv/lib/python3.12/site-packages/oslo_config/cfg.py:3545}}
Aug 08 18:24:56.617390 np0000006797 nova-scheduler[96604]: DEBUG cotyledon.oslo_config_glue [-] oslo_messaging_rabbit.enable_cancel_on_failover = False {{(pid=96604) log_opt_values /opt/stack/data/venv/lib/python3.12/site-packages/oslo_config/cfg.py:3545}}
Aug 08 18:24:56.617390 np0000006797 nova-scheduler[96604]: DEBUG cotyledon.oslo_config_glue [-] oslo_messaging_rabbit.heartbeat_rate = 3 {{(pid=96604) log_opt_values /opt/stack/data/venv/lib/python3.12/site-packages/oslo_config/cfg.py:3545}}
Aug 08 18:24:56.617390 np0000006797 nova-scheduler[96604]: DEBUG cotyledon.oslo_config_glue [-] oslo_messaging_rabbit.heartbeat_timeout_threshold = 60 {{(pid=96604) log_opt_values /opt/stack/data/venv/lib/python3.12/site-packages/oslo_config/cfg.py:3545}}
Aug 08 18:24:56.617390 np0000006797 nova-scheduler[96604]: DEBUG cotyledon.oslo_config_glue [-] oslo_messaging_rabbit.hostname = np0000006797 {{(pid=96604) log_opt_values /opt/stack/data/venv/lib/python3.12/site-packages/oslo_config/cfg.py:3545}}
Aug 08 18:24:56.617390 np0000006797 nova-scheduler[96604]: DEBUG cotyledon.oslo_config_glue [-] oslo_messaging_rabbit.kombu_compression = None {{(pid=96604) log_opt_values /opt/stack/data/venv/lib/python3.12/site-packages/oslo_config/cfg.py:3545}}
Aug 08 18:24:56.617390 np0000006797 nova-scheduler[96604]: DEBUG cotyledon.oslo_config_glue [-] oslo_messaging_rabbit.kombu_failover_strategy = round-robin {{(pid=96604) log_opt_values /opt/stack/data/venv/lib/python3.12/site-packages/oslo_config/cfg.py:3545}}
Aug 08 18:24:56.617609 np0000006797 nova-scheduler[96604]: DEBUG cotyledon.oslo_config_glue [-] oslo_messaging_rabbit.kombu_missing_consumer_retry_timeout = 60 {{(pid=96604) log_opt_values /opt/stack/data/venv/lib/python3.12/site-packages/oslo_config/cfg.py:3545}}
Aug 08 18:24:56.617609 np0000006797 nova-scheduler[96604]: DEBUG cotyledon.oslo_config_glue [-] oslo_messaging_rabbit.kombu_reconnect_delay = 1.0 {{(pid=96604) log_opt_values /opt/stack/data/venv/lib/python3.12/site-packages/oslo_config/cfg.py:3545}}
Aug 08 18:24:56.617609 np0000006797 nova-scheduler[96604]: DEBUG cotyledon.oslo_config_glue [-] oslo_messaging_rabbit.kombu_reconnect_splay = 0.0 {{(pid=96604) log_opt_values /opt/stack/data/venv/lib/python3.12/site-packages/oslo_config/cfg.py:3545}}
Aug 08 18:24:56.617609 np0000006797 nova-scheduler[96604]: DEBUG cotyledon.oslo_config_glue [-] oslo_messaging_rabbit.processname = nova-scheduler {{(pid=96604) log_opt_values /opt/stack/data/venv/lib/python3.12/site-packages/oslo_config/cfg.py:3545}}
Aug 08 18:24:56.617609 np0000006797 nova-scheduler[96604]: DEBUG cotyledon.oslo_config_glue [-] oslo_messaging_rabbit.rabbit_ha_queues = False {{(pid=96604) log_opt_values /opt/stack/data/venv/lib/python3.12/site-packages/oslo_config/cfg.py:3545}}
Aug 08 18:24:56.617609 np0000006797 nova-scheduler[96604]: DEBUG cotyledon.oslo_config_glue [-] oslo_messaging_rabbit.rabbit_interval_max = 30 {{(pid=96604) log_opt_values /opt/stack/data/venv/lib/python3.12/site-packages/oslo_config/cfg.py:3545}}
Aug 08 18:24:56.617609 np0000006797 nova-scheduler[96604]: DEBUG cotyledon.oslo_config_glue [-] oslo_messaging_rabbit.rabbit_login_method = AMQPLAIN {{(pid=96604) log_opt_values /opt/stack/data/venv/lib/python3.12/site-packages/oslo_config/cfg.py:3545}}
Aug 08 18:24:56.617777 np0000006797 nova-scheduler[96604]: DEBUG cotyledon.oslo_config_glue [-] oslo_messaging_rabbit.rabbit_qos_prefetch_count = 0 {{(pid=96604) log_opt_values /opt/stack/data/venv/lib/python3.12/site-packages/oslo_config/cfg.py:3545}}
Aug 08 18:24:56.617777 np0000006797 nova-scheduler[96604]: DEBUG cotyledon.oslo_config_glue [-] oslo_messaging_rabbit.rabbit_quorum_delivery_limit = 0 {{(pid=96604) log_opt_values /opt/stack/data/venv/lib/python3.12/site-packages/oslo_config/cfg.py:3545}}
Aug 08 18:24:56.617777 np0000006797 nova-scheduler[96604]: DEBUG cotyledon.oslo_config_glue [-] oslo_messaging_rabbit.rabbit_quorum_max_memory_bytes = 0 {{(pid=96604) log_opt_values /opt/stack/data/venv/lib/python3.12/site-packages/oslo_config/cfg.py:3545}}
Aug 08 18:24:56.617777 np0000006797 nova-scheduler[96604]: DEBUG cotyledon.oslo_config_glue [-] oslo_messaging_rabbit.rabbit_quorum_max_memory_length = 0 {{(pid=96604) log_opt_values /opt/stack/data/venv/lib/python3.12/site-packages/oslo_config/cfg.py:3545}}
Aug 08 18:24:56.617777 np0000006797 nova-scheduler[96604]: DEBUG cotyledon.oslo_config_glue [-] oslo_messaging_rabbit.rabbit_quorum_queue = False {{(pid=96604) log_opt_values /opt/stack/data/venv/lib/python3.12/site-packages/oslo_config/cfg.py:3545}}
Aug 08 18:24:56.617885 np0000006797 nova-scheduler[96604]: DEBUG cotyledon.oslo_config_glue [-] oslo_messaging_rabbit.rabbit_retry_backoff = 2 {{(pid=96604) log_opt_values /opt/stack/data/venv/lib/python3.12/site-packages/oslo_config/cfg.py:3545}}
Aug 08 18:24:56.617885 np0000006797 nova-scheduler[96604]: DEBUG cotyledon.oslo_config_glue [-] oslo_messaging_rabbit.rabbit_retry_interval = 1 {{(pid=96604) log_opt_values /opt/stack/data/venv/lib/python3.12/site-packages/oslo_config/cfg.py:3545}}
Aug 08 18:24:56.617885 np0000006797 nova-scheduler[96604]: DEBUG cotyledon.oslo_config_glue [-] oslo_messaging_rabbit.rabbit_stream_fanout = False {{(pid=96604) log_opt_values /opt/stack/data/venv/lib/python3.12/site-packages/oslo_config/cfg.py:3545}}
Aug 08 18:24:56.617885 np0000006797 nova-scheduler[96604]: DEBUG cotyledon.oslo_config_glue [-] oslo_messaging_rabbit.rabbit_transient_queues_ttl = 1800 {{(pid=96604) log_opt_values /opt/stack/data/venv/lib/python3.12/site-packages/oslo_config/cfg.py:3545}}
Aug 08 18:24:56.617981 np0000006797 nova-scheduler[96604]: DEBUG cotyledon.oslo_config_glue [-] oslo_messaging_rabbit.rabbit_transient_quorum_queue = False {{(pid=96604) log_opt_values /opt/stack/data/venv/lib/python3.12/site-packages/oslo_config/cfg.py:3545}}
Aug 08 18:24:56.617981 np0000006797 nova-scheduler[96604]: DEBUG cotyledon.oslo_config_glue [-] oslo_messaging_rabbit.rpc_conn_pool_size = 30 {{(pid=96604) log_opt_values /opt/stack/data/venv/lib/python3.12/site-packages/oslo_config/cfg.py:3545}}
Aug 08 18:24:56.618029 np0000006797 nova-scheduler[96604]: DEBUG cotyledon.oslo_config_glue [-] oslo_messaging_rabbit.ssl = False {{(pid=96604) log_opt_values /opt/stack/data/venv/lib/python3.12/site-packages/oslo_config/cfg.py:3545}}
Aug 08 18:24:56.618029 np0000006797 nova-scheduler[96604]: DEBUG cotyledon.oslo_config_glue [-] oslo_messaging_rabbit.ssl_ca_file = {{(pid=96604) log_opt_values /opt/stack/data/venv/lib/python3.12/site-packages/oslo_config/cfg.py:3545}}
Aug 08 18:24:56.618084 np0000006797 nova-scheduler[96604]: DEBUG cotyledon.oslo_config_glue [-] oslo_messaging_rabbit.ssl_cert_file = {{(pid=96604) log_opt_values /opt/stack/data/venv/lib/python3.12/site-packages/oslo_config/cfg.py:3545}}
Aug 08 18:24:56.618110 np0000006797 nova-scheduler[96604]: DEBUG cotyledon.oslo_config_glue [-] oslo_messaging_rabbit.ssl_enforce_fips_mode = False {{(pid=96604) log_opt_values /opt/stack/data/venv/lib/python3.12/site-packages/oslo_config/cfg.py:3545}}
Aug 08 18:24:56.618155 np0000006797 nova-scheduler[96604]: DEBUG cotyledon.oslo_config_glue [-] oslo_messaging_rabbit.ssl_enforce_hostname_verification = True {{(pid=96604) log_opt_values /opt/stack/data/venv/lib/python3.12/site-packages/oslo_config/cfg.py:3545}}
Aug 08 18:24:56.618184 np0000006797 nova-scheduler[96604]: DEBUG cotyledon.oslo_config_glue [-] oslo_messaging_rabbit.ssl_key_file = {{(pid=96604) log_opt_values /opt/stack/data/venv/lib/python3.12/site-packages/oslo_config/cfg.py:3545}}
Aug 08 18:24:56.618229 np0000006797 nova-scheduler[96604]: DEBUG cotyledon.oslo_config_glue [-] oslo_messaging_rabbit.ssl_version = {{(pid=96604) log_opt_values /opt/stack/data/venv/lib/python3.12/site-packages/oslo_config/cfg.py:3545}}
Aug 08 18:24:56.618258 np0000006797 nova-scheduler[96604]: DEBUG cotyledon.oslo_config_glue [-] oslo_messaging_rabbit.use_queue_manager = False {{(pid=96604) log_opt_values /opt/stack/data/venv/lib/python3.12/site-packages/oslo_config/cfg.py:3545}}
Aug 08 18:24:56.618310 np0000006797 nova-scheduler[96604]: DEBUG cotyledon.oslo_config_glue [-] oslo_messaging_notifications.driver = ['messagingv2'] {{(pid=96604) log_opt_values /opt/stack/data/venv/lib/python3.12/site-packages/oslo_config/cfg.py:3545}}
Aug 08 18:24:56.618338 np0000006797 nova-scheduler[96604]: DEBUG cotyledon.oslo_config_glue [-] oslo_messaging_notifications.retry = -1 {{(pid=96604) log_opt_values /opt/stack/data/venv/lib/python3.12/site-packages/oslo_config/cfg.py:3545}}
Aug 08 18:24:56.618381 np0000006797 nova-scheduler[96604]: DEBUG cotyledon.oslo_config_glue [-] oslo_messaging_notifications.topics = ['notifications'] {{(pid=96604) log_opt_values /opt/stack/data/venv/lib/python3.12/site-packages/oslo_config/cfg.py:3545}}
Aug 08 18:24:56.618440 np0000006797 nova-scheduler[96604]: DEBUG cotyledon.oslo_config_glue [-] oslo_messaging_notifications.transport_url = **** {{(pid=96604) log_opt_values /opt/stack/data/venv/lib/python3.12/site-packages/oslo_config/cfg.py:3545}}
Aug 08 18:24:56.618511 np0000006797 nova-scheduler[96604]: DEBUG cotyledon.oslo_config_glue [-] oslo_limit.auth_section = None {{(pid=96604) log_opt_values /opt/stack/data/venv/lib/python3.12/site-packages/oslo_config/cfg.py:3545}}
Aug 08 18:24:56.618558 np0000006797 nova-scheduler[96604]: DEBUG cotyledon.oslo_config_glue [-] oslo_limit.auth_type = None {{(pid=96604) log_opt_values /opt/stack/data/venv/lib/python3.12/site-packages/oslo_config/cfg.py:3545}}
Aug 08 18:24:56.618587 np0000006797 nova-scheduler[96604]: DEBUG cotyledon.oslo_config_glue [-] oslo_limit.cafile = None {{(pid=96604) log_opt_values /opt/stack/data/venv/lib/python3.12/site-packages/oslo_config/cfg.py:3545}}
Aug 08 18:24:56.618623 np0000006797 nova-scheduler[96604]: DEBUG cotyledon.oslo_config_glue [-] oslo_limit.certfile = None {{(pid=96604) log_opt_values /opt/stack/data/venv/lib/python3.12/site-packages/oslo_config/cfg.py:3545}}
Aug 08 18:24:56.618656 np0000006797 nova-scheduler[96604]: DEBUG cotyledon.oslo_config_glue [-] oslo_limit.collect_timing = False {{(pid=96604) log_opt_values /opt/stack/data/venv/lib/python3.12/site-packages/oslo_config/cfg.py:3545}}
Aug 08 18:24:56.618689 np0000006797 nova-scheduler[96604]: DEBUG cotyledon.oslo_config_glue [-] oslo_limit.connect_retries = None {{(pid=96604) log_opt_values /opt/stack/data/venv/lib/python3.12/site-packages/oslo_config/cfg.py:3545}}
Aug 08 18:24:56.618719 np0000006797 nova-scheduler[96604]: DEBUG cotyledon.oslo_config_glue [-] oslo_limit.connect_retry_delay = None {{(pid=96604) log_opt_values /opt/stack/data/venv/lib/python3.12/site-packages/oslo_config/cfg.py:3545}}
Aug 08 18:24:56.618755 np0000006797 nova-scheduler[96604]: DEBUG cotyledon.oslo_config_glue [-] oslo_limit.endpoint_id = None {{(pid=96604) log_opt_values /opt/stack/data/venv/lib/python3.12/site-packages/oslo_config/cfg.py:3545}}
Aug 08 18:24:56.618780 np0000006797 nova-scheduler[96604]: DEBUG cotyledon.oslo_config_glue [-] oslo_limit.endpoint_interface = public {{(pid=96604) log_opt_values /opt/stack/data/venv/lib/python3.12/site-packages/oslo_config/cfg.py:3545}}
Aug 08 18:24:56.618805 np0000006797 nova-scheduler[96604]: DEBUG cotyledon.oslo_config_glue [-] oslo_limit.endpoint_override = None {{(pid=96604) log_opt_values /opt/stack/data/venv/lib/python3.12/site-packages/oslo_config/cfg.py:3545}}
Aug 08 18:24:56.618831 np0000006797 nova-scheduler[96604]: DEBUG cotyledon.oslo_config_glue [-] oslo_limit.endpoint_region_name = None {{(pid=96604) log_opt_values /opt/stack/data/venv/lib/python3.12/site-packages/oslo_config/cfg.py:3545}}
Aug 08 18:24:56.618874 np0000006797 nova-scheduler[96604]: DEBUG cotyledon.oslo_config_glue [-] oslo_limit.endpoint_service_name = None {{(pid=96604) log_opt_values /opt/stack/data/venv/lib/python3.12/site-packages/oslo_config/cfg.py:3545}}
Aug 08 18:24:56.618909 np0000006797 nova-scheduler[96604]: DEBUG cotyledon.oslo_config_glue [-] oslo_limit.endpoint_service_type = None {{(pid=96604) log_opt_values /opt/stack/data/venv/lib/python3.12/site-packages/oslo_config/cfg.py:3545}}
Aug 08 18:24:56.618936 np0000006797 nova-scheduler[96604]: DEBUG cotyledon.oslo_config_glue [-] oslo_limit.insecure = False {{(pid=96604) log_opt_values /opt/stack/data/venv/lib/python3.12/site-packages/oslo_config/cfg.py:3545}}
Aug 08 18:24:56.619009 np0000006797 nova-scheduler[96604]: DEBUG cotyledon.oslo_config_glue [-] oslo_limit.keyfile = None {{(pid=96604) log_opt_values /opt/stack/data/venv/lib/python3.12/site-packages/oslo_config/cfg.py:3545}}
Aug 08 18:24:56.619040 np0000006797 nova-scheduler[96604]: DEBUG cotyledon.oslo_config_glue [-] oslo_limit.max_version = None {{(pid=96604) log_opt_values /opt/stack/data/venv/lib/python3.12/site-packages/oslo_config/cfg.py:3545}}
Aug 08 18:24:56.619079 np0000006797 nova-scheduler[96604]: DEBUG cotyledon.oslo_config_glue [-] oslo_limit.min_version = None {{(pid=96604) log_opt_values /opt/stack/data/venv/lib/python3.12/site-packages/oslo_config/cfg.py:3545}}
Aug 08 18:24:56.619129 np0000006797 nova-scheduler[96604]: DEBUG cotyledon.oslo_config_glue [-] oslo_limit.region_name = None {{(pid=96604) log_opt_values /opt/stack/data/venv/lib/python3.12/site-packages/oslo_config/cfg.py:3545}}
Aug 08 18:24:56.619167 np0000006797 nova-scheduler[96604]: DEBUG cotyledon.oslo_config_glue [-] oslo_limit.retriable_status_codes = None {{(pid=96604) log_opt_values /opt/stack/data/venv/lib/python3.12/site-packages/oslo_config/cfg.py:3545}}
Aug 08 18:24:56.619209 np0000006797 nova-scheduler[96604]: DEBUG cotyledon.oslo_config_glue [-] oslo_limit.service_name = None {{(pid=96604) log_opt_values /opt/stack/data/venv/lib/python3.12/site-packages/oslo_config/cfg.py:3545}}
Aug 08 18:24:56.619248 np0000006797 nova-scheduler[96604]: DEBUG cotyledon.oslo_config_glue [-] oslo_limit.service_type = None {{(pid=96604) log_opt_values /opt/stack/data/venv/lib/python3.12/site-packages/oslo_config/cfg.py:3545}}
Aug 08 18:24:56.619275 np0000006797 nova-scheduler[96604]: DEBUG cotyledon.oslo_config_glue [-] oslo_limit.split_loggers = False {{(pid=96604) log_opt_values /opt/stack/data/venv/lib/python3.12/site-packages/oslo_config/cfg.py:3545}}
Aug 08 18:24:56.619310 np0000006797 nova-scheduler[96604]: DEBUG cotyledon.oslo_config_glue [-] oslo_limit.status_code_retries = None {{(pid=96604) log_opt_values /opt/stack/data/venv/lib/python3.12/site-packages/oslo_config/cfg.py:3545}}
Aug 08 18:24:56.619338 np0000006797 nova-scheduler[96604]: DEBUG cotyledon.oslo_config_glue [-] oslo_limit.status_code_retry_delay = None {{(pid=96604) log_opt_values /opt/stack/data/venv/lib/python3.12/site-packages/oslo_config/cfg.py:3545}}
Aug 08 18:24:56.619380 np0000006797 nova-scheduler[96604]: DEBUG cotyledon.oslo_config_glue [-] oslo_limit.timeout = None {{(pid=96604) log_opt_values /opt/stack/data/venv/lib/python3.12/site-packages/oslo_config/cfg.py:3545}}
Aug 08 18:24:56.619439 np0000006797 nova-scheduler[96604]: DEBUG cotyledon.oslo_config_glue [-] oslo_limit.valid_interfaces = None {{(pid=96604) log_opt_values /opt/stack/data/venv/lib/python3.12/site-packages/oslo_config/cfg.py:3545}}
Aug 08 18:24:56.619485 np0000006797 nova-scheduler[96604]: DEBUG cotyledon.oslo_config_glue [-] oslo_limit.version = None {{(pid=96604) log_opt_values /opt/stack/data/venv/lib/python3.12/site-packages/oslo_config/cfg.py:3545}}
Aug 08 18:24:56.619534 np0000006797 nova-scheduler[96604]: DEBUG cotyledon.oslo_config_glue [-] oslo_reports.file_event_handler = None {{(pid=96604) log_opt_values /opt/stack/data/venv/lib/python3.12/site-packages/oslo_config/cfg.py:3545}}
Aug 08 18:24:56.619580 np0000006797 nova-scheduler[96604]: DEBUG cotyledon.oslo_config_glue [-] oslo_reports.file_event_handler_interval = 1 {{(pid=96604) log_opt_values /opt/stack/data/venv/lib/python3.12/site-packages/oslo_config/cfg.py:3545}}
Aug 08 18:24:56.619619 np0000006797 nova-scheduler[96604]: DEBUG cotyledon.oslo_config_glue [-] oslo_reports.log_dir = None {{(pid=96604) log_opt_values /opt/stack/data/venv/lib/python3.12/site-packages/oslo_config/cfg.py:3545}}
Aug 08 18:24:56.619648 np0000006797 nova-scheduler[96602]: INFO dbcounter [None req-fcea3692-a7eb-4829-96de-61a3c025f87c None None] Registered counter for database nova_cell0
Aug 08 18:24:56.619678 np0000006797 nova-scheduler[96604]: DEBUG cotyledon.oslo_config_glue [-] ******************************************************************************** {{(pid=96604) log_opt_values /opt/stack/data/venv/lib/python3.12/site-packages/oslo_config/cfg.py:3552}}
Aug 08 18:24:56.619802 np0000006797 nova-scheduler[96604]: DEBUG cotyledon._service_worker [-] Run service ServiceWrapper(3) [96604] {{(pid=96604) wait_forever /opt/stack/data/venv/lib/python3.12/site-packages/cotyledon/_service_worker.py:218}}
Aug 08 18:24:56.621341 np0000006797 nova-scheduler[96604]: INFO nova.service [-] Starting scheduler node (version 33.1.0)
Aug 08 18:24:56.626086 np0000006797 nova-scheduler[96598]: DEBUG dbcounter [-] [96598] Writer thread running {{(pid=96598) stat_writer /opt/stack/data/venv/lib/python3.12/site-packages/dbcounter.py:102}}
Aug 08 18:24:56.626885 np0000006797 nova-scheduler[96604]: INFO dbcounter [None req-a898ed65-6a9b-49ec-b38c-18fa17128fea None None] Registered counter for database nova_cell0
Aug 08 18:24:56.636136 np0000006797 nova-scheduler[96600]: DEBUG oslo_db.sqlalchemy.engines [None req-c7518d13-bec9-4b6c-bd3f-c742959b3afc None None] MySQL server mode set to STRICT_TRANS_TABLES,STRICT_ALL_TABLES,NO_ZERO_IN_DATE,NO_ZERO_DATE,ERROR_FOR_DIVISION_BY_ZERO,TRADITIONAL,NO_ENGINE_SUBSTITUTION {{(pid=96600) _check_effective_sql_mode /opt/stack/data/venv/lib/python3.12/site-packages/oslo_db/sqlalchemy/engines.py:325}}
Aug 08 18:24:56.645230 np0000006797 nova-scheduler[96598]: DEBUG nova.service [None req-8bab9585-96cb-4078-bb7d-e2929db864a9 None None] Creating RPC server for service: nova-scheduler on topic: scheduler {{(pid=96598) start /opt/stack/nova/nova/service.py:196}}
Aug 08 18:24:56.647572 np0000006797 nova-scheduler[96600]: DEBUG dbcounter [-] [96600] Writer thread running {{(pid=96600) stat_writer /opt/stack/data/venv/lib/python3.12/site-packages/dbcounter.py:102}}
Aug 08 18:24:56.653281 np0000006797 nova-scheduler[96600]: DEBUG nova.service [None req-c7518d13-bec9-4b6c-bd3f-c742959b3afc None None] Creating RPC server for service: nova-scheduler on topic: scheduler {{(pid=96600) start /opt/stack/nova/nova/service.py:196}}
Aug 08 18:24:56.664512 np0000006797 nova-scheduler[96604]: DEBUG oslo_db.sqlalchemy.engines [None req-a898ed65-6a9b-49ec-b38c-18fa17128fea None None] MySQL server mode set to STRICT_TRANS_TABLES,STRICT_ALL_TABLES,NO_ZERO_IN_DATE,NO_ZERO_DATE,ERROR_FOR_DIVISION_BY_ZERO,TRADITIONAL,NO_ENGINE_SUBSTITUTION {{(pid=96604) _check_effective_sql_mode /opt/stack/data/venv/lib/python3.12/site-packages/oslo_db/sqlalchemy/engines.py:325}}
Aug 08 18:24:56.670273 np0000006797 nova-scheduler[96598]: DEBUG nova.service [None req-8bab9585-96cb-4078-bb7d-e2929db864a9 None None] Join ServiceGroup membership for this service scheduler {{(pid=96598) start /opt/stack/nova/nova/service.py:222}}
Aug 08 18:24:56.670391 np0000006797 nova-scheduler[96598]: DEBUG nova.servicegroup.drivers.db [None req-8bab9585-96cb-4078-bb7d-e2929db864a9 None None] DB_Driver: join new ServiceGroup member np0000006797 to the scheduler group, service = {{(pid=96598) join /opt/stack/nova/nova/servicegroup/drivers/db.py:44}}
Aug 08 18:24:56.673040 np0000006797 nova-scheduler[96604]: DEBUG dbcounter [-] [96604] Writer thread running {{(pid=96604) stat_writer /opt/stack/data/venv/lib/python3.12/site-packages/dbcounter.py:102}}
Aug 08 18:24:56.675231 np0000006797 nova-scheduler[96600]: DEBUG nova.service [None req-c7518d13-bec9-4b6c-bd3f-c742959b3afc None None] Join ServiceGroup membership for this service scheduler {{(pid=96600) start /opt/stack/nova/nova/service.py:222}}
Aug 08 18:24:56.675231 np0000006797 nova-scheduler[96600]: DEBUG nova.servicegroup.drivers.db [None req-c7518d13-bec9-4b6c-bd3f-c742959b3afc None None] DB_Driver: join new ServiceGroup member np0000006797 to the scheduler group, service = {{(pid=96600) join /opt/stack/nova/nova/servicegroup/drivers/db.py:44}}
Aug 08 18:24:56.676686 np0000006797 nova-scheduler[96604]: DEBUG nova.service [None req-a898ed65-6a9b-49ec-b38c-18fa17128fea None None] Creating RPC server for service: nova-scheduler on topic: scheduler {{(pid=96604) start /opt/stack/nova/nova/service.py:196}}
Aug 08 18:24:56.683505 np0000006797 nova-scheduler[96602]: DEBUG oslo_db.sqlalchemy.engines [None req-fcea3692-a7eb-4829-96de-61a3c025f87c None None] MySQL server mode set to STRICT_TRANS_TABLES,STRICT_ALL_TABLES,NO_ZERO_IN_DATE,NO_ZERO_DATE,ERROR_FOR_DIVISION_BY_ZERO,TRADITIONAL,NO_ENGINE_SUBSTITUTION {{(pid=96602) _check_effective_sql_mode /opt/stack/data/venv/lib/python3.12/site-packages/oslo_db/sqlalchemy/engines.py:325}}
Aug 08 18:24:56.693431 np0000006797 nova-scheduler[96604]: DEBUG nova.service [None req-a898ed65-6a9b-49ec-b38c-18fa17128fea None None] Join ServiceGroup membership for this service scheduler {{(pid=96604) start /opt/stack/nova/nova/service.py:222}}
Aug 08 18:24:56.693634 np0000006797 nova-scheduler[96604]: DEBUG nova.servicegroup.drivers.db [None req-a898ed65-6a9b-49ec-b38c-18fa17128fea None None] DB_Driver: join new ServiceGroup member np0000006797 to the scheduler group, service = {{(pid=96604) join /opt/stack/nova/nova/servicegroup/drivers/db.py:44}}
Aug 08 18:24:56.694363 np0000006797 nova-scheduler[96602]: DEBUG dbcounter [-] [96602] Writer thread running {{(pid=96602) stat_writer /opt/stack/data/venv/lib/python3.12/site-packages/dbcounter.py:102}}
Aug 08 18:24:56.697439 np0000006797 nova-scheduler[96602]: DEBUG nova.service [None req-fcea3692-a7eb-4829-96de-61a3c025f87c None None] Creating RPC server for service: nova-scheduler on topic: scheduler {{(pid=96602) start /opt/stack/nova/nova/service.py:196}}
Aug 08 18:24:56.726745 np0000006797 nova-scheduler[96602]: DEBUG nova.service [None req-fcea3692-a7eb-4829-96de-61a3c025f87c None None] Join ServiceGroup membership for this service scheduler {{(pid=96602) start /opt/stack/nova/nova/service.py:222}}
Aug 08 18:24:56.727057 np0000006797 nova-scheduler[96602]: DEBUG nova.servicegroup.drivers.db [None req-fcea3692-a7eb-4829-96de-61a3c025f87c None None] DB_Driver: join new ServiceGroup member np0000006797 to the scheduler group, service = {{(pid=96602) join /opt/stack/nova/nova/servicegroup/drivers/db.py:44}}
Aug 08 18:25:01.686439 np0000006797 nova-scheduler[96598]: DEBUG oslo.service.backend._threading.loopingcall [-] Fixed interval looping call 'nova.servicegroup.drivers.db.DbDriver._report_state' sleeping for 119.99 seconds {{(pid=96598) _run_loop /opt/stack/data/venv/lib/python3.12/site-packages/oslo_service/backend/_threading/loopingcall.py:125}}
Aug 08 18:25:01.687620 np0000006797 nova-scheduler[96600]: DEBUG oslo.service.backend._threading.loopingcall [-] Fixed interval looping call 'nova.servicegroup.drivers.db.DbDriver._report_state' sleeping for 119.99 seconds {{(pid=96600) _run_loop /opt/stack/data/venv/lib/python3.12/site-packages/oslo_service/backend/_threading/loopingcall.py:125}}
Aug 08 18:25:01.707754 np0000006797 nova-scheduler[96604]: DEBUG oslo.service.backend._threading.loopingcall [-] Fixed interval looping call 'nova.servicegroup.drivers.db.DbDriver._report_state' sleeping for 119.99 seconds {{(pid=96604) _run_loop /opt/stack/data/venv/lib/python3.12/site-packages/oslo_service/backend/_threading/loopingcall.py:125}}
Aug 08 18:25:01.737846 np0000006797 nova-scheduler[96602]: DEBUG oslo.service.backend._threading.loopingcall [-] Fixed interval looping call 'nova.servicegroup.drivers.db.DbDriver._report_state' sleeping for 119.99 seconds {{(pid=96602) _run_loop /opt/stack/data/venv/lib/python3.12/site-packages/oslo_service/backend/_threading/loopingcall.py:125}}
Aug 08 18:25:03.695574 np0000006797 nova-scheduler[96604]: DEBUG oslo.service.backend._threading.loopingcall [None req-4a16a376-ff20-4957-b72e-c4a0e3b53fca None None] Dynamic interval looping call 'nova.service.Service.periodic_tasks' sleeping for 60.00 seconds {{(pid=96604) _run_loop /opt/stack/data/venv/lib/python3.12/site-packages/oslo_service/backend/_threading/loopingcall.py:125}}
Aug 08 18:25:05.208321 np0000006797 nova-scheduler[95394]: DEBUG dbcounter [-] [95394] Writing DB stats nova_api:SELECT=3 {{(pid=95394) stat_writer /opt/stack/data/venv/lib/python3.12/site-packages/dbcounter.py:115}}
Aug 08 18:25:05.345577 np0000006797 nova-scheduler[95394]: DEBUG dbcounter [-] [95394] Writing DB stats nova_cell1:SELECT=1 {{(pid=95394) stat_writer /opt/stack/data/venv/lib/python3.12/site-packages/dbcounter.py:115}}
Aug 08 18:25:05.352026 np0000006797 nova-scheduler[95394]: DEBUG dbcounter [-] [95394] Writing DB stats nova_cell0:SELECT=1 {{(pid=95394) stat_writer /opt/stack/data/venv/lib/python3.12/site-packages/dbcounter.py:115}}
Aug 08 18:25:11.685972 np0000006797 nova-scheduler[96598]: DEBUG dbcounter [-] [96598] Writing DB stats nova_cell0:SELECT=4,nova_cell0:INSERT=1,nova_cell0:UPDATE=1 {{(pid=96598) stat_writer /opt/stack/data/venv/lib/python3.12/site-packages/dbcounter.py:115}}
Aug 08 18:25:11.686350 np0000006797 nova-scheduler[96600]: DEBUG dbcounter [-] [96600] Writing DB stats nova_cell0:SELECT=3,nova_cell0:UPDATE=1 {{(pid=96600) stat_writer /opt/stack/data/venv/lib/python3.12/site-packages/dbcounter.py:115}}
Aug 08 18:25:11.708239 np0000006797 nova-scheduler[96604]: DEBUG dbcounter [-] [96604] Writing DB stats nova_cell0:SELECT=3 {{(pid=96604) stat_writer /opt/stack/data/venv/lib/python3.12/site-packages/dbcounter.py:115}}
Aug 08 18:25:11.734742 np0000006797 nova-scheduler[96602]: DEBUG dbcounter [-] [96602] Writing DB stats nova_cell0:SELECT=3 {{(pid=96602) stat_writer /opt/stack/data/venv/lib/python3.12/site-packages/dbcounter.py:115}}
Aug 08 18:25:14.729174 np0000006797 nova-scheduler[96602]: DEBUG oslo.service.backend._threading.loopingcall [None req-fa3ac14e-9e3f-4de7-8e0f-7643755906bf None None] Dynamic interval looping call 'nova.service.Service.periodic_tasks' sleeping for 60.00 seconds {{(pid=96602) _run_loop /opt/stack/data/venv/lib/python3.12/site-packages/oslo_service/backend/_threading/loopingcall.py:125}}
Aug 08 18:25:22.673034 np0000006797 nova-scheduler[96598]: DEBUG oslo.service.backend._threading.loopingcall [None req-f5990308-eba1-4948-8fbd-2e4e04f34aca None None] Dynamic interval looping call 'nova.service.Service.periodic_tasks' sleeping for 60.00 seconds {{(pid=96598) _run_loop /opt/stack/data/venv/lib/python3.12/site-packages/oslo_service/backend/_threading/loopingcall.py:125}}
Aug 08 18:25:51.676674 np0000006797 nova-scheduler[96600]: DEBUG oslo.service.backend._threading.loopingcall [None req-3d798b28-caad-4eda-8f78-3b62ecd89377 None None] Dynamic interval looping call 'nova.service.Service.periodic_tasks' sleeping for 60.00 seconds {{(pid=96600) _run_loop /opt/stack/data/venv/lib/python3.12/site-packages/oslo_service/backend/_threading/loopingcall.py:125}}
Aug 08 18:26:03.696081 np0000006797 nova-scheduler[96604]: DEBUG oslo.service.backend._threading.loopingcall [None req-4a16a376-ff20-4957-b72e-c4a0e3b53fca None None] Dynamic interval looping call 'nova.service.Service.periodic_tasks' sleeping for 60.00 seconds {{(pid=96604) _run_loop /opt/stack/data/venv/lib/python3.12/site-packages/oslo_service/backend/_threading/loopingcall.py:125}}
Aug 08 18:26:14.729641 np0000006797 nova-scheduler[96602]: DEBUG oslo.service.backend._threading.loopingcall [None req-fa3ac14e-9e3f-4de7-8e0f-7643755906bf None None] Dynamic interval looping call 'nova.service.Service.periodic_tasks' sleeping for 60.00 seconds {{(pid=96602) _run_loop /opt/stack/data/venv/lib/python3.12/site-packages/oslo_service/backend/_threading/loopingcall.py:125}}
Aug 08 18:26:22.673679 np0000006797 nova-scheduler[96598]: DEBUG oslo.service.backend._threading.loopingcall [None req-f5990308-eba1-4948-8fbd-2e4e04f34aca None None] Dynamic interval looping call 'nova.service.Service.periodic_tasks' sleeping for 60.00 seconds {{(pid=96598) _run_loop /opt/stack/data/venv/lib/python3.12/site-packages/oslo_service/backend/_threading/loopingcall.py:125}}
Aug 08 18:26:51.677176 np0000006797 nova-scheduler[96600]: DEBUG oslo.service.backend._threading.loopingcall [None req-3d798b28-caad-4eda-8f78-3b62ecd89377 None None] Dynamic interval looping call 'nova.service.Service.periodic_tasks' sleeping for 60.00 seconds {{(pid=96600) _run_loop /opt/stack/data/venv/lib/python3.12/site-packages/oslo_service/backend/_threading/loopingcall.py:125}}
Aug 08 18:27:01.687901 np0000006797 nova-scheduler[96598]: DEBUG oslo.service.backend._threading.loopingcall [-] Fixed interval looping call 'nova.servicegroup.drivers.db.DbDriver._report_state' sleeping for 119.99 seconds {{(pid=96598) _run_loop /opt/stack/data/venv/lib/python3.12/site-packages/oslo_service/backend/_threading/loopingcall.py:125}}
Aug 08 18:27:01.689020 np0000006797 nova-scheduler[96600]: DEBUG oslo.service.backend._threading.loopingcall [-] Fixed interval looping call 'nova.servicegroup.drivers.db.DbDriver._report_state' sleeping for 119.99 seconds {{(pid=96600) _run_loop /opt/stack/data/venv/lib/python3.12/site-packages/oslo_service/backend/_threading/loopingcall.py:125}}
Aug 08 18:27:01.701437 np0000006797 nova-scheduler[96604]: DEBUG oslo.service.backend._threading.loopingcall [-] Fixed interval looping call 'nova.servicegroup.drivers.db.DbDriver._report_state' sleeping for 120.00 seconds {{(pid=96604) _run_loop /opt/stack/data/venv/lib/python3.12/site-packages/oslo_service/backend/_threading/loopingcall.py:125}}
Aug 08 18:27:01.731926 np0000006797 nova-scheduler[96602]: DEBUG oslo.service.backend._threading.loopingcall [-] Fixed interval looping call 'nova.servicegroup.drivers.db.DbDriver._report_state' sleeping for 120.00 seconds {{(pid=96602) _run_loop /opt/stack/data/venv/lib/python3.12/site-packages/oslo_service/backend/_threading/loopingcall.py:125}}
Aug 08 18:27:03.697022 np0000006797 nova-scheduler[96604]: DEBUG oslo.service.backend._threading.loopingcall [None req-4a16a376-ff20-4957-b72e-c4a0e3b53fca None None] Dynamic interval looping call 'nova.service.Service.periodic_tasks' sleeping for 60.00 seconds {{(pid=96604) _run_loop /opt/stack/data/venv/lib/python3.12/site-packages/oslo_service/backend/_threading/loopingcall.py:125}}
Aug 08 18:27:11.680450 np0000006797 nova-scheduler[96598]: DEBUG dbcounter [-] [96598] Writing DB stats nova_cell0:SELECT=1,nova_cell0:UPDATE=1 {{(pid=96598) stat_writer /opt/stack/data/venv/lib/python3.12/site-packages/dbcounter.py:115}}
Aug 08 18:27:11.682356 np0000006797 nova-scheduler[96600]: DEBUG dbcounter [-] [96600] Writing DB stats nova_cell0:SELECT=1,nova_cell0:UPDATE=1 {{(pid=96600) stat_writer /opt/stack/data/venv/lib/python3.12/site-packages/dbcounter.py:115}}
Aug 08 18:27:11.699903 np0000006797 nova-scheduler[96604]: DEBUG dbcounter [-] [96604] Writing DB stats nova_cell0:SELECT=1 {{(pid=96604) stat_writer /opt/stack/data/venv/lib/python3.12/site-packages/dbcounter.py:115}}
Aug 08 18:27:11.730253 np0000006797 nova-scheduler[96602]: DEBUG dbcounter [-] [96602] Writing DB stats nova_cell0:SELECT=1 {{(pid=96602) stat_writer /opt/stack/data/venv/lib/python3.12/site-packages/dbcounter.py:115}}
Aug 08 18:27:13.506260 np0000006797 nova-scheduler[96598]: DEBUG nova.scheduler.manager [None req-766bb0c2-3351-4de4-8df5-a39695839c31 tempest-DeleteServersTestJSON-536708423 tempest-DeleteServersTestJSON-536708423-project-member] Starting to schedule for instances: ['6eaf79ea-7d13-4b2a-b171-0c2f22d9ecfc'] {{(pid=96598) select_destinations /opt/stack/nova/nova/scheduler/manager.py:209}}
Aug 08 18:27:13.506672 np0000006797 nova-scheduler[96598]: DEBUG nova.scheduler.request_filter [None req-766bb0c2-3351-4de4-8df5-a39695839c31 tempest-DeleteServersTestJSON-536708423 tempest-DeleteServersTestJSON-536708423-project-member] compute_status_filter request filter added forbidden trait COMPUTE_STATUS_DISABLED {{(pid=96598) compute_status_filter /opt/stack/nova/nova/scheduler/request_filter.py:253}}
Aug 08 18:27:13.506728 np0000006797 nova-scheduler[96598]: DEBUG nova.scheduler.request_filter [None req-766bb0c2-3351-4de4-8df5-a39695839c31 tempest-DeleteServersTestJSON-536708423 tempest-DeleteServersTestJSON-536708423-project-member] Request filter 'compute_status_filter' took 0.0 seconds {{(pid=96598) wrapper /opt/stack/nova/nova/scheduler/request_filter.py:46}}
Aug 08 18:27:13.508293 np0000006797 nova-scheduler[96598]: DEBUG nova.scheduler.request_filter [None req-766bb0c2-3351-4de4-8df5-a39695839c31 tempest-DeleteServersTestJSON-536708423 tempest-DeleteServersTestJSON-536708423-project-member] Request filter 'accelerators_filter' took 0.0 seconds {{(pid=96598) wrapper /opt/stack/nova/nova/scheduler/request_filter.py:46}}
Aug 08 18:27:13.508293 np0000006797 nova-scheduler[96598]: DEBUG nova.scheduler.request_filter [None req-766bb0c2-3351-4de4-8df5-a39695839c31 tempest-DeleteServersTestJSON-536708423 tempest-DeleteServersTestJSON-536708423-project-member] Request filter 'packed_virtqueue_filter' took 0.0 seconds {{(pid=96598) wrapper /opt/stack/nova/nova/scheduler/request_filter.py:46}}
Aug 08 18:27:13.508293 np0000006797 nova-scheduler[96598]: DEBUG nova.scheduler.request_filter [None req-766bb0c2-3351-4de4-8df5-a39695839c31 tempest-DeleteServersTestJSON-536708423 tempest-DeleteServersTestJSON-536708423-project-member] Request filter 'remote_managed_ports_filter' took 0.0 seconds {{(pid=96598) wrapper /opt/stack/nova/nova/scheduler/request_filter.py:46}}
Aug 08 18:27:13.508293 np0000006797 nova-scheduler[96598]: DEBUG nova.scheduler.request_filter [None req-766bb0c2-3351-4de4-8df5-a39695839c31 tempest-DeleteServersTestJSON-536708423 tempest-DeleteServersTestJSON-536708423-project-member] ephemeral_encryption_filter skipped {{(pid=96598) ephemeral_encryption_filter /opt/stack/nova/nova/scheduler/request_filter.py:426}}
Aug 08 18:27:13.508293 np0000006797 nova-scheduler[96598]: DEBUG nova.scheduler.request_filter [None req-766bb0c2-3351-4de4-8df5-a39695839c31 tempest-DeleteServersTestJSON-536708423 tempest-DeleteServersTestJSON-536708423-project-member] virtio_sound_filter skipped {{(pid=96598) virtio_sound_filter /opt/stack/nova/nova/scheduler/request_filter.py:460}}
Aug 08 18:27:13.508502 np0000006797 nova-scheduler[96598]: DEBUG nova.scheduler.request_filter [None req-766bb0c2-3351-4de4-8df5-a39695839c31 tempest-DeleteServersTestJSON-536708423 tempest-DeleteServersTestJSON-536708423-project-member] tpm_secret_security_filter skipped {{(pid=96598) tpm_secret_security_filter /opt/stack/nova/nova/scheduler/request_filter.py:477}}
Aug 08 18:27:14.051718 np0000006797 nova-scheduler[96598]: INFO nova.utils [None req-766bb0c2-3351-4de4-8df5-a39695839c31 tempest-DeleteServersTestJSON-536708423 tempest-DeleteServersTestJSON-536708423-project-member] The cell worker thread pool ForkProcess-1.cell_worker is initialized
Aug 08 18:27:14.052170 np0000006797 nova-scheduler[96598]: DEBUG oslo_concurrency.lockutils [None req-766bb0c2-3351-4de4-8df5-a39695839c31 tempest-DeleteServersTestJSON-536708423 tempest-DeleteServersTestJSON-536708423-project-member] Acquiring lock "27292bc5-81c0-47d8-a68d-15caf93faf52" by "nova.context.set_target_cell..get_or_set_cached_cell_and_set_connections" {{(pid=96598) inner /opt/stack/data/venv/lib/python3.12/site-packages/oslo_concurrency/lockutils.py:512}}
Aug 08 18:27:14.052432 np0000006797 nova-scheduler[96598]: DEBUG oslo_concurrency.lockutils [None req-766bb0c2-3351-4de4-8df5-a39695839c31 tempest-DeleteServersTestJSON-536708423 tempest-DeleteServersTestJSON-536708423-project-member] Lock "27292bc5-81c0-47d8-a68d-15caf93faf52" acquired by "nova.context.set_target_cell..get_or_set_cached_cell_and_set_connections" :: waited 0.000s {{(pid=96598) inner /opt/stack/data/venv/lib/python3.12/site-packages/oslo_concurrency/lockutils.py:525}}
Aug 08 18:27:14.055639 np0000006797 nova-scheduler[96598]: DEBUG oslo_concurrency.lockutils [None req-766bb0c2-3351-4de4-8df5-a39695839c31 tempest-DeleteServersTestJSON-536708423 tempest-DeleteServersTestJSON-536708423-project-member] Lock "27292bc5-81c0-47d8-a68d-15caf93faf52" "released" by "nova.context.set_target_cell..get_or_set_cached_cell_and_set_connections" :: held 0.002s {{(pid=96598) inner /opt/stack/data/venv/lib/python3.12/site-packages/oslo_concurrency/lockutils.py:544}}
Aug 08 18:27:14.058156 np0000006797 nova-scheduler[96598]: INFO dbcounter [None req-766bb0c2-3351-4de4-8df5-a39695839c31 tempest-DeleteServersTestJSON-536708423 tempest-DeleteServersTestJSON-536708423-project-member] Registered counter for database nova_cell1
Aug 08 18:27:14.107131 np0000006797 nova-scheduler[96598]: DEBUG oslo_db.sqlalchemy.engines [None req-766bb0c2-3351-4de4-8df5-a39695839c31 tempest-DeleteServersTestJSON-536708423 tempest-DeleteServersTestJSON-536708423-project-member] MySQL server mode set to STRICT_TRANS_TABLES,STRICT_ALL_TABLES,NO_ZERO_IN_DATE,NO_ZERO_DATE,ERROR_FOR_DIVISION_BY_ZERO,TRADITIONAL,NO_ENGINE_SUBSTITUTION {{(pid=96598) _check_effective_sql_mode /opt/stack/data/venv/lib/python3.12/site-packages/oslo_db/sqlalchemy/engines.py:325}}
Aug 08 18:27:14.116864 np0000006797 nova-scheduler[96598]: DEBUG dbcounter [-] [96598] Writer thread running {{(pid=96598) stat_writer /opt/stack/data/venv/lib/python3.12/site-packages/dbcounter.py:102}}
Aug 08 18:27:14.129398 np0000006797 nova-scheduler[96598]: DEBUG oslo_db.sqlalchemy.engines [None req-766bb0c2-3351-4de4-8df5-a39695839c31 tempest-DeleteServersTestJSON-536708423 tempest-DeleteServersTestJSON-536708423-project-member] Parent process 95394 forked (96598) with an open database connection, which is being discarded and recreated. {{(pid=96598) checkout /opt/stack/data/venv/lib/python3.12/site-packages/oslo_db/sqlalchemy/engines.py:402}}
Aug 08 18:27:14.175220 np0000006797 nova-scheduler[96598]: DEBUG dbcounter [-] [96598] Writer thread running {{(pid=96598) stat_writer /opt/stack/data/venv/lib/python3.12/site-packages/dbcounter.py:102}}
Aug 08 18:27:14.178765 np0000006797 nova-scheduler[96598]: DEBUG oslo_concurrency.lockutils [None req-766bb0c2-3351-4de4-8df5-a39695839c31 tempest-DeleteServersTestJSON-536708423 tempest-DeleteServersTestJSON-536708423-project-member] Acquiring lock "27292bc5-81c0-47d8-a68d-15caf93faf52" by "nova.context.set_target_cell..get_or_set_cached_cell_and_set_connections" {{(pid=96598) inner /opt/stack/data/venv/lib/python3.12/site-packages/oslo_concurrency/lockutils.py:512}}
Aug 08 18:27:14.178956 np0000006797 nova-scheduler[96598]: DEBUG oslo_concurrency.lockutils [None req-766bb0c2-3351-4de4-8df5-a39695839c31 tempest-DeleteServersTestJSON-536708423 tempest-DeleteServersTestJSON-536708423-project-member] Lock "27292bc5-81c0-47d8-a68d-15caf93faf52" acquired by "nova.context.set_target_cell..get_or_set_cached_cell_and_set_connections" :: waited 0.000s {{(pid=96598) inner /opt/stack/data/venv/lib/python3.12/site-packages/oslo_concurrency/lockutils.py:525}}
Aug 08 18:27:14.179070 np0000006797 nova-scheduler[96598]: DEBUG oslo_concurrency.lockutils [None req-766bb0c2-3351-4de4-8df5-a39695839c31 tempest-DeleteServersTestJSON-536708423 tempest-DeleteServersTestJSON-536708423-project-member] Lock "27292bc5-81c0-47d8-a68d-15caf93faf52" "released" by "nova.context.set_target_cell..get_or_set_cached_cell_and_set_connections" :: held 0.000s {{(pid=96598) inner /opt/stack/data/venv/lib/python3.12/site-packages/oslo_concurrency/lockutils.py:544}}
