Aug 13 08:46:37.206883 np0000007181 devstack@c-api.service[100158]: DEBUG cinder.api.openstack.wsgi [None req-fec0999b-d49c-4cfd-afad-2b09d4b2b43a tempest-QosSpecsTestJSON-38885881 tempest-QosSpecsTestJSON-38885881-project-admin] Empty body provided in request {{(pid=100158) get_body /opt/stack/cinder/cinder/api/openstack/wsgi.py:725}}
Aug 13 08:46:37.207063 np0000007181 devstack@c-api.service[100158]: DEBUG cinder.api.openstack.wsgi [None req-fec0999b-d49c-4cfd-afad-2b09d4b2b43a tempest-QosSpecsTestJSON-38885881 tempest-QosSpecsTestJSON-38885881-project-admin] Calling method 'delete' {{(pid=100158) _process_stack /opt/stack/cinder/cinder/api/openstack/wsgi.py:878}}
Aug 13 08:46:37.207746 np0000007181 devstack@c-api.service[100158]: DEBUG cinder.api.contrib.qos_specs_manage [None req-fec0999b-d49c-4cfd-afad-2b09d4b2b43a tempest-QosSpecsTestJSON-38885881 tempest-QosSpecsTestJSON-38885881-project-admin] Delete qos_spec: cdb46de5-ee92-4a2d-b2a6-f69cf7c7caef, force: False {{(pid=100158) delete /opt/stack/cinder/cinder/api/contrib/qos_specs_manage.py:169}}
Aug 13 08:46:37.227974 np0000007181 devstack@c-api.service[100158]: INFO cinder.api.openstack.wsgi [None req-fec0999b-d49c-4cfd-afad-2b09d4b2b43a tempest-QosSpecsTestJSON-38885881 tempest-QosSpecsTestJSON-38885881-project-admin] https://10.4.3.24/volume/v3/qos-specs/cdb46de5-ee92-4a2d-b2a6-f69cf7c7caef?force=False returned with HTTP 202
Aug 13 08:46:37.227974 np0000007181 devstack@c-api.service[100158]: [pid: 100158|app: 0|req: 118/461] 10.4.3.24 () {66 vars in 1373 bytes} [Thu Aug 13 08:46:37 2026] DELETE /volume/v3/qos-specs/cdb46de5-ee92-4a2d-b2a6-f69cf7c7caef?force=False => generated 0 bytes in 23 msecs (HTTP/1.1 202) 6 headers in 233 bytes (1 switches on core 0)
Aug 13 08:46:37.230591 np0000007181 devstack@c-api.service[100159]: DEBUG cinder.volume.api [None req-e4e4bd69-524a-4922-a8f3-cf007c7ca559 tempest-VolumesDeleteCascade-1469283781 tempest-VolumesDeleteCascade-1469283781-project-member] Task 'cinder.volume.flows.api.create_volume.EntryCreateTask;volume:create' (5ee322c1-fc6f-4208-833a-f97d3fa797c3) transitioned into state 'SUCCESS' from state 'RUNNING' with result '{'volume_id': 'ecf5c0c9-df68-4bde-888d-b5461ab3daa1', 'volume_properties': VolumeProperties(attach_status='detached',availability_zone='nova',cgsnapshot_id=None,consistencygroup_id=None,display_description=None,display_name='tempest-VolumesDeleteCascade-Volume-1926639566',encryption_key_id=None,group_id=None,group_type_id=,metadata={},multiattach=False,project_id='73c0c1cd2f6b4025aa1563aafd8a95bc',qos_specs=None,replication_status=,reservations=['3b6aebe2-47c4-4160-b66b-bd4ab7d6795b','87268a87-1f5d-499f-86db-8f248d314c48','df78b7ec-bed2-4bfc-8bd0-756233df1df3','23ce6781-c20a-4dc0-9a13-2ff542456bb5'],size=1,snapshot_id=d239854e-2a00-47a5-9082-93a7489fc5b4,source_replicaid=,source_volid=None,status='creating',user_id='ebc5ad7097d34e49906e319ac1fcc62c',volume_type_id=f767e616-5b55-40c9-b5f3-04cbf02d87d7), 'volume': Volume(_name_id=None,admin_metadata=,attach_status='detached',availability_zone='nova',bootable=False,cluster=,cluster_name=None,consistencygroup=,consistencygroup_id=None,created_at=2026-08-13T08:46:37Z,deleted=False,deleted_at=None,display_description=None,display_name='tempest-VolumesDeleteCascade-Volume-1926639566',ec2_id=None,encryption_key_id=None,glance_metadata=,group=,group_id=None,host=None,id=ecf5c0c9-df68-4bde-888d-b5461ab3daa1,launched_at=None,metadata={},migration_status=None,multiattach=False,previous_status=None,project_id='73c0c1cd2f6b4025aa1563aafd8a95bc',provider_auth=None,provider_geometry=None,provider_id=None,provider_location=None,replication_driver_data=None,replication_extended_status=None,replication_status=None,scheduled_at=None,service_uuid=None,shared_targets=True,size=1,snapshot_id=d239854e-2a00-47a5-9082-93a7489fc5b4,snapshots=,source_volid=None,status='creating',terminated_at=None,updated_at=None,use_quota=True,user_id='ebc5ad7097d34e49906e319ac1fcc62c',volume_attachment=VolumeAttachmentList,volume_type=VolumeType(f767e616-5b55-40c9-b5f3-04cbf02d87d7),volume_type_id=f767e616-5b55-40c9-b5f3-04cbf02d87d7)}' {{(pid=100159) _task_receiver /opt/stack/data/venv/lib/python3.12/site-packages/taskflow/listeners/logging.py:218}}
Aug 13 08:46:37.231683 np0000007181 devstack@c-api.service[100159]: DEBUG cinder.volume.api [None req-e4e4bd69-524a-4922-a8f3-cf007c7ca559 tempest-VolumesDeleteCascade-1469283781 tempest-VolumesDeleteCascade-1469283781-project-member] Task 'cinder.volume.flows.api.create_volume.QuotaCommitTask;volume:create' (e876959c-c9f6-4344-84d1-eeaeee2b5b73) transitioned into state 'RUNNING' from state 'PENDING' {{(pid=100159) _task_receiver /opt/stack/data/venv/lib/python3.12/site-packages/taskflow/listeners/logging.py:242}}
Aug 13 08:46:37.234990 np0000007181 devstack@c-api.service[100161]: DEBUG cinder.api.middleware.request_id [None req-3df6c2c0-9949-4ebf-a36c-e758c1447d60 None None] RequestId filter calling following filter/app {{(pid=100161) _context_setter /opt/stack/cinder/cinder/api/middleware/request_id.py:62}}
Aug 13 08:46:37.237320 np0000007181 devstack@c-api.service[100161]: INFO cinder.api.openstack.wsgi [None req-3df6c2c0-9949-4ebf-a36c-e758c1447d60 tempest-QosSpecsTestJSON-38885881 tempest-QosSpecsTestJSON-38885881-project-admin] GET https://10.4.3.24/volume/v3/qos-specs/cdb46de5-ee92-4a2d-b2a6-f69cf7c7caef
Aug 13 08:46:37.237535 np0000007181 devstack@c-api.service[100161]: DEBUG cinder.api.openstack.wsgi [None req-3df6c2c0-9949-4ebf-a36c-e758c1447d60 tempest-QosSpecsTestJSON-38885881 tempest-QosSpecsTestJSON-38885881-project-admin] Empty body provided in request {{(pid=100161) get_body /opt/stack/cinder/cinder/api/openstack/wsgi.py:725}}
Aug 13 08:46:37.237731 np0000007181 devstack@c-api.service[100161]: DEBUG cinder.api.openstack.wsgi [None req-3df6c2c0-9949-4ebf-a36c-e758c1447d60 tempest-QosSpecsTestJSON-38885881 tempest-QosSpecsTestJSON-38885881-project-admin] Calling method 'show' {{(pid=100161) _process_stack /opt/stack/cinder/cinder/api/openstack/wsgi.py:878}}
Aug 13 08:46:37.250636 np0000007181 devstack@c-api.service[100161]: INFO cinder.api.openstack.wsgi [None req-3df6c2c0-9949-4ebf-a36c-e758c1447d60 tempest-QosSpecsTestJSON-38885881 tempest-QosSpecsTestJSON-38885881-project-admin] https://10.4.3.24/volume/v3/qos-specs/cdb46de5-ee92-4a2d-b2a6-f69cf7c7caef returned with HTTP 404
Aug 13 08:46:37.250636 np0000007181 devstack@c-api.service[100161]: [pid: 100161|app: 0|req: 117/462] 10.4.3.24 () {66 vars in 1347 bytes} [Thu Aug 13 08:46:37 2026] GET /volume/v3/qos-specs/cdb46de5-ee92-4a2d-b2a6-f69cf7c7caef => generated 100 bytes in 16 msecs (HTTP/1.1 404) 7 headers in 292 bytes (1 switches on core 0)
Aug 13 08:46:37.259177 np0000007181 devstack@c-api.service[100160]: DEBUG cinder.api.middleware.request_id [None req-f712a612-9a73-41a2-b1ee-71bc4bf95992 None None] RequestId filter calling following filter/app {{(pid=100160) _context_setter /opt/stack/cinder/cinder/api/middleware/request_id.py:62}}
Aug 13 08:46:37.261163 np0000007181 devstack@c-api.service[100160]: INFO cinder.api.openstack.wsgi [None req-f712a612-9a73-41a2-b1ee-71bc4bf95992 tempest-QosSpecsTestJSON-38885881 tempest-QosSpecsTestJSON-38885881-project-admin] GET https://10.4.3.24/volume/v3/qos-specs
Aug 13 08:46:37.261363 np0000007181 devstack@c-api.service[100159]: DEBUG cinder.volume.api [None req-e4e4bd69-524a-4922-a8f3-cf007c7ca559 tempest-VolumesDeleteCascade-1469283781 tempest-VolumesDeleteCascade-1469283781-project-member] Task 'cinder.volume.flows.api.create_volume.QuotaCommitTask;volume:create' (e876959c-c9f6-4344-84d1-eeaeee2b5b73) transitioned into state 'SUCCESS' from state 'RUNNING' with result '{'volume_properties': VolumeProperties(attach_status='detached',availability_zone='nova',cgsnapshot_id=None,consistencygroup_id=None,display_description=None,display_name='tempest-VolumesDeleteCascade-Volume-1926639566',encryption_key_id=None,group_id=None,group_type_id=,metadata={},multiattach=False,project_id='73c0c1cd2f6b4025aa1563aafd8a95bc',qos_specs=None,replication_status=,reservations=['3b6aebe2-47c4-4160-b66b-bd4ab7d6795b','87268a87-1f5d-499f-86db-8f248d314c48','df78b7ec-bed2-4bfc-8bd0-756233df1df3','23ce6781-c20a-4dc0-9a13-2ff542456bb5'],size=1,snapshot_id=d239854e-2a00-47a5-9082-93a7489fc5b4,source_replicaid=,source_volid=None,status='creating',user_id='ebc5ad7097d34e49906e319ac1fcc62c',volume_type_id=f767e616-5b55-40c9-b5f3-04cbf02d87d7)}' {{(pid=100159) _task_receiver /opt/stack/data/venv/lib/python3.12/site-packages/taskflow/listeners/logging.py:218}}
Aug 13 08:46:37.261511 np0000007181 devstack@c-api.service[100160]: DEBUG cinder.api.openstack.wsgi [None req-f712a612-9a73-41a2-b1ee-71bc4bf95992 tempest-QosSpecsTestJSON-38885881 tempest-QosSpecsTestJSON-38885881-project-admin] Empty body provided in request {{(pid=100160) get_body /opt/stack/cinder/cinder/api/openstack/wsgi.py:725}}
Aug 13 08:46:37.261630 np0000007181 devstack@c-api.service[100160]: DEBUG cinder.api.openstack.wsgi [None req-f712a612-9a73-41a2-b1ee-71bc4bf95992 tempest-QosSpecsTestJSON-38885881 tempest-QosSpecsTestJSON-38885881-project-admin] Calling method 'index' {{(pid=100160) _process_stack /opt/stack/cinder/cinder/api/openstack/wsgi.py:878}}
Aug 13 08:46:37.261912 np0000007181 devstack@c-api.service[100160]: /opt/stack/data/venv/lib/python3.12/site-packages/oslo_context/context.py:102: DeprecationWarning: Policy enforcement is depending on the value of is_admin. This key is deprecated. Please update your policy file to use the standard policy values.
Aug 13 08:46:37.261912 np0000007181 devstack@c-api.service[100160]: warnings.warn(
Aug 13 08:46:37.262200 np0000007181 devstack@c-api.service[100159]: DEBUG cinder.volume.api [None req-e4e4bd69-524a-4922-a8f3-cf007c7ca559 tempest-VolumesDeleteCascade-1469283781 tempest-VolumesDeleteCascade-1469283781-project-member] Task 'cinder.volume.flows.api.create_volume.VolumeCastTask;volume:create' (351b18a3-0184-48fe-b7bd-51e0dd0a7e27) transitioned into state 'RUNNING' from state 'PENDING' {{(pid=100159) _task_receiver /opt/stack/data/venv/lib/python3.12/site-packages/taskflow/listeners/logging.py:242}}
Aug 13 08:46:37.273597 np0000007181 devstack@c-api.service[100160]: INFO cinder.api.openstack.wsgi [None req-f712a612-9a73-41a2-b1ee-71bc4bf95992 tempest-QosSpecsTestJSON-38885881 tempest-QosSpecsTestJSON-38885881-project-admin] https://10.4.3.24/volume/v3/qos-specs returned with HTTP 200
Aug 13 08:46:37.273984 np0000007181 devstack@c-api.service[100160]: [pid: 100160|app: 0|req: 118/463] 10.4.3.24 () {66 vars in 1236 bytes} [Thu Aug 13 08:46:37 2026] GET /volume/v3/qos-specs => generated 175 bytes in 15 msecs (HTTP/1.1 200) 7 headers in 285 bytes (1 switches on core 0)
Aug 13 08:46:37.285741 np0000007181 devstack@c-api.service[100159]: DEBUG cinder.volume.api [None req-e4e4bd69-524a-4922-a8f3-cf007c7ca559 tempest-VolumesDeleteCascade-1469283781 tempest-VolumesDeleteCascade-1469283781-project-member] Task 'cinder.volume.flows.api.create_volume.VolumeCastTask;volume:create' (351b18a3-0184-48fe-b7bd-51e0dd0a7e27) transitioned into state 'SUCCESS' from state 'RUNNING' with result 'None' {{(pid=100159) _task_receiver /opt/stack/data/venv/lib/python3.12/site-packages/taskflow/listeners/logging.py:218}}
Aug 13 08:46:37.286676 np0000007181 devstack@c-api.service[100159]: DEBUG cinder.volume.api [None req-e4e4bd69-524a-4922-a8f3-cf007c7ca559 tempest-VolumesDeleteCascade-1469283781 tempest-VolumesDeleteCascade-1469283781-project-member] Flow 'volume_create_api' (c63c0328-d4fc-43dd-aeef-a1372d698810) transitioned into state 'SUCCESS' from state 'RUNNING' {{(pid=100159) _flow_receiver /opt/stack/data/venv/lib/python3.12/site-packages/taskflow/listeners/logging.py:160}}
Aug 13 08:46:37.287059 np0000007181 devstack@c-api.service[100159]: INFO cinder.volume.api [None req-e4e4bd69-524a-4922-a8f3-cf007c7ca559 tempest-VolumesDeleteCascade-1469283781 tempest-VolumesDeleteCascade-1469283781-project-member] Create volume request issued successfully.
Aug 13 08:46:37.287853 np0000007181 devstack@c-api.service[100159]: INFO cinder.api.openstack.wsgi [None req-e4e4bd69-524a-4922-a8f3-cf007c7ca559 tempest-VolumesDeleteCascade-1469283781 tempest-VolumesDeleteCascade-1469283781-project-member] https://10.4.3.24/volume/v3/volumes returned with HTTP 202
Aug 13 08:46:37.288245 np0000007181 devstack@c-api.service[100159]: [pid: 100159|app: 0|req: 111/464] 10.4.3.24 () {68 vars in 1252 bytes} [Thu Aug 13 08:46:37 2026] POST /volume/v3/volumes => generated 783 bytes in 244 msecs (HTTP/1.1 202) 7 headers in 291 bytes (1 switches on core 0)
Aug 13 08:46:37.288816 np0000007181 devstack@c-api.service[100158]: DEBUG cinder.api.middleware.request_id [None req-fcf7433e-15e6-4117-af9e-41bf302ba805 None None] RequestId filter calling following filter/app {{(pid=100158) _context_setter /opt/stack/cinder/cinder/api/middleware/request_id.py:62}}
Aug 13 08:46:37.291191 np0000007181 devstack@c-api.service[100158]: INFO cinder.api.openstack.wsgi [None req-fcf7433e-15e6-4117-af9e-41bf302ba805 tempest-QosSpecsTestJSON-38885881 tempest-QosSpecsTestJSON-38885881-project-admin] DELETE https://10.4.3.24/volume/v3/qos-specs/cdb46de5-ee92-4a2d-b2a6-f69cf7c7caef?force=False
Aug 13 08:46:37.291485 np0000007181 devstack@c-api.service[100158]: DEBUG cinder.api.openstack.wsgi [None req-fcf7433e-15e6-4117-af9e-41bf302ba805 tempest-QosSpecsTestJSON-38885881 tempest-QosSpecsTestJSON-38885881-project-admin] Empty body provided in request {{(pid=100158) get_body /opt/stack/cinder/cinder/api/openstack/wsgi.py:725}}
Aug 13 08:46:37.291765 np0000007181 devstack@c-api.service[100158]: DEBUG cinder.api.openstack.wsgi [None req-fcf7433e-15e6-4117-af9e-41bf302ba805 tempest-QosSpecsTestJSON-38885881 tempest-QosSpecsTestJSON-38885881-project-admin] Calling method 'delete' {{(pid=100158) _process_stack /opt/stack/cinder/cinder/api/openstack/wsgi.py:878}}
Aug 13 08:46:37.292125 np0000007181 devstack@c-api.service[100158]: /opt/stack/data/venv/lib/python3.12/site-packages/oslo_context/context.py:102: DeprecationWarning: Policy enforcement is depending on the value of is_admin. This key is deprecated. Please update your policy file to use the standard policy values.
Aug 13 08:46:37.292125 np0000007181 devstack@c-api.service[100158]: warnings.warn(
Aug 13 08:46:37.292648 np0000007181 devstack@c-api.service[100158]: DEBUG cinder.api.contrib.qos_specs_manage [None req-fcf7433e-15e6-4117-af9e-41bf302ba805 tempest-QosSpecsTestJSON-38885881 tempest-QosSpecsTestJSON-38885881-project-admin] Delete qos_spec: cdb46de5-ee92-4a2d-b2a6-f69cf7c7caef, force: False {{(pid=100158) delete /opt/stack/cinder/cinder/api/contrib/qos_specs_manage.py:169}}
Aug 13 08:46:37.298954 np0000007181 devstack@c-api.service[100158]: INFO cinder.api.openstack.wsgi [None req-fcf7433e-15e6-4117-af9e-41bf302ba805 tempest-QosSpecsTestJSON-38885881 tempest-QosSpecsTestJSON-38885881-project-admin] https://10.4.3.24/volume/v3/qos-specs/cdb46de5-ee92-4a2d-b2a6-f69cf7c7caef?force=False returned with HTTP 404
Aug 13 08:46:37.299593 np0000007181 devstack@c-api.service[100158]: [pid: 100158|app: 0|req: 119/465] 10.4.3.24 () {66 vars in 1373 bytes} [Thu Aug 13 08:46:37 2026] DELETE /volume/v3/qos-specs/cdb46de5-ee92-4a2d-b2a6-f69cf7c7caef?force=False => generated 100 bytes in 11 msecs (HTTP/1.1 404) 7 headers in 292 bytes (1 switches on core 0)
Aug 13 08:46:37.308103 np0000007181 devstack@c-api.service[100160]: DEBUG cinder.api.middleware.request_id [None req-6df64753-9352-431d-bea0-9ca14b822634 None None] RequestId filter calling following filter/app {{(pid=100160) _context_setter /opt/stack/cinder/cinder/api/middleware/request_id.py:62}}
Aug 13 08:46:37.308255 np0000007181 devstack@c-api.service[100161]: DEBUG cinder.api.middleware.request_id [None req-0c669344-aa37-4d72-b689-03346eee977a None None] RequestId filter calling following filter/app {{(pid=100161) _context_setter /opt/stack/cinder/cinder/api/middleware/request_id.py:62}}
Aug 13 08:46:37.310140 np0000007181 devstack@c-api.service[100160]: INFO cinder.api.openstack.wsgi [None req-6df64753-9352-431d-bea0-9ca14b822634 tempest-VolumesDeleteCascade-1469283781 tempest-VolumesDeleteCascade-1469283781-project-member] GET https://10.4.3.24/volume/v3/volumes/ecf5c0c9-df68-4bde-888d-b5461ab3daa1
Aug 13 08:46:37.310349 np0000007181 devstack@c-api.service[100160]: DEBUG cinder.api.openstack.wsgi [None req-6df64753-9352-431d-bea0-9ca14b822634 tempest-VolumesDeleteCascade-1469283781 tempest-VolumesDeleteCascade-1469283781-project-member] Empty body provided in request {{(pid=100160) get_body /opt/stack/cinder/cinder/api/openstack/wsgi.py:725}}
Aug 13 08:46:37.310581 np0000007181 devstack@c-api.service[100160]: DEBUG cinder.api.openstack.wsgi [None req-6df64753-9352-431d-bea0-9ca14b822634 tempest-VolumesDeleteCascade-1469283781 tempest-VolumesDeleteCascade-1469283781-project-member] Calling method 'show' {{(pid=100160) _process_stack /opt/stack/cinder/cinder/api/openstack/wsgi.py:878}}
Aug 13 08:46:37.310786 np0000007181 devstack@c-api.service[100161]: INFO cinder.api.openstack.wsgi [None req-0c669344-aa37-4d72-b689-03346eee977a tempest-QosSpecsTestJSON-38885881 tempest-QosSpecsTestJSON-38885881-project-admin] GET https://10.4.3.24/volume/v3/qos-specs/cdb46de5-ee92-4a2d-b2a6-f69cf7c7caef
Aug 13 08:46:37.311337 np0000007181 devstack@c-api.service[100161]: DEBUG cinder.api.openstack.wsgi [None req-0c669344-aa37-4d72-b689-03346eee977a tempest-QosSpecsTestJSON-38885881 tempest-QosSpecsTestJSON-38885881-project-admin] Empty body provided in request {{(pid=100161) get_body /opt/stack/cinder/cinder/api/openstack/wsgi.py:725}}
Aug 13 08:46:37.312020 np0000007181 devstack@c-api.service[100161]: DEBUG cinder.api.openstack.wsgi [None req-0c669344-aa37-4d72-b689-03346eee977a tempest-QosSpecsTestJSON-38885881 tempest-QosSpecsTestJSON-38885881-project-admin] Calling method 'show' {{(pid=100161) _process_stack /opt/stack/cinder/cinder/api/openstack/wsgi.py:878}}
Aug 13 08:46:37.317427 np0000007181 devstack@c-api.service[100161]: INFO cinder.api.openstack.wsgi [None req-0c669344-aa37-4d72-b689-03346eee977a tempest-QosSpecsTestJSON-38885881 tempest-QosSpecsTestJSON-38885881-project-admin] https://10.4.3.24/volume/v3/qos-specs/cdb46de5-ee92-4a2d-b2a6-f69cf7c7caef returned with HTTP 404
Aug 13 08:46:37.318136 np0000007181 devstack@c-api.service[100161]: [pid: 100161|app: 0|req: 118/466] 10.4.3.24 () {66 vars in 1347 bytes} [Thu Aug 13 08:46:37 2026] GET /volume/v3/qos-specs/cdb46de5-ee92-4a2d-b2a6-f69cf7c7caef => generated 100 bytes in 10 msecs (HTTP/1.1 404) 7 headers in 292 bytes (1 switches on core 0)
Aug 13 08:46:37.319937 np0000007181 devstack@c-api.service[100160]: /opt/stack/data/venv/lib/python3.12/site-packages/oslo_context/context.py:102: DeprecationWarning: Policy enforcement is depending on the value of is_admin. This key is deprecated. Please update your policy file to use the standard policy values.
Aug 13 08:46:37.319937 np0000007181 devstack@c-api.service[100160]: warnings.warn(
Aug 13 08:46:37.329669 np0000007181 devstack@c-api.service[100159]: DEBUG cinder.api.middleware.request_id [None req-c22b8eff-719f-4b13-a7a3-bba831838cf2 None None] RequestId filter calling following filter/app {{(pid=100159) _context_setter /opt/stack/cinder/cinder/api/middleware/request_id.py:62}}
Aug 13 08:46:37.329782 np0000007181 devstack@c-api.service[100160]: INFO cinder.volume.api [None req-6df64753-9352-431d-bea0-9ca14b822634 tempest-VolumesDeleteCascade-1469283781 tempest-VolumesDeleteCascade-1469283781-project-member] Volume info retrieved successfully.
Aug 13 08:46:37.331541 np0000007181 devstack@c-api.service[100159]: INFO cinder.api.openstack.wsgi [None req-c22b8eff-719f-4b13-a7a3-bba831838cf2 tempest-QosSpecsTestJSON-38885881 tempest-QosSpecsTestJSON-38885881-project-admin] POST https://10.4.3.24/volume/v3/qos-specs
Aug 13 08:46:37.331892 np0000007181 devstack@c-api.service[100159]: DEBUG cinder.api.openstack.wsgi [None req-c22b8eff-719f-4b13-a7a3-bba831838cf2 tempest-QosSpecsTestJSON-38885881 tempest-QosSpecsTestJSON-38885881-project-admin] Action: 'create', calling method: create, body: {"qos_specs": {"name": "tempest-QosSpecsTestJSON-qos-78563473", "consumer": "both"}} {{(pid=100159) _process_stack /opt/stack/cinder/cinder/api/openstack/wsgi.py:876}}
Aug 13 08:46:37.333404 np0000007181 devstack@c-api.service[100159]: /opt/stack/data/venv/lib/python3.12/site-packages/oslo_context/context.py:102: DeprecationWarning: Policy enforcement is depending on the value of is_admin. This key is deprecated. Please update your policy file to use the standard policy values.
Aug 13 08:46:37.333404 np0000007181 devstack@c-api.service[100159]: warnings.warn(
Aug 13 08:46:37.333762 np0000007181 devstack@c-api.service[100159]: DEBUG cinder.volume.qos_specs [None req-c22b8eff-719f-4b13-a7a3-bba831838cf2 tempest-QosSpecsTestJSON-38885881 tempest-QosSpecsTestJSON-38885881-project-admin] Dict for qos_specs: {'name': 'tempest-QosSpecsTestJSON-qos-78563473', 'consumer': 'both', 'specs': {}} {{(pid=100159) create /opt/stack/cinder/cinder/volume/qos_specs.py:64}}
Aug 13 08:46:37.336014 np0000007181 devstack@c-api.service[100160]: INFO cinder.api.openstack.wsgi [None req-6df64753-9352-431d-bea0-9ca14b822634 tempest-VolumesDeleteCascade-1469283781 tempest-VolumesDeleteCascade-1469283781-project-member] https://10.4.3.24/volume/v3/volumes/ecf5c0c9-df68-4bde-888d-b5461ab3daa1 returned with HTTP 200
Aug 13 08:46:37.336396 np0000007181 devstack@c-api.service[100160]: [pid: 100160|app: 0|req: 119/467] 10.4.3.24 () {66 vars in 1341 bytes} [Thu Aug 13 08:46:37 2026] GET /volume/v3/volumes/ecf5c0c9-df68-4bde-888d-b5461ab3daa1 => generated 851 bytes in 29 msecs (HTTP/1.1 200) 7 headers in 285 bytes (1 switches on core 0)
Aug 13 08:46:37.336618 np0000007181 devstack@c-api.service[100159]: DEBUG cinder.db.api [None req-c22b8eff-719f-4b13-a7a3-bba831838cf2 tempest-QosSpecsTestJSON-38885881 tempest-QosSpecsTestJSON-38885881-project-admin] DB qos_specs_create(): root {'id': 'e649a176-8342-4349-b6ed-de9dc7f1d893', 'key': 'QoS_Specs_Name', 'value': 'tempest-QosSpecsTestJSON-qos-78563473'} {{(pid=100159) qos_specs_create /opt/stack/cinder/cinder/db/api.py:5654}}
Aug 13 08:46:37.342716 np0000007181 devstack@c-api.service[100159]: INFO cinder.api.openstack.wsgi [None req-c22b8eff-719f-4b13-a7a3-bba831838cf2 tempest-QosSpecsTestJSON-38885881 tempest-QosSpecsTestJSON-38885881-project-admin] https://10.4.3.24/volume/v3/qos-specs returned with HTTP 200
Aug 13 08:46:37.343500 np0000007181 devstack@c-api.service[100159]: [pid: 100159|app: 0|req: 112/468] 10.4.3.24 () {68 vars in 1257 bytes} [Thu Aug 13 08:46:37 2026] POST /volume/v3/qos-specs => generated 361 bytes in 14 msecs (HTTP/1.1 200) 7 headers in 285 bytes (1 switches on core 0)
Aug 13 08:46:37.354808 np0000007181 devstack@c-api.service[100158]: DEBUG cinder.api.middleware.request_id [None req-d7b23ede-9594-4430-b24b-7a247e740691 None None] RequestId filter calling following filter/app {{(pid=100158) _context_setter /opt/stack/cinder/cinder/api/middleware/request_id.py:62}}
Aug 13 08:46:37.357796 np0000007181 devstack@c-api.service[100158]: INFO cinder.api.openstack.wsgi [None req-d7b23ede-9594-4430-b24b-7a247e740691 tempest-QosSpecsTestJSON-38885881 tempest-QosSpecsTestJSON-38885881-project-admin] DELETE https://10.4.3.24/volume/v3/qos-specs/e649a176-8342-4349-b6ed-de9dc7f1d893?force=False
Aug 13 08:46:37.357958 np0000007181 devstack@c-api.service[100158]: DEBUG cinder.api.openstack.wsgi [None req-d7b23ede-9594-4430-b24b-7a247e740691 tempest-QosSpecsTestJSON-38885881 tempest-QosSpecsTestJSON-38885881-project-admin] Empty body provided in request {{(pid=100158) get_body /opt/stack/cinder/cinder/api/openstack/wsgi.py:725}}
Aug 13 08:46:37.358149 np0000007181 devstack@c-api.service[100158]: DEBUG cinder.api.openstack.wsgi [None req-d7b23ede-9594-4430-b24b-7a247e740691 tempest-QosSpecsTestJSON-38885881 tempest-QosSpecsTestJSON-38885881-project-admin] Calling method 'delete' {{(pid=100158) _process_stack /opt/stack/cinder/cinder/api/openstack/wsgi.py:878}}
Aug 13 08:46:37.358695 np0000007181 devstack@c-api.service[100158]: DEBUG cinder.api.contrib.qos_specs_manage [None req-d7b23ede-9594-4430-b24b-7a247e740691 tempest-QosSpecsTestJSON-38885881 tempest-QosSpecsTestJSON-38885881-project-admin] Delete qos_spec: e649a176-8342-4349-b6ed-de9dc7f1d893, force: False {{(pid=100158) delete /opt/stack/cinder/cinder/api/contrib/qos_specs_manage.py:169}}
Aug 13 08:46:37.385345 np0000007181 devstack@c-api.service[100158]: INFO cinder.api.openstack.wsgi [None req-d7b23ede-9594-4430-b24b-7a247e740691 tempest-QosSpecsTestJSON-38885881 tempest-QosSpecsTestJSON-38885881-project-admin] https://10.4.3.24/volume/v3/qos-specs/e649a176-8342-4349-b6ed-de9dc7f1d893?force=False returned with HTTP 202
Aug 13 08:46:37.385969 np0000007181 devstack@c-api.service[100158]: [pid: 100158|app: 0|req: 120/469] 10.4.3.24 () {66 vars in 1373 bytes} [Thu Aug 13 08:46:37 2026] DELETE /volume/v3/qos-specs/e649a176-8342-4349-b6ed-de9dc7f1d893?force=False => generated 0 bytes in 33 msecs (HTTP/1.1 202) 6 headers in 233 bytes (1 switches on core 0)
Aug 13 08:46:37.394198 np0000007181 devstack@c-api.service[100161]: DEBUG cinder.api.middleware.request_id [None req-eaa73dbe-8ca1-4419-bdaf-534f35204742 None None] RequestId filter calling following filter/app {{(pid=100161) _context_setter /opt/stack/cinder/cinder/api/middleware/request_id.py:62}}
Aug 13 08:46:37.395954 np0000007181 devstack@c-api.service[100161]: INFO cinder.api.openstack.wsgi [None req-eaa73dbe-8ca1-4419-bdaf-534f35204742 tempest-QosSpecsTestJSON-38885881 tempest-QosSpecsTestJSON-38885881-project-admin] GET https://10.4.3.24/volume/v3/qos-specs/e649a176-8342-4349-b6ed-de9dc7f1d893
Aug 13 08:46:37.396134 np0000007181 devstack@c-api.service[100161]: DEBUG cinder.api.openstack.wsgi [None req-eaa73dbe-8ca1-4419-bdaf-534f35204742 tempest-QosSpecsTestJSON-38885881 tempest-QosSpecsTestJSON-38885881-project-admin] Empty body provided in request {{(pid=100161) get_body /opt/stack/cinder/cinder/api/openstack/wsgi.py:725}}
Aug 13 08:46:37.396316 np0000007181 devstack@c-api.service[100161]: DEBUG cinder.api.openstack.wsgi [None req-eaa73dbe-8ca1-4419-bdaf-534f35204742 tempest-QosSpecsTestJSON-38885881 tempest-QosSpecsTestJSON-38885881-project-admin] Calling method 'show' {{(pid=100161) _process_stack /opt/stack/cinder/cinder/api/openstack/wsgi.py:878}}
Aug 13 08:46:37.400674 np0000007181 devstack@c-api.service[100161]: INFO cinder.api.openstack.wsgi [None req-eaa73dbe-8ca1-4419-bdaf-534f35204742 tempest-QosSpecsTestJSON-38885881 tempest-QosSpecsTestJSON-38885881-project-admin] https://10.4.3.24/volume/v3/qos-specs/e649a176-8342-4349-b6ed-de9dc7f1d893 returned with HTTP 404
Aug 13 08:46:37.401356 np0000007181 devstack@c-api.service[100161]: [pid: 100161|app: 0|req: 119/470] 10.4.3.24 () {66 vars in 1347 bytes} [Thu Aug 13 08:46:37 2026] GET /volume/v3/qos-specs/e649a176-8342-4349-b6ed-de9dc7f1d893 => generated 100 bytes in 7 msecs (HTTP/1.1 404) 7 headers in 292 bytes (1 switches on core 0)
Aug 13 08:46:37.410093 np0000007181 devstack@c-api.service[100160]: DEBUG cinder.api.middleware.request_id [None req-cf7ab0ed-c81f-4dd5-8ffc-65bd4698744f None None] RequestId filter calling following filter/app {{(pid=100160) _context_setter /opt/stack/cinder/cinder/api/middleware/request_id.py:62}}
Aug 13 08:46:37.414186 np0000007181 devstack@c-api.service[100160]: INFO cinder.api.openstack.wsgi [None req-cf7ab0ed-c81f-4dd5-8ffc-65bd4698744f tempest-QosSpecsTestJSON-38885881 tempest-QosSpecsTestJSON-38885881-project-admin] GET https://10.4.3.24/volume/v3/qos-specs
Aug 13 08:46:37.414380 np0000007181 devstack@c-api.service[100160]: DEBUG cinder.api.openstack.wsgi [None req-cf7ab0ed-c81f-4dd5-8ffc-65bd4698744f tempest-QosSpecsTestJSON-38885881 tempest-QosSpecsTestJSON-38885881-project-admin] Empty body provided in request {{(pid=100160) get_body /opt/stack/cinder/cinder/api/openstack/wsgi.py:725}}
Aug 13 08:46:37.414593 np0000007181 devstack@c-api.service[100160]: DEBUG cinder.api.openstack.wsgi [None req-cf7ab0ed-c81f-4dd5-8ffc-65bd4698744f tempest-QosSpecsTestJSON-38885881 tempest-QosSpecsTestJSON-38885881-project-admin] Calling method 'index' {{(pid=100160) _process_stack /opt/stack/cinder/cinder/api/openstack/wsgi.py:878}}
Aug 13 08:46:37.419842 np0000007181 devstack@c-api.service[100160]: INFO cinder.api.openstack.wsgi [None req-cf7ab0ed-c81f-4dd5-8ffc-65bd4698744f tempest-QosSpecsTestJSON-38885881 tempest-QosSpecsTestJSON-38885881-project-admin] https://10.4.3.24/volume/v3/qos-specs returned with HTTP 200
Aug 13 08:46:37.420323 np0000007181 devstack@c-api.service[100160]: [pid: 100160|app: 0|req: 120/471] 10.4.3.24 () {66 vars in 1236 bytes} [Thu Aug 13 08:46:37 2026] GET /volume/v3/qos-specs => generated 175 bytes in 11 msecs (HTTP/1.1 200) 7 headers in 285 bytes (1 switches on core 0)
Aug 13 08:46:37.433685 np0000007181 devstack@c-api.service[100159]: DEBUG cinder.api.middleware.request_id [None req-bbc388e8-6097-4e3d-b3e8-88a6335315a6 None None] RequestId filter calling following filter/app {{(pid=100159) _context_setter /opt/stack/cinder/cinder/api/middleware/request_id.py:62}}
Aug 13 08:46:37.435921 np0000007181 devstack@c-api.service[100159]: INFO cinder.api.openstack.wsgi [None req-bbc388e8-6097-4e3d-b3e8-88a6335315a6 tempest-QosSpecsTestJSON-38885881 tempest-QosSpecsTestJSON-38885881-project-admin] DELETE https://10.4.3.24/volume/v3/qos-specs/e649a176-8342-4349-b6ed-de9dc7f1d893?force=False
Aug 13 08:46:37.436119 np0000007181 devstack@c-api.service[100159]: DEBUG cinder.api.openstack.wsgi [None req-bbc388e8-6097-4e3d-b3e8-88a6335315a6 tempest-QosSpecsTestJSON-38885881 tempest-QosSpecsTestJSON-38885881-project-admin] Empty body provided in request {{(pid=100159) get_body /opt/stack/cinder/cinder/api/openstack/wsgi.py:725}}
Aug 13 08:46:37.436311 np0000007181 devstack@c-api.service[100159]: DEBUG cinder.api.openstack.wsgi [None req-bbc388e8-6097-4e3d-b3e8-88a6335315a6 tempest-QosSpecsTestJSON-38885881 tempest-QosSpecsTestJSON-38885881-project-admin] Calling method 'delete' {{(pid=100159) _process_stack /opt/stack/cinder/cinder/api/openstack/wsgi.py:878}}
Aug 13 08:46:37.436617 np0000007181 devstack@c-api.service[100159]: /opt/stack/data/venv/lib/python3.12/site-packages/oslo_context/context.py:102: DeprecationWarning: Policy enforcement is depending on the value of is_admin. This key is deprecated. Please update your policy file to use the standard policy values.
Aug 13 08:46:37.436617 np0000007181 devstack@c-api.service[100159]: warnings.warn(
Aug 13 08:46:37.436950 np0000007181 devstack@c-api.service[100159]: DEBUG cinder.api.contrib.qos_specs_manage [None req-bbc388e8-6097-4e3d-b3e8-88a6335315a6 tempest-QosSpecsTestJSON-38885881 tempest-QosSpecsTestJSON-38885881-project-admin] Delete qos_spec: e649a176-8342-4349-b6ed-de9dc7f1d893, force: False {{(pid=100159) delete /opt/stack/cinder/cinder/api/contrib/qos_specs_manage.py:169}}
Aug 13 08:46:37.440724 np0000007181 devstack@c-api.service[100159]: INFO cinder.api.openstack.wsgi [None req-bbc388e8-6097-4e3d-b3e8-88a6335315a6 tempest-QosSpecsTestJSON-38885881 tempest-QosSpecsTestJSON-38885881-project-admin] https://10.4.3.24/volume/v3/qos-specs/e649a176-8342-4349-b6ed-de9dc7f1d893?force=False returned with HTTP 404
Aug 13 08:46:37.441439 np0000007181 devstack@c-api.service[100159]: [pid: 100159|app: 0|req: 113/472] 10.4.3.24 () {66 vars in 1373 bytes} [Thu Aug 13 08:46:37 2026] DELETE /volume/v3/qos-specs/e649a176-8342-4349-b6ed-de9dc7f1d893?force=False => generated 100 bytes in 8 msecs (HTTP/1.1 404) 7 headers in 292 bytes (1 switches on core 0)
Aug 13 08:46:37.451579 np0000007181 devstack@c-api.service[100158]: DEBUG cinder.api.middleware.request_id [None req-8f4b6a89-767e-4975-8d24-1cd2a17c4c8b None None] RequestId filter calling following filter/app {{(pid=100158) _context_setter /opt/stack/cinder/cinder/api/middleware/request_id.py:62}}
Aug 13 08:46:37.453888 np0000007181 devstack@c-api.service[100158]: INFO cinder.api.openstack.wsgi [None req-8f4b6a89-767e-4975-8d24-1cd2a17c4c8b tempest-QosSpecsTestJSON-38885881 tempest-QosSpecsTestJSON-38885881-project-admin] GET https://10.4.3.24/volume/v3/qos-specs/e649a176-8342-4349-b6ed-de9dc7f1d893
Aug 13 08:46:37.454153 np0000007181 devstack@c-api.service[100158]: DEBUG cinder.api.openstack.wsgi [None req-8f4b6a89-767e-4975-8d24-1cd2a17c4c8b tempest-QosSpecsTestJSON-38885881 tempest-QosSpecsTestJSON-38885881-project-admin] Empty body provided in request {{(pid=100158) get_body /opt/stack/cinder/cinder/api/openstack/wsgi.py:725}}
Aug 13 08:46:37.454492 np0000007181 devstack@c-api.service[100158]: DEBUG cinder.api.openstack.wsgi [None req-8f4b6a89-767e-4975-8d24-1cd2a17c4c8b tempest-QosSpecsTestJSON-38885881 tempest-QosSpecsTestJSON-38885881-project-admin] Calling method 'show' {{(pid=100158) _process_stack /opt/stack/cinder/cinder/api/openstack/wsgi.py:878}}
Aug 13 08:46:37.454739 np0000007181 devstack@c-api.service[100158]: /opt/stack/data/venv/lib/python3.12/site-packages/oslo_context/context.py:102: DeprecationWarning: Policy enforcement is depending on the value of is_admin. This key is deprecated. Please update your policy file to use the standard policy values.
Aug 13 08:46:37.454739 np0000007181 devstack@c-api.service[100158]: warnings.warn(
Aug 13 08:46:37.460096 np0000007181 devstack@c-api.service[100158]: INFO cinder.api.openstack.wsgi [None req-8f4b6a89-767e-4975-8d24-1cd2a17c4c8b tempest-QosSpecsTestJSON-38885881 tempest-QosSpecsTestJSON-38885881-project-admin] https://10.4.3.24/volume/v3/qos-specs/e649a176-8342-4349-b6ed-de9dc7f1d893 returned with HTTP 404
Aug 13 08:46:37.460096 np0000007181 devstack@c-api.service[100158]: [pid: 100158|app: 0|req: 121/473] 10.4.3.24 () {66 vars in 1347 bytes} [Thu Aug 13 08:46:37 2026] GET /volume/v3/qos-specs/e649a176-8342-4349-b6ed-de9dc7f1d893 => generated 100 bytes in 8 msecs (HTTP/1.1 404) 7 headers in 292 bytes (1 switches on core 0)
Aug 13 08:46:37.474203 np0000007181 devstack@c-api.service[100161]: DEBUG cinder.api.middleware.request_id [None req-70ade4ac-f4b3-4f65-8e88-3838d33c6b76 None None] RequestId filter calling following filter/app {{(pid=100161) _context_setter /opt/stack/cinder/cinder/api/middleware/request_id.py:62}}
Aug 13 08:46:37.476659 np0000007181 devstack@c-api.service[100161]: INFO cinder.api.openstack.wsgi [None req-70ade4ac-f4b3-4f65-8e88-3838d33c6b76 tempest-QosSpecsTestJSON-38885881 tempest-QosSpecsTestJSON-38885881-project-admin] POST https://10.4.3.24/volume/v3/qos-specs
Aug 13 08:46:37.476659 np0000007181 devstack@c-api.service[100161]: DEBUG cinder.api.openstack.wsgi [None req-70ade4ac-f4b3-4f65-8e88-3838d33c6b76 tempest-QosSpecsTestJSON-38885881 tempest-QosSpecsTestJSON-38885881-project-admin] Action: 'create', calling method: create, body: {"qos_specs": {"name": "tempest-QosSpecsTestJSON-qos-1742872329", "consumer": "front-end"}} {{(pid=100161) _process_stack /opt/stack/cinder/cinder/api/openstack/wsgi.py:876}}
Aug 13 08:46:37.478344 np0000007181 devstack@c-api.service[100161]: DEBUG cinder.volume.qos_specs [None req-70ade4ac-f4b3-4f65-8e88-3838d33c6b76 tempest-QosSpecsTestJSON-38885881 tempest-QosSpecsTestJSON-38885881-project-admin] Dict for qos_specs: {'name': 'tempest-QosSpecsTestJSON-qos-1742872329', 'consumer': 'front-end', 'specs': {}} {{(pid=100161) create /opt/stack/cinder/cinder/volume/qos_specs.py:64}}
Aug 13 08:46:37.488708 np0000007181 devstack@c-api.service[100161]: DEBUG cinder.db.api [None req-70ade4ac-f4b3-4f65-8e88-3838d33c6b76 tempest-QosSpecsTestJSON-38885881 tempest-QosSpecsTestJSON-38885881-project-admin] DB qos_specs_create(): root {'id': '112d9052-8990-4ddf-bf46-c36cbec591f8', 'key': 'QoS_Specs_Name', 'value': 'tempest-QosSpecsTestJSON-qos-1742872329'} {{(pid=100161) qos_specs_create /opt/stack/cinder/cinder/db/api.py:5654}}
Aug 13 08:46:37.493167 np0000007181 devstack@c-api.service[100161]: INFO cinder.api.openstack.wsgi [None req-70ade4ac-f4b3-4f65-8e88-3838d33c6b76 tempest-QosSpecsTestJSON-38885881 tempest-QosSpecsTestJSON-38885881-project-admin] https://10.4.3.24/volume/v3/qos-specs returned with HTTP 200
Aug 13 08:46:37.493599 np0000007181 devstack@c-api.service[100161]: [pid: 100161|app: 0|req: 120/474] 10.4.3.24 () {68 vars in 1257 bytes} [Thu Aug 13 08:46:37 2026] POST /volume/v3/qos-specs => generated 368 bytes in 24 msecs (HTTP/1.1 200) 7 headers in 285 bytes (1 switches on core 0)
Aug 13 08:46:37.504395 np0000007181 devstack@c-api.service[100160]: DEBUG cinder.api.middleware.request_id [None req-8babe58f-1fce-4943-a739-c6e8dcedd8f2 None None] RequestId filter calling following filter/app {{(pid=100160) _context_setter /opt/stack/cinder/cinder/api/middleware/request_id.py:62}}
Aug 13 08:46:37.507868 np0000007181 devstack@c-api.service[100160]: INFO cinder.api.openstack.wsgi [None req-8babe58f-1fce-4943-a739-c6e8dcedd8f2 tempest-QosSpecsTestJSON-38885881 tempest-QosSpecsTestJSON-38885881-project-admin] DELETE https://10.4.3.24/volume/v3/qos-specs/112d9052-8990-4ddf-bf46-c36cbec591f8?force=False
Aug 13 08:46:37.508187 np0000007181 devstack@c-api.service[100160]: DEBUG cinder.api.openstack.wsgi [None req-8babe58f-1fce-4943-a739-c6e8dcedd8f2 tempest-QosSpecsTestJSON-38885881 tempest-QosSpecsTestJSON-38885881-project-admin] Empty body provided in request {{(pid=100160) get_body /opt/stack/cinder/cinder/api/openstack/wsgi.py:725}}
Aug 13 08:46:37.508519 np0000007181 devstack@c-api.service[100160]: DEBUG cinder.api.openstack.wsgi [None req-8babe58f-1fce-4943-a739-c6e8dcedd8f2 tempest-QosSpecsTestJSON-38885881 tempest-QosSpecsTestJSON-38885881-project-admin] Calling method 'delete' {{(pid=100160) _process_stack /opt/stack/cinder/cinder/api/openstack/wsgi.py:878}}
Aug 13 08:46:37.508893 np0000007181 devstack@c-api.service[100160]: /opt/stack/data/venv/lib/python3.12/site-packages/oslo_context/context.py:102: DeprecationWarning: Policy enforcement is depending on the value of is_admin. This key is deprecated. Please update your policy file to use the standard policy values.
Aug 13 08:46:37.508893 np0000007181 devstack@c-api.service[100160]: warnings.warn(
Aug 13 08:46:37.509481 np0000007181 devstack@c-api.service[100160]: DEBUG cinder.api.contrib.qos_specs_manage [None req-8babe58f-1fce-4943-a739-c6e8dcedd8f2 tempest-QosSpecsTestJSON-38885881 tempest-QosSpecsTestJSON-38885881-project-admin] Delete qos_spec: 112d9052-8990-4ddf-bf46-c36cbec591f8, force: False {{(pid=100160) delete /opt/stack/cinder/cinder/api/contrib/qos_specs_manage.py:169}}
Aug 13 08:46:37.541515 np0000007181 devstack@c-api.service[100160]: INFO cinder.api.openstack.wsgi [None req-8babe58f-1fce-4943-a739-c6e8dcedd8f2 tempest-QosSpecsTestJSON-38885881 tempest-QosSpecsTestJSON-38885881-project-admin] https://10.4.3.24/volume/v3/qos-specs/112d9052-8990-4ddf-bf46-c36cbec591f8?force=False returned with HTTP 202
Aug 13 08:46:37.544327 np0000007181 devstack@c-api.service[100160]: [pid: 100160|app: 0|req: 121/475] 10.4.3.24 () {66 vars in 1373 bytes} [Thu Aug 13 08:46:37 2026] DELETE /volume/v3/qos-specs/112d9052-8990-4ddf-bf46-c36cbec591f8?force=False => generated 0 bytes in 38 msecs (HTTP/1.1 202) 6 headers in 233 bytes (1 switches on core 0)
Aug 13 08:46:37.550482 np0000007181 devstack@c-api.service[100159]: DEBUG cinder.api.middleware.request_id [None req-01e25316-4c5f-4aab-b9d7-70d571218b7f None None] RequestId filter calling following filter/app {{(pid=100159) _context_setter /opt/stack/cinder/cinder/api/middleware/request_id.py:62}}
Aug 13 08:46:37.556930 np0000007181 devstack@c-api.service[100159]: INFO cinder.api.openstack.wsgi [None req-01e25316-4c5f-4aab-b9d7-70d571218b7f tempest-QosSpecsTestJSON-38885881 tempest-QosSpecsTestJSON-38885881-project-admin] GET https://10.4.3.24/volume/v3/qos-specs/112d9052-8990-4ddf-bf46-c36cbec591f8
Aug 13 08:46:37.557197 np0000007181 devstack@c-api.service[100159]: DEBUG cinder.api.openstack.wsgi [None req-01e25316-4c5f-4aab-b9d7-70d571218b7f tempest-QosSpecsTestJSON-38885881 tempest-QosSpecsTestJSON-38885881-project-admin] Empty body provided in request {{(pid=100159) get_body /opt/stack/cinder/cinder/api/openstack/wsgi.py:725}}
Aug 13 08:46:37.557492 np0000007181 devstack@c-api.service[100159]: DEBUG cinder.api.openstack.wsgi [None req-01e25316-4c5f-4aab-b9d7-70d571218b7f tempest-QosSpecsTestJSON-38885881 tempest-QosSpecsTestJSON-38885881-project-admin] Calling method 'show' {{(pid=100159) _process_stack /opt/stack/cinder/cinder/api/openstack/wsgi.py:878}}
Aug 13 08:46:37.566109 np0000007181 devstack@c-api.service[100159]: INFO cinder.api.openstack.wsgi [None req-01e25316-4c5f-4aab-b9d7-70d571218b7f tempest-QosSpecsTestJSON-38885881 tempest-QosSpecsTestJSON-38885881-project-admin] https://10.4.3.24/volume/v3/qos-specs/112d9052-8990-4ddf-bf46-c36cbec591f8 returned with HTTP 404
Aug 13 08:46:37.566711 np0000007181 devstack@c-api.service[100159]: [pid: 100159|app: 0|req: 114/476] 10.4.3.24 () {66 vars in 1347 bytes} [Thu Aug 13 08:46:37 2026] GET /volume/v3/qos-specs/112d9052-8990-4ddf-bf46-c36cbec591f8 => generated 100 bytes in 17 msecs (HTTP/1.1 404) 7 headers in 292 bytes (1 switches on core 0)
Aug 13 08:46:37.576528 np0000007181 devstack@c-api.service[100158]: DEBUG cinder.api.middleware.request_id [None req-2b2b01b3-da7d-4a24-9fad-65e4b4601d44 None None] RequestId filter calling following filter/app {{(pid=100158) _context_setter /opt/stack/cinder/cinder/api/middleware/request_id.py:62}}
Aug 13 08:46:37.578748 np0000007181 devstack@c-api.service[100158]: INFO cinder.api.openstack.wsgi [None req-2b2b01b3-da7d-4a24-9fad-65e4b4601d44 tempest-QosSpecsTestJSON-38885881 tempest-QosSpecsTestJSON-38885881-project-admin] GET https://10.4.3.24/volume/v3/qos-specs
Aug 13 08:46:37.579004 np0000007181 devstack@c-api.service[100158]: DEBUG cinder.api.openstack.wsgi [None req-2b2b01b3-da7d-4a24-9fad-65e4b4601d44 tempest-QosSpecsTestJSON-38885881 tempest-QosSpecsTestJSON-38885881-project-admin] Empty body provided in request {{(pid=100158) get_body /opt/stack/cinder/cinder/api/openstack/wsgi.py:725}}
Aug 13 08:46:37.579251 np0000007181 devstack@c-api.service[100158]: DEBUG cinder.api.openstack.wsgi [None req-2b2b01b3-da7d-4a24-9fad-65e4b4601d44 tempest-QosSpecsTestJSON-38885881 tempest-QosSpecsTestJSON-38885881-project-admin] Calling method 'index' {{(pid=100158) _process_stack /opt/stack/cinder/cinder/api/openstack/wsgi.py:878}}
Aug 13 08:46:37.598566 np0000007181 devstack@c-api.service[100158]: INFO cinder.api.openstack.wsgi [None req-2b2b01b3-da7d-4a24-9fad-65e4b4601d44 tempest-QosSpecsTestJSON-38885881 tempest-QosSpecsTestJSON-38885881-project-admin] https://10.4.3.24/volume/v3/qos-specs returned with HTTP 200
Aug 13 08:46:37.598566 np0000007181 devstack@c-api.service[100158]: [pid: 100158|app: 0|req: 122/477] 10.4.3.24 () {66 vars in 1236 bytes} [Thu Aug 13 08:46:37 2026] GET /volume/v3/qos-specs => generated 175 bytes in 23 msecs (HTTP/1.1 200) 7 headers in 285 bytes (1 switches on core 0)
Aug 13 08:46:37.607797 np0000007181 devstack@c-api.service[100161]: DEBUG cinder.api.middleware.request_id [None req-ce92ebd3-c5b3-48e0-8bf3-49840b7178db None None] RequestId filter calling following filter/app {{(pid=100161) _context_setter /opt/stack/cinder/cinder/api/middleware/request_id.py:62}}
Aug 13 08:46:37.612676 np0000007181 devstack@c-api.service[100161]: INFO cinder.api.openstack.wsgi [None req-ce92ebd3-c5b3-48e0-8bf3-49840b7178db tempest-QosSpecsTestJSON-38885881 tempest-QosSpecsTestJSON-38885881-project-admin] DELETE https://10.4.3.24/volume/v3/qos-specs/112d9052-8990-4ddf-bf46-c36cbec591f8?force=False
Aug 13 08:46:37.612888 np0000007181 devstack@c-api.service[100161]: DEBUG cinder.api.openstack.wsgi [None req-ce92ebd3-c5b3-48e0-8bf3-49840b7178db tempest-QosSpecsTestJSON-38885881 tempest-QosSpecsTestJSON-38885881-project-admin] Empty body provided in request {{(pid=100161) get_body /opt/stack/cinder/cinder/api/openstack/wsgi.py:725}}
Aug 13 08:46:37.613150 np0000007181 devstack@c-api.service[100161]: DEBUG cinder.api.openstack.wsgi [None req-ce92ebd3-c5b3-48e0-8bf3-49840b7178db tempest-QosSpecsTestJSON-38885881 tempest-QosSpecsTestJSON-38885881-project-admin] Calling method 'delete' {{(pid=100161) _process_stack /opt/stack/cinder/cinder/api/openstack/wsgi.py:878}}
Aug 13 08:46:37.613401 np0000007181 devstack@c-api.service[100161]: /opt/stack/data/venv/lib/python3.12/site-packages/oslo_context/context.py:102: DeprecationWarning: Policy enforcement is depending on the value of is_admin. This key is deprecated. Please update your policy file to use the standard policy values.
Aug 13 08:46:37.613401 np0000007181 devstack@c-api.service[100161]: warnings.warn(
Aug 13 08:46:37.613821 np0000007181 devstack@c-api.service[100161]: DEBUG cinder.api.contrib.qos_specs_manage [None req-ce92ebd3-c5b3-48e0-8bf3-49840b7178db tempest-QosSpecsTestJSON-38885881 tempest-QosSpecsTestJSON-38885881-project-admin] Delete qos_spec: 112d9052-8990-4ddf-bf46-c36cbec591f8, force: False {{(pid=100161) delete /opt/stack/cinder/cinder/api/contrib/qos_specs_manage.py:169}}
Aug 13 08:46:37.617850 np0000007181 devstack@c-api.service[100160]: DEBUG cinder.api.middleware.request_id [None req-9883d533-b2c5-4d84-be91-941b00325b55 None None] RequestId filter calling following filter/app {{(pid=100160) _context_setter /opt/stack/cinder/cinder/api/middleware/request_id.py:62}}
Aug 13 08:46:37.618214 np0000007181 devstack@c-api.service[100160]: INFO cinder.api.openstack.wsgi [None req-9883d533-b2c5-4d84-be91-941b00325b55 tempest-TaggedAttachmentsTest-968616248 tempest-TaggedAttachmentsTest-968616248-project-member] DELETE https://10.4.3.24/volume/v3/volumes/c0aabb60-8827-45bd-9a2b-ea411a30a94b
Aug 13 08:46:37.618270 np0000007181 devstack@c-api.service[100161]: INFO cinder.api.openstack.wsgi [None req-ce92ebd3-c5b3-48e0-8bf3-49840b7178db tempest-QosSpecsTestJSON-38885881 tempest-QosSpecsTestJSON-38885881-project-admin] https://10.4.3.24/volume/v3/qos-specs/112d9052-8990-4ddf-bf46-c36cbec591f8?force=False returned with HTTP 404
Aug 13 08:46:37.618475 np0000007181 devstack@c-api.service[100160]: DEBUG cinder.api.openstack.wsgi [None req-9883d533-b2c5-4d84-be91-941b00325b55 tempest-TaggedAttachmentsTest-968616248 tempest-TaggedAttachmentsTest-968616248-project-member] Empty body provided in request {{(pid=100160) get_body /opt/stack/cinder/cinder/api/openstack/wsgi.py:725}}
Aug 13 08:46:37.618780 np0000007181 devstack@c-api.service[100160]: DEBUG cinder.api.openstack.wsgi [None req-9883d533-b2c5-4d84-be91-941b00325b55 tempest-TaggedAttachmentsTest-968616248 tempest-TaggedAttachmentsTest-968616248-project-member] Calling method 'delete' {{(pid=100160) _process_stack /opt/stack/cinder/cinder/api/openstack/wsgi.py:878}}
Aug 13 08:46:37.618923 np0000007181 devstack@c-api.service[100160]: INFO cinder.api.v3.volumes [None req-9883d533-b2c5-4d84-be91-941b00325b55 tempest-TaggedAttachmentsTest-968616248 tempest-TaggedAttachmentsTest-968616248-project-member] Delete volume with id: c0aabb60-8827-45bd-9a2b-ea411a30a94b
Aug 13 08:46:37.618996 np0000007181 devstack@c-api.service[100161]: [pid: 100161|app: 0|req: 121/478] 10.4.3.24 () {66 vars in 1373 bytes} [Thu Aug 13 08:46:37 2026] DELETE /volume/v3/qos-specs/112d9052-8990-4ddf-bf46-c36cbec591f8?force=False => generated 100 bytes in 12 msecs (HTTP/1.1 404) 7 headers in 292 bytes (1 switches on core 0)
Aug 13 08:46:37.627835 np0000007181 devstack@c-api.service[100160]: /opt/stack/data/venv/lib/python3.12/site-packages/oslo_context/context.py:102: DeprecationWarning: Policy enforcement is depending on the value of is_admin. This key is deprecated. Please update your policy file to use the standard policy values.
Aug 13 08:46:37.627835 np0000007181 devstack@c-api.service[100160]: warnings.warn(
Aug 13 08:46:37.628416 np0000007181 devstack@c-api.service[100160]: INFO cinder.volume.api [None req-9883d533-b2c5-4d84-be91-941b00325b55 tempest-TaggedAttachmentsTest-968616248 tempest-TaggedAttachmentsTest-968616248-project-member] Volume info retrieved successfully.
Aug 13 08:46:37.629109 np0000007181 devstack@c-api.service[100159]: DEBUG cinder.api.middleware.request_id [None req-689aadef-b79b-4ecf-9873-0360da87514e None None] RequestId filter calling following filter/app {{(pid=100159) _context_setter /opt/stack/cinder/cinder/api/middleware/request_id.py:62}}
Aug 13 08:46:37.634290 np0000007181 devstack@c-api.service[100159]: INFO cinder.api.openstack.wsgi [None req-689aadef-b79b-4ecf-9873-0360da87514e tempest-QosSpecsTestJSON-38885881 tempest-QosSpecsTestJSON-38885881-project-admin] GET https://10.4.3.24/volume/v3/qos-specs/112d9052-8990-4ddf-bf46-c36cbec591f8
Aug 13 08:46:37.634544 np0000007181 devstack@c-api.service[100159]: DEBUG cinder.api.openstack.wsgi [None req-689aadef-b79b-4ecf-9873-0360da87514e tempest-QosSpecsTestJSON-38885881 tempest-QosSpecsTestJSON-38885881-project-admin] Empty body provided in request {{(pid=100159) get_body /opt/stack/cinder/cinder/api/openstack/wsgi.py:725}}
Aug 13 08:46:37.634859 np0000007181 devstack@c-api.service[100159]: DEBUG cinder.api.openstack.wsgi [None req-689aadef-b79b-4ecf-9873-0360da87514e tempest-QosSpecsTestJSON-38885881 tempest-QosSpecsTestJSON-38885881-project-admin] Calling method 'show' {{(pid=100159) _process_stack /opt/stack/cinder/cinder/api/openstack/wsgi.py:878}}
Aug 13 08:46:37.641337 np0000007181 devstack@c-api.service[100159]: INFO cinder.api.openstack.wsgi [None req-689aadef-b79b-4ecf-9873-0360da87514e tempest-QosSpecsTestJSON-38885881 tempest-QosSpecsTestJSON-38885881-project-admin] https://10.4.3.24/volume/v3/qos-specs/112d9052-8990-4ddf-bf46-c36cbec591f8 returned with HTTP 404
Aug 13 08:46:37.642023 np0000007181 devstack@c-api.service[100159]: [pid: 100159|app: 0|req: 115/479] 10.4.3.24 () {66 vars in 1347 bytes} [Thu Aug 13 08:46:37 2026] GET /volume/v3/qos-specs/112d9052-8990-4ddf-bf46-c36cbec591f8 => generated 100 bytes in 13 msecs (HTTP/1.1 404) 7 headers in 292 bytes (1 switches on core 0)
