Aug 13 08:42:41.876842 np0000007181 nova-scheduler[96631]: DEBUG cotyledon.oslo_config_glue [-] workarounds.libvirt_disable_apic = False {{(pid=96631) log_opt_values /opt/stack/data/venv/lib/python3.12/site-packages/oslo_config/cfg.py:3545}}
Aug 13 08:42:41.876842 np0000007181 nova-scheduler[96631]: DEBUG cotyledon.oslo_config_glue [-] workarounds.never_download_image_if_on_rbd = False {{(pid=96631) log_opt_values /opt/stack/data/venv/lib/python3.12/site-packages/oslo_config/cfg.py:3545}}
Aug 13 08:42:41.876842 np0000007181 nova-scheduler[96631]: DEBUG cotyledon.oslo_config_glue [-] workarounds.qemu_monitor_announce_self_count = 3 {{(pid=96631) log_opt_values /opt/stack/data/venv/lib/python3.12/site-packages/oslo_config/cfg.py:3545}}
Aug 13 08:42:41.876842 np0000007181 nova-scheduler[96631]: DEBUG cotyledon.oslo_config_glue [-] workarounds.qemu_monitor_announce_self_interval = 1 {{(pid=96631) log_opt_values /opt/stack/data/venv/lib/python3.12/site-packages/oslo_config/cfg.py:3545}}
Aug 13 08:42:41.876842 np0000007181 nova-scheduler[96631]: DEBUG cotyledon.oslo_config_glue [-] workarounds.reserve_disk_resource_for_image_cache = False {{(pid=96631) log_opt_values /opt/stack/data/venv/lib/python3.12/site-packages/oslo_config/cfg.py:3545}}
Aug 13 08:42:41.876842 np0000007181 nova-scheduler[96631]: DEBUG cotyledon.oslo_config_glue [-] workarounds.skip_cpu_compare_at_startup = False {{(pid=96631) log_opt_values /opt/stack/data/venv/lib/python3.12/site-packages/oslo_config/cfg.py:3545}}
Aug 13 08:42:41.876842 np0000007181 nova-scheduler[96631]: DEBUG cotyledon.oslo_config_glue [-] workarounds.skip_cpu_compare_on_dest = False {{(pid=96631) log_opt_values /opt/stack/data/venv/lib/python3.12/site-packages/oslo_config/cfg.py:3545}}
Aug 13 08:42:41.876842 np0000007181 nova-scheduler[96631]: DEBUG cotyledon.oslo_config_glue [-] workarounds.skip_hypervisor_version_check_on_lm = False {{(pid=96631) log_opt_values /opt/stack/data/venv/lib/python3.12/site-packages/oslo_config/cfg.py:3545}}
Aug 13 08:42:41.877010 np0000007181 nova-scheduler[96631]: DEBUG cotyledon.oslo_config_glue [-] workarounds.skip_reserve_in_use_ironic_nodes = False {{(pid=96631) log_opt_values /opt/stack/data/venv/lib/python3.12/site-packages/oslo_config/cfg.py:3545}}
Aug 13 08:42:41.877010 np0000007181 nova-scheduler[96631]: DEBUG cotyledon.oslo_config_glue [-] workarounds.unified_limits_count_pcpu_as_vcpu = False {{(pid=96631) log_opt_values /opt/stack/data/venv/lib/python3.12/site-packages/oslo_config/cfg.py:3545}}
Aug 13 08:42:41.877010 np0000007181 nova-scheduler[96631]: DEBUG cotyledon.oslo_config_glue [-] workarounds.wait_for_vif_plugged_event_during_hard_reboot = [] {{(pid=96631) log_opt_values /opt/stack/data/venv/lib/python3.12/site-packages/oslo_config/cfg.py:3545}}
Aug 13 08:42:41.877010 np0000007181 nova-scheduler[96631]: DEBUG cotyledon.oslo_config_glue [-] wsgi.api_paste_config = /etc/nova/api-paste.ini {{(pid=96631) log_opt_values /opt/stack/data/venv/lib/python3.12/site-packages/oslo_config/cfg.py:3545}}
Aug 13 08:42:41.877010 np0000007181 nova-scheduler[96631]: DEBUG cotyledon.oslo_config_glue [-] wsgi.secure_proxy_ssl_header = None {{(pid=96631) log_opt_values /opt/stack/data/venv/lib/python3.12/site-packages/oslo_config/cfg.py:3545}}
Aug 13 08:42:41.877010 np0000007181 nova-scheduler[96631]: DEBUG cotyledon.oslo_config_glue [-] zvm.ca_file = None {{(pid=96631) log_opt_values /opt/stack/data/venv/lib/python3.12/site-packages/oslo_config/cfg.py:3545}}
Aug 13 08:42:41.877010 np0000007181 nova-scheduler[96631]: DEBUG cotyledon.oslo_config_glue [-] zvm.cloud_connector_url = None {{(pid=96631) log_opt_values /opt/stack/data/venv/lib/python3.12/site-packages/oslo_config/cfg.py:3545}}
Aug 13 08:42:41.877010 np0000007181 nova-scheduler[96631]: DEBUG cotyledon.oslo_config_glue [-] zvm.image_tmp_path = /opt/stack/data/nova/images {{(pid=96631) log_opt_values /opt/stack/data/venv/lib/python3.12/site-packages/oslo_config/cfg.py:3545}}
Aug 13 08:42:41.877010 np0000007181 nova-scheduler[96631]: DEBUG cotyledon.oslo_config_glue [-] zvm.reachable_timeout = 300 {{(pid=96631) log_opt_values /opt/stack/data/venv/lib/python3.12/site-packages/oslo_config/cfg.py:3545}}
Aug 13 08:42:41.877193 np0000007181 nova-scheduler[96631]: DEBUG cotyledon.oslo_config_glue [-] oslo_versionedobjects.fatal_exception_format_errors = False {{(pid=96631) log_opt_values /opt/stack/data/venv/lib/python3.12/site-packages/oslo_config/cfg.py:3545}}
Aug 13 08:42:41.877193 np0000007181 nova-scheduler[96631]: DEBUG cotyledon.oslo_config_glue [-] oslo_middleware.http_basic_auth_user_file = /etc/htpasswd {{(pid=96631) log_opt_values /opt/stack/data/venv/lib/python3.12/site-packages/oslo_config/cfg.py:3545}}
Aug 13 08:42:41.877193 np0000007181 nova-scheduler[96631]: DEBUG cotyledon.oslo_config_glue [-] oslo_messaging_metrics.metrics_buffer_size = 1000 {{(pid=96631) log_opt_values /opt/stack/data/venv/lib/python3.12/site-packages/oslo_config/cfg.py:3545}}
Aug 13 08:42:41.877193 np0000007181 nova-scheduler[96631]: DEBUG cotyledon.oslo_config_glue [-] oslo_messaging_metrics.metrics_enabled = False {{(pid=96631) log_opt_values /opt/stack/data/venv/lib/python3.12/site-packages/oslo_config/cfg.py:3545}}
Aug 13 08:42:41.877193 np0000007181 nova-scheduler[96631]: DEBUG cotyledon.oslo_config_glue [-] oslo_messaging_metrics.metrics_process_name = {{(pid=96631) log_opt_values /opt/stack/data/venv/lib/python3.12/site-packages/oslo_config/cfg.py:3545}}
Aug 13 08:42:41.877193 np0000007181 nova-scheduler[96631]: DEBUG cotyledon.oslo_config_glue [-] oslo_messaging_metrics.metrics_socket_file = /var/tmp/metrics_collector.sock {{(pid=96631) log_opt_values /opt/stack/data/venv/lib/python3.12/site-packages/oslo_config/cfg.py:3545}}
Aug 13 08:42:41.877193 np0000007181 nova-scheduler[96631]: DEBUG cotyledon.oslo_config_glue [-] oslo_messaging_metrics.metrics_thread_stop_timeout = 10 {{(pid=96631) log_opt_values /opt/stack/data/venv/lib/python3.12/site-packages/oslo_config/cfg.py:3545}}
Aug 13 08:42:41.877193 np0000007181 nova-scheduler[96631]: DEBUG cotyledon.oslo_config_glue [-] profiler.connection_string = messaging:// {{(pid=96631) log_opt_values /opt/stack/data/venv/lib/python3.12/site-packages/oslo_config/cfg.py:3545}}
Aug 13 08:42:41.877349 np0000007181 nova-scheduler[96631]: DEBUG cotyledon.oslo_config_glue [-] profiler.enabled = False {{(pid=96631) log_opt_values /opt/stack/data/venv/lib/python3.12/site-packages/oslo_config/cfg.py:3545}}
Aug 13 08:42:41.877349 np0000007181 nova-scheduler[96631]: DEBUG cotyledon.oslo_config_glue [-] profiler.es_doc_type = notification {{(pid=96631) log_opt_values /opt/stack/data/venv/lib/python3.12/site-packages/oslo_config/cfg.py:3545}}
Aug 13 08:42:41.877349 np0000007181 nova-scheduler[96631]: DEBUG cotyledon.oslo_config_glue [-] profiler.es_scroll_size = 10000 {{(pid=96631) log_opt_values /opt/stack/data/venv/lib/python3.12/site-packages/oslo_config/cfg.py:3545}}
Aug 13 08:42:41.877349 np0000007181 nova-scheduler[96631]: DEBUG cotyledon.oslo_config_glue [-] profiler.es_scroll_time = 2m {{(pid=96631) log_opt_values /opt/stack/data/venv/lib/python3.12/site-packages/oslo_config/cfg.py:3545}}
Aug 13 08:42:41.877349 np0000007181 nova-scheduler[96631]: DEBUG cotyledon.oslo_config_glue [-] profiler.filter_error_trace = False {{(pid=96631) log_opt_values /opt/stack/data/venv/lib/python3.12/site-packages/oslo_config/cfg.py:3545}}
Aug 13 08:42:41.877349 np0000007181 nova-scheduler[96631]: DEBUG cotyledon.oslo_config_glue [-] profiler.hmac_keys = **** {{(pid=96631) log_opt_values /opt/stack/data/venv/lib/python3.12/site-packages/oslo_config/cfg.py:3545}}
Aug 13 08:42:41.877349 np0000007181 nova-scheduler[96631]: DEBUG cotyledon.oslo_config_glue [-] profiler.sentinel_service_name = mymaster {{(pid=96631) log_opt_values /opt/stack/data/venv/lib/python3.12/site-packages/oslo_config/cfg.py:3545}}
Aug 13 08:42:41.877349 np0000007181 nova-scheduler[96631]: DEBUG cotyledon.oslo_config_glue [-] profiler.socket_timeout = 0.1 {{(pid=96631) log_opt_values /opt/stack/data/venv/lib/python3.12/site-packages/oslo_config/cfg.py:3545}}
Aug 13 08:42:41.877349 np0000007181 nova-scheduler[96631]: DEBUG cotyledon.oslo_config_glue [-] profiler.trace_requests = False {{(pid=96631) log_opt_values /opt/stack/data/venv/lib/python3.12/site-packages/oslo_config/cfg.py:3545}}
Aug 13 08:42:41.877568 np0000007181 nova-scheduler[96631]: DEBUG cotyledon.oslo_config_glue [-] profiler.trace_sqlalchemy = False {{(pid=96631) log_opt_values /opt/stack/data/venv/lib/python3.12/site-packages/oslo_config/cfg.py:3545}}
Aug 13 08:42:41.877568 np0000007181 nova-scheduler[96631]: DEBUG cotyledon.oslo_config_glue [-] profiler_jaeger.process_tags = {} {{(pid=96631) log_opt_values /opt/stack/data/venv/lib/python3.12/site-packages/oslo_config/cfg.py:3545}}
Aug 13 08:42:41.877568 np0000007181 nova-scheduler[96631]: DEBUG cotyledon.oslo_config_glue [-] profiler_jaeger.service_name_prefix = None {{(pid=96631) log_opt_values /opt/stack/data/venv/lib/python3.12/site-packages/oslo_config/cfg.py:3545}}
Aug 13 08:42:41.877568 np0000007181 nova-scheduler[96631]: DEBUG cotyledon.oslo_config_glue [-] profiler_otlp.service_name_prefix = None {{(pid=96631) log_opt_values /opt/stack/data/venv/lib/python3.12/site-packages/oslo_config/cfg.py:3545}}
Aug 13 08:42:41.877568 np0000007181 nova-scheduler[96631]: DEBUG cotyledon.oslo_config_glue [-] oslo_messaging_rabbit.amqp_auto_delete = False {{(pid=96631) log_opt_values /opt/stack/data/venv/lib/python3.12/site-packages/oslo_config/cfg.py:3545}}
Aug 13 08:42:41.877568 np0000007181 nova-scheduler[96631]: DEBUG cotyledon.oslo_config_glue [-] oslo_messaging_rabbit.amqp_durable_queues = False {{(pid=96631) log_opt_values /opt/stack/data/venv/lib/python3.12/site-packages/oslo_config/cfg.py:3545}}
Aug 13 08:42:41.877568 np0000007181 nova-scheduler[96631]: DEBUG cotyledon.oslo_config_glue [-] oslo_messaging_rabbit.conn_pool_min_size = 2 {{(pid=96631) log_opt_values /opt/stack/data/venv/lib/python3.12/site-packages/oslo_config/cfg.py:3545}}
Aug 13 08:42:41.877568 np0000007181 nova-scheduler[96631]: DEBUG cotyledon.oslo_config_glue [-] oslo_messaging_rabbit.conn_pool_ttl = 1200 {{(pid=96631) log_opt_values /opt/stack/data/venv/lib/python3.12/site-packages/oslo_config/cfg.py:3545}}
Aug 13 08:42:41.877568 np0000007181 nova-scheduler[96631]: DEBUG cotyledon.oslo_config_glue [-] oslo_messaging_rabbit.direct_mandatory_flag = True {{(pid=96631) log_opt_values /opt/stack/data/venv/lib/python3.12/site-packages/oslo_config/cfg.py:3545}}
Aug 13 08:42:41.877748 np0000007181 nova-scheduler[96631]: DEBUG cotyledon.oslo_config_glue [-] oslo_messaging_rabbit.enable_cancel_on_failover = False {{(pid=96631) log_opt_values /opt/stack/data/venv/lib/python3.12/site-packages/oslo_config/cfg.py:3545}}
Aug 13 08:42:41.877748 np0000007181 nova-scheduler[96631]: DEBUG cotyledon.oslo_config_glue [-] oslo_messaging_rabbit.heartbeat_rate = 3 {{(pid=96631) log_opt_values /opt/stack/data/venv/lib/python3.12/site-packages/oslo_config/cfg.py:3545}}
Aug 13 08:42:41.877748 np0000007181 nova-scheduler[96631]: DEBUG cotyledon.oslo_config_glue [-] oslo_messaging_rabbit.heartbeat_timeout_threshold = 60 {{(pid=96631) log_opt_values /opt/stack/data/venv/lib/python3.12/site-packages/oslo_config/cfg.py:3545}}
Aug 13 08:42:41.877748 np0000007181 nova-scheduler[96631]: DEBUG cotyledon.oslo_config_glue [-] oslo_messaging_rabbit.hostname = np0000007181 {{(pid=96631) log_opt_values /opt/stack/data/venv/lib/python3.12/site-packages/oslo_config/cfg.py:3545}}
Aug 13 08:42:41.877748 np0000007181 nova-scheduler[96631]: DEBUG cotyledon.oslo_config_glue [-] oslo_messaging_rabbit.kombu_compression = None {{(pid=96631) log_opt_values /opt/stack/data/venv/lib/python3.12/site-packages/oslo_config/cfg.py:3545}}
Aug 13 08:42:41.877748 np0000007181 nova-scheduler[96631]: DEBUG cotyledon.oslo_config_glue [-] oslo_messaging_rabbit.kombu_failover_strategy = round-robin {{(pid=96631) log_opt_values /opt/stack/data/venv/lib/python3.12/site-packages/oslo_config/cfg.py:3545}}
Aug 13 08:42:41.877748 np0000007181 nova-scheduler[96631]: DEBUG cotyledon.oslo_config_glue [-] oslo_messaging_rabbit.kombu_missing_consumer_retry_timeout = 60 {{(pid=96631) log_opt_values /opt/stack/data/venv/lib/python3.12/site-packages/oslo_config/cfg.py:3545}}
Aug 13 08:42:41.877748 np0000007181 nova-scheduler[96631]: DEBUG cotyledon.oslo_config_glue [-] oslo_messaging_rabbit.kombu_reconnect_delay = 1.0 {{(pid=96631) log_opt_values /opt/stack/data/venv/lib/python3.12/site-packages/oslo_config/cfg.py:3545}}
Aug 13 08:42:41.877748 np0000007181 nova-scheduler[96631]: DEBUG cotyledon.oslo_config_glue [-] oslo_messaging_rabbit.kombu_reconnect_splay = 0.0 {{(pid=96631) log_opt_values /opt/stack/data/venv/lib/python3.12/site-packages/oslo_config/cfg.py:3545}}
Aug 13 08:42:41.877916 np0000007181 nova-scheduler[96631]: DEBUG cotyledon.oslo_config_glue [-] oslo_messaging_rabbit.processname = nova-scheduler {{(pid=96631) log_opt_values /opt/stack/data/venv/lib/python3.12/site-packages/oslo_config/cfg.py:3545}}
Aug 13 08:42:41.877916 np0000007181 nova-scheduler[96631]: DEBUG cotyledon.oslo_config_glue [-] oslo_messaging_rabbit.rabbit_ha_queues = False {{(pid=96631) log_opt_values /opt/stack/data/venv/lib/python3.12/site-packages/oslo_config/cfg.py:3545}}
Aug 13 08:42:41.877916 np0000007181 nova-scheduler[96631]: DEBUG cotyledon.oslo_config_glue [-] oslo_messaging_rabbit.rabbit_interval_max = 30 {{(pid=96631) log_opt_values /opt/stack/data/venv/lib/python3.12/site-packages/oslo_config/cfg.py:3545}}
Aug 13 08:42:41.877916 np0000007181 nova-scheduler[96631]: DEBUG cotyledon.oslo_config_glue [-] oslo_messaging_rabbit.rabbit_login_method = AMQPLAIN {{(pid=96631) log_opt_values /opt/stack/data/venv/lib/python3.12/site-packages/oslo_config/cfg.py:3545}}
Aug 13 08:42:41.877916 np0000007181 nova-scheduler[96631]: DEBUG cotyledon.oslo_config_glue [-] oslo_messaging_rabbit.rabbit_qos_prefetch_count = 0 {{(pid=96631) log_opt_values /opt/stack/data/venv/lib/python3.12/site-packages/oslo_config/cfg.py:3545}}
Aug 13 08:42:41.877916 np0000007181 nova-scheduler[96631]: DEBUG cotyledon.oslo_config_glue [-] oslo_messaging_rabbit.rabbit_quorum_delivery_limit = 0 {{(pid=96631) log_opt_values /opt/stack/data/venv/lib/python3.12/site-packages/oslo_config/cfg.py:3545}}
Aug 13 08:42:41.877916 np0000007181 nova-scheduler[96631]: DEBUG cotyledon.oslo_config_glue [-] oslo_messaging_rabbit.rabbit_quorum_max_memory_bytes = 0 {{(pid=96631) log_opt_values /opt/stack/data/venv/lib/python3.12/site-packages/oslo_config/cfg.py:3545}}
Aug 13 08:42:41.877916 np0000007181 nova-scheduler[96631]: DEBUG cotyledon.oslo_config_glue [-] oslo_messaging_rabbit.rabbit_quorum_max_memory_length = 0 {{(pid=96631) log_opt_values /opt/stack/data/venv/lib/python3.12/site-packages/oslo_config/cfg.py:3545}}
Aug 13 08:42:41.877916 np0000007181 nova-scheduler[96631]: DEBUG cotyledon.oslo_config_glue [-] oslo_messaging_rabbit.rabbit_quorum_queue = False {{(pid=96631) log_opt_values /opt/stack/data/venv/lib/python3.12/site-packages/oslo_config/cfg.py:3545}}
Aug 13 08:42:41.878124 np0000007181 nova-scheduler[96631]: DEBUG cotyledon.oslo_config_glue [-] oslo_messaging_rabbit.rabbit_retry_backoff = 2 {{(pid=96631) log_opt_values /opt/stack/data/venv/lib/python3.12/site-packages/oslo_config/cfg.py:3545}}
Aug 13 08:42:41.878124 np0000007181 nova-scheduler[96631]: DEBUG cotyledon.oslo_config_glue [-] oslo_messaging_rabbit.rabbit_retry_interval = 1 {{(pid=96631) log_opt_values /opt/stack/data/venv/lib/python3.12/site-packages/oslo_config/cfg.py:3545}}
Aug 13 08:42:41.878124 np0000007181 nova-scheduler[96631]: DEBUG cotyledon.oslo_config_glue [-] oslo_messaging_rabbit.rabbit_stream_fanout = False {{(pid=96631) log_opt_values /opt/stack/data/venv/lib/python3.12/site-packages/oslo_config/cfg.py:3545}}
Aug 13 08:42:41.878124 np0000007181 nova-scheduler[96631]: DEBUG cotyledon.oslo_config_glue [-] oslo_messaging_rabbit.rabbit_transient_queues_ttl = 1800 {{(pid=96631) log_opt_values /opt/stack/data/venv/lib/python3.12/site-packages/oslo_config/cfg.py:3545}}
Aug 13 08:42:41.878124 np0000007181 nova-scheduler[96631]: DEBUG cotyledon.oslo_config_glue [-] oslo_messaging_rabbit.rabbit_transient_quorum_queue = False {{(pid=96631) log_opt_values /opt/stack/data/venv/lib/python3.12/site-packages/oslo_config/cfg.py:3545}}
Aug 13 08:42:41.878124 np0000007181 nova-scheduler[96631]: DEBUG cotyledon.oslo_config_glue [-] oslo_messaging_rabbit.rpc_conn_pool_size = 30 {{(pid=96631) log_opt_values /opt/stack/data/venv/lib/python3.12/site-packages/oslo_config/cfg.py:3545}}
Aug 13 08:42:41.878124 np0000007181 nova-scheduler[96631]: DEBUG cotyledon.oslo_config_glue [-] oslo_messaging_rabbit.ssl = False {{(pid=96631) log_opt_values /opt/stack/data/venv/lib/python3.12/site-packages/oslo_config/cfg.py:3545}}
Aug 13 08:42:41.878124 np0000007181 nova-scheduler[96631]: DEBUG cotyledon.oslo_config_glue [-] oslo_messaging_rabbit.ssl_ca_file = {{(pid=96631) log_opt_values /opt/stack/data/venv/lib/python3.12/site-packages/oslo_config/cfg.py:3545}}
Aug 13 08:42:41.878124 np0000007181 nova-scheduler[96631]: DEBUG cotyledon.oslo_config_glue [-] oslo_messaging_rabbit.ssl_cert_file = {{(pid=96631) log_opt_values /opt/stack/data/venv/lib/python3.12/site-packages/oslo_config/cfg.py:3545}}
Aug 13 08:42:41.878312 np0000007181 nova-scheduler[96631]: DEBUG cotyledon.oslo_config_glue [-] oslo_messaging_rabbit.ssl_enforce_fips_mode = False {{(pid=96631) log_opt_values /opt/stack/data/venv/lib/python3.12/site-packages/oslo_config/cfg.py:3545}}
Aug 13 08:42:41.878312 np0000007181 nova-scheduler[96631]: DEBUG cotyledon.oslo_config_glue [-] oslo_messaging_rabbit.ssl_enforce_hostname_verification = True {{(pid=96631) log_opt_values /opt/stack/data/venv/lib/python3.12/site-packages/oslo_config/cfg.py:3545}}
Aug 13 08:42:41.878312 np0000007181 nova-scheduler[96631]: DEBUG cotyledon.oslo_config_glue [-] oslo_messaging_rabbit.ssl_key_file = {{(pid=96631) log_opt_values /opt/stack/data/venv/lib/python3.12/site-packages/oslo_config/cfg.py:3545}}
Aug 13 08:42:41.878312 np0000007181 nova-scheduler[96631]: DEBUG cotyledon.oslo_config_glue [-] oslo_messaging_rabbit.ssl_version = {{(pid=96631) log_opt_values /opt/stack/data/venv/lib/python3.12/site-packages/oslo_config/cfg.py:3545}}
Aug 13 08:42:41.878312 np0000007181 nova-scheduler[96631]: DEBUG cotyledon.oslo_config_glue [-] oslo_messaging_rabbit.use_queue_manager = False {{(pid=96631) log_opt_values /opt/stack/data/venv/lib/python3.12/site-packages/oslo_config/cfg.py:3545}}
Aug 13 08:42:41.878312 np0000007181 nova-scheduler[96631]: DEBUG cotyledon.oslo_config_glue [-] oslo_messaging_notifications.driver = ['messagingv2'] {{(pid=96631) log_opt_values /opt/stack/data/venv/lib/python3.12/site-packages/oslo_config/cfg.py:3545}}
Aug 13 08:42:41.878312 np0000007181 nova-scheduler[96631]: DEBUG cotyledon.oslo_config_glue [-] oslo_messaging_notifications.retry = -1 {{(pid=96631) log_opt_values /opt/stack/data/venv/lib/python3.12/site-packages/oslo_config/cfg.py:3545}}
Aug 13 08:42:41.878312 np0000007181 nova-scheduler[96631]: DEBUG cotyledon.oslo_config_glue [-] oslo_messaging_notifications.topics = ['notifications'] {{(pid=96631) log_opt_values /opt/stack/data/venv/lib/python3.12/site-packages/oslo_config/cfg.py:3545}}
Aug 13 08:42:41.878312 np0000007181 nova-scheduler[96631]: DEBUG cotyledon.oslo_config_glue [-] oslo_messaging_notifications.transport_url = **** {{(pid=96631) log_opt_values /opt/stack/data/venv/lib/python3.12/site-packages/oslo_config/cfg.py:3545}}
Aug 13 08:42:41.878506 np0000007181 nova-scheduler[96631]: DEBUG cotyledon.oslo_config_glue [-] oslo_limit.auth_section = None {{(pid=96631) log_opt_values /opt/stack/data/venv/lib/python3.12/site-packages/oslo_config/cfg.py:3545}}
Aug 13 08:42:41.878506 np0000007181 nova-scheduler[96631]: DEBUG cotyledon.oslo_config_glue [-] oslo_limit.auth_type = None {{(pid=96631) log_opt_values /opt/stack/data/venv/lib/python3.12/site-packages/oslo_config/cfg.py:3545}}
Aug 13 08:42:41.878506 np0000007181 nova-scheduler[96631]: DEBUG cotyledon.oslo_config_glue [-] oslo_limit.cafile = None {{(pid=96631) log_opt_values /opt/stack/data/venv/lib/python3.12/site-packages/oslo_config/cfg.py:3545}}
Aug 13 08:42:41.878506 np0000007181 nova-scheduler[96631]: DEBUG cotyledon.oslo_config_glue [-] oslo_limit.certfile = None {{(pid=96631) log_opt_values /opt/stack/data/venv/lib/python3.12/site-packages/oslo_config/cfg.py:3545}}
Aug 13 08:42:41.878506 np0000007181 nova-scheduler[96631]: DEBUG cotyledon.oslo_config_glue [-] oslo_limit.collect_timing = False {{(pid=96631) log_opt_values /opt/stack/data/venv/lib/python3.12/site-packages/oslo_config/cfg.py:3545}}
Aug 13 08:42:41.878506 np0000007181 nova-scheduler[96631]: DEBUG cotyledon.oslo_config_glue [-] oslo_limit.connect_retries = None {{(pid=96631) log_opt_values /opt/stack/data/venv/lib/python3.12/site-packages/oslo_config/cfg.py:3545}}
Aug 13 08:42:41.878506 np0000007181 nova-scheduler[96631]: DEBUG cotyledon.oslo_config_glue [-] oslo_limit.connect_retry_delay = None {{(pid=96631) log_opt_values /opt/stack/data/venv/lib/python3.12/site-packages/oslo_config/cfg.py:3545}}
Aug 13 08:42:41.878506 np0000007181 nova-scheduler[96631]: DEBUG cotyledon.oslo_config_glue [-] oslo_limit.endpoint_id = None {{(pid=96631) log_opt_values /opt/stack/data/venv/lib/python3.12/site-packages/oslo_config/cfg.py:3545}}
Aug 13 08:42:41.878506 np0000007181 nova-scheduler[96631]: DEBUG cotyledon.oslo_config_glue [-] oslo_limit.endpoint_interface = public {{(pid=96631) log_opt_values /opt/stack/data/venv/lib/python3.12/site-packages/oslo_config/cfg.py:3545}}
Aug 13 08:42:41.878738 np0000007181 nova-scheduler[96631]: DEBUG cotyledon.oslo_config_glue [-] oslo_limit.endpoint_override = None {{(pid=96631) log_opt_values /opt/stack/data/venv/lib/python3.12/site-packages/oslo_config/cfg.py:3545}}
Aug 13 08:42:41.878738 np0000007181 nova-scheduler[96631]: DEBUG cotyledon.oslo_config_glue [-] oslo_limit.endpoint_region_name = None {{(pid=96631) log_opt_values /opt/stack/data/venv/lib/python3.12/site-packages/oslo_config/cfg.py:3545}}
Aug 13 08:42:41.878738 np0000007181 nova-scheduler[96631]: DEBUG cotyledon.oslo_config_glue [-] oslo_limit.endpoint_service_name = None {{(pid=96631) log_opt_values /opt/stack/data/venv/lib/python3.12/site-packages/oslo_config/cfg.py:3545}}
Aug 13 08:42:41.878738 np0000007181 nova-scheduler[96631]: DEBUG cotyledon.oslo_config_glue [-] oslo_limit.endpoint_service_type = None {{(pid=96631) log_opt_values /opt/stack/data/venv/lib/python3.12/site-packages/oslo_config/cfg.py:3545}}
Aug 13 08:42:41.878738 np0000007181 nova-scheduler[96631]: DEBUG cotyledon.oslo_config_glue [-] oslo_limit.insecure = False {{(pid=96631) log_opt_values /opt/stack/data/venv/lib/python3.12/site-packages/oslo_config/cfg.py:3545}}
Aug 13 08:42:41.878738 np0000007181 nova-scheduler[96631]: DEBUG cotyledon.oslo_config_glue [-] oslo_limit.keyfile = None {{(pid=96631) log_opt_values /opt/stack/data/venv/lib/python3.12/site-packages/oslo_config/cfg.py:3545}}
Aug 13 08:42:41.878738 np0000007181 nova-scheduler[96631]: DEBUG cotyledon.oslo_config_glue [-] oslo_limit.max_version = None {{(pid=96631) log_opt_values /opt/stack/data/venv/lib/python3.12/site-packages/oslo_config/cfg.py:3545}}
Aug 13 08:42:41.878738 np0000007181 nova-scheduler[96631]: DEBUG cotyledon.oslo_config_glue [-] oslo_limit.min_version = None {{(pid=96631) log_opt_values /opt/stack/data/venv/lib/python3.12/site-packages/oslo_config/cfg.py:3545}}
Aug 13 08:42:41.878738 np0000007181 nova-scheduler[96631]: DEBUG cotyledon.oslo_config_glue [-] oslo_limit.region_name = None {{(pid=96631) log_opt_values /opt/stack/data/venv/lib/python3.12/site-packages/oslo_config/cfg.py:3545}}
Aug 13 08:42:41.878982 np0000007181 nova-scheduler[96631]: DEBUG cotyledon.oslo_config_glue [-] oslo_limit.retriable_status_codes = None {{(pid=96631) log_opt_values /opt/stack/data/venv/lib/python3.12/site-packages/oslo_config/cfg.py:3545}}
Aug 13 08:42:41.878982 np0000007181 nova-scheduler[96631]: DEBUG cotyledon.oslo_config_glue [-] oslo_limit.service_name = None {{(pid=96631) log_opt_values /opt/stack/data/venv/lib/python3.12/site-packages/oslo_config/cfg.py:3545}}
Aug 13 08:42:41.878982 np0000007181 nova-scheduler[96631]: DEBUG cotyledon.oslo_config_glue [-] oslo_limit.service_type = None {{(pid=96631) log_opt_values /opt/stack/data/venv/lib/python3.12/site-packages/oslo_config/cfg.py:3545}}
Aug 13 08:42:41.878982 np0000007181 nova-scheduler[96631]: DEBUG cotyledon.oslo_config_glue [-] oslo_limit.split_loggers = False {{(pid=96631) log_opt_values /opt/stack/data/venv/lib/python3.12/site-packages/oslo_config/cfg.py:3545}}
Aug 13 08:42:41.878982 np0000007181 nova-scheduler[96631]: DEBUG cotyledon.oslo_config_glue [-] oslo_limit.status_code_retries = None {{(pid=96631) log_opt_values /opt/stack/data/venv/lib/python3.12/site-packages/oslo_config/cfg.py:3545}}
Aug 13 08:42:41.878982 np0000007181 nova-scheduler[96631]: DEBUG cotyledon.oslo_config_glue [-] oslo_limit.status_code_retry_delay = None {{(pid=96631) log_opt_values /opt/stack/data/venv/lib/python3.12/site-packages/oslo_config/cfg.py:3545}}
Aug 13 08:42:41.878982 np0000007181 nova-scheduler[96631]: DEBUG cotyledon.oslo_config_glue [-] oslo_limit.timeout = None {{(pid=96631) log_opt_values /opt/stack/data/venv/lib/python3.12/site-packages/oslo_config/cfg.py:3545}}
Aug 13 08:42:41.878982 np0000007181 nova-scheduler[96631]: DEBUG cotyledon.oslo_config_glue [-] oslo_limit.valid_interfaces = None {{(pid=96631) log_opt_values /opt/stack/data/venv/lib/python3.12/site-packages/oslo_config/cfg.py:3545}}
Aug 13 08:42:41.878982 np0000007181 nova-scheduler[96631]: DEBUG cotyledon.oslo_config_glue [-] oslo_limit.version = None {{(pid=96631) log_opt_values /opt/stack/data/venv/lib/python3.12/site-packages/oslo_config/cfg.py:3545}}
Aug 13 08:42:41.879165 np0000007181 nova-scheduler[96631]: DEBUG cotyledon.oslo_config_glue [-] oslo_reports.file_event_handler = None {{(pid=96631) log_opt_values /opt/stack/data/venv/lib/python3.12/site-packages/oslo_config/cfg.py:3545}}
Aug 13 08:42:41.879165 np0000007181 nova-scheduler[96631]: DEBUG cotyledon.oslo_config_glue [-] oslo_reports.file_event_handler_interval = 1 {{(pid=96631) log_opt_values /opt/stack/data/venv/lib/python3.12/site-packages/oslo_config/cfg.py:3545}}
Aug 13 08:42:41.879165 np0000007181 nova-scheduler[96631]: DEBUG cotyledon.oslo_config_glue [-] oslo_reports.log_dir = None {{(pid=96631) log_opt_values /opt/stack/data/venv/lib/python3.12/site-packages/oslo_config/cfg.py:3545}}
Aug 13 08:42:41.879165 np0000007181 nova-scheduler[96631]: DEBUG cotyledon.oslo_config_glue [-] ******************************************************************************** {{(pid=96631) log_opt_values /opt/stack/data/venv/lib/python3.12/site-packages/oslo_config/cfg.py:3552}}
Aug 13 08:42:41.879165 np0000007181 nova-scheduler[96631]: DEBUG cotyledon._service_worker [-] Run service ServiceWrapper(3) [96631] {{(pid=96631) wait_forever /opt/stack/data/venv/lib/python3.12/site-packages/cotyledon/_service_worker.py:218}}
Aug 13 08:42:41.879165 np0000007181 nova-scheduler[96631]: INFO nova.service [-] Starting scheduler node (version 33.1.0)
Aug 13 08:42:41.879165 np0000007181 nova-scheduler[96631]: INFO dbcounter [None req-972c4b5b-583a-49a4-b2d3-b5adc5ba0642 None None] Registered counter for database nova_cell0
Aug 13 08:42:41.879320 np0000007181 nova-scheduler[96627]: DEBUG oslo_db.sqlalchemy.engines [None req-d959adf8-2898-4d9e-90c7-a1ae94a4046b None None] MySQL server mode set to STRICT_TRANS_TABLES,STRICT_ALL_TABLES,NO_ZERO_IN_DATE,NO_ZERO_DATE,ERROR_FOR_DIVISION_BY_ZERO,TRADITIONAL,NO_ENGINE_SUBSTITUTION {{(pid=96627) _check_effective_sql_mode /opt/stack/data/venv/lib/python3.12/site-packages/oslo_db/sqlalchemy/engines.py:325}}
Aug 13 08:42:41.879356 np0000007181 nova-scheduler[96609]: DEBUG oslo_db.sqlalchemy.engines [None req-b5364d48-5f3c-4f7e-9de6-cf361e358629 None None] MySQL server mode set to STRICT_TRANS_TABLES,STRICT_ALL_TABLES,NO_ZERO_IN_DATE,NO_ZERO_DATE,ERROR_FOR_DIVISION_BY_ZERO,TRADITIONAL,NO_ENGINE_SUBSTITUTION {{(pid=96609) _check_effective_sql_mode /opt/stack/data/venv/lib/python3.12/site-packages/oslo_db/sqlalchemy/engines.py:325}}
Aug 13 08:42:41.883023 np0000007181 nova-scheduler[96629]: DEBUG oslo_db.sqlalchemy.engines [None req-37b08bc6-e07c-498b-904b-024d79a7b841 None None] MySQL server mode set to STRICT_TRANS_TABLES,STRICT_ALL_TABLES,NO_ZERO_IN_DATE,NO_ZERO_DATE,ERROR_FOR_DIVISION_BY_ZERO,TRADITIONAL,NO_ENGINE_SUBSTITUTION {{(pid=96629) _check_effective_sql_mode /opt/stack/data/venv/lib/python3.12/site-packages/oslo_db/sqlalchemy/engines.py:325}}
Aug 13 08:42:41.884678 np0000007181 nova-scheduler[96627]: DEBUG dbcounter [-] [96627] Writer thread running {{(pid=96627) stat_writer /opt/stack/data/venv/lib/python3.12/site-packages/dbcounter.py:102}}
Aug 13 08:42:41.887249 np0000007181 nova-scheduler[96609]: DEBUG dbcounter [-] [96609] Writer thread running {{(pid=96609) stat_writer /opt/stack/data/venv/lib/python3.12/site-packages/dbcounter.py:102}}
Aug 13 08:42:41.893099 np0000007181 nova-scheduler[96629]: DEBUG dbcounter [-] [96629] Writer thread running {{(pid=96629) stat_writer /opt/stack/data/venv/lib/python3.12/site-packages/dbcounter.py:102}}
Aug 13 08:42:41.899155 np0000007181 nova-scheduler[96627]: DEBUG nova.service [None req-d959adf8-2898-4d9e-90c7-a1ae94a4046b None None] Creating RPC server for service: nova-scheduler on topic: scheduler {{(pid=96627) start /opt/stack/nova/nova/service.py:196}}
Aug 13 08:42:41.902550 np0000007181 nova-scheduler[96631]: DEBUG oslo_db.sqlalchemy.engines [None req-972c4b5b-583a-49a4-b2d3-b5adc5ba0642 None None] MySQL server mode set to STRICT_TRANS_TABLES,STRICT_ALL_TABLES,NO_ZERO_IN_DATE,NO_ZERO_DATE,ERROR_FOR_DIVISION_BY_ZERO,TRADITIONAL,NO_ENGINE_SUBSTITUTION {{(pid=96631) _check_effective_sql_mode /opt/stack/data/venv/lib/python3.12/site-packages/oslo_db/sqlalchemy/engines.py:325}}
Aug 13 08:42:41.907421 np0000007181 nova-scheduler[96609]: DEBUG nova.service [None req-b5364d48-5f3c-4f7e-9de6-cf361e358629 None None] Creating RPC server for service: nova-scheduler on topic: scheduler {{(pid=96609) start /opt/stack/nova/nova/service.py:196}}
Aug 13 08:42:41.907956 np0000007181 nova-scheduler[96629]: DEBUG nova.service [None req-37b08bc6-e07c-498b-904b-024d79a7b841 None None] Creating RPC server for service: nova-scheduler on topic: scheduler {{(pid=96629) start /opt/stack/nova/nova/service.py:196}}
Aug 13 08:42:41.912438 np0000007181 nova-scheduler[96631]: DEBUG dbcounter [-] [96631] Writer thread running {{(pid=96631) stat_writer /opt/stack/data/venv/lib/python3.12/site-packages/dbcounter.py:102}}
Aug 13 08:42:41.915097 np0000007181 nova-scheduler[96631]: DEBUG nova.service [None req-972c4b5b-583a-49a4-b2d3-b5adc5ba0642 None None] Creating RPC server for service: nova-scheduler on topic: scheduler {{(pid=96631) start /opt/stack/nova/nova/service.py:196}}
Aug 13 08:42:41.923867 np0000007181 nova-scheduler[96627]: DEBUG nova.service [None req-d959adf8-2898-4d9e-90c7-a1ae94a4046b None None] Join ServiceGroup membership for this service scheduler {{(pid=96627) start /opt/stack/nova/nova/service.py:222}}
Aug 13 08:42:41.924188 np0000007181 nova-scheduler[96629]: DEBUG nova.service [None req-37b08bc6-e07c-498b-904b-024d79a7b841 None None] Join ServiceGroup membership for this service scheduler {{(pid=96629) start /opt/stack/nova/nova/service.py:222}}
Aug 13 08:42:41.924324 np0000007181 nova-scheduler[96609]: DEBUG nova.service [None req-b5364d48-5f3c-4f7e-9de6-cf361e358629 None None] Join ServiceGroup membership for this service scheduler {{(pid=96609) start /opt/stack/nova/nova/service.py:222}}
Aug 13 08:42:41.924367 np0000007181 nova-scheduler[96629]: DEBUG nova.servicegroup.drivers.db [None req-37b08bc6-e07c-498b-904b-024d79a7b841 None None] DB_Driver: join new ServiceGroup member np0000007181 to the scheduler group, service = {{(pid=96629) join /opt/stack/nova/nova/servicegroup/drivers/db.py:44}}
Aug 13 08:42:41.924399 np0000007181 nova-scheduler[96627]: DEBUG nova.servicegroup.drivers.db [None req-d959adf8-2898-4d9e-90c7-a1ae94a4046b None None] DB_Driver: join new ServiceGroup member np0000007181 to the scheduler group, service = {{(pid=96627) join /opt/stack/nova/nova/servicegroup/drivers/db.py:44}}
Aug 13 08:42:41.924616 np0000007181 nova-scheduler[96609]: DEBUG nova.servicegroup.drivers.db [None req-b5364d48-5f3c-4f7e-9de6-cf361e358629 None None] DB_Driver: join new ServiceGroup member np0000007181 to the scheduler group, service = {{(pid=96609) join /opt/stack/nova/nova/servicegroup/drivers/db.py:44}}
Aug 13 08:42:41.931264 np0000007181 nova-scheduler[96631]: DEBUG nova.service [None req-972c4b5b-583a-49a4-b2d3-b5adc5ba0642 None None] Join ServiceGroup membership for this service scheduler {{(pid=96631) start /opt/stack/nova/nova/service.py:222}}
Aug 13 08:42:41.931420 np0000007181 nova-scheduler[96631]: DEBUG nova.servicegroup.drivers.db [None req-972c4b5b-583a-49a4-b2d3-b5adc5ba0642 None None] DB_Driver: join new ServiceGroup member np0000007181 to the scheduler group, service = {{(pid=96631) join /opt/stack/nova/nova/servicegroup/drivers/db.py:44}}
Aug 13 08:42:46.939501 np0000007181 nova-scheduler[96627]: DEBUG oslo.service.backend._threading.loopingcall [-] Fixed interval looping call 'nova.servicegroup.drivers.db.DbDriver._report_state' sleeping for 119.99 seconds {{(pid=96627) _run_loop /opt/stack/data/venv/lib/python3.12/site-packages/oslo_service/backend/_threading/loopingcall.py:125}}
Aug 13 08:42:46.940820 np0000007181 nova-scheduler[96609]: DEBUG oslo.service.backend._threading.loopingcall [-] Fixed interval looping call 'nova.servicegroup.drivers.db.DbDriver._report_state' sleeping for 119.99 seconds {{(pid=96609) _run_loop /opt/stack/data/venv/lib/python3.12/site-packages/oslo_service/backend/_threading/loopingcall.py:125}}
Aug 13 08:42:46.941730 np0000007181 nova-scheduler[96629]: DEBUG oslo.service.backend._threading.loopingcall [-] Fixed interval looping call 'nova.servicegroup.drivers.db.DbDriver._report_state' sleeping for 119.98 seconds {{(pid=96629) _run_loop /opt/stack/data/venv/lib/python3.12/site-packages/oslo_service/backend/_threading/loopingcall.py:125}}
Aug 13 08:42:46.944325 np0000007181 nova-scheduler[96631]: DEBUG oslo.service.backend._threading.loopingcall [-] Fixed interval looping call 'nova.servicegroup.drivers.db.DbDriver._report_state' sleeping for 119.99 seconds {{(pid=96631) _run_loop /opt/stack/data/venv/lib/python3.12/site-packages/oslo_service/backend/_threading/loopingcall.py:125}}
Aug 13 08:42:50.477693 np0000007181 nova-scheduler[95285]: DEBUG dbcounter [-] [95285] Writing DB stats nova_api:SELECT=3 {{(pid=95285) stat_writer /opt/stack/data/venv/lib/python3.12/site-packages/dbcounter.py:115}}
Aug 13 08:42:50.607278 np0000007181 nova-scheduler[95285]: DEBUG dbcounter [-] [95285] Writing DB stats nova_cell1:SELECT=1 {{(pid=95285) stat_writer /opt/stack/data/venv/lib/python3.12/site-packages/dbcounter.py:115}}
Aug 13 08:42:50.612584 np0000007181 nova-scheduler[95285]: DEBUG dbcounter [-] [95285] Writing DB stats nova_cell0:SELECT=1 {{(pid=95285) stat_writer /opt/stack/data/venv/lib/python3.12/site-packages/dbcounter.py:115}}
Aug 13 08:42:56.934192 np0000007181 nova-scheduler[96627]: DEBUG dbcounter [-] [96627] Writing DB stats nova_cell0:SELECT=4,nova_cell0:INSERT=1,nova_cell0:UPDATE=1 {{(pid=96627) stat_writer /opt/stack/data/venv/lib/python3.12/site-packages/dbcounter.py:115}}
Aug 13 08:42:56.934757 np0000007181 nova-scheduler[96609]: DEBUG dbcounter [-] [96609] Writing DB stats nova_cell0:SELECT=5,nova_cell0:INSERT=1,nova_cell0:UPDATE=1 {{(pid=96609) stat_writer /opt/stack/data/venv/lib/python3.12/site-packages/dbcounter.py:115}}
Aug 13 08:42:56.937755 np0000007181 nova-scheduler[96629]: DEBUG dbcounter [-] [96629] Writing DB stats nova_cell0:SELECT=4,nova_cell0:INSERT=1,nova_cell0:UPDATE=1 {{(pid=96629) stat_writer /opt/stack/data/venv/lib/python3.12/site-packages/dbcounter.py:115}}
Aug 13 08:42:56.943476 np0000007181 nova-scheduler[96631]: DEBUG dbcounter [-] [96631] Writing DB stats nova_cell0:SELECT=3 {{(pid=96631) stat_writer /opt/stack/data/venv/lib/python3.12/site-packages/dbcounter.py:115}}
Aug 13 08:43:19.927236 np0000007181 nova-scheduler[96609]: DEBUG oslo.service.backend._threading.loopingcall [None req-782b2b86-5c1d-4e7f-b4a2-0e783a6f6e4c None None] Dynamic interval looping call 'nova.service.Service.periodic_tasks' sleeping for 60.00 seconds {{(pid=96609) _run_loop /opt/stack/data/venv/lib/python3.12/site-packages/oslo_service/backend/_threading/loopingcall.py:125}}
Aug 13 08:43:21.926440 np0000007181 nova-scheduler[96629]: DEBUG oslo.service.backend._threading.loopingcall [None req-29c4599a-e85d-42ce-b943-249d5e97d0a2 None None] Dynamic interval looping call 'nova.service.Service.periodic_tasks' sleeping for 60.00 seconds {{(pid=96629) _run_loop /opt/stack/data/venv/lib/python3.12/site-packages/oslo_service/backend/_threading/loopingcall.py:125}}
Aug 13 08:43:31.926688 np0000007181 nova-scheduler[96627]: DEBUG oslo.service.backend._threading.loopingcall [None req-b9b77733-acd8-4ace-b9e6-c8160dc5bb8a None None] Dynamic interval looping call 'nova.service.Service.periodic_tasks' sleeping for 60.00 seconds {{(pid=96627) _run_loop /opt/stack/data/venv/lib/python3.12/site-packages/oslo_service/backend/_threading/loopingcall.py:125}}
Aug 13 08:43:40.933669 np0000007181 nova-scheduler[96631]: DEBUG oslo.service.backend._threading.loopingcall [None req-73e6bdde-69cb-4709-b851-025dfd750976 None None] Dynamic interval looping call 'nova.service.Service.periodic_tasks' sleeping for 60.00 seconds {{(pid=96631) _run_loop /opt/stack/data/venv/lib/python3.12/site-packages/oslo_service/backend/_threading/loopingcall.py:125}}
Aug 13 08:44:19.927374 np0000007181 nova-scheduler[96609]: DEBUG oslo.service.backend._threading.loopingcall [None req-782b2b86-5c1d-4e7f-b4a2-0e783a6f6e4c None None] Dynamic interval looping call 'nova.service.Service.periodic_tasks' sleeping for 60.00 seconds {{(pid=96609) _run_loop /opt/stack/data/venv/lib/python3.12/site-packages/oslo_service/backend/_threading/loopingcall.py:125}}
Aug 13 08:44:21.926975 np0000007181 nova-scheduler[96629]: DEBUG oslo.service.backend._threading.loopingcall [None req-29c4599a-e85d-42ce-b943-249d5e97d0a2 None None] Dynamic interval looping call 'nova.service.Service.periodic_tasks' sleeping for 60.00 seconds {{(pid=96629) _run_loop /opt/stack/data/venv/lib/python3.12/site-packages/oslo_service/backend/_threading/loopingcall.py:125}}
Aug 13 08:44:31.927267 np0000007181 nova-scheduler[96627]: DEBUG oslo.service.backend._threading.loopingcall [None req-b9b77733-acd8-4ace-b9e6-c8160dc5bb8a None None] Dynamic interval looping call 'nova.service.Service.periodic_tasks' sleeping for 60.00 seconds {{(pid=96627) _run_loop /opt/stack/data/venv/lib/python3.12/site-packages/oslo_service/backend/_threading/loopingcall.py:125}}
Aug 13 08:44:40.934416 np0000007181 nova-scheduler[96631]: DEBUG oslo.service.backend._threading.loopingcall [None req-73e6bdde-69cb-4709-b851-025dfd750976 None None] Dynamic interval looping call 'nova.service.Service.periodic_tasks' sleeping for 60.00 seconds {{(pid=96631) _run_loop /opt/stack/data/venv/lib/python3.12/site-packages/oslo_service/backend/_threading/loopingcall.py:125}}
Aug 13 08:44:46.930916 np0000007181 nova-scheduler[96629]: DEBUG oslo.service.backend._threading.loopingcall [-] Fixed interval looping call 'nova.servicegroup.drivers.db.DbDriver._report_state' sleeping for 119.99 seconds {{(pid=96629) _run_loop /opt/stack/data/venv/lib/python3.12/site-packages/oslo_service/backend/_threading/loopingcall.py:125}}
Aug 13 08:44:46.934256 np0000007181 nova-scheduler[96627]: DEBUG oslo.service.backend._threading.loopingcall [-] Fixed interval looping call 'nova.servicegroup.drivers.db.DbDriver._report_state' sleeping for 120.00 seconds {{(pid=96627) _run_loop /opt/stack/data/venv/lib/python3.12/site-packages/oslo_service/backend/_threading/loopingcall.py:125}}
Aug 13 08:44:46.935123 np0000007181 nova-scheduler[96609]: DEBUG oslo.service.backend._threading.loopingcall [-] Fixed interval looping call 'nova.servicegroup.drivers.db.DbDriver._report_state' sleeping for 120.00 seconds {{(pid=96609) _run_loop /opt/stack/data/venv/lib/python3.12/site-packages/oslo_service/backend/_threading/loopingcall.py:125}}
Aug 13 08:44:46.938041 np0000007181 nova-scheduler[96631]: DEBUG oslo.service.backend._threading.loopingcall [-] Fixed interval looping call 'nova.servicegroup.drivers.db.DbDriver._report_state' sleeping for 120.00 seconds {{(pid=96631) _run_loop /opt/stack/data/venv/lib/python3.12/site-packages/oslo_service/backend/_threading/loopingcall.py:125}}
Aug 13 08:44:56.926628 np0000007181 nova-scheduler[96629]: DEBUG dbcounter [-] [96629] Writing DB stats nova_cell0:SELECT=1,nova_cell0:UPDATE=1 {{(pid=96629) stat_writer /opt/stack/data/venv/lib/python3.12/site-packages/dbcounter.py:115}}
Aug 13 08:44:56.932193 np0000007181 nova-scheduler[96627]: DEBUG dbcounter [-] [96627] Writing DB stats nova_cell0:SELECT=1 {{(pid=96627) stat_writer /opt/stack/data/venv/lib/python3.12/site-packages/dbcounter.py:115}}
Aug 13 08:44:56.933109 np0000007181 nova-scheduler[96609]: DEBUG dbcounter [-] [96609] Writing DB stats nova_cell0:SELECT=1 {{(pid=96609) stat_writer /opt/stack/data/venv/lib/python3.12/site-packages/dbcounter.py:115}}
Aug 13 08:44:56.936866 np0000007181 nova-scheduler[96631]: DEBUG dbcounter [-] [96631] Writing DB stats nova_cell0:SELECT=1 {{(pid=96631) stat_writer /opt/stack/data/venv/lib/python3.12/site-packages/dbcounter.py:115}}
Aug 13 08:45:04.954364 np0000007181 nova-scheduler[96627]: DEBUG nova.scheduler.manager [None req-8adcf946-78f0-442b-88f9-1ae59e4211cb tempest-ServersNegativeTestJSON-468048228 tempest-ServersNegativeTestJSON-468048228-project-member] Starting to schedule for instances: ['1c756d29-138b-44f4-b9e5-61feb5674b55'] {{(pid=96627) select_destinations /opt/stack/nova/nova/scheduler/manager.py:209}}
Aug 13 08:45:04.955250 np0000007181 nova-scheduler[96627]: DEBUG nova.scheduler.request_filter [None req-8adcf946-78f0-442b-88f9-1ae59e4211cb tempest-ServersNegativeTestJSON-468048228 tempest-ServersNegativeTestJSON-468048228-project-member] compute_status_filter request filter added forbidden trait COMPUTE_STATUS_DISABLED {{(pid=96627) compute_status_filter /opt/stack/nova/nova/scheduler/request_filter.py:253}}
Aug 13 08:45:04.955250 np0000007181 nova-scheduler[96627]: DEBUG nova.scheduler.request_filter [None req-8adcf946-78f0-442b-88f9-1ae59e4211cb tempest-ServersNegativeTestJSON-468048228 tempest-ServersNegativeTestJSON-468048228-project-member] Request filter 'compute_status_filter' took 0.0 seconds {{(pid=96627) wrapper /opt/stack/nova/nova/scheduler/request_filter.py:46}}
Aug 13 08:45:04.955429 np0000007181 nova-scheduler[96627]: DEBUG nova.scheduler.request_filter [None req-8adcf946-78f0-442b-88f9-1ae59e4211cb tempest-ServersNegativeTestJSON-468048228 tempest-ServersNegativeTestJSON-468048228-project-member] Request filter 'accelerators_filter' took 0.0 seconds {{(pid=96627) wrapper /opt/stack/nova/nova/scheduler/request_filter.py:46}}
Aug 13 08:45:04.955668 np0000007181 nova-scheduler[96627]: DEBUG nova.scheduler.request_filter [None req-8adcf946-78f0-442b-88f9-1ae59e4211cb tempest-ServersNegativeTestJSON-468048228 tempest-ServersNegativeTestJSON-468048228-project-member] Request filter 'packed_virtqueue_filter' took 0.0 seconds {{(pid=96627) wrapper /opt/stack/nova/nova/scheduler/request_filter.py:46}}
Aug 13 08:45:04.955938 np0000007181 nova-scheduler[96627]: DEBUG nova.scheduler.request_filter [None req-8adcf946-78f0-442b-88f9-1ae59e4211cb tempest-ServersNegativeTestJSON-468048228 tempest-ServersNegativeTestJSON-468048228-project-member] Request filter 'remote_managed_ports_filter' took 0.0 seconds {{(pid=96627) wrapper /opt/stack/nova/nova/scheduler/request_filter.py:46}}
Aug 13 08:45:04.956095 np0000007181 nova-scheduler[96627]: DEBUG nova.scheduler.request_filter [None req-8adcf946-78f0-442b-88f9-1ae59e4211cb tempest-ServersNegativeTestJSON-468048228 tempest-ServersNegativeTestJSON-468048228-project-member] ephemeral_encryption_filter skipped {{(pid=96627) ephemeral_encryption_filter /opt/stack/nova/nova/scheduler/request_filter.py:426}}
Aug 13 08:45:04.956250 np0000007181 nova-scheduler[96627]: DEBUG nova.scheduler.request_filter [None req-8adcf946-78f0-442b-88f9-1ae59e4211cb tempest-ServersNegativeTestJSON-468048228 tempest-ServersNegativeTestJSON-468048228-project-member] virtio_sound_filter skipped {{(pid=96627) virtio_sound_filter /opt/stack/nova/nova/scheduler/request_filter.py:460}}
Aug 13 08:45:04.956385 np0000007181 nova-scheduler[96627]: DEBUG nova.scheduler.request_filter [None req-8adcf946-78f0-442b-88f9-1ae59e4211cb tempest-ServersNegativeTestJSON-468048228 tempest-ServersNegativeTestJSON-468048228-project-member] tpm_secret_security_filter skipped {{(pid=96627) tpm_secret_security_filter /opt/stack/nova/nova/scheduler/request_filter.py:477}}
Aug 13 08:45:05.479521 np0000007181 nova-scheduler[96627]: INFO nova.utils [None req-8adcf946-78f0-442b-88f9-1ae59e4211cb tempest-ServersNegativeTestJSON-468048228 tempest-ServersNegativeTestJSON-468048228-project-member] The cell worker thread pool ForkProcess-2.cell_worker is initialized
Aug 13 08:45:05.479521 np0000007181 nova-scheduler[96627]: DEBUG oslo_concurrency.lockutils [None req-8adcf946-78f0-442b-88f9-1ae59e4211cb tempest-ServersNegativeTestJSON-468048228 tempest-ServersNegativeTestJSON-468048228-project-member] Acquiring lock "3a7c3cd3-416f-472a-863e-51995f1dea71" by "nova.context.set_target_cell..get_or_set_cached_cell_and_set_connections" {{(pid=96627) inner /opt/stack/data/venv/lib/python3.12/site-packages/oslo_concurrency/lockutils.py:512}}
Aug 13 08:45:05.479521 np0000007181 nova-scheduler[96627]: DEBUG oslo_concurrency.lockutils [None req-8adcf946-78f0-442b-88f9-1ae59e4211cb tempest-ServersNegativeTestJSON-468048228 tempest-ServersNegativeTestJSON-468048228-project-member] Lock "3a7c3cd3-416f-472a-863e-51995f1dea71" acquired by "nova.context.set_target_cell..get_or_set_cached_cell_and_set_connections" :: waited 0.000s {{(pid=96627) inner /opt/stack/data/venv/lib/python3.12/site-packages/oslo_concurrency/lockutils.py:525}}
Aug 13 08:45:05.480598 np0000007181 nova-scheduler[96627]: DEBUG oslo_concurrency.lockutils [None req-8adcf946-78f0-442b-88f9-1ae59e4211cb tempest-ServersNegativeTestJSON-468048228 tempest-ServersNegativeTestJSON-468048228-project-member] Lock "3a7c3cd3-416f-472a-863e-51995f1dea71" "released" by "nova.context.set_target_cell..get_or_set_cached_cell_and_set_connections" :: held 0.001s {{(pid=96627) inner /opt/stack/data/venv/lib/python3.12/site-packages/oslo_concurrency/lockutils.py:544}}
Aug 13 08:45:05.482555 np0000007181 nova-scheduler[96627]: INFO dbcounter [None req-8adcf946-78f0-442b-88f9-1ae59e4211cb tempest-ServersNegativeTestJSON-468048228 tempest-ServersNegativeTestJSON-468048228-project-member] Registered counter for database nova_cell1
Aug 13 08:45:05.520200 np0000007181 nova-scheduler[96627]: DEBUG oslo_db.sqlalchemy.engines [None req-8adcf946-78f0-442b-88f9-1ae59e4211cb tempest-ServersNegativeTestJSON-468048228 tempest-ServersNegativeTestJSON-468048228-project-member] MySQL server mode set to STRICT_TRANS_TABLES,STRICT_ALL_TABLES,NO_ZERO_IN_DATE,NO_ZERO_DATE,ERROR_FOR_DIVISION_BY_ZERO,TRADITIONAL,NO_ENGINE_SUBSTITUTION {{(pid=96627) _check_effective_sql_mode /opt/stack/data/venv/lib/python3.12/site-packages/oslo_db/sqlalchemy/engines.py:325}}
Aug 13 08:45:05.525384 np0000007181 nova-scheduler[96627]: DEBUG dbcounter [-] [96627] Writer thread running {{(pid=96627) stat_writer /opt/stack/data/venv/lib/python3.12/site-packages/dbcounter.py:102}}
Aug 13 08:45:05.536986 np0000007181 nova-scheduler[96627]: DEBUG oslo_db.sqlalchemy.engines [None req-8adcf946-78f0-442b-88f9-1ae59e4211cb tempest-ServersNegativeTestJSON-468048228 tempest-ServersNegativeTestJSON-468048228-project-member] Parent process 95285 forked (96627) with an open database connection, which is being discarded and recreated. {{(pid=96627) checkout /opt/stack/data/venv/lib/python3.12/site-packages/oslo_db/sqlalchemy/engines.py:402}}
Aug 13 08:45:05.574593 np0000007181 nova-scheduler[96627]: DEBUG dbcounter [-] [96627] Writer thread running {{(pid=96627) stat_writer /opt/stack/data/venv/lib/python3.12/site-packages/dbcounter.py:102}}
Aug 13 08:45:05.581651 np0000007181 nova-scheduler[96627]: DEBUG oslo_concurrency.lockutils [None req-8adcf946-78f0-442b-88f9-1ae59e4211cb tempest-ServersNegativeTestJSON-468048228 tempest-ServersNegativeTestJSON-468048228-project-member] Acquiring lock "3a7c3cd3-416f-472a-863e-51995f1dea71" by "nova.context.set_target_cell..get_or_set_cached_cell_and_set_connections" {{(pid=96627) inner /opt/stack/data/venv/lib/python3.12/site-packages/oslo_concurrency/lockutils.py:512}}
Aug 13 08:45:05.581844 np0000007181 nova-scheduler[96627]: DEBUG oslo_concurrency.lockutils [None req-8adcf946-78f0-442b-88f9-1ae59e4211cb tempest-ServersNegativeTestJSON-468048228 tempest-ServersNegativeTestJSON-468048228-project-member] Lock "3a7c3cd3-416f-472a-863e-51995f1dea71" acquired by "nova.context.set_target_cell..get_or_set_cached_cell_and_set_connections" :: waited 0.000s {{(pid=96627) inner /opt/stack/data/venv/lib/python3.12/site-packages/oslo_concurrency/lockutils.py:525}}
Aug 13 08:45:05.581996 np0000007181 nova-scheduler[96627]: DEBUG oslo_concurrency.lockutils [None req-8adcf946-78f0-442b-88f9-1ae59e4211cb tempest-ServersNegativeTestJSON-468048228 tempest-ServersNegativeTestJSON-468048228-project-member] Lock "3a7c3cd3-416f-472a-863e-51995f1dea71" "released" by "nova.context.set_target_cell..get_or_set_cached_cell_and_set_connections" :: held 0.000s {{(pid=96627) inner /opt/stack/data/venv/lib/python3.12/site-packages/oslo_concurrency/lockutils.py:544}}
