Aug 13 08:42:16.853508 np0000007181 devstack@neutron-api.service[90713]: DEBUG neutron.api.extensions [None req-07d9031d-bf8a-4961-ad01-381395ef6409 None None] Extended resource: rbac-policies {{(pid=90713) __init__ /opt/stack/neutron/neutron/api/extensions.py:156}}
Aug 13 08:42:16.853679 np0000007181 devstack@neutron-api.service[90714]: DEBUG neutron_lib.callbacks.manager [None req-a29415a1-7d17-4b91-a2d0-f00a9779f935 None None] Subscribe: port before_delete 55550000, False {{(pid=90714) subscribe /opt/stack/data/venv/lib/python3.12/site-packages/neutron_lib/callbacks/manager.py:52}}
Aug 13 08:42:16.853679 np0000007181 devstack@neutron-api.service[90714]: DEBUG neutron_lib.callbacks.manager [None req-a29415a1-7d17-4b91-a2d0-f00a9779f935 None None] Subscribe: > router precommit_create 55550000, False {{(pid=90714) subscribe /opt/stack/data/venv/lib/python3.12/site-packages/neutron_lib/callbacks/manager.py:52}}
Aug 13 08:42:16.853679 np0000007181 devstack@neutron-api.service[90714]: DEBUG neutron_lib.callbacks.manager [None req-a29415a1-7d17-4b91-a2d0-f00a9779f935 None None] Subscribe: > router precommit_create 55550000, False {{(pid=90714) subscribe /opt/stack/data/venv/lib/python3.12/site-packages/neutron_lib/callbacks/manager.py:52}}
Aug 13 08:42:16.853894 np0000007181 devstack@neutron-api.service[90713]: DEBUG neutron.api.extensions [None req-07d9031d-bf8a-4961-ad01-381395ef6409 None None] Extended resource: default-security-group-rules {{(pid=90713) __init__ /opt/stack/neutron/neutron/api/extensions.py:156}}
Aug 13 08:42:16.854070 np0000007181 devstack@neutron-api.service[90714]: DEBUG neutron_lib.callbacks.manager [None req-a29415a1-7d17-4b91-a2d0-f00a9779f935 None None] Subscribe: > router precommit_update 55550000, False {{(pid=90714) subscribe /opt/stack/data/venv/lib/python3.12/site-packages/neutron_lib/callbacks/manager.py:52}}
Aug 13 08:42:16.854218 np0000007181 devstack@neutron-api.service[90712]: DEBUG neutron.api.extensions [None req-7ead714c-4b11-45ea-968b-b2efb31d076d None None] Extended resource: address-groups {{(pid=90712) __init__ /opt/stack/neutron/neutron/api/extensions.py:156}}
Aug 13 08:42:16.854341 np0000007181 devstack@neutron-api.service[90714]: DEBUG neutron_lib.callbacks.manager [None req-a29415a1-7d17-4b91-a2d0-f00a9779f935 None None] Subscribe: subnet after_update 55550000, False {{(pid=90714) subscribe /opt/stack/data/venv/lib/python3.12/site-packages/neutron_lib/callbacks/manager.py:52}}
Aug 13 08:42:16.854524 np0000007181 devstack@neutron-api.service[90713]: DEBUG neutron.api.extensions [None req-07d9031d-bf8a-4961-ad01-381395ef6409 None None] Extended resource: security-groups-default-statefulness {{(pid=90713) __init__ /opt/stack/neutron/neutron/api/extensions.py:156}}
Aug 13 08:42:16.854655 np0000007181 devstack@neutron-api.service[90714]: DEBUG neutron.quota.resource_registry [None req-a29415a1-7d17-4b91-a2d0-f00a9779f935 None None] Tracking information for resource: router configured {{(pid=90714) set_tracked_resource /opt/stack/neutron/neutron/quota/resource_registry.py:203}}
Aug 13 08:42:16.854655 np0000007181 devstack@neutron-api.service[90714]: DEBUG neutron.quota.resource_registry [None req-a29415a1-7d17-4b91-a2d0-f00a9779f935 None None] Tracking information for resource: floatingip configured {{(pid=90714) set_tracked_resource /opt/stack/neutron/neutron/quota/resource_registry.py:203}}
Aug 13 08:42:16.854849 np0000007181 devstack@neutron-api.service[90712]: DEBUG neutron.api.extensions [None req-7ead714c-4b11-45ea-968b-b2efb31d076d None None] Extended resource: address-scopes {{(pid=90712) __init__ /opt/stack/neutron/neutron/api/extensions.py:156}}
Aug 13 08:42:16.854972 np0000007181 devstack@neutron-api.service[90713]: DEBUG neutron.api.extensions [None req-07d9031d-bf8a-4961-ad01-381395ef6409 None None] Extended resource: security-groups {{(pid=90713) __init__ /opt/stack/neutron/neutron/api/extensions.py:156}}
Aug 13 08:42:16.855107 np0000007181 devstack@neutron-api.service[90714]: INFO neutron.services.ovn_l3.plugin [None req-a29415a1-7d17-4b91-a2d0-f00a9779f935 None None] Starting OVNL3RouterPlugin
Aug 13 08:42:16.855225 np0000007181 devstack@neutron-api.service[90712]: DEBUG neutron.api.extensions [None req-7ead714c-4b11-45ea-968b-b2efb31d076d None None] Extended resource: agents {{(pid=90712) __init__ /opt/stack/neutron/neutron/api/extensions.py:156}}
Aug 13 08:42:16.855359 np0000007181 devstack@neutron-api.service[90714]: DEBUG neutron_lib.callbacks.manager [None req-a29415a1-7d17-4b91-a2d0-f00a9779f935 None None] Subscribe: > port_forwarding_plugin after_init 55550000, False {{(pid=90714) subscribe /opt/stack/data/venv/lib/python3.12/site-packages/neutron_lib/callbacks/manager.py:52}}
Aug 13 08:42:16.855517 np0000007181 devstack@neutron-api.service[90713]: DEBUG neutron.api.extensions [None req-07d9031d-bf8a-4961-ad01-381395ef6409 None None] Extended resource: security-group-rules {{(pid=90713) __init__ /opt/stack/neutron/neutron/api/extensions.py:156}}
Aug 13 08:42:16.855704 np0000007181 devstack@neutron-api.service[90714]: DEBUG neutron_lib.callbacks.manager [None req-a29415a1-7d17-4b91-a2d0-f00a9779f935 None None] Subscribe: > router before_create 55550100, False {{(pid=90714) subscribe /opt/stack/data/venv/lib/python3.12/site-packages/neutron_lib/callbacks/manager.py:52}}
Aug 13 08:42:16.855842 np0000007181 devstack@neutron-api.service[90712]: DEBUG neutron.api.extensions [None req-7ead714c-4b11-45ea-968b-b2efb31d076d None None] Extended resource: auto-allocated-topology {{(pid=90712) __init__ /opt/stack/neutron/neutron/api/extensions.py:156}}
Aug 13 08:42:16.856032 np0000007181 devstack@neutron-api.service[90713]: DEBUG neutron.api.extensions [None req-07d9031d-bf8a-4961-ad01-381395ef6409 None None] Extended resource: service-providers {{(pid=90713) __init__ /opt/stack/neutron/neutron/api/extensions.py:156}}
Aug 13 08:42:16.856179 np0000007181 devstack@neutron-api.service[90714]: DEBUG neutron_lib.callbacks.manager [None req-a29415a1-7d17-4b91-a2d0-f00a9779f935 None None] Subscribe: > router precommit_delete 55550100, False {{(pid=90714) subscribe /opt/stack/data/venv/lib/python3.12/site-packages/neutron_lib/callbacks/manager.py:52}}
Aug 13 08:42:16.856179 np0000007181 devstack@neutron-api.service[90714]: DEBUG neutron_lib.callbacks.manager [None req-a29415a1-7d17-4b91-a2d0-f00a9779f935 None None] Subscribe: > router precommit_create 55550100, False {{(pid=90714) subscribe /opt/stack/data/venv/lib/python3.12/site-packages/neutron_lib/callbacks/manager.py:52}}
Aug 13 08:42:16.856179 np0000007181 devstack@neutron-api.service[90714]: DEBUG neutron_lib.callbacks.manager [None req-a29415a1-7d17-4b91-a2d0-f00a9779f935 None None] Subscribe: > router precommit_update 55550100, False {{(pid=90714) subscribe /opt/stack/data/venv/lib/python3.12/site-packages/neutron_lib/callbacks/manager.py:52}}
Aug 13 08:42:16.856509 np0000007181 devstack@neutron-api.service[90713]: DEBUG neutron.api.extensions [None req-07d9031d-bf8a-4961-ad01-381395ef6409 None None] Extended resource: subnetpools {{(pid=90713) __init__ /opt/stack/neutron/neutron/api/extensions.py:156}}
Aug 13 08:42:16.856706 np0000007181 devstack@neutron-api.service[90712]: DEBUG neutron.api.extensions [None req-7ead714c-4b11-45ea-968b-b2efb31d076d None None] Extended resource: availability_zones {{(pid=90712) __init__ /opt/stack/neutron/neutron/api/extensions.py:156}}
Aug 13 08:42:16.857000 np0000007181 devstack@neutron-api.service[90713]: DEBUG neutron.api.extensions [None req-07d9031d-bf8a-4961-ad01-381395ef6409 None None] Extended resource: subnetpools {{(pid=90713) __init__ /opt/stack/neutron/neutron/api/extensions.py:156}}
Aug 13 08:42:16.857273 np0000007181 devstack@neutron-api.service[90712]: DEBUG neutron.api.extensions [None req-7ead714c-4b11-45ea-968b-b2efb31d076d None None] Extended resource: dhcp-networks {{(pid=90712) __init__ /opt/stack/neutron/neutron/api/extensions.py:156}}
Aug 13 08:42:16.857558 np0000007181 devstack@neutron-api.service[90713]: DEBUG neutron.api.extensions [None req-07d9031d-bf8a-4961-ad01-381395ef6409 None None] Extended resource: tags {{(pid=90713) __init__ /opt/stack/neutron/neutron/api/extensions.py:156}}
Aug 13 08:42:16.857784 np0000007181 devstack@neutron-api.service[90712]: DEBUG neutron.api.extensions [None req-7ead714c-4b11-45ea-968b-b2efb31d076d None None] Extended resource: dhcp-agents {{(pid=90712) __init__ /opt/stack/neutron/neutron/api/extensions.py:156}}
Aug 13 08:42:16.858005 np0000007181 devstack@neutron-api.service[90713]: DEBUG neutron.api.extensions [None req-07d9031d-bf8a-4961-ad01-381395ef6409 None None] Extended resource: tags {{(pid=90713) __init__ /opt/stack/neutron/neutron/api/extensions.py:156}}
Aug 13 08:42:16.858198 np0000007181 devstack@neutron-api.service[90712]: DEBUG neutron.api.extensions [None req-7ead714c-4b11-45ea-968b-b2efb31d076d None None] Extended resource: routers {{(pid=90712) __init__ /opt/stack/neutron/neutron/api/extensions.py:156}}
Aug 13 08:42:16.858379 np0000007181 devstack@neutron-api.service[90713]: DEBUG neutron.api.extensions [None req-07d9031d-bf8a-4961-ad01-381395ef6409 None None] Extended resource: tags {{(pid=90713) __init__ /opt/stack/neutron/neutron/api/extensions.py:156}}
Aug 13 08:42:16.858600 np0000007181 devstack@neutron-api.service[90712]: DEBUG neutron.api.extensions [None req-7ead714c-4b11-45ea-968b-b2efb31d076d None None] Extended resource: flavors {{(pid=90712) __init__ /opt/stack/neutron/neutron/api/extensions.py:156}}
Aug 13 08:42:16.858600 np0000007181 devstack@neutron-api.service[90712]: DEBUG neutron.api.extensions [None req-7ead714c-4b11-45ea-968b-b2efb31d076d None None] Extended resource: service_profiles {{(pid=90712) __init__ /opt/stack/neutron/neutron/api/extensions.py:156}}
Aug 13 08:42:16.858837 np0000007181 devstack@neutron-api.service[90713]: DEBUG neutron.api.extensions [None req-07d9031d-bf8a-4961-ad01-381395ef6409 None None] Extended resource: tags {{(pid=90713) __init__ /opt/stack/neutron/neutron/api/extensions.py:156}}
Aug 13 08:42:16.859060 np0000007181 devstack@neutron-api.service[90712]: DEBUG neutron.api.extensions [None req-7ead714c-4b11-45ea-968b-b2efb31d076d None None] Extended resource: next_providers {{(pid=90712) __init__ /opt/stack/neutron/neutron/api/extensions.py:156}}
Aug 13 08:42:16.859276 np0000007181 devstack@neutron-api.service[90713]: DEBUG neutron.api.extensions [None req-07d9031d-bf8a-4961-ad01-381395ef6409 None None] Extended resource: tags {{(pid=90713) __init__ /opt/stack/neutron/neutron/api/extensions.py:156}}
Aug 13 08:42:16.859542 np0000007181 devstack@neutron-api.service[90712]: DEBUG neutron.api.extensions [None req-7ead714c-4b11-45ea-968b-b2efb31d076d None None] Extended resource: service_profiles {{(pid=90712) __init__ /opt/stack/neutron/neutron/api/extensions.py:156}}
Aug 13 08:42:16.859786 np0000007181 devstack@neutron-api.service[90713]: DEBUG neutron.api.extensions [None req-07d9031d-bf8a-4961-ad01-381395ef6409 None None] Extended resource: tags {{(pid=90713) __init__ /opt/stack/neutron/neutron/api/extensions.py:156}}
Aug 13 08:42:16.860010 np0000007181 devstack@neutron-api.service[90712]: DEBUG neutron.api.extensions [None req-7ead714c-4b11-45ea-968b-b2efb31d076d None None] Extended resource: floatingip-pools {{(pid=90712) __init__ /opt/stack/neutron/neutron/api/extensions.py:156}}
Aug 13 08:42:16.860241 np0000007181 devstack@neutron-api.service[90713]: DEBUG neutron.api.extensions [None req-07d9031d-bf8a-4961-ad01-381395ef6409 None None] Extended resource: tags {{(pid=90713) __init__ /opt/stack/neutron/neutron/api/extensions.py:156}}
Aug 13 08:42:16.860543 np0000007181 devstack@neutron-api.service[90712]: DEBUG neutron.api.extensions [None req-7ead714c-4b11-45ea-968b-b2efb31d076d None None] Extended resource: routers {{(pid=90712) __init__ /opt/stack/neutron/neutron/api/extensions.py:156}}
Aug 13 08:42:16.860810 np0000007181 devstack@neutron-api.service[90713]: DEBUG neutron.api.extensions [None req-07d9031d-bf8a-4961-ad01-381395ef6409 None None] Extended resource: tags {{(pid=90713) __init__ /opt/stack/neutron/neutron/api/extensions.py:156}}
Aug 13 08:42:16.861058 np0000007181 devstack@neutron-api.service[90712]: DEBUG neutron.api.extensions [None req-7ead714c-4b11-45ea-968b-b2efb31d076d None None] Extended resource: floatingips {{(pid=90712) __init__ /opt/stack/neutron/neutron/api/extensions.py:156}}
Aug 13 08:42:16.861254 np0000007181 devstack@neutron-api.service[90714]: DEBUG neutron.services.provider_configuration [None req-a29415a1-7d17-4b91-a2d0-f00a9779f935 None None] Service providers = [] {{(pid=90714) parse_service_provider_opt /opt/stack/neutron/neutron/services/provider_configuration.py:170}}
Aug 13 08:42:16.861254 np0000007181 devstack@neutron-api.service[90714]: DEBUG neutron.db.servicetype_db [None req-a29415a1-7d17-4b91-a2d0-f00a9779f935 None None] Adding provider configuration for service L3_ROUTER_NAT {{(pid=90714) add_provider_configuration /opt/stack/neutron/neutron/db/servicetype_db.py:45}}
Aug 13 08:42:16.861544 np0000007181 devstack@neutron-api.service[90713]: DEBUG neutron.api.extensions [None req-07d9031d-bf8a-4961-ad01-381395ef6409 None None] Extended resource: tags {{(pid=90713) __init__ /opt/stack/neutron/neutron/api/extensions.py:156}}
Aug 13 08:42:16.861763 np0000007181 devstack@neutron-api.service[90712]: DEBUG neutron.api.extensions [None req-7ead714c-4b11-45ea-968b-b2efb31d076d None None] Extended resource: l3-routers {{(pid=90712) __init__ /opt/stack/neutron/neutron/api/extensions.py:156}}
Aug 13 08:42:16.861763 np0000007181 devstack@neutron-api.service[90712]: DEBUG neutron.api.extensions [None req-7ead714c-4b11-45ea-968b-b2efb31d076d None None] Extended resource: l3-agents {{(pid=90712) __init__ /opt/stack/neutron/neutron/api/extensions.py:156}}
Aug 13 08:42:16.862031 np0000007181 devstack@neutron-api.service[90713]: DEBUG neutron.api.extensions [None req-07d9031d-bf8a-4961-ad01-381395ef6409 None None] Extended resource: tags {{(pid=90713) __init__ /opt/stack/neutron/neutron/api/extensions.py:156}}
Aug 13 08:42:16.862337 np0000007181 devstack@neutron-api.service[90712]: DEBUG neutron.api.extensions [None req-7ead714c-4b11-45ea-968b-b2efb31d076d None None] Extended resource: network-ip-availabilities {{(pid=90712) __init__ /opt/stack/neutron/neutron/api/extensions.py:156}}
Aug 13 08:42:16.862337 np0000007181 devstack@neutron-api.service[90712]: DEBUG neutron.api.extensions [None req-7ead714c-4b11-45ea-968b-b2efb31d076d None None] Extended resource: network-ip-availabilities {{(pid=90712) __init__ /opt/stack/neutron/neutron/api/extensions.py:156}}
Aug 13 08:42:16.862641 np0000007181 devstack@neutron-api.service[90714]: DEBUG neutron_lib.callbacks.manager [None req-a29415a1-7d17-4b91-a2d0-f00a9779f935 None None] Subscribe: > router precommit_create 55549900, False {{(pid=90714) subscribe /opt/stack/data/venv/lib/python3.12/site-packages/neutron_lib/callbacks/manager.py:52}}
Aug 13 08:42:16.862641 np0000007181 devstack@neutron-api.service[90714]: DEBUG neutron_lib.callbacks.manager [None req-a29415a1-7d17-4b91-a2d0-f00a9779f935 None None] Subscribe: > router_interface after_create 55550000, False {{(pid=90714) subscribe /opt/stack/data/venv/lib/python3.12/site-packages/neutron_lib/callbacks/manager.py:52}}
Aug 13 08:42:16.862641 np0000007181 devstack@neutron-api.service[90714]: DEBUG neutron_lib.callbacks.manager [None req-a29415a1-7d17-4b91-a2d0-f00a9779f935 None None] Subscribe: > floatingip after_create 55550000, False {{(pid=90714) subscribe /opt/stack/data/venv/lib/python3.12/site-packages/neutron_lib/callbacks/manager.py:52}}
Aug 13 08:42:16.862641 np0000007181 devstack@neutron-api.service[90714]: DEBUG neutron_lib.callbacks.manager [None req-a29415a1-7d17-4b91-a2d0-f00a9779f935 None None] Subscribe: > floatingip precommit_create 55550000, False {{(pid=90714) subscribe /opt/stack/data/venv/lib/python3.12/site-packages/neutron_lib/callbacks/manager.py:52}}
Aug 13 08:42:16.863027 np0000007181 devstack@neutron-api.service[90714]: DEBUG neutron_lib.callbacks.manager [None req-a29415a1-7d17-4b91-a2d0-f00a9779f935 None None] Subscribe: > floatingip precommit_update 55550000, False {{(pid=90714) subscribe /opt/stack/data/venv/lib/python3.12/site-packages/neutron_lib/callbacks/manager.py:52}}
Aug 13 08:42:16.863027 np0000007181 devstack@neutron-api.service[90714]: DEBUG neutron_lib.callbacks.manager [None req-a29415a1-7d17-4b91-a2d0-f00a9779f935 None None] Subscribe: > floatingip after_delete 55550000, False {{(pid=90714) subscribe /opt/stack/data/venv/lib/python3.12/site-packages/neutron_lib/callbacks/manager.py:52}}
Aug 13 08:42:16.863346 np0000007181 devstack@neutron-api.service[90712]: DEBUG neutron.api.extensions [None req-7ead714c-4b11-45ea-968b-b2efb31d076d None None] Extended resource: bindings {{(pid=90712) __init__ /opt/stack/neutron/neutron/api/extensions.py:156}}
Aug 13 08:42:16.863643 np0000007181 devstack@neutron-api.service[90714]: DEBUG neutron_lib.callbacks.manager [None req-a29415a1-7d17-4b91-a2d0-f00a9779f935 None None] Subscribe: > floatingip after_status_update 55550000, False {{(pid=90714) subscribe /opt/stack/data/venv/lib/python3.12/site-packages/neutron_lib/callbacks/manager.py:52}}
Aug 13 08:42:16.863643 np0000007181 devstack@neutron-api.service[90714]: DEBUG neutron_lib.callbacks.manager [None req-a29415a1-7d17-4b91-a2d0-f00a9779f935 None None] Subscribe: > floatingip after_update 55550000, False {{(pid=90714) subscribe /opt/stack/data/venv/lib/python3.12/site-packages/neutron_lib/callbacks/manager.py:52}}
Aug 13 08:42:16.863643 np0000007181 devstack@neutron-api.service[90714]: DEBUG neutron_lib.callbacks.manager [None req-a29415a1-7d17-4b91-a2d0-f00a9779f935 None None] Subscribe: > port_forwarding after_create 55550000, False {{(pid=90714) subscribe /opt/stack/data/venv/lib/python3.12/site-packages/neutron_lib/callbacks/manager.py:52}}
Aug 13 08:42:16.863643 np0000007181 devstack@neutron-api.service[90714]: DEBUG neutron_lib.callbacks.manager [None req-a29415a1-7d17-4b91-a2d0-f00a9779f935 None None] Subscribe: > router_interface after_delete 55550000, False {{(pid=90714) subscribe /opt/stack/data/venv/lib/python3.12/site-packages/neutron_lib/callbacks/manager.py:52}}
Aug 13 08:42:16.864030 np0000007181 devstack@neutron-api.service[90712]: DEBUG neutron.api.extensions [None req-7ead714c-4b11-45ea-968b-b2efb31d076d None None] Extended resource: quotas {{(pid=90712) __init__ /opt/stack/neutron/neutron/api/extensions.py:156}}
Aug 13 08:42:16.864142 np0000007181 devstack@neutron-api.service[90714]: DEBUG neutron_lib.callbacks.manager [None req-a29415a1-7d17-4b91-a2d0-f00a9779f935 None None] Subscribe: > router after_create 55550000, False {{(pid=90714) subscribe /opt/stack/data/venv/lib/python3.12/site-packages/neutron_lib/callbacks/manager.py:52}}
Aug 13 08:42:16.864142 np0000007181 devstack@neutron-api.service[90714]: DEBUG neutron_lib.callbacks.manager [None req-a29415a1-7d17-4b91-a2d0-f00a9779f935 None None] Subscribe: > router precommit_create 55550000, False {{(pid=90714) subscribe /opt/stack/data/venv/lib/python3.12/site-packages/neutron_lib/callbacks/manager.py:52}}
Aug 13 08:42:16.864142 np0000007181 devstack@neutron-api.service[90714]: DEBUG neutron_lib.callbacks.manager [None req-a29415a1-7d17-4b91-a2d0-f00a9779f935 None None] Subscribe: > router after_delete 55550000, False {{(pid=90714) subscribe /opt/stack/data/venv/lib/python3.12/site-packages/neutron_lib/callbacks/manager.py:52}}
Aug 13 08:42:16.864322 np0000007181 devstack@neutron-api.service[90712]: DEBUG neutron.api.extensions [None req-7ead714c-4b11-45ea-968b-b2efb31d076d None None] Extended resource: quotas {{(pid=90712) __init__ /opt/stack/neutron/neutron/api/extensions.py:156}}
Aug 13 08:42:16.864430 np0000007181 devstack@neutron-api.service[90714]: DEBUG neutron_lib.callbacks.manager [None req-a29415a1-7d17-4b91-a2d0-f00a9779f935 None None] Subscribe: > router after_update 55550000, False {{(pid=90714) subscribe /opt/stack/data/venv/lib/python3.12/site-packages/neutron_lib/callbacks/manager.py:52}}
Aug 13 08:42:16.864430 np0000007181 devstack@neutron-api.service[90714]: DEBUG neutron.services.service_base [None req-a29415a1-7d17-4b91-a2d0-f00a9779f935 None None] Loaded 'neutron.services.ovn_l3.service_providers.ovn.OvnDriver' provider for service L3_ROUTER_NAT {{(pid=90714) load_drivers /opt/stack/neutron/neutron/services/service_base.py:49}}
Aug 13 08:42:16.864430 np0000007181 devstack@neutron-api.service[90714]: DEBUG neutron_lib.callbacks.manager [None req-a29415a1-7d17-4b91-a2d0-f00a9779f935 None None] Subscribe: > process after_init 55550001, True {{(pid=90714) subscribe /opt/stack/data/venv/lib/python3.12/site-packages/neutron_lib/callbacks/manager.py:52}}
Aug 13 08:42:16.864623 np0000007181 devstack@neutron-api.service[90712]: DEBUG neutron.api.extensions [None req-7ead714c-4b11-45ea-968b-b2efb31d076d None None] Extended resource: rbac-policies {{(pid=90712) __init__ /opt/stack/neutron/neutron/api/extensions.py:156}}
Aug 13 08:42:16.864725 np0000007181 devstack@neutron-api.service[90714]: DEBUG neutron.manager [None req-a29415a1-7d17-4b91-a2d0-f00a9779f935 None None] Successfully loaded L3_ROUTER_NAT plugin. Description: L3 Router Service Plugin for basic L3 forwarding using OVN {{(pid=90714) _create_and_add_service_plugin /opt/stack/neutron/neutron/manager.py:236}}
Aug 13 08:42:16.864725 np0000007181 devstack@neutron-api.service[90714]: INFO neutron.manager [None req-a29415a1-7d17-4b91-a2d0-f00a9779f935 None None] Loading Plugin: auto_allocate
Aug 13 08:42:16.864878 np0000007181 devstack@neutron-api.service[90712]: DEBUG neutron.api.extensions [None req-7ead714c-4b11-45ea-968b-b2efb31d076d None None] Extended resource: default-security-group-rules {{(pid=90712) __init__ /opt/stack/neutron/neutron/api/extensions.py:156}}
Aug 13 08:42:16.864878 np0000007181 devstack@neutron-api.service[90712]: DEBUG neutron.api.extensions [None req-7ead714c-4b11-45ea-968b-b2efb31d076d None None] Extended resource: security-groups-default-statefulness {{(pid=90712) __init__ /opt/stack/neutron/neutron/api/extensions.py:156}}
Aug 13 08:42:16.865027 np0000007181 devstack@neutron-api.service[90714]: DEBUG neutron_lib.callbacks.manager [None req-a29415a1-7d17-4b91-a2d0-f00a9779f935 None None] Subscribe: network precommit_update 55550000, False {{(pid=90714) subscribe /opt/stack/data/venv/lib/python3.12/site-packages/neutron_lib/callbacks/manager.py:52}}
Aug 13 08:42:16.865152 np0000007181 devstack@neutron-api.service[90712]: DEBUG neutron.api.extensions [None req-7ead714c-4b11-45ea-968b-b2efb31d076d None None] Extended resource: security-groups {{(pid=90712) __init__ /opt/stack/neutron/neutron/api/extensions.py:156}}
Aug 13 08:42:16.865265 np0000007181 devstack@neutron-api.service[90714]: DEBUG neutron_lib.callbacks.manager [None req-a29415a1-7d17-4b91-a2d0-f00a9779f935 None None] Subscribe: network precommit_create 55550000, False {{(pid=90714) subscribe /opt/stack/data/venv/lib/python3.12/site-packages/neutron_lib/callbacks/manager.py:52}}
Aug 13 08:42:16.865380 np0000007181 devstack@neutron-api.service[90712]: DEBUG neutron.api.extensions [None req-7ead714c-4b11-45ea-968b-b2efb31d076d None None] Extended resource: security-group-rules {{(pid=90712) __init__ /opt/stack/neutron/neutron/api/extensions.py:156}}
Aug 13 08:42:16.865498 np0000007181 devstack@neutron-api.service[90714]: DEBUG neutron.manager [None req-a29415a1-7d17-4b91-a2d0-f00a9779f935 None None] Successfully loaded auto-allocated-topology plugin. Description: Auto Allocated Topology - aka get me a network. {{(pid=90714) _create_and_add_service_plugin /opt/stack/neutron/neutron/manager.py:236}}
Aug 13 08:42:16.865498 np0000007181 devstack@neutron-api.service[90714]: INFO neutron.manager [None req-a29415a1-7d17-4b91-a2d0-f00a9779f935 None None] Loading Plugin: tag
Aug 13 08:42:16.865670 np0000007181 devstack@neutron-api.service[90712]: DEBUG neutron.api.extensions [None req-7ead714c-4b11-45ea-968b-b2efb31d076d None None] Extended resource: service-providers {{(pid=90712) __init__ /opt/stack/neutron/neutron/api/extensions.py:156}}
Aug 13 08:42:16.865670 np0000007181 devstack@neutron-api.service[90712]: DEBUG neutron.api.extensions [None req-7ead714c-4b11-45ea-968b-b2efb31d076d None None] Extended resource: subnetpools {{(pid=90712) __init__ /opt/stack/neutron/neutron/api/extensions.py:156}}
Aug 13 08:42:16.865670 np0000007181 devstack@neutron-api.service[90712]: DEBUG neutron.api.extensions [None req-7ead714c-4b11-45ea-968b-b2efb31d076d None None] Extended resource: subnetpools {{(pid=90712) __init__ /opt/stack/neutron/neutron/api/extensions.py:156}}
Aug 13 08:42:16.865670 np0000007181 devstack@neutron-api.service[90712]: DEBUG neutron.api.extensions [None req-7ead714c-4b11-45ea-968b-b2efb31d076d None None] Extended resource: tags {{(pid=90712) __init__ /opt/stack/neutron/neutron/api/extensions.py:156}}
Aug 13 08:42:16.865670 np0000007181 devstack@neutron-api.service[90712]: DEBUG neutron.api.extensions [None req-7ead714c-4b11-45ea-968b-b2efb31d076d None None] Extended resource: tags {{(pid=90712) __init__ /opt/stack/neutron/neutron/api/extensions.py:156}}
Aug 13 08:42:16.865936 np0000007181 devstack@neutron-api.service[90713]: DEBUG neutron_lib.callbacks.manager [None req-07d9031d-bf8a-4961-ad01-381395ef6409 None None] Publish callbacks ['neutron.plugins.ml2.drivers.ovn.mech_driver.mech_driver.OVNMechanismDriver.pre_fork_initialize-205350'] for process (None), before_spawn {{(pid=90713) _notify_loop /opt/stack/data/venv/lib/python3.12/site-packages/neutron_lib/callbacks/manager.py:184}}
Aug 13 08:42:16.865936 np0000007181 devstack@neutron-api.service[90713]: DEBUG oslo_concurrency.processutils [None req-07d9031d-bf8a-4961-ad01-381395ef6409 None None] Running cmd (subprocess): ovsdb-client transact ssl:10.4.3.24:6641 --timeout 180 -p /opt/stack/data/CA/int-ca/private/devstack-cert.key -c /opt/stack/data/CA/int-ca/devstack-cert.crt -C /opt/stack/data/CA/int-ca/ca-chain.pem ["OVN_Northbound", {"op": "wait", "timeout": 0, "table": "Port_Group", "where": [["name", "==", "neutron_pg_drop"]], "until": "==", "rows": []}, {"op": "insert", "table": "ACL", "row": {"action": "drop", "direction": "to-lport", "match": "outport == @neutron_pg_drop && ip", "priority": 1000}, "uuid-name": "droptoport"}, {"op": "insert", "table": "ACL", "row": {"action": "drop", "direction": "from-lport", "match": "inport == @neutron_pg_drop && ip", "priority": 1000}, "uuid-name": "dropfromport"}, {"op": "insert", "table": "Port_Group", "row": {"name": "neutron_pg_drop", "acls": ["set", [["named-uuid", "droptoport"], ["named-uuid", "dropfromport"]]]}}] {{(pid=90713) execute /opt/stack/data/venv/lib/python3.12/site-packages/oslo_concurrency/processutils.py:440}}
Aug 13 08:42:16.866122 np0000007181 devstack@neutron-api.service[90712]: DEBUG neutron.api.extensions [None req-7ead714c-4b11-45ea-968b-b2efb31d076d None None] Extended resource: tags {{(pid=90712) __init__ /opt/stack/neutron/neutron/api/extensions.py:156}}
Aug 13 08:42:16.866122 np0000007181 devstack@neutron-api.service[90712]: DEBUG neutron.api.extensions [None req-7ead714c-4b11-45ea-968b-b2efb31d076d None None] Extended resource: tags {{(pid=90712) __init__ /opt/stack/neutron/neutron/api/extensions.py:156}}
Aug 13 08:42:16.866122 np0000007181 devstack@neutron-api.service[90712]: DEBUG neutron.api.extensions [None req-7ead714c-4b11-45ea-968b-b2efb31d076d None None] Extended resource: tags {{(pid=90712) __init__ /opt/stack/neutron/neutron/api/extensions.py:156}}
Aug 13 08:42:16.866296 np0000007181 devstack@neutron-api.service[90714]: DEBUG neutron.manager [None req-a29415a1-7d17-4b91-a2d0-f00a9779f935 None None] Successfully loaded TAG plugin. Description: Tag support {{(pid=90714) _create_and_add_service_plugin /opt/stack/neutron/neutron/manager.py:236}}
Aug 13 08:42:16.866296 np0000007181 devstack@neutron-api.service[90714]: INFO neutron.manager [None req-a29415a1-7d17-4b91-a2d0-f00a9779f935 None None] Loading Plugin: timestamp
Aug 13 08:42:16.866428 np0000007181 devstack@neutron-api.service[90712]: DEBUG neutron.api.extensions [None req-7ead714c-4b11-45ea-968b-b2efb31d076d None None] Extended resource: tags {{(pid=90712) __init__ /opt/stack/neutron/neutron/api/extensions.py:156}}
Aug 13 08:42:16.866428 np0000007181 devstack@neutron-api.service[90712]: DEBUG neutron.api.extensions [None req-7ead714c-4b11-45ea-968b-b2efb31d076d None None] Extended resource: tags {{(pid=90712) __init__ /opt/stack/neutron/neutron/api/extensions.py:156}}
Aug 13 08:42:16.866428 np0000007181 devstack@neutron-api.service[90712]: DEBUG neutron.api.extensions [None req-7ead714c-4b11-45ea-968b-b2efb31d076d None None] Extended resource: tags {{(pid=90712) __init__ /opt/stack/neutron/neutron/api/extensions.py:156}}
Aug 13 08:42:16.866641 np0000007181 devstack@neutron-api.service[90714]: DEBUG neutron.manager [None req-a29415a1-7d17-4b91-a2d0-f00a9779f935 None None] Successfully loaded timestamp plugin. Description: Adds timestamps to Neutron resources with standard attributes {{(pid=90714) _create_and_add_service_plugin /opt/stack/neutron/neutron/manager.py:236}}
Aug 13 08:42:16.866641 np0000007181 devstack@neutron-api.service[90714]: INFO neutron.manager [None req-a29415a1-7d17-4b91-a2d0-f00a9779f935 None None] Loading Plugin: network_ip_availability
Aug 13 08:42:16.866789 np0000007181 devstack@neutron-api.service[90712]: DEBUG neutron.api.extensions [None req-7ead714c-4b11-45ea-968b-b2efb31d076d None None] Extended resource: tags {{(pid=90712) __init__ /opt/stack/neutron/neutron/api/extensions.py:156}}
Aug 13 08:42:16.866789 np0000007181 devstack@neutron-api.service[90712]: DEBUG neutron.api.extensions [None req-7ead714c-4b11-45ea-968b-b2efb31d076d None None] Extended resource: tags {{(pid=90712) __init__ /opt/stack/neutron/neutron/api/extensions.py:156}}
Aug 13 08:42:16.866924 np0000007181 devstack@neutron-api.service[90714]: DEBUG neutron.manager [None req-a29415a1-7d17-4b91-a2d0-f00a9779f935 None None] Successfully loaded network-ip-availability plugin. Description: Provides IP availability data for each network and subnet. {{(pid=90714) _create_and_add_service_plugin /opt/stack/neutron/neutron/manager.py:236}}
Aug 13 08:42:16.866924 np0000007181 devstack@neutron-api.service[90714]: INFO neutron.manager [None req-a29415a1-7d17-4b91-a2d0-f00a9779f935 None None] Loading Plugin: flavors
Aug 13 08:42:16.866924 np0000007181 devstack@neutron-api.service[90714]: DEBUG neutron.manager [None req-a29415a1-7d17-4b91-a2d0-f00a9779f935 None None] Successfully loaded FLAVORS plugin. Description: Neutron Flavors and Service Profiles manager plugin {{(pid=90714) _create_and_add_service_plugin /opt/stack/neutron/neutron/manager.py:236}}
Aug 13 08:42:16.866924 np0000007181 devstack@neutron-api.service[90714]: INFO neutron.manager [None req-a29415a1-7d17-4b91-a2d0-f00a9779f935 None None] Loading Plugin: revisions
Aug 13 08:42:16.866924 np0000007181 devstack@neutron-api.service[90714]: DEBUG neutron.manager [None req-a29415a1-7d17-4b91-a2d0-f00a9779f935 None None] Successfully loaded revision_plugin plugin. Description: Adds revision numbers to resources. {{(pid=90714) _create_and_add_service_plugin /opt/stack/neutron/neutron/manager.py:236}}
Aug 13 08:42:16.866924 np0000007181 devstack@neutron-api.service[90714]: DEBUG oslo_concurrency.lockutils [None req-a29415a1-7d17-4b91-a2d0-f00a9779f935 None None] Lock "manager" "released" by "neutron.manager.NeutronManager._create_instance" :: held 4.119s {{(pid=90714) inner /opt/stack/data/venv/lib/python3.12/site-packages/oslo_concurrency/lockutils.py:544}}
Aug 13 08:42:16.866924 np0000007181 devstack@neutron-api.service[90714]: DEBUG neutron.api.extensions [None req-a29415a1-7d17-4b91-a2d0-f00a9779f935 None None] get_extension_paths = OrderedDict({'/opt/stack/neutron/neutron/extensions': 1}) {{(pid=90714) get_extensions_path /opt/stack/neutron/neutron/api/extensions.py:640}}
Aug 13 08:42:16.866924 np0000007181 devstack@neutron-api.service[90714]: INFO neutron.api.extensions [None req-a29415a1-7d17-4b91-a2d0-f00a9779f935 None None] Initializing extension manager.
Aug 13 08:42:16.867409 np0000007181 devstack@neutron-api.service[90714]: DEBUG neutron.api.extensions [None req-a29415a1-7d17-4b91-a2d0-f00a9779f935 None None] Loading extension file: __init__.py {{(pid=90714) _load_all_extensions_from_path /opt/stack/neutron/neutron/api/extensions.py:449}}
Aug 13 08:42:16.867409 np0000007181 devstack@neutron-api.service[90714]: DEBUG neutron.api.extensions [None req-a29415a1-7d17-4b91-a2d0-f00a9779f935 None None] Loading extension file: __pycache__ {{(pid=90714) _load_all_extensions_from_path /opt/stack/neutron/neutron/api/extensions.py:449}}
Aug 13 08:42:16.867409 np0000007181 devstack@neutron-api.service[90714]: DEBUG neutron.api.extensions [None req-a29415a1-7d17-4b91-a2d0-f00a9779f935 None None] Loading extension file: aap_reject_multicast.py {{(pid=90714) _load_all_extensions_from_path /opt/stack/neutron/neutron/api/extensions.py:449}}
Aug 13 08:42:16.867409 np0000007181 devstack@neutron-api.service[90714]: DEBUG neutron.api.extensions [None req-a29415a1-7d17-4b91-a2d0-f00a9779f935 None None] Ext name="Allowed address pairs reject multicast extension" alias="aap-reject-multicast" description="Reject multicast addresses in Allowed Address Pairs" updated="2026-04-01T00:00:00-00:00" {{(pid=90714) _check_extension /opt/stack/neutron/neutron/api/extensions.py:415}}
Aug 13 08:42:16.867409 np0000007181 devstack@neutron-api.service[90714]: INFO neutron.api.extensions [None req-a29415a1-7d17-4b91-a2d0-f00a9779f935 None None] Extension aap-reject-multicast not supported by any of loaded plugins
Aug 13 08:42:16.867409 np0000007181 devstack@neutron-api.service[90714]: DEBUG neutron.api.extensions [None req-a29415a1-7d17-4b91-a2d0-f00a9779f935 None None] Loading extension file: address_group.py {{(pid=90714) _load_all_extensions_from_path /opt/stack/neutron/neutron/api/extensions.py:449}}
Aug 13 08:42:16.867409 np0000007181 devstack@neutron-api.service[90714]: DEBUG neutron.api.extensions [None req-a29415a1-7d17-4b91-a2d0-f00a9779f935 None None] Ext name="Address group" alias="address-group" description="Support address group" updated="2020-07-15T10:00:00-00:00" {{(pid=90714) _check_extension /opt/stack/neutron/neutron/api/extensions.py:415}}
Aug 13 08:42:16.867741 np0000007181 devstack@neutron-api.service[90714]: INFO neutron.api.extensions [None req-a29415a1-7d17-4b91-a2d0-f00a9779f935 None None] Loaded extension: address-group
Aug 13 08:42:16.867741 np0000007181 devstack@neutron-api.service[90714]: DEBUG neutron.api.extensions [None req-a29415a1-7d17-4b91-a2d0-f00a9779f935 None None] Loading extension file: address_scope.py {{(pid=90714) _load_all_extensions_from_path /opt/stack/neutron/neutron/api/extensions.py:449}}
Aug 13 08:42:16.867876 np0000007181 devstack@neutron-api.service[90712]: DEBUG neutron_lib.callbacks.manager [None req-7ead714c-4b11-45ea-968b-b2efb31d076d None None] Publish callbacks ['neutron.plugins.ml2.drivers.ovn.mech_driver.mech_driver.OVNMechanismDriver.pre_fork_initialize-3999304'] for process (None), before_spawn {{(pid=90712) _notify_loop /opt/stack/data/venv/lib/python3.12/site-packages/neutron_lib/callbacks/manager.py:184}}
Aug 13 08:42:16.867876 np0000007181 devstack@neutron-api.service[90712]: DEBUG oslo_concurrency.processutils [None req-7ead714c-4b11-45ea-968b-b2efb31d076d None None] Running cmd (subprocess): ovsdb-client transact ssl:10.4.3.24:6641 --timeout 180 -p /opt/stack/data/CA/int-ca/private/devstack-cert.key -c /opt/stack/data/CA/int-ca/devstack-cert.crt -C /opt/stack/data/CA/int-ca/ca-chain.pem ["OVN_Northbound", {"op": "wait", "timeout": 0, "table": "Port_Group", "where": [["name", "==", "neutron_pg_drop"]], "until": "==", "rows": []}, {"op": "insert", "table": "ACL", "row": {"action": "drop", "direction": "to-lport", "match": "outport == @neutron_pg_drop && ip", "priority": 1000}, "uuid-name": "droptoport"}, {"op": "insert", "table": "ACL", "row": {"action": "drop", "direction": "from-lport", "match": "inport == @neutron_pg_drop && ip", "priority": 1000}, "uuid-name": "dropfromport"}, {"op": "insert", "table": "Port_Group", "row": {"name": "neutron_pg_drop", "acls": ["set", [["named-uuid", "droptoport"], ["named-uuid", "dropfromport"]]]}}] {{(pid=90712) execute /opt/stack/data/venv/lib/python3.12/site-packages/oslo_concurrency/processutils.py:440}}
Aug 13 08:42:16.868179 np0000007181 devstack@neutron-api.service[90714]: DEBUG neutron.api.extensions [None req-a29415a1-7d17-4b91-a2d0-f00a9779f935 None None] Ext name="Address scope" alias="address-scope" description="Address scopes extension." updated="2015-07-26T10:00:00-00:00" {{(pid=90714) _check_extension /opt/stack/neutron/neutron/api/extensions.py:415}}
Aug 13 08:42:16.868179 np0000007181 devstack@neutron-api.service[90714]: INFO neutron.api.extensions [None req-a29415a1-7d17-4b91-a2d0-f00a9779f935 None None] Loaded extension: address-scope
Aug 13 08:42:16.868179 np0000007181 devstack@neutron-api.service[90714]: DEBUG neutron.api.extensions [None req-a29415a1-7d17-4b91-a2d0-f00a9779f935 None None] Loading extension file: admin_state_down_before_update.py {{(pid=90714) _load_all_extensions_from_path /opt/stack/neutron/neutron/api/extensions.py:449}}
Aug 13 08:42:16.868179 np0000007181 devstack@neutron-api.service[90714]: DEBUG neutron.api.extensions [None req-a29415a1-7d17-4b91-a2d0-f00a9779f935 None None] Ext name="Enforce Router's Admin State Down Before Update Extension" alias="router-admin-state-down-before-update" description="Ensure that the admin state of a router is DOWN (admin_state_up=False) before updating the distributed attribute" updated="2019-07-02T15:56:00" {{(pid=90714) _check_extension /opt/stack/neutron/neutron/api/extensions.py:415}}
Aug 13 08:42:16.868179 np0000007181 devstack@neutron-api.service[90714]: INFO neutron.api.extensions [None req-a29415a1-7d17-4b91-a2d0-f00a9779f935 None None] Extension router-admin-state-down-before-update not supported by any of loaded plugins
Aug 13 08:42:16.868179 np0000007181 devstack@neutron-api.service[90714]: DEBUG neutron.api.extensions [None req-a29415a1-7d17-4b91-a2d0-f00a9779f935 None None] Loading extension file: agent.py {{(pid=90714) _load_all_extensions_from_path /opt/stack/neutron/neutron/api/extensions.py:449}}
Aug 13 08:42:16.868179 np0000007181 devstack@neutron-api.service[90714]: DEBUG neutron.api.extensions [None req-a29415a1-7d17-4b91-a2d0-f00a9779f935 None None] Ext name="agent" alias="agent" description="The agent management extension." updated="2013-02-03T10:00:00-00:00" {{(pid=90714) _check_extension /opt/stack/neutron/neutron/api/extensions.py:415}}
Aug 13 08:42:16.868498 np0000007181 devstack@neutron-api.service[90714]: INFO neutron.api.extensions [None req-a29415a1-7d17-4b91-a2d0-f00a9779f935 None None] Loaded extension: agent
Aug 13 08:42:16.868498 np0000007181 devstack@neutron-api.service[90714]: DEBUG neutron.api.extensions [None req-a29415a1-7d17-4b91-a2d0-f00a9779f935 None None] Loading extension file: agent_resources_synced.py {{(pid=90714) _load_all_extensions_from_path /opt/stack/neutron/neutron/api/extensions.py:449}}
Aug 13 08:42:16.868498 np0000007181 devstack@neutron-api.service[90714]: DEBUG neutron.api.extensions [None req-a29415a1-7d17-4b91-a2d0-f00a9779f935 None None] Ext name="Agent's Resource View Synced to Placement" alias="agent-resources-synced" description="Stores success/failure of last sync to Placement" updated="2018-12-19T00:00:00-00:00" {{(pid=90714) _check_extension /opt/stack/neutron/neutron/api/extensions.py:415}}
Aug 13 08:42:16.868498 np0000007181 devstack@neutron-api.service[90714]: INFO neutron.api.extensions [None req-a29415a1-7d17-4b91-a2d0-f00a9779f935 None None] Extension agent-resources-synced not supported by any of loaded plugins
Aug 13 08:42:16.868498 np0000007181 devstack@neutron-api.service[90714]: DEBUG neutron.api.extensions [None req-a29415a1-7d17-4b91-a2d0-f00a9779f935 None None] Loading extension file: agent_sort_key.py {{(pid=90714) _load_all_extensions_from_path /opt/stack/neutron/neutron/api/extensions.py:449}}
Aug 13 08:42:16.868498 np0000007181 devstack@neutron-api.service[90714]: DEBUG neutron.api.extensions [None req-a29415a1-7d17-4b91-a2d0-f00a9779f935 None None] Ext name="Agents Sort Key" alias="agent_sort_key" description="Enabling the keyword sort_key for sorting in agents." updated="2013-02-03T10:00:00-00:00" {{(pid=90714) _check_extension /opt/stack/neutron/neutron/api/extensions.py:415}}
Aug 13 08:42:16.868498 np0000007181 devstack@neutron-api.service[90714]: INFO neutron.api.extensions [None req-a29415a1-7d17-4b91-a2d0-f00a9779f935 None None] Extension agent_sort_key not supported by any of loaded plugins
Aug 13 08:42:16.868817 np0000007181 devstack@neutron-api.service[90714]: DEBUG neutron.api.extensions [None req-a29415a1-7d17-4b91-a2d0-f00a9779f935 None None] Loading extension file: allowedaddresspairs.py {{(pid=90714) _load_all_extensions_from_path /opt/stack/neutron/neutron/api/extensions.py:449}}
Aug 13 08:42:16.868817 np0000007181 devstack@neutron-api.service[90714]: DEBUG neutron.api.extensions [None req-a29415a1-7d17-4b91-a2d0-f00a9779f935 None None] Ext name="Allowed Address Pairs" alias="allowed-address-pairs" description="Provides allowed address pairs" updated="2013-07-23T10:00:00-00:00" {{(pid=90714) _check_extension /opt/stack/neutron/neutron/api/extensions.py:415}}
Aug 13 08:42:16.868817 np0000007181 devstack@neutron-api.service[90714]: INFO neutron.api.extensions [None req-a29415a1-7d17-4b91-a2d0-f00a9779f935 None None] Loaded extension: allowed-address-pairs
Aug 13 08:42:16.868817 np0000007181 devstack@neutron-api.service[90714]: DEBUG neutron.api.extensions [None req-a29415a1-7d17-4b91-a2d0-f00a9779f935 None None] Loading extension file: auto_allocated_topology.py {{(pid=90714) _load_all_extensions_from_path /opt/stack/neutron/neutron/api/extensions.py:449}}
Aug 13 08:42:16.868817 np0000007181 devstack@neutron-api.service[90714]: DEBUG neutron.api.extensions [None req-a29415a1-7d17-4b91-a2d0-f00a9779f935 None None] Ext name="Auto Allocated Topology Services" alias="auto-allocated-topology" description="Auto Allocated Topology Services." updated="2016-01-01T00:00:00-00:00" {{(pid=90714) _check_extension /opt/stack/neutron/neutron/api/extensions.py:415}}
Aug 13 08:42:16.868817 np0000007181 devstack@neutron-api.service[90714]: INFO neutron.api.extensions [None req-a29415a1-7d17-4b91-a2d0-f00a9779f935 None None] Loaded extension: auto-allocated-topology
Aug 13 08:42:16.868817 np0000007181 devstack@neutron-api.service[90714]: DEBUG neutron.api.extensions [None req-a29415a1-7d17-4b91-a2d0-f00a9779f935 None None] Loading extension file: availability_zone.py {{(pid=90714) _load_all_extensions_from_path /opt/stack/neutron/neutron/api/extensions.py:449}}
Aug 13 08:42:16.869150 np0000007181 devstack@neutron-api.service[90714]: DEBUG neutron.api.extensions [None req-a29415a1-7d17-4b91-a2d0-f00a9779f935 None None] Ext name="Availability Zone" alias="availability_zone" description="The availability zone extension." updated="2015-01-01T10:00:00-00:00" {{(pid=90714) _check_extension /opt/stack/neutron/neutron/api/extensions.py:415}}
Aug 13 08:42:16.869150 np0000007181 devstack@neutron-api.service[90714]: INFO neutron.api.extensions [None req-a29415a1-7d17-4b91-a2d0-f00a9779f935 None None] Loaded extension: availability_zone
Aug 13 08:42:16.869150 np0000007181 devstack@neutron-api.service[90714]: DEBUG neutron.api.extensions [None req-a29415a1-7d17-4b91-a2d0-f00a9779f935 None None] Loading extension file: availability_zone_filter.py {{(pid=90714) _load_all_extensions_from_path /opt/stack/neutron/neutron/api/extensions.py:449}}
Aug 13 08:42:16.869150 np0000007181 devstack@neutron-api.service[90714]: DEBUG neutron.api.extensions [None req-a29415a1-7d17-4b91-a2d0-f00a9779f935 None None] Ext name="Availability Zone Filter Extension" alias="availability_zone_filter" description="Add filter parameters to AvailabilityZone resource" updated="2018-06-22T10:00:00-00:00" {{(pid=90714) _check_extension /opt/stack/neutron/neutron/api/extensions.py:415}}
Aug 13 08:42:16.869150 np0000007181 devstack@neutron-api.service[90714]: INFO neutron.api.extensions [None req-a29415a1-7d17-4b91-a2d0-f00a9779f935 None None] Extension availability_zone_filter not supported by any of loaded plugins
Aug 13 08:42:16.869150 np0000007181 devstack@neutron-api.service[90714]: DEBUG neutron.api.extensions [None req-a29415a1-7d17-4b91-a2d0-f00a9779f935 None None] Loading extension file: data_plane_status.py {{(pid=90714) _load_all_extensions_from_path /opt/stack/neutron/neutron/api/extensions.py:449}}
Aug 13 08:42:16.869150 np0000007181 devstack@neutron-api.service[90714]: DEBUG neutron.api.extensions [None req-a29415a1-7d17-4b91-a2d0-f00a9779f935 None None] Ext name="Port data plane status extension" alias="data-plane-status" description="Expose status of underlying data plane" updated="2017-01-24T10:00:00-00:00" {{(pid=90714) _check_extension /opt/stack/neutron/neutron/api/extensions.py:415}}
Aug 13 08:42:16.869629 np0000007181 devstack@neutron-api.service[90714]: INFO neutron.api.extensions [None req-a29415a1-7d17-4b91-a2d0-f00a9779f935 None None] Extension data-plane-status not supported by any of loaded plugins
Aug 13 08:42:16.869629 np0000007181 devstack@neutron-api.service[90714]: DEBUG neutron.api.extensions [None req-a29415a1-7d17-4b91-a2d0-f00a9779f935 None None] Loading extension file: default_subnetpools.py {{(pid=90714) _load_all_extensions_from_path /opt/stack/neutron/neutron/api/extensions.py:449}}
Aug 13 08:42:16.869629 np0000007181 devstack@neutron-api.service[90714]: DEBUG neutron.api.extensions [None req-a29415a1-7d17-4b91-a2d0-f00a9779f935 None None] Ext name="Default Subnetpools" alias="default-subnetpools" description="Provides ability to mark and use a subnetpool as the default." updated="2016-02-18T18:00:00-00:00" {{(pid=90714) _check_extension /opt/stack/neutron/neutron/api/extensions.py:415}}
Aug 13 08:42:16.869629 np0000007181 devstack@neutron-api.service[90714]: INFO neutron.api.extensions [None req-a29415a1-7d17-4b91-a2d0-f00a9779f935 None None] Loaded extension: default-subnetpools
Aug 13 08:42:16.869629 np0000007181 devstack@neutron-api.service[90714]: DEBUG neutron.api.extensions [None req-a29415a1-7d17-4b91-a2d0-f00a9779f935 None None] Loading extension file: dhcpagentscheduler.py {{(pid=90714) _load_all_extensions_from_path /opt/stack/neutron/neutron/api/extensions.py:449}}
Aug 13 08:42:16.869629 np0000007181 devstack@neutron-api.service[90714]: DEBUG neutron.api.extensions [None req-a29415a1-7d17-4b91-a2d0-f00a9779f935 None None] Ext name="DHCP Agent Scheduler" alias="dhcp_agent_scheduler" description="Schedule networks among dhcp agents" updated="2013-02-07T10:00:00-00:00" {{(pid=90714) _check_extension /opt/stack/neutron/neutron/api/extensions.py:415}}
Aug 13 08:42:16.869629 np0000007181 devstack@neutron-api.service[90714]: INFO neutron.api.extensions [None req-a29415a1-7d17-4b91-a2d0-f00a9779f935 None None] Loaded extension: dhcp_agent_scheduler
Aug 13 08:42:16.869629 np0000007181 devstack@neutron-api.service[90714]: DEBUG neutron.api.extensions [None req-a29415a1-7d17-4b91-a2d0-f00a9779f935 None None] Loading extension file: dns.py {{(pid=90714) _load_all_extensions_from_path /opt/stack/neutron/neutron/api/extensions.py:449}}
Aug 13 08:42:16.869982 np0000007181 devstack@neutron-api.service[90714]: DEBUG neutron.api.extensions [None req-a29415a1-7d17-4b91-a2d0-f00a9779f935 None None] Ext name="DNS Integration" alias="dns-integration" description="Provides integration with DNS." updated="2015-08-15T18:00:00-00:00" {{(pid=90714) _check_extension /opt/stack/neutron/neutron/api/extensions.py:415}}
Aug 13 08:42:16.869982 np0000007181 devstack@neutron-api.service[90714]: INFO neutron.api.extensions [None req-a29415a1-7d17-4b91-a2d0-f00a9779f935 None None] Loaded extension: dns-integration
Aug 13 08:42:16.869982 np0000007181 devstack@neutron-api.service[90714]: DEBUG neutron.api.extensions [None req-a29415a1-7d17-4b91-a2d0-f00a9779f935 None None] Loading extension file: dns_domain_ports.py {{(pid=90714) _load_all_extensions_from_path /opt/stack/neutron/neutron/api/extensions.py:449}}
Aug 13 08:42:16.869982 np0000007181 devstack@neutron-api.service[90714]: DEBUG neutron.api.extensions [None req-a29415a1-7d17-4b91-a2d0-f00a9779f935 None None] Ext name="dns_domain for ports" alias="dns-domain-ports" description="Allows the DNS domain to be specified for a network port." updated="2017-04-24T10:00:00-00:00" {{(pid=90714) _check_extension /opt/stack/neutron/neutron/api/extensions.py:415}}
Aug 13 08:42:16.869982 np0000007181 devstack@neutron-api.service[90714]: INFO neutron.api.extensions [None req-a29415a1-7d17-4b91-a2d0-f00a9779f935 None None] Loaded extension: dns-domain-ports
Aug 13 08:42:16.869982 np0000007181 devstack@neutron-api.service[90714]: DEBUG neutron.api.extensions [None req-a29415a1-7d17-4b91-a2d0-f00a9779f935 None None] Loading extension file: dns_integration_domain_keywords.py {{(pid=90714) _load_all_extensions_from_path /opt/stack/neutron/neutron/api/extensions.py:449}}
Aug 13 08:42:16.869982 np0000007181 devstack@neutron-api.service[90714]: DEBUG neutron.api.extensions [None req-a29415a1-7d17-4b91-a2d0-f00a9779f935 None None] Ext name="DNS domain names with keywords allowed" alias="dns-integration-domain-keywords" description="Allows to use keywords like , , and as DNS domain name" updated="2020-06-15T18:00:00-00:00" {{(pid=90714) _check_extension /opt/stack/neutron/neutron/api/extensions.py:415}}
Aug 13 08:42:16.870315 np0000007181 devstack@neutron-api.service[90714]: INFO neutron.api.extensions [None req-a29415a1-7d17-4b91-a2d0-f00a9779f935 None None] Loaded extension: dns-integration-domain-keywords
