Jul 22 04:42:48.207042 np0000005618 devstack@g-api.service[102918]: DEBUG glance.api.middleware.version_negotiation [None req-e8490d35-21aa-4663-ac89-14f2c089af7c tempest-ServerBootFromVolumeStableRescueTest-1056837515 tempest-ServerBootFromVolumeStableRescueTest-1056837515-project-member] Determining version of request: GET /v2/images/dda3a0cd-0351-476c-8c66-0db59765e9e3 Accept: application/json {{(pid=102918) process_request /opt/stack/glance/glance/api/middleware/version_negotiation.py:44}}
Jul 22 04:42:48.207632 np0000005618 devstack@g-api.service[102918]: DEBUG glance.api.middleware.version_negotiation [None req-e8490d35-21aa-4663-ac89-14f2c089af7c tempest-ServerBootFromVolumeStableRescueTest-1056837515 tempest-ServerBootFromVolumeStableRescueTest-1056837515-project-member] Using url versioning {{(pid=102918) process_request /opt/stack/glance/glance/api/middleware/version_negotiation.py:57}}
Jul 22 04:42:48.207632 np0000005618 devstack@g-api.service[102918]: DEBUG glance.api.middleware.version_negotiation [None req-e8490d35-21aa-4663-ac89-14f2c089af7c tempest-ServerBootFromVolumeStableRescueTest-1056837515 tempest-ServerBootFromVolumeStableRescueTest-1056837515-project-member] Matched version: v2 {{(pid=102918) process_request /opt/stack/glance/glance/api/middleware/version_negotiation.py:69}}
Jul 22 04:42:48.207632 np0000005618 devstack@g-api.service[102918]: DEBUG glance.api.middleware.version_negotiation [None req-e8490d35-21aa-4663-ac89-14f2c089af7c tempest-ServerBootFromVolumeStableRescueTest-1056837515 tempest-ServerBootFromVolumeStableRescueTest-1056837515-project-member] new path /v2/images/dda3a0cd-0351-476c-8c66-0db59765e9e3 {{(pid=102918) process_request /opt/stack/glance/glance/api/middleware/version_negotiation.py:70}}
Jul 22 04:42:48.221797 np0000005618 devstack@g-api.service[102918]: [pid: 102918|app: 0|req: 78/315] 127.0.0.1 () {40 vars in 838 bytes} [Wed Jul 22 04:42:48 2026] GET /v2/images/dda3a0cd-0351-476c-8c66-0db59765e9e3 => generated 1044 bytes in 15 msecs (HTTP/1.1 200) 4 headers in 158 bytes (1 switches on core 0)
Jul 22 04:42:48.242161 np0000005618 devstack@g-api.service[102921]: DEBUG glance.api.middleware.version_negotiation [None req-e8490d35-21aa-4663-ac89-14f2c089af7c tempest-ServerBootFromVolumeStableRescueTest-1056837515 tempest-ServerBootFromVolumeStableRescueTest-1056837515-project-member] Determining version of request: GET /v2/images/dda3a0cd-0351-476c-8c66-0db59765e9e3 Accept: */* {{(pid=102921) process_request /opt/stack/glance/glance/api/middleware/version_negotiation.py:44}}
Jul 22 04:42:48.242371 np0000005618 devstack@g-api.service[102921]: DEBUG glance.api.middleware.version_negotiation [None req-e8490d35-21aa-4663-ac89-14f2c089af7c tempest-ServerBootFromVolumeStableRescueTest-1056837515 tempest-ServerBootFromVolumeStableRescueTest-1056837515-project-member] Using url versioning {{(pid=102921) process_request /opt/stack/glance/glance/api/middleware/version_negotiation.py:57}}
Jul 22 04:42:48.242542 np0000005618 devstack@g-api.service[102921]: DEBUG glance.api.middleware.version_negotiation [None req-e8490d35-21aa-4663-ac89-14f2c089af7c tempest-ServerBootFromVolumeStableRescueTest-1056837515 tempest-ServerBootFromVolumeStableRescueTest-1056837515-project-member] Matched version: v2 {{(pid=102921) process_request /opt/stack/glance/glance/api/middleware/version_negotiation.py:69}}
Jul 22 04:42:48.242680 np0000005618 devstack@g-api.service[102921]: DEBUG glance.api.middleware.version_negotiation [None req-e8490d35-21aa-4663-ac89-14f2c089af7c tempest-ServerBootFromVolumeStableRescueTest-1056837515 tempest-ServerBootFromVolumeStableRescueTest-1056837515-project-member] new path /v2/images/dda3a0cd-0351-476c-8c66-0db59765e9e3 {{(pid=102921) process_request /opt/stack/glance/glance/api/middleware/version_negotiation.py:70}}
Jul 22 04:42:48.254471 np0000005618 devstack@g-api.service[102921]: [pid: 102921|app: 0|req: 80/316] 127.0.0.1 () {44 vars in 1115 bytes} [Wed Jul 22 04:42:48 2026] GET /v2/images/dda3a0cd-0351-476c-8c66-0db59765e9e3 => generated 1044 bytes in 12 msecs (HTTP/1.1 200) 4 headers in 158 bytes (1 switches on core 0)
Jul 22 04:42:48.266320 np0000005618 devstack@g-api.service[102919]: DEBUG glance.api.middleware.version_negotiation [None req-2c2d9d41-f483-49a2-b296-d5dcce981ef5 tempest-VolumesGetTest-1880870993 tempest-VolumesGetTest-1880870993-project-member] Determining version of request: GET /v2/schemas/image Accept: */* {{(pid=102919) process_request /opt/stack/glance/glance/api/middleware/version_negotiation.py:44}}
Jul 22 04:42:48.266600 np0000005618 devstack@g-api.service[102919]: DEBUG glance.api.middleware.version_negotiation [None req-2c2d9d41-f483-49a2-b296-d5dcce981ef5 tempest-VolumesGetTest-1880870993 tempest-VolumesGetTest-1880870993-project-member] Using url versioning {{(pid=102919) process_request /opt/stack/glance/glance/api/middleware/version_negotiation.py:57}}
Jul 22 04:42:48.266600 np0000005618 devstack@g-api.service[102919]: DEBUG glance.api.middleware.version_negotiation [None req-2c2d9d41-f483-49a2-b296-d5dcce981ef5 tempest-VolumesGetTest-1880870993 tempest-VolumesGetTest-1880870993-project-member] Matched version: v2 {{(pid=102919) process_request /opt/stack/glance/glance/api/middleware/version_negotiation.py:69}}
Jul 22 04:42:48.266697 np0000005618 devstack@g-api.service[102919]: DEBUG glance.api.middleware.version_negotiation [None req-2c2d9d41-f483-49a2-b296-d5dcce981ef5 tempest-VolumesGetTest-1880870993 tempest-VolumesGetTest-1880870993-project-member] new path /v2/schemas/image {{(pid=102919) process_request /opt/stack/glance/glance/api/middleware/version_negotiation.py:70}}
Jul 22 04:42:48.271675 np0000005618 devstack@g-api.service[102919]: [pid: 102919|app: 0|req: 81/317] 127.0.0.1 () {44 vars in 1055 bytes} [Wed Jul 22 04:42:48 2026] GET /v2/schemas/image => generated 6083 bytes in 5 msecs (HTTP/1.1 200) 4 headers in 158 bytes (1 switches on core 0)
Jul 22 04:42:48.283181 np0000005618 devstack@g-api.service[102920]: DEBUG swiftclient [None req-e8490d35-21aa-4663-ac89-14f2c089af7c tempest-ServerBootFromVolumeStableRescueTest-1056837515 tempest-ServerBootFromVolumeStableRescueTest-1056837515-project-member] REQ: curl -i https://10.4.3.175:8080/v1/AUTH_feb7778f15b14b1ba35e2d9083385675/glance/03baf481-19cb-4db9-945b-e89c26459ebf -X GET -H "X-Auth-Token: gAAAAABqYEpIxTDF..." {{(pid=102920) http_log /opt/stack/data/venv/lib/python3.12/site-packages/swiftclient/client.py:160}}
Jul 22 04:42:48.283181 np0000005618 devstack@g-api.service[102920]: DEBUG swiftclient [None req-e8490d35-21aa-4663-ac89-14f2c089af7c tempest-ServerBootFromVolumeStableRescueTest-1056837515 tempest-ServerBootFromVolumeStableRescueTest-1056837515-project-member] RESP STATUS: 200 OK {{(pid=102920) http_log /opt/stack/data/venv/lib/python3.12/site-packages/swiftclient/client.py:161}}
Jul 22 04:42:48.283332 np0000005618 devstack@g-api.service[102918]: DEBUG glance.api.middleware.version_negotiation [None req-4e7549ad-0ded-4de7-80e8-9d9e0c5ac354 tempest-VolumesGetTest-1880870993 tempest-VolumesGetTest-1880870993-project-member] Determining version of request: GET /v2/schemas/image Accept: */* {{(pid=102918) process_request /opt/stack/glance/glance/api/middleware/version_negotiation.py:44}}
Jul 22 04:42:48.283377 np0000005618 devstack@g-api.service[102920]: DEBUG swiftclient [None req-e8490d35-21aa-4663-ac89-14f2c089af7c tempest-ServerBootFromVolumeStableRescueTest-1056837515 tempest-ServerBootFromVolumeStableRescueTest-1056837515-project-member] RESP HEADERS: {'Date': 'Wed, 22 Jul 2026 04:42:48 GMT', 'Server': 'Apache/2.4.58 (Ubuntu)', 'Content-Type': 'application/octet-stream', 'X-Object-Manifest': 'glance/03baf481-19cb-4db9-945b-e89c26459ebf-', 'Last-Modified': 'Wed, 22 Jul 2026 04:42:32 GMT', 'X-Timestamp': '1784695351.30095', 'Accept-Ranges': 'bytes', 'Content-Length': '23527424', 'Etag': '"9c424351ecc3b84373f916fa8ecd34a2"', 'X-Trans-Id': 'txd2d1cbcfa2c1477ea37a6-006a604a48', 'X-Openstack-Request-Id': 'txd2d1cbcfa2c1477ea37a6-006a604a48', 'Connection': 'close'} {{(pid=102920) http_log /opt/stack/data/venv/lib/python3.12/site-packages/swiftclient/client.py:162}}
Jul 22 04:42:48.283531 np0000005618 devstack@g-api.service[102918]: DEBUG glance.api.middleware.version_negotiation [None req-4e7549ad-0ded-4de7-80e8-9d9e0c5ac354 tempest-VolumesGetTest-1880870993 tempest-VolumesGetTest-1880870993-project-member] Using url versioning {{(pid=102918) process_request /opt/stack/glance/glance/api/middleware/version_negotiation.py:57}}
Jul 22 04:42:48.283765 np0000005618 devstack@g-api.service[102918]: DEBUG glance.api.middleware.version_negotiation [None req-4e7549ad-0ded-4de7-80e8-9d9e0c5ac354 tempest-VolumesGetTest-1880870993 tempest-VolumesGetTest-1880870993-project-member] Matched version: v2 {{(pid=102918) process_request /opt/stack/glance/glance/api/middleware/version_negotiation.py:69}}
Jul 22 04:42:48.283934 np0000005618 devstack@g-api.service[102918]: DEBUG glance.api.middleware.version_negotiation [None req-4e7549ad-0ded-4de7-80e8-9d9e0c5ac354 tempest-VolumesGetTest-1880870993 tempest-VolumesGetTest-1880870993-project-member] new path /v2/schemas/image {{(pid=102918) process_request /opt/stack/glance/glance/api/middleware/version_negotiation.py:70}}
Jul 22 04:42:48.287410 np0000005618 devstack@g-api.service[102918]: [pid: 102918|app: 0|req: 79/318] 127.0.0.1 () {44 vars in 1055 bytes} [Wed Jul 22 04:42:48 2026] GET /v2/schemas/image => generated 6083 bytes in 4 msecs (HTTP/1.1 200) 4 headers in 158 bytes (1 switches on core 0)
Jul 22 04:42:48.299736 np0000005618 devstack@g-api.service[102921]: DEBUG glance.api.middleware.version_negotiation [None req-84162acf-344c-4496-bfc3-040df49a0857 tempest-VolumesGetTest-1880870993 tempest-VolumesGetTest-1880870993-project-member] Determining version of request: GET /v2/images/dda3a0cd-0351-476c-8c66-0db59765e9e3 Accept: */* {{(pid=102921) process_request /opt/stack/glance/glance/api/middleware/version_negotiation.py:44}}
Jul 22 04:42:48.300123 np0000005618 devstack@g-api.service[102920]: DEBUG glance.image_cache [None req-e8490d35-21aa-4663-ac89-14f2c089af7c tempest-ServerBootFromVolumeStableRescueTest-1056837515 tempest-ServerBootFromVolumeStableRescueTest-1056837515-project-member] Tee'ing image '03baf481-19cb-4db9-945b-e89c26459ebf' into cache {{(pid=102920) get_caching_iter /opt/stack/glance/glance/image_cache/__init__.py:356}}
Jul 22 04:42:48.300231 np0000005618 devstack@g-api.service[102921]: DEBUG glance.api.middleware.version_negotiation [None req-84162acf-344c-4496-bfc3-040df49a0857 tempest-VolumesGetTest-1880870993 tempest-VolumesGetTest-1880870993-project-member] Using url versioning {{(pid=102921) process_request /opt/stack/glance/glance/api/middleware/version_negotiation.py:57}}
Jul 22 04:42:48.300266 np0000005618 devstack@g-api.service[102921]: DEBUG glance.api.middleware.version_negotiation [None req-84162acf-344c-4496-bfc3-040df49a0857 tempest-VolumesGetTest-1880870993 tempest-VolumesGetTest-1880870993-project-member] Matched version: v2 {{(pid=102921) process_request /opt/stack/glance/glance/api/middleware/version_negotiation.py:69}}
Jul 22 04:42:48.300421 np0000005618 devstack@g-api.service[102921]: DEBUG glance.api.middleware.version_negotiation [None req-84162acf-344c-4496-bfc3-040df49a0857 tempest-VolumesGetTest-1880870993 tempest-VolumesGetTest-1880870993-project-member] new path /v2/images/dda3a0cd-0351-476c-8c66-0db59765e9e3 {{(pid=102921) process_request /opt/stack/glance/glance/api/middleware/version_negotiation.py:70}}
Jul 22 04:42:48.315719 np0000005618 devstack@g-api.service[102921]: [pid: 102921|app: 0|req: 81/319] 127.0.0.1 () {44 vars in 1115 bytes} [Wed Jul 22 04:42:48 2026] GET /v2/images/dda3a0cd-0351-476c-8c66-0db59765e9e3 => generated 1044 bytes in 16 msecs (HTTP/1.1 200) 4 headers in 158 bytes (1 switches on core 0)
Jul 22 04:42:48.325561 np0000005618 devstack@g-api.service[102919]: DEBUG glance.api.middleware.version_negotiation [None req-84162acf-344c-4496-bfc3-040df49a0857 tempest-VolumesGetTest-1880870993 tempest-VolumesGetTest-1880870993-project-member] Determining version of request: GET /v2/schemas/image Accept: */* {{(pid=102919) process_request /opt/stack/glance/glance/api/middleware/version_negotiation.py:44}}
Jul 22 04:42:48.326188 np0000005618 devstack@g-api.service[102919]: DEBUG glance.api.middleware.version_negotiation [None req-84162acf-344c-4496-bfc3-040df49a0857 tempest-VolumesGetTest-1880870993 tempest-VolumesGetTest-1880870993-project-member] Using url versioning {{(pid=102919) process_request /opt/stack/glance/glance/api/middleware/version_negotiation.py:57}}
Jul 22 04:42:48.326188 np0000005618 devstack@g-api.service[102919]: DEBUG glance.api.middleware.version_negotiation [None req-84162acf-344c-4496-bfc3-040df49a0857 tempest-VolumesGetTest-1880870993 tempest-VolumesGetTest-1880870993-project-member] Matched version: v2 {{(pid=102919) process_request /opt/stack/glance/glance/api/middleware/version_negotiation.py:69}}
Jul 22 04:42:48.326188 np0000005618 devstack@g-api.service[102919]: DEBUG glance.api.middleware.version_negotiation [None req-84162acf-344c-4496-bfc3-040df49a0857 tempest-VolumesGetTest-1880870993 tempest-VolumesGetTest-1880870993-project-member] new path /v2/schemas/image {{(pid=102919) process_request /opt/stack/glance/glance/api/middleware/version_negotiation.py:70}}
Jul 22 04:42:48.332316 np0000005618 devstack@g-api.service[102919]: [pid: 102919|app: 0|req: 82/320] 127.0.0.1 () {44 vars in 1055 bytes} [Wed Jul 22 04:42:48 2026] GET /v2/schemas/image => generated 6083 bytes in 7 msecs (HTTP/1.1 200) 4 headers in 158 bytes (1 switches on core 0)
Jul 22 04:42:48.343552 np0000005618 devstack@g-api.service[102918]: DEBUG glance.api.middleware.version_negotiation [None req-84162acf-344c-4496-bfc3-040df49a0857 tempest-VolumesGetTest-1880870993 tempest-VolumesGetTest-1880870993-project-member] Determining version of request: GET /v2/schemas/image Accept: */* {{(pid=102918) process_request /opt/stack/glance/glance/api/middleware/version_negotiation.py:44}}
Jul 22 04:42:48.343776 np0000005618 devstack@g-api.service[102918]: DEBUG glance.api.middleware.version_negotiation [None req-84162acf-344c-4496-bfc3-040df49a0857 tempest-VolumesGetTest-1880870993 tempest-VolumesGetTest-1880870993-project-member] Using url versioning {{(pid=102918) process_request /opt/stack/glance/glance/api/middleware/version_negotiation.py:57}}
Jul 22 04:42:48.344002 np0000005618 devstack@g-api.service[102918]: DEBUG glance.api.middleware.version_negotiation [None req-84162acf-344c-4496-bfc3-040df49a0857 tempest-VolumesGetTest-1880870993 tempest-VolumesGetTest-1880870993-project-member] Matched version: v2 {{(pid=102918) process_request /opt/stack/glance/glance/api/middleware/version_negotiation.py:69}}
Jul 22 04:42:48.344141 np0000005618 devstack@g-api.service[102918]: DEBUG glance.api.middleware.version_negotiation [None req-84162acf-344c-4496-bfc3-040df49a0857 tempest-VolumesGetTest-1880870993 tempest-VolumesGetTest-1880870993-project-member] new path /v2/schemas/image {{(pid=102918) process_request /opt/stack/glance/glance/api/middleware/version_negotiation.py:70}}
Jul 22 04:42:48.348157 np0000005618 devstack@g-api.service[102918]: [pid: 102918|app: 0|req: 80/321] 127.0.0.1 () {44 vars in 1055 bytes} [Wed Jul 22 04:42:48 2026] GET /v2/schemas/image => generated 6083 bytes in 5 msecs (HTTP/1.1 200) 4 headers in 158 bytes (1 switches on core 0)
Jul 22 04:42:48.376183 np0000005618 devstack@g-api.service[102921]: DEBUG glance.api.middleware.version_negotiation [None req-84162acf-344c-4496-bfc3-040df49a0857 tempest-VolumesGetTest-1880870993 tempest-VolumesGetTest-1880870993-project-member] Determining version of request: GET /v2/images/dda3a0cd-0351-476c-8c66-0db59765e9e3 Accept: */* {{(pid=102921) process_request /opt/stack/glance/glance/api/middleware/version_negotiation.py:44}}
Jul 22 04:42:48.376362 np0000005618 devstack@g-api.service[102921]: DEBUG glance.api.middleware.version_negotiation [None req-84162acf-344c-4496-bfc3-040df49a0857 tempest-VolumesGetTest-1880870993 tempest-VolumesGetTest-1880870993-project-member] Using url versioning {{(pid=102921) process_request /opt/stack/glance/glance/api/middleware/version_negotiation.py:57}}
Jul 22 04:42:48.376476 np0000005618 devstack@g-api.service[102921]: DEBUG glance.api.middleware.version_negotiation [None req-84162acf-344c-4496-bfc3-040df49a0857 tempest-VolumesGetTest-1880870993 tempest-VolumesGetTest-1880870993-project-member] Matched version: v2 {{(pid=102921) process_request /opt/stack/glance/glance/api/middleware/version_negotiation.py:69}}
Jul 22 04:42:48.376561 np0000005618 devstack@g-api.service[102921]: DEBUG glance.api.middleware.version_negotiation [None req-84162acf-344c-4496-bfc3-040df49a0857 tempest-VolumesGetTest-1880870993 tempest-VolumesGetTest-1880870993-project-member] new path /v2/images/dda3a0cd-0351-476c-8c66-0db59765e9e3 {{(pid=102921) process_request /opt/stack/glance/glance/api/middleware/version_negotiation.py:70}}
Jul 22 04:42:48.394596 np0000005618 devstack@g-api.service[102921]: [pid: 102921|app: 0|req: 82/322] 127.0.0.1 () {44 vars in 1115 bytes} [Wed Jul 22 04:42:48 2026] GET /v2/images/dda3a0cd-0351-476c-8c66-0db59765e9e3 => generated 1044 bytes in 19 msecs (HTTP/1.1 200) 4 headers in 158 bytes (1 switches on core 0)
Jul 22 04:42:48.406404 np0000005618 devstack@g-api.service[102919]: DEBUG glance.api.middleware.version_negotiation [None req-84162acf-344c-4496-bfc3-040df49a0857 tempest-VolumesGetTest-1880870993 tempest-VolumesGetTest-1880870993-project-member] Determining version of request: GET /v2/schemas/image Accept: */* {{(pid=102919) process_request /opt/stack/glance/glance/api/middleware/version_negotiation.py:44}}
Jul 22 04:42:48.406550 np0000005618 devstack@g-api.service[102919]: DEBUG glance.api.middleware.version_negotiation [None req-84162acf-344c-4496-bfc3-040df49a0857 tempest-VolumesGetTest-1880870993 tempest-VolumesGetTest-1880870993-project-member] Using url versioning {{(pid=102919) process_request /opt/stack/glance/glance/api/middleware/version_negotiation.py:57}}
Jul 22 04:42:48.406847 np0000005618 devstack@g-api.service[102919]: DEBUG glance.api.middleware.version_negotiation [None req-84162acf-344c-4496-bfc3-040df49a0857 tempest-VolumesGetTest-1880870993 tempest-VolumesGetTest-1880870993-project-member] Matched version: v2 {{(pid=102919) process_request /opt/stack/glance/glance/api/middleware/version_negotiation.py:69}}
Jul 22 04:42:48.407036 np0000005618 devstack@g-api.service[102919]: DEBUG glance.api.middleware.version_negotiation [None req-84162acf-344c-4496-bfc3-040df49a0857 tempest-VolumesGetTest-1880870993 tempest-VolumesGetTest-1880870993-project-member] new path /v2/schemas/image {{(pid=102919) process_request /opt/stack/glance/glance/api/middleware/version_negotiation.py:70}}
Jul 22 04:42:48.410827 np0000005618 devstack@g-api.service[102919]: [pid: 102919|app: 0|req: 83/323] 127.0.0.1 () {44 vars in 1055 bytes} [Wed Jul 22 04:42:48 2026] GET /v2/schemas/image => generated 6083 bytes in 4 msecs (HTTP/1.1 200) 4 headers in 158 bytes (1 switches on core 0)
Jul 22 04:42:48.469305 np0000005618 devstack@g-api.service[102920]: DEBUG glance.image_cache.drivers.centralized_db [None req-e8490d35-21aa-4663-ac89-14f2c089af7c tempest-ServerBootFromVolumeStableRescueTest-1056837515 tempest-ServerBootFromVolumeStableRescueTest-1056837515-project-member] Fetch finished, moving '/opt/stack/data/glance/cache/incomplete/03baf481-19cb-4db9-945b-e89c26459ebf' to '/opt/stack/data/glance/cache/03baf481-19cb-4db9-945b-e89c26459ebf' {{(pid=102920) commit /opt/stack/glance/glance/image_cache/drivers/centralized_db.py:243}}
Jul 22 04:42:48.487706 np0000005618 devstack@g-api.service[102920]: DEBUG glance.image_cache.drivers.centralized_db [None req-e8490d35-21aa-4663-ac89-14f2c089af7c tempest-ServerBootFromVolumeStableRescueTest-1056837515 tempest-ServerBootFromVolumeStableRescueTest-1056837515-project-member] Image cached successfully. {{(pid=102920) commit /opt/stack/glance/glance/image_cache/drivers/centralized_db.py:258}}
Jul 22 04:42:48.487911 np0000005618 devstack@g-api.service[102920]: [pid: 102920|app: 0|req: 79/324] 127.0.0.1 () {44 vars in 1125 bytes} [Wed Jul 22 04:42:47 2026] GET /v2/images/03baf481-19cb-4db9-945b-e89c26459ebf/file => generated 23527424 bytes in 491 msecs (HTTP/1.1 200) 4 headers in 191 bytes (359 switches on core 0)
Jul 22 04:42:48.591553 np0000005618 devstack@g-api.service[102918]: DEBUG glance.api.middleware.version_negotiation [None req-84162acf-344c-4496-bfc3-040df49a0857 tempest-VolumesGetTest-1880870993 tempest-VolumesGetTest-1880870993-project-member] Determining version of request: GET /v2/images/03baf481-19cb-4db9-945b-e89c26459ebf Accept: */* {{(pid=102918) process_request /opt/stack/glance/glance/api/middleware/version_negotiation.py:44}}
Jul 22 04:42:48.591553 np0000005618 devstack@g-api.service[102918]: DEBUG glance.api.middleware.version_negotiation [None req-84162acf-344c-4496-bfc3-040df49a0857 tempest-VolumesGetTest-1880870993 tempest-VolumesGetTest-1880870993-project-member] Using url versioning {{(pid=102918) process_request /opt/stack/glance/glance/api/middleware/version_negotiation.py:57}}
Jul 22 04:42:48.591778 np0000005618 devstack@g-api.service[102918]: DEBUG glance.api.middleware.version_negotiation [None req-84162acf-344c-4496-bfc3-040df49a0857 tempest-VolumesGetTest-1880870993 tempest-VolumesGetTest-1880870993-project-member] Matched version: v2 {{(pid=102918) process_request /opt/stack/glance/glance/api/middleware/version_negotiation.py:69}}
Jul 22 04:42:48.591899 np0000005618 devstack@g-api.service[102918]: DEBUG glance.api.middleware.version_negotiation [None req-84162acf-344c-4496-bfc3-040df49a0857 tempest-VolumesGetTest-1880870993 tempest-VolumesGetTest-1880870993-project-member] new path /v2/images/03baf481-19cb-4db9-945b-e89c26459ebf {{(pid=102918) process_request /opt/stack/glance/glance/api/middleware/version_negotiation.py:70}}
Jul 22 04:42:48.609606 np0000005618 devstack@g-api.service[102918]: [pid: 102918|app: 0|req: 81/325] 127.0.0.1 () {44 vars in 1115 bytes} [Wed Jul 22 04:42:48 2026] GET /v2/images/03baf481-19cb-4db9-945b-e89c26459ebf => generated 1696 bytes in 19 msecs (HTTP/1.1 200) 4 headers in 158 bytes (1 switches on core 0)
Jul 22 04:42:48.655277 np0000005618 devstack@g-api.service[102921]: DEBUG glance.api.middleware.version_negotiation [None req-84162acf-344c-4496-bfc3-040df49a0857 tempest-VolumesGetTest-1880870993 tempest-VolumesGetTest-1880870993-project-member] Determining version of request: GET /v2/schemas/image Accept: */* {{(pid=102921) process_request /opt/stack/glance/glance/api/middleware/version_negotiation.py:44}}
Jul 22 04:42:48.655423 np0000005618 devstack@g-api.service[102921]: DEBUG glance.api.middleware.version_negotiation [None req-84162acf-344c-4496-bfc3-040df49a0857 tempest-VolumesGetTest-1880870993 tempest-VolumesGetTest-1880870993-project-member] Using url versioning {{(pid=102921) process_request /opt/stack/glance/glance/api/middleware/version_negotiation.py:57}}
Jul 22 04:42:48.655552 np0000005618 devstack@g-api.service[102921]: DEBUG glance.api.middleware.version_negotiation [None req-84162acf-344c-4496-bfc3-040df49a0857 tempest-VolumesGetTest-1880870993 tempest-VolumesGetTest-1880870993-project-member] Matched version: v2 {{(pid=102921) process_request /opt/stack/glance/glance/api/middleware/version_negotiation.py:69}}
Jul 22 04:42:48.655651 np0000005618 devstack@g-api.service[102921]: DEBUG glance.api.middleware.version_negotiation [None req-84162acf-344c-4496-bfc3-040df49a0857 tempest-VolumesGetTest-1880870993 tempest-VolumesGetTest-1880870993-project-member] new path /v2/schemas/image {{(pid=102921) process_request /opt/stack/glance/glance/api/middleware/version_negotiation.py:70}}
Jul 22 04:42:48.657898 np0000005618 devstack@g-api.service[102921]: [pid: 102921|app: 0|req: 83/326] 127.0.0.1 () {44 vars in 1055 bytes} [Wed Jul 22 04:42:48 2026] GET /v2/schemas/image => generated 6083 bytes in 3 msecs (HTTP/1.1 200) 4 headers in 158 bytes (1 switches on core 0)
Jul 22 04:42:48.936772 np0000005618 devstack@g-api.service[102919]: DEBUG glance.api.middleware.version_negotiation [None req-84162acf-344c-4496-bfc3-040df49a0857 tempest-VolumesGetTest-1880870993 tempest-VolumesGetTest-1880870993-project-member] Determining version of request: GET /versions Accept: */* {{(pid=102919) process_request /opt/stack/glance/glance/api/middleware/version_negotiation.py:44}}
Jul 22 04:42:48.937679 np0000005618 devstack@g-api.service[102919]: [pid: 102919|app: 0|req: 84/327] 127.0.0.1 () {44 vars in 1039 bytes} [Wed Jul 22 04:42:48 2026] GET /versions => generated 1515 bytes in 1 msecs (HTTP/1.1 200) 3 headers in 92 bytes (1 switches on core 0)
Jul 22 04:42:48.945691 np0000005618 devstack@g-api.service[102920]: DEBUG glance.api.middleware.version_negotiation [None req-e8490d35-21aa-4663-ac89-14f2c089af7c tempest-ServerBootFromVolumeStableRescueTest-1056837515 tempest-ServerBootFromVolumeStableRescueTest-1056837515-project-member] Determining version of request: GET /v2/images/dda3a0cd-0351-476c-8c66-0db59765e9e3/locations Accept: */* {{(pid=102920) process_request /opt/stack/glance/glance/api/middleware/version_negotiation.py:44}}
Jul 22 04:42:48.945847 np0000005618 devstack@g-api.service[102920]: DEBUG glance.api.middleware.version_negotiation [None req-e8490d35-21aa-4663-ac89-14f2c089af7c tempest-ServerBootFromVolumeStableRescueTest-1056837515 tempest-ServerBootFromVolumeStableRescueTest-1056837515-project-member] Using url versioning {{(pid=102920) process_request /opt/stack/glance/glance/api/middleware/version_negotiation.py:57}}
Jul 22 04:42:48.945977 np0000005618 devstack@g-api.service[102920]: DEBUG glance.api.middleware.version_negotiation [None req-e8490d35-21aa-4663-ac89-14f2c089af7c tempest-ServerBootFromVolumeStableRescueTest-1056837515 tempest-ServerBootFromVolumeStableRescueTest-1056837515-project-member] Matched version: v2 {{(pid=102920) process_request /opt/stack/glance/glance/api/middleware/version_negotiation.py:69}}
Jul 22 04:42:48.946165 np0000005618 devstack@g-api.service[102920]: DEBUG glance.api.middleware.version_negotiation [None req-e8490d35-21aa-4663-ac89-14f2c089af7c tempest-ServerBootFromVolumeStableRescueTest-1056837515 tempest-ServerBootFromVolumeStableRescueTest-1056837515-project-member] new path /v2/images/dda3a0cd-0351-476c-8c66-0db59765e9e3/locations {{(pid=102920) process_request /opt/stack/glance/glance/api/middleware/version_negotiation.py:70}}
Jul 22 04:42:49.082407 np0000005618 devstack@g-api.service[102920]: [pid: 102920|app: 0|req: 80/328] 127.0.0.1 () {44 vars in 1135 bytes} [Wed Jul 22 04:42:48 2026] GET /v2/images/dda3a0cd-0351-476c-8c66-0db59765e9e3/locations => generated 92 bytes in 137 msecs (HTTP/1.1 200) 4 headers in 156 bytes (1 switches on core 0)
Jul 22 04:42:49.098025 np0000005618 devstack@g-api.service[102918]: DEBUG glance.api.middleware.version_negotiation [None req-e8490d35-21aa-4663-ac89-14f2c089af7c tempest-ServerBootFromVolumeStableRescueTest-1056837515 tempest-ServerBootFromVolumeStableRescueTest-1056837515-project-member] Determining version of request: GET /v2/images/dda3a0cd-0351-476c-8c66-0db59765e9e3 Accept: */* {{(pid=102918) process_request /opt/stack/glance/glance/api/middleware/version_negotiation.py:44}}
Jul 22 04:42:49.098446 np0000005618 devstack@g-api.service[102918]: DEBUG glance.api.middleware.version_negotiation [None req-e8490d35-21aa-4663-ac89-14f2c089af7c tempest-ServerBootFromVolumeStableRescueTest-1056837515 tempest-ServerBootFromVolumeStableRescueTest-1056837515-project-member] Using url versioning {{(pid=102918) process_request /opt/stack/glance/glance/api/middleware/version_negotiation.py:57}}
Jul 22 04:42:49.098446 np0000005618 devstack@g-api.service[102918]: DEBUG glance.api.middleware.version_negotiation [None req-e8490d35-21aa-4663-ac89-14f2c089af7c tempest-ServerBootFromVolumeStableRescueTest-1056837515 tempest-ServerBootFromVolumeStableRescueTest-1056837515-project-member] Matched version: v2 {{(pid=102918) process_request /opt/stack/glance/glance/api/middleware/version_negotiation.py:69}}
Jul 22 04:42:49.098446 np0000005618 devstack@g-api.service[102918]: DEBUG glance.api.middleware.version_negotiation [None req-e8490d35-21aa-4663-ac89-14f2c089af7c tempest-ServerBootFromVolumeStableRescueTest-1056837515 tempest-ServerBootFromVolumeStableRescueTest-1056837515-project-member] new path /v2/images/dda3a0cd-0351-476c-8c66-0db59765e9e3 {{(pid=102918) process_request /opt/stack/glance/glance/api/middleware/version_negotiation.py:70}}
Jul 22 04:42:49.116576 np0000005618 devstack@g-api.service[102918]: [pid: 102918|app: 0|req: 82/329] 127.0.0.1 () {44 vars in 1115 bytes} [Wed Jul 22 04:42:49 2026] GET /v2/images/dda3a0cd-0351-476c-8c66-0db59765e9e3 => generated 1044 bytes in 19 msecs (HTTP/1.1 200) 4 headers in 158 bytes (1 switches on core 0)
Jul 22 04:42:49.132360 np0000005618 devstack@g-api.service[102921]: DEBUG glance.api.middleware.version_negotiation [None req-e8490d35-21aa-4663-ac89-14f2c089af7c tempest-ServerBootFromVolumeStableRescueTest-1056837515 tempest-ServerBootFromVolumeStableRescueTest-1056837515-project-member] Determining version of request: GET /v2/schemas/image Accept: */* {{(pid=102921) process_request /opt/stack/glance/glance/api/middleware/version_negotiation.py:44}}
Jul 22 04:42:49.132550 np0000005618 devstack@g-api.service[102921]: DEBUG glance.api.middleware.version_negotiation [None req-e8490d35-21aa-4663-ac89-14f2c089af7c tempest-ServerBootFromVolumeStableRescueTest-1056837515 tempest-ServerBootFromVolumeStableRescueTest-1056837515-project-member] Using url versioning {{(pid=102921) process_request /opt/stack/glance/glance/api/middleware/version_negotiation.py:57}}
Jul 22 04:42:49.132610 np0000005618 devstack@g-api.service[102921]: DEBUG glance.api.middleware.version_negotiation [None req-e8490d35-21aa-4663-ac89-14f2c089af7c tempest-ServerBootFromVolumeStableRescueTest-1056837515 tempest-ServerBootFromVolumeStableRescueTest-1056837515-project-member] Matched version: v2 {{(pid=102921) process_request /opt/stack/glance/glance/api/middleware/version_negotiation.py:69}}
Jul 22 04:42:49.132694 np0000005618 devstack@g-api.service[102921]: DEBUG glance.api.middleware.version_negotiation [None req-e8490d35-21aa-4663-ac89-14f2c089af7c tempest-ServerBootFromVolumeStableRescueTest-1056837515 tempest-ServerBootFromVolumeStableRescueTest-1056837515-project-member] new path /v2/schemas/image {{(pid=102921) process_request /opt/stack/glance/glance/api/middleware/version_negotiation.py:70}}
Jul 22 04:42:49.136226 np0000005618 devstack@g-api.service[102921]: [pid: 102921|app: 0|req: 84/330] 127.0.0.1 () {44 vars in 1055 bytes} [Wed Jul 22 04:42:49 2026] GET /v2/schemas/image => generated 6083 bytes in 4 msecs (HTTP/1.1 200) 4 headers in 158 bytes (1 switches on core 0)
Jul 22 04:42:49.151099 np0000005618 devstack@g-api.service[102919]: DEBUG glance.api.middleware.version_negotiation [None req-84162acf-344c-4496-bfc3-040df49a0857 tempest-VolumesGetTest-1880870993 tempest-VolumesGetTest-1880870993-project-member] Determining version of request: GET /v2/schemas/image Accept: */* {{(pid=102919) process_request /opt/stack/glance/glance/api/middleware/version_negotiation.py:44}}
Jul 22 04:42:49.151313 np0000005618 devstack@g-api.service[102919]: DEBUG glance.api.middleware.version_negotiation [None req-84162acf-344c-4496-bfc3-040df49a0857 tempest-VolumesGetTest-1880870993 tempest-VolumesGetTest-1880870993-project-member] Using url versioning {{(pid=102919) process_request /opt/stack/glance/glance/api/middleware/version_negotiation.py:57}}
Jul 22 04:42:49.151457 np0000005618 devstack@g-api.service[102919]: DEBUG glance.api.middleware.version_negotiation [None req-84162acf-344c-4496-bfc3-040df49a0857 tempest-VolumesGetTest-1880870993 tempest-VolumesGetTest-1880870993-project-member] Matched version: v2 {{(pid=102919) process_request /opt/stack/glance/glance/api/middleware/version_negotiation.py:69}}
Jul 22 04:42:49.151617 np0000005618 devstack@g-api.service[102919]: DEBUG glance.api.middleware.version_negotiation [None req-84162acf-344c-4496-bfc3-040df49a0857 tempest-VolumesGetTest-1880870993 tempest-VolumesGetTest-1880870993-project-member] new path /v2/schemas/image {{(pid=102919) process_request /opt/stack/glance/glance/api/middleware/version_negotiation.py:70}}
Jul 22 04:42:49.157401 np0000005618 devstack@g-api.service[102919]: [pid: 102919|app: 0|req: 85/331] 127.0.0.1 () {44 vars in 1055 bytes} [Wed Jul 22 04:42:49 2026] GET /v2/schemas/image => generated 6083 bytes in 6 msecs (HTTP/1.1 200) 4 headers in 158 bytes (1 switches on core 0)
Jul 22 04:42:49.196615 np0000005618 devstack@g-api.service[102920]: DEBUG glance.api.middleware.version_negotiation [None req-84162acf-344c-4496-bfc3-040df49a0857 service glance] Determining version of request: DELETE /v2/images/8c173ac1-fc6e-4434-9081-1d08199a728a Accept: application/json {{(pid=102920) process_request /opt/stack/glance/glance/api/middleware/version_negotiation.py:44}}
Jul 22 04:42:49.196615 np0000005618 devstack@g-api.service[102920]: DEBUG glance.api.middleware.version_negotiation [None req-84162acf-344c-4496-bfc3-040df49a0857 service glance] Using url versioning {{(pid=102920) process_request /opt/stack/glance/glance/api/middleware/version_negotiation.py:57}}
Jul 22 04:42:49.196705 np0000005618 devstack@g-api.service[102920]: DEBUG glance.api.middleware.version_negotiation [None req-84162acf-344c-4496-bfc3-040df49a0857 service glance] Matched version: v2 {{(pid=102920) process_request /opt/stack/glance/glance/api/middleware/version_negotiation.py:69}}
Jul 22 04:42:49.197422 np0000005618 devstack@g-api.service[102920]: DEBUG glance.api.middleware.version_negotiation [None req-84162acf-344c-4496-bfc3-040df49a0857 service glance] new path /v2/images/8c173ac1-fc6e-4434-9081-1d08199a728a {{(pid=102920) process_request /opt/stack/glance/glance/api/middleware/version_negotiation.py:70}}
Jul 22 04:42:49.213756 np0000005618 devstack@g-api.service[102920]: WARNING glance.api.v2.images [None req-e18ef123-dce2-481d-a193-07f904d56ffc tempest-VolumeImageDependencyTests-1278088762 tempest-VolumeImageDependencyTests-1278088762-project-member] After upload to backend, deletion of staged image data has failed because it cannot be found at /tmp/staging//8c173ac1-fc6e-4434-9081-1d08199a728a
Jul 22 04:42:49.214494 np0000005618 devstack@g-api.service[102920]: DEBUG glance_store.backend [None req-e18ef123-dce2-481d-a193-07f904d56ffc tempest-VolumeImageDependencyTests-1278088762 tempest-VolumeImageDependencyTests-1278088762-project-member] Attempting to import store swift {{(pid=102920) _load_store /opt/stack/data/venv/lib/python3.12/site-packages/glance_store/backend.py:215}}
Jul 22 04:42:49.216473 np0000005618 devstack@g-api.service[102920]: DEBUG glance_store.capabilities [None req-e18ef123-dce2-481d-a193-07f904d56ffc tempest-VolumeImageDependencyTests-1278088762 tempest-VolumeImageDependencyTests-1278088762-project-member] Store glance_store._drivers.swift.store.SingleTenantStore doesn't support updating dynamic storage capabilities. Please overwrite 'update_capabilities' method of the store to implement updating logics if needed. {{(pid=102920) update_capabilities /opt/stack/data/venv/lib/python3.12/site-packages/glance_store/capabilities.py:91}}
Jul 22 04:42:49.216609 np0000005618 devstack@g-api.service[102920]: DEBUG glance_store.driver [None req-e18ef123-dce2-481d-a193-07f904d56ffc tempest-VolumeImageDependencyTests-1278088762 tempest-VolumeImageDependencyTests-1278088762-project-member] Late loading location class glance_store._drivers.swift.store.StoreLocation {{(pid=102920) get_store_location_class /opt/stack/data/venv/lib/python3.12/site-packages/glance_store/driver.py:134}}
Jul 22 04:42:49.216791 np0000005618 devstack@g-api.service[102920]: DEBUG glance_store.location [None req-e18ef123-dce2-481d-a193-07f904d56ffc tempest-VolumeImageDependencyTests-1278088762 tempest-VolumeImageDependencyTests-1278088762-project-member] Registering scheme swift+https with {'store': , 'location_class': , 'store_entry': 'swift'} {{(pid=102920) register_scheme_map /opt/stack/data/venv/lib/python3.12/site-packages/glance_store/location.py:146}}
Jul 22 04:42:49.217310 np0000005618 devstack@g-api.service[102920]: DEBUG glance_store.location [None req-e18ef123-dce2-481d-a193-07f904d56ffc tempest-VolumeImageDependencyTests-1278088762 tempest-VolumeImageDependencyTests-1278088762-project-member] Registering scheme swift+https with {'store': , 'location_class': , 'store_entry': 'swift'} {{(pid=102920) register_scheme_map /opt/stack/data/venv/lib/python3.12/site-packages/glance_store/location.py:146}}
Jul 22 04:42:49.217310 np0000005618 devstack@g-api.service[102920]: DEBUG glance_store.location [None req-e18ef123-dce2-481d-a193-07f904d56ffc tempest-VolumeImageDependencyTests-1278088762 tempest-VolumeImageDependencyTests-1278088762-project-member] Registering scheme swift with {'store': , 'location_class': , 'store_entry': 'swift'} {{(pid=102920) register_scheme_map /opt/stack/data/venv/lib/python3.12/site-packages/glance_store/location.py:146}}
Jul 22 04:42:49.217310 np0000005618 devstack@g-api.service[102920]: DEBUG glance_store.location [None req-e18ef123-dce2-481d-a193-07f904d56ffc tempest-VolumeImageDependencyTests-1278088762 tempest-VolumeImageDependencyTests-1278088762-project-member] Registering scheme swift+https with {'store': , 'location_class': , 'store_entry': 'swift'} {{(pid=102920) register_scheme_map /opt/stack/data/venv/lib/python3.12/site-packages/glance_store/location.py:146}}
Jul 22 04:42:49.217310 np0000005618 devstack@g-api.service[102920]: DEBUG glance_store.location [None req-e18ef123-dce2-481d-a193-07f904d56ffc tempest-VolumeImageDependencyTests-1278088762 tempest-VolumeImageDependencyTests-1278088762-project-member] Registering scheme swift with {'store': , 'location_class': , 'store_entry': 'swift'} {{(pid=102920) register_scheme_map /opt/stack/data/venv/lib/python3.12/site-packages/glance_store/location.py:146}}
Jul 22 04:42:49.217656 np0000005618 devstack@g-api.service[102920]: DEBUG glance_store.location [None req-e18ef123-dce2-481d-a193-07f904d56ffc tempest-VolumeImageDependencyTests-1278088762 tempest-VolumeImageDependencyTests-1278088762-project-member] Registering scheme swift+http with {'store': , 'location_class': , 'store_entry': 'swift'} {{(pid=102920) register_scheme_map /opt/stack/data/venv/lib/python3.12/site-packages/glance_store/location.py:146}}
Jul 22 04:42:49.217656 np0000005618 devstack@g-api.service[102920]: DEBUG glance_store.location [None req-e18ef123-dce2-481d-a193-07f904d56ffc tempest-VolumeImageDependencyTests-1278088762 tempest-VolumeImageDependencyTests-1278088762-project-member] Registering scheme swift+https with {'store': , 'location_class': , 'store_entry': 'swift'} {{(pid=102920) register_scheme_map /opt/stack/data/venv/lib/python3.12/site-packages/glance_store/location.py:146}}
Jul 22 04:42:49.217656 np0000005618 devstack@g-api.service[102920]: DEBUG glance_store.location [None req-e18ef123-dce2-481d-a193-07f904d56ffc tempest-VolumeImageDependencyTests-1278088762 tempest-VolumeImageDependencyTests-1278088762-project-member] Registering scheme swift with {'store': , 'location_class': , 'store_entry': 'swift'} {{(pid=102920) register_scheme_map /opt/stack/data/venv/lib/python3.12/site-packages/glance_store/location.py:146}}
Jul 22 04:42:49.217656 np0000005618 devstack@g-api.service[102920]: DEBUG glance_store.location [None req-e18ef123-dce2-481d-a193-07f904d56ffc tempest-VolumeImageDependencyTests-1278088762 tempest-VolumeImageDependencyTests-1278088762-project-member] Registering scheme swift+http with {'store': , 'location_class': , 'store_entry': 'swift'} {{(pid=102920) register_scheme_map /opt/stack/data/venv/lib/python3.12/site-packages/glance_store/location.py:146}}
Jul 22 04:42:49.217840 np0000005618 devstack@g-api.service[102920]: DEBUG glance_store.location [None req-e18ef123-dce2-481d-a193-07f904d56ffc tempest-VolumeImageDependencyTests-1278088762 tempest-VolumeImageDependencyTests-1278088762-project-member] Registering scheme swift+config with {'store': , 'location_class': , 'store_entry': 'swift'} {{(pid=102920) register_scheme_map /opt/stack/data/venv/lib/python3.12/site-packages/glance_store/location.py:146}}
Jul 22 04:42:49.218471 np0000005618 devstack@g-api.service[102920]: DEBUG keystoneclient.auth.identity.v3.base [None req-e18ef123-dce2-481d-a193-07f904d56ffc tempest-VolumeImageDependencyTests-1278088762 tempest-VolumeImageDependencyTests-1278088762-project-member] Making authentication request to https://10.4.3.175/identity/v3/auth/tokens {{(pid=102920) get_auth_ref /opt/stack/data/venv/lib/python3.12/site-packages/keystoneclient/auth/identity/v3/base.py:185}}
Jul 22 04:42:49.328066 np0000005618 devstack@g-api.service[102920]: DEBUG keystoneclient.auth.identity.v3.base [None req-e18ef123-dce2-481d-a193-07f904d56ffc tempest-VolumeImageDependencyTests-1278088762 tempest-VolumeImageDependencyTests-1278088762-project-member] {"token": {"methods": ["password"], "user": {"domain": {"id": "default", "name": "Default"}, "id": "cd3a7ec7fca34ea69dcd6e0cd3f638e5", "name": "glance-swift", "password_expires_at": null}, "audit_ids": ["wMSH8GpdRcKNa96LXCzWzA"], "expires_at": "2026-07-22T05:42:49.000000Z", "issued_at": "2026-07-22T04:42:49.000000Z", "project": {"domain": {"id": "default", "name": "Default"}, "id": "feb7778f15b14b1ba35e2d9083385675", "name": "service"}, "is_domain": false, "roles": [{"id": "bf07bb90ce754c1ba01c998641e617b4", "name": "ResellerAdmin"}, {"id": "872bd70c11204c76be5f509e3fa08ebb", "name": "service"}], "catalog": [{"endpoints": [{"id": "e32b48eb7e8549b282b900c11864f39f", "interface": "public", "region_id": "RegionOne", "url": "https://10.4.3.175/compute/v2.1", "region": "RegionOne"}], "id": "0570ce0543f648e599a70dc35cb26cc8", "type": "compute", "name": "nova"}, {"endpoints": [{"id": "562b7046e766483fa72ad693a7d54721", "interface": "public", "region_id": "RegionOne", "url": "https://10.4.3.175/networking", "region": "RegionOne"}], "id": "10d8f59180df4b989cd679871d4fe051", "type": "network", "name": "neutron"}, {"endpoints": [{"id": "f019a55298c14a73ba91f5710b8660c3", "interface": "public", "region_id": "RegionOne", "url": "https://10.4.3.175/volume/v3", "region": "RegionOne"}], "id": "207e8c172c3945d689abb84853f27128", "type": "block-storage", "name": "cinder"}, {"endpoints": [{"id": "4f0f821f4aae42e1b24bb1e1dd751161", "interface": "public", "region_id": "RegionOne", "url": "https://10.4.3.175/identity", "region": "RegionOne"}], "id": "5bf0197442ce4a698453b7e164dcfca5", "type": "identity", "name": "keystone"}, {"endpoints": [{"id": "9f3474dfe81c480ea7338e50ae1f8113", "interface": "public", "region_id": "RegionOne", "url": "https://10.4.3.175:8080/v1/AUTH_feb7778f15b14b1ba35e2d9083385675", "region": "RegionOne"}, {"id": "d2919abd201648a48f03b99c77ba9e62", "interface": "admin", "region_id": "RegionOne", "url": "https://10.4.3.175:8080", "region": "RegionOne"}], "id": "5d09c3898b8b4c4380e1034bdf8a8687", "type": "object-store", "name": "swift"}, {"endpoints": [{"id": "222690064cec4e3692c666b8f7fa0e4d", "interface": "public", "region_id": "RegionOne", "url": "https://10.4.3.175/compute/v2/feb7778f15b14b1ba35e2d9083385675", "region": "RegionOne"}], "id": "8da2b942cff44f7b9f79a5709c7fd6c6", "type": "compute_legacy", "name": "nova_legacy"}, {"endpoints": [{"id": "0e6e55bea12d49a28cbc7d7e5a7716fd", "interface": "public", "region_id": "RegionOne", "url": "https://10.4.3.175/image", "region": "RegionOne"}], "id": "b0478a4e421a4edc801998968671322c", "type": "image", "name": "glance"}, {"endpoints": [{"id": "a3d96981dffd40bbaa464f72c132a716", "interface": "public", "region_id": "RegionOne", "url": "https://10.4.3.175/placement", "region": "RegionOne"}], "id": "ff4d0682c2e5412e9ddf345a09d0be8f", "type": "placement", "name": "placement"}]}} {{(pid=102920) get_auth_ref /opt/stack/data/venv/lib/python3.12/site-packages/keystoneclient/auth/identity/v3/base.py:190}}
Jul 22 04:42:49.329058 np0000005618 devstack@g-api.service[102920]: DEBUG keystoneclient.httpclient [None req-e18ef123-dce2-481d-a193-07f904d56ffc tempest-VolumeImageDependencyTests-1278088762 tempest-VolumeImageDependencyTests-1278088762-project-member] Failed to find endpoint for management url admin endpoint for identity service not found {{(pid=102920) _process_management_url /opt/stack/data/venv/lib/python3.12/site-packages/keystoneclient/httpclient.py:670}}
Jul 22 04:42:49.593337 np0000005618 devstack@g-api.service[102920]: DEBUG swiftclient [None req-e18ef123-dce2-481d-a193-07f904d56ffc tempest-VolumeImageDependencyTests-1278088762 tempest-VolumeImageDependencyTests-1278088762-project-member] REQ: curl -i https://10.4.3.175:8080/v1/AUTH_feb7778f15b14b1ba35e2d9083385675/glance/8c173ac1-fc6e-4434-9081-1d08199a728a -I -H "X-Auth-Token: gAAAAABqYEpJ3-V7..." {{(pid=102920) http_log /opt/stack/data/venv/lib/python3.12/site-packages/swiftclient/client.py:160}}
Jul 22 04:42:49.593878 np0000005618 devstack@g-api.service[102920]: DEBUG swiftclient [None req-e18ef123-dce2-481d-a193-07f904d56ffc tempest-VolumeImageDependencyTests-1278088762 tempest-VolumeImageDependencyTests-1278088762-project-member] RESP STATUS: 200 OK {{(pid=102920) http_log /opt/stack/data/venv/lib/python3.12/site-packages/swiftclient/client.py:161}}
Jul 22 04:42:49.593878 np0000005618 devstack@g-api.service[102920]: DEBUG swiftclient [None req-e18ef123-dce2-481d-a193-07f904d56ffc tempest-VolumeImageDependencyTests-1278088762 tempest-VolumeImageDependencyTests-1278088762-project-member] RESP HEADERS: {'Date': 'Wed, 22 Jul 2026 04:42:49 GMT', 'Server': 'Apache/2.4.58 (Ubuntu)', 'Content-Type': 'application/octet-stream', 'Content-Length': '1024', 'Etag': 'dbec913c3f4d512f3230a2b73c7ca151', 'Last-Modified': 'Wed, 22 Jul 2026 04:42:38 GMT', 'X-Timestamp': '1784695357.00549', 'Accept-Ranges': 'bytes', 'X-Trans-Id': 'txba8f88a95de8485db6b57-006a604a49', 'X-Openstack-Request-Id': 'txba8f88a95de8485db6b57-006a604a49', 'Connection': 'close'} {{(pid=102920) http_log /opt/stack/data/venv/lib/python3.12/site-packages/swiftclient/client.py:162}}
Jul 22 04:42:49.618841 np0000005618 devstack@g-api.service[102920]: DEBUG swiftclient [None req-e18ef123-dce2-481d-a193-07f904d56ffc tempest-VolumeImageDependencyTests-1278088762 tempest-VolumeImageDependencyTests-1278088762-project-member] REQ: curl -i https://10.4.3.175:8080/v1/AUTH_feb7778f15b14b1ba35e2d9083385675/glance/8c173ac1-fc6e-4434-9081-1d08199a728a DELETE -H "X-Auth-Token: gAAAAABqYEpJ3-V7..." {{(pid=102920) http_log /opt/stack/data/venv/lib/python3.12/site-packages/swiftclient/client.py:160}}
Jul 22 04:42:49.618940 np0000005618 devstack@g-api.service[102920]: DEBUG swiftclient [None req-e18ef123-dce2-481d-a193-07f904d56ffc tempest-VolumeImageDependencyTests-1278088762 tempest-VolumeImageDependencyTests-1278088762-project-member] RESP STATUS: 204 No Content {{(pid=102920) http_log /opt/stack/data/venv/lib/python3.12/site-packages/swiftclient/client.py:161}}
Jul 22 04:42:49.619132 np0000005618 devstack@g-api.service[102920]: DEBUG swiftclient [None req-e18ef123-dce2-481d-a193-07f904d56ffc tempest-VolumeImageDependencyTests-1278088762 tempest-VolumeImageDependencyTests-1278088762-project-member] RESP HEADERS: {'Date': 'Wed, 22 Jul 2026 04:42:49 GMT', 'Server': 'Apache/2.4.58 (Ubuntu)', 'Content-Type': 'text/html; charset=UTF-8', 'X-Trans-Id': 'txab8d76da9550402ca2b8f-006a604a49', 'X-Openstack-Request-Id': 'txab8d76da9550402ca2b8f-006a604a49', 'Connection': 'close'} {{(pid=102920) http_log /opt/stack/data/venv/lib/python3.12/site-packages/swiftclient/client.py:162}}
Jul 22 04:42:49.664461 np0000005618 devstack@g-api.service[102920]: DEBUG glance.api.middleware.cache [None req-e18ef123-dce2-481d-a193-07f904d56ffc tempest-VolumeImageDependencyTests-1278088762 tempest-VolumeImageDependencyTests-1278088762-project-member] Removing image 8c173ac1-fc6e-4434-9081-1d08199a728a from cache {{(pid=102920) _process_DELETE_response /opt/stack/glance/glance/api/middleware/cache.py:264}}
Jul 22 04:42:49.664703 np0000005618 devstack@g-api.service[102920]: DEBUG glance.image_cache.drivers.centralized_db [None req-e18ef123-dce2-481d-a193-07f904d56ffc tempest-VolumeImageDependencyTests-1278088762 tempest-VolumeImageDependencyTests-1278088762-project-member] Deleting image cache file '/opt/stack/data/glance/cache/8c173ac1-fc6e-4434-9081-1d08199a728a' {{(pid=102920) delete_cached_file /opt/stack/glance/glance/image_cache/drivers/centralized_db.py:400}}
Jul 22 04:42:49.672722 np0000005618 devstack@g-api.service[102920]: [pid: 102920|app: 0|req: 81/332] 127.0.0.1 () {40 vars in 841 bytes} [Wed Jul 22 04:42:49 2026] DELETE /v2/images/8c173ac1-fc6e-4434-9081-1d08199a728a => generated 0 bytes in 476 msecs (HTTP/1.1 204) 4 headers in 171 bytes (1 switches on core 0)
Jul 22 04:42:49.681747 np0000005618 devstack@g-api.service[102918]: DEBUG glance.api.middleware.version_negotiation [None req-84162acf-344c-4496-bfc3-040df49a0857 tempest-VolumesGetTest-1880870993 tempest-VolumesGetTest-1880870993-project-member] Determining version of request: GET /v2/images/8c173ac1-fc6e-4434-9081-1d08199a728a Accept: application/json {{(pid=102918) process_request /opt/stack/glance/glance/api/middleware/version_negotiation.py:44}}
Jul 22 04:42:49.681924 np0000005618 devstack@g-api.service[102918]: DEBUG glance.api.middleware.version_negotiation [None req-84162acf-344c-4496-bfc3-040df49a0857 tempest-VolumesGetTest-1880870993 tempest-VolumesGetTest-1880870993-project-member] Using url versioning {{(pid=102918) process_request /opt/stack/glance/glance/api/middleware/version_negotiation.py:57}}
