Jul 22 04:35:42.706469 np0000005618 nova-scheduler[96474]: DEBUG cotyledon.oslo_config_glue [-] workarounds.handle_virt_lifecycle_events = True {{(pid=96474) log_opt_values /opt/stack/data/venv/lib/python3.12/site-packages/oslo_config/cfg.py:3253}}
Jul 22 04:35:42.706469 np0000005618 nova-scheduler[96474]: DEBUG cotyledon.oslo_config_glue [-] workarounds.libvirt_disable_apic = False {{(pid=96474) log_opt_values /opt/stack/data/venv/lib/python3.12/site-packages/oslo_config/cfg.py:3253}}
Jul 22 04:35:42.706469 np0000005618 nova-scheduler[96474]: DEBUG cotyledon.oslo_config_glue [-] workarounds.never_download_image_if_on_rbd = False {{(pid=96474) log_opt_values /opt/stack/data/venv/lib/python3.12/site-packages/oslo_config/cfg.py:3253}}
Jul 22 04:35:42.706469 np0000005618 nova-scheduler[96474]: DEBUG cotyledon.oslo_config_glue [-] workarounds.qemu_monitor_announce_self_count = 3 {{(pid=96474) log_opt_values /opt/stack/data/venv/lib/python3.12/site-packages/oslo_config/cfg.py:3253}}
Jul 22 04:35:42.706469 np0000005618 nova-scheduler[96474]: DEBUG cotyledon.oslo_config_glue [-] workarounds.qemu_monitor_announce_self_interval = 1 {{(pid=96474) log_opt_values /opt/stack/data/venv/lib/python3.12/site-packages/oslo_config/cfg.py:3253}}
Jul 22 04:35:42.706469 np0000005618 nova-scheduler[96474]: DEBUG cotyledon.oslo_config_glue [-] workarounds.reserve_disk_resource_for_image_cache = False {{(pid=96474) log_opt_values /opt/stack/data/venv/lib/python3.12/site-packages/oslo_config/cfg.py:3253}}
Jul 22 04:35:42.706469 np0000005618 nova-scheduler[96474]: DEBUG cotyledon.oslo_config_glue [-] workarounds.skip_cpu_compare_at_startup = False {{(pid=96474) log_opt_values /opt/stack/data/venv/lib/python3.12/site-packages/oslo_config/cfg.py:3253}}
Jul 22 04:35:42.706665 np0000005618 nova-scheduler[96474]: DEBUG cotyledon.oslo_config_glue [-] workarounds.skip_cpu_compare_on_dest = False {{(pid=96474) log_opt_values /opt/stack/data/venv/lib/python3.12/site-packages/oslo_config/cfg.py:3253}}
Jul 22 04:35:42.706665 np0000005618 nova-scheduler[96474]: DEBUG cotyledon.oslo_config_glue [-] workarounds.skip_hypervisor_version_check_on_lm = False {{(pid=96474) log_opt_values /opt/stack/data/venv/lib/python3.12/site-packages/oslo_config/cfg.py:3253}}
Jul 22 04:35:42.706665 np0000005618 nova-scheduler[96474]: DEBUG cotyledon.oslo_config_glue [-] workarounds.skip_reserve_in_use_ironic_nodes = False {{(pid=96474) log_opt_values /opt/stack/data/venv/lib/python3.12/site-packages/oslo_config/cfg.py:3253}}
Jul 22 04:35:42.706665 np0000005618 nova-scheduler[96474]: DEBUG cotyledon.oslo_config_glue [-] workarounds.unified_limits_count_pcpu_as_vcpu = False {{(pid=96474) log_opt_values /opt/stack/data/venv/lib/python3.12/site-packages/oslo_config/cfg.py:3253}}
Jul 22 04:35:42.706665 np0000005618 nova-scheduler[96474]: DEBUG cotyledon.oslo_config_glue [-] workarounds.wait_for_vif_plugged_event_during_hard_reboot = [] {{(pid=96474) log_opt_values /opt/stack/data/venv/lib/python3.12/site-packages/oslo_config/cfg.py:3253}}
Jul 22 04:35:42.706665 np0000005618 nova-scheduler[96474]: DEBUG cotyledon.oslo_config_glue [-] wsgi.api_paste_config = /etc/nova/api-paste.ini {{(pid=96474) log_opt_values /opt/stack/data/venv/lib/python3.12/site-packages/oslo_config/cfg.py:3253}}
Jul 22 04:35:42.706665 np0000005618 nova-scheduler[96474]: DEBUG cotyledon.oslo_config_glue [-] wsgi.secure_proxy_ssl_header = None {{(pid=96474) log_opt_values /opt/stack/data/venv/lib/python3.12/site-packages/oslo_config/cfg.py:3253}}
Jul 22 04:35:42.706665 np0000005618 nova-scheduler[96474]: DEBUG cotyledon.oslo_config_glue [-] zvm.ca_file = None {{(pid=96474) log_opt_values /opt/stack/data/venv/lib/python3.12/site-packages/oslo_config/cfg.py:3253}}
Jul 22 04:35:42.706665 np0000005618 nova-scheduler[96474]: DEBUG cotyledon.oslo_config_glue [-] zvm.cloud_connector_url = None {{(pid=96474) log_opt_values /opt/stack/data/venv/lib/python3.12/site-packages/oslo_config/cfg.py:3253}}
Jul 22 04:35:42.706867 np0000005618 nova-scheduler[96474]: DEBUG cotyledon.oslo_config_glue [-] zvm.image_tmp_path = /opt/stack/data/nova/images {{(pid=96474) log_opt_values /opt/stack/data/venv/lib/python3.12/site-packages/oslo_config/cfg.py:3253}}
Jul 22 04:35:42.706867 np0000005618 nova-scheduler[96474]: DEBUG cotyledon.oslo_config_glue [-] zvm.reachable_timeout = 300 {{(pid=96474) log_opt_values /opt/stack/data/venv/lib/python3.12/site-packages/oslo_config/cfg.py:3253}}
Jul 22 04:35:42.706867 np0000005618 nova-scheduler[96474]: DEBUG cotyledon.oslo_config_glue [-] oslo_versionedobjects.fatal_exception_format_errors = False {{(pid=96474) log_opt_values /opt/stack/data/venv/lib/python3.12/site-packages/oslo_config/cfg.py:3253}}
Jul 22 04:35:42.706867 np0000005618 nova-scheduler[96474]: DEBUG cotyledon.oslo_config_glue [-] oslo_middleware.http_basic_auth_user_file = /etc/htpasswd {{(pid=96474) log_opt_values /opt/stack/data/venv/lib/python3.12/site-packages/oslo_config/cfg.py:3253}}
Jul 22 04:35:42.706867 np0000005618 nova-scheduler[96474]: DEBUG cotyledon.oslo_config_glue [-] oslo_messaging_metrics.metrics_buffer_size = 1000 {{(pid=96474) log_opt_values /opt/stack/data/venv/lib/python3.12/site-packages/oslo_config/cfg.py:3253}}
Jul 22 04:35:42.706867 np0000005618 nova-scheduler[96474]: DEBUG cotyledon.oslo_config_glue [-] oslo_messaging_metrics.metrics_enabled = False {{(pid=96474) log_opt_values /opt/stack/data/venv/lib/python3.12/site-packages/oslo_config/cfg.py:3253}}
Jul 22 04:35:42.706867 np0000005618 nova-scheduler[96474]: DEBUG cotyledon.oslo_config_glue [-] oslo_messaging_metrics.metrics_process_name = {{(pid=96474) log_opt_values /opt/stack/data/venv/lib/python3.12/site-packages/oslo_config/cfg.py:3253}}
Jul 22 04:35:42.706867 np0000005618 nova-scheduler[96474]: DEBUG cotyledon.oslo_config_glue [-] oslo_messaging_metrics.metrics_socket_file = /var/tmp/metrics_collector.sock {{(pid=96474) log_opt_values /opt/stack/data/venv/lib/python3.12/site-packages/oslo_config/cfg.py:3253}}
Jul 22 04:35:42.707039 np0000005618 nova-scheduler[96474]: DEBUG cotyledon.oslo_config_glue [-] oslo_messaging_metrics.metrics_thread_stop_timeout = 10 {{(pid=96474) log_opt_values /opt/stack/data/venv/lib/python3.12/site-packages/oslo_config/cfg.py:3253}}
Jul 22 04:35:42.707039 np0000005618 nova-scheduler[96474]: DEBUG cotyledon.oslo_config_glue [-] profiler.connection_string = messaging:// {{(pid=96474) log_opt_values /opt/stack/data/venv/lib/python3.12/site-packages/oslo_config/cfg.py:3253}}
Jul 22 04:35:42.707039 np0000005618 nova-scheduler[96474]: DEBUG cotyledon.oslo_config_glue [-] profiler.enabled = False {{(pid=96474) log_opt_values /opt/stack/data/venv/lib/python3.12/site-packages/oslo_config/cfg.py:3253}}
Jul 22 04:35:42.707039 np0000005618 nova-scheduler[96474]: DEBUG cotyledon.oslo_config_glue [-] profiler.es_doc_type = notification {{(pid=96474) log_opt_values /opt/stack/data/venv/lib/python3.12/site-packages/oslo_config/cfg.py:3253}}
Jul 22 04:35:42.707039 np0000005618 nova-scheduler[96474]: DEBUG cotyledon.oslo_config_glue [-] profiler.es_scroll_size = 10000 {{(pid=96474) log_opt_values /opt/stack/data/venv/lib/python3.12/site-packages/oslo_config/cfg.py:3253}}
Jul 22 04:35:42.707039 np0000005618 nova-scheduler[96474]: DEBUG cotyledon.oslo_config_glue [-] profiler.es_scroll_time = 2m {{(pid=96474) log_opt_values /opt/stack/data/venv/lib/python3.12/site-packages/oslo_config/cfg.py:3253}}
Jul 22 04:35:42.707039 np0000005618 nova-scheduler[96474]: DEBUG cotyledon.oslo_config_glue [-] profiler.filter_error_trace = False {{(pid=96474) log_opt_values /opt/stack/data/venv/lib/python3.12/site-packages/oslo_config/cfg.py:3253}}
Jul 22 04:35:42.707039 np0000005618 nova-scheduler[96474]: DEBUG cotyledon.oslo_config_glue [-] profiler.hmac_keys = **** {{(pid=96474) log_opt_values /opt/stack/data/venv/lib/python3.12/site-packages/oslo_config/cfg.py:3253}}
Jul 22 04:35:42.707039 np0000005618 nova-scheduler[96474]: DEBUG cotyledon.oslo_config_glue [-] profiler.sentinel_service_name = mymaster {{(pid=96474) log_opt_values /opt/stack/data/venv/lib/python3.12/site-packages/oslo_config/cfg.py:3253}}
Jul 22 04:35:42.707219 np0000005618 nova-scheduler[96474]: DEBUG cotyledon.oslo_config_glue [-] profiler.socket_timeout = 0.1 {{(pid=96474) log_opt_values /opt/stack/data/venv/lib/python3.12/site-packages/oslo_config/cfg.py:3253}}
Jul 22 04:35:42.707219 np0000005618 nova-scheduler[96474]: DEBUG cotyledon.oslo_config_glue [-] profiler.trace_requests = False {{(pid=96474) log_opt_values /opt/stack/data/venv/lib/python3.12/site-packages/oslo_config/cfg.py:3253}}
Jul 22 04:35:42.707219 np0000005618 nova-scheduler[96474]: DEBUG cotyledon.oslo_config_glue [-] profiler.trace_sqlalchemy = False {{(pid=96474) log_opt_values /opt/stack/data/venv/lib/python3.12/site-packages/oslo_config/cfg.py:3253}}
Jul 22 04:35:42.707219 np0000005618 nova-scheduler[96474]: DEBUG cotyledon.oslo_config_glue [-] profiler_jaeger.process_tags = {} {{(pid=96474) log_opt_values /opt/stack/data/venv/lib/python3.12/site-packages/oslo_config/cfg.py:3253}}
Jul 22 04:35:42.707219 np0000005618 nova-scheduler[96474]: DEBUG cotyledon.oslo_config_glue [-] profiler_jaeger.service_name_prefix = None {{(pid=96474) log_opt_values /opt/stack/data/venv/lib/python3.12/site-packages/oslo_config/cfg.py:3253}}
Jul 22 04:35:42.707219 np0000005618 nova-scheduler[96474]: DEBUG cotyledon.oslo_config_glue [-] profiler_otlp.service_name_prefix = None {{(pid=96474) log_opt_values /opt/stack/data/venv/lib/python3.12/site-packages/oslo_config/cfg.py:3253}}
Jul 22 04:35:42.707219 np0000005618 nova-scheduler[96474]: DEBUG cotyledon.oslo_config_glue [-] oslo_messaging_rabbit.amqp_auto_delete = False {{(pid=96474) log_opt_values /opt/stack/data/venv/lib/python3.12/site-packages/oslo_config/cfg.py:3253}}
Jul 22 04:35:42.707219 np0000005618 nova-scheduler[96474]: DEBUG cotyledon.oslo_config_glue [-] oslo_messaging_rabbit.amqp_durable_queues = False {{(pid=96474) log_opt_values /opt/stack/data/venv/lib/python3.12/site-packages/oslo_config/cfg.py:3253}}
Jul 22 04:35:42.707219 np0000005618 nova-scheduler[96474]: DEBUG cotyledon.oslo_config_glue [-] oslo_messaging_rabbit.conn_pool_min_size = 2 {{(pid=96474) log_opt_values /opt/stack/data/venv/lib/python3.12/site-packages/oslo_config/cfg.py:3253}}
Jul 22 04:35:42.707391 np0000005618 nova-scheduler[96474]: DEBUG cotyledon.oslo_config_glue [-] oslo_messaging_rabbit.conn_pool_ttl = 1200 {{(pid=96474) log_opt_values /opt/stack/data/venv/lib/python3.12/site-packages/oslo_config/cfg.py:3253}}
Jul 22 04:35:42.707391 np0000005618 nova-scheduler[96474]: DEBUG cotyledon.oslo_config_glue [-] oslo_messaging_rabbit.direct_mandatory_flag = True {{(pid=96474) log_opt_values /opt/stack/data/venv/lib/python3.12/site-packages/oslo_config/cfg.py:3253}}
Jul 22 04:35:42.707391 np0000005618 nova-scheduler[96474]: DEBUG cotyledon.oslo_config_glue [-] oslo_messaging_rabbit.enable_cancel_on_failover = False {{(pid=96474) log_opt_values /opt/stack/data/venv/lib/python3.12/site-packages/oslo_config/cfg.py:3253}}
Jul 22 04:35:42.707391 np0000005618 nova-scheduler[96474]: DEBUG cotyledon.oslo_config_glue [-] oslo_messaging_rabbit.heartbeat_rate = 3 {{(pid=96474) log_opt_values /opt/stack/data/venv/lib/python3.12/site-packages/oslo_config/cfg.py:3253}}
Jul 22 04:35:42.707391 np0000005618 nova-scheduler[96474]: DEBUG cotyledon.oslo_config_glue [-] oslo_messaging_rabbit.heartbeat_timeout_threshold = 60 {{(pid=96474) log_opt_values /opt/stack/data/venv/lib/python3.12/site-packages/oslo_config/cfg.py:3253}}
Jul 22 04:35:42.707494 np0000005618 nova-scheduler[96468]: DEBUG oslo_db.sqlalchemy.engines [None req-ace25fd9-7b3d-440d-8c92-847e57718b37 None None] MySQL server mode set to STRICT_TRANS_TABLES,STRICT_ALL_TABLES,NO_ZERO_IN_DATE,NO_ZERO_DATE,ERROR_FOR_DIVISION_BY_ZERO,TRADITIONAL,NO_ENGINE_SUBSTITUTION {{(pid=96468) _check_effective_sql_mode /opt/stack/data/venv/lib/python3.12/site-packages/oslo_db/sqlalchemy/engines.py:325}}
Jul 22 04:35:42.707522 np0000005618 nova-scheduler[96474]: DEBUG cotyledon.oslo_config_glue [-] oslo_messaging_rabbit.hostname = np0000005618 {{(pid=96474) log_opt_values /opt/stack/data/venv/lib/python3.12/site-packages/oslo_config/cfg.py:3253}}
Jul 22 04:35:42.707522 np0000005618 nova-scheduler[96474]: DEBUG cotyledon.oslo_config_glue [-] oslo_messaging_rabbit.kombu_compression = None {{(pid=96474) log_opt_values /opt/stack/data/venv/lib/python3.12/site-packages/oslo_config/cfg.py:3253}}
Jul 22 04:35:42.707522 np0000005618 nova-scheduler[96474]: DEBUG cotyledon.oslo_config_glue [-] oslo_messaging_rabbit.kombu_failover_strategy = round-robin {{(pid=96474) log_opt_values /opt/stack/data/venv/lib/python3.12/site-packages/oslo_config/cfg.py:3253}}
Jul 22 04:35:42.707522 np0000005618 nova-scheduler[96474]: DEBUG cotyledon.oslo_config_glue [-] oslo_messaging_rabbit.kombu_missing_consumer_retry_timeout = 60 {{(pid=96474) log_opt_values /opt/stack/data/venv/lib/python3.12/site-packages/oslo_config/cfg.py:3253}}
Jul 22 04:35:42.707522 np0000005618 nova-scheduler[96474]: DEBUG cotyledon.oslo_config_glue [-] oslo_messaging_rabbit.kombu_reconnect_delay = 1.0 {{(pid=96474) log_opt_values /opt/stack/data/venv/lib/python3.12/site-packages/oslo_config/cfg.py:3253}}
Jul 22 04:35:42.707522 np0000005618 nova-scheduler[96474]: DEBUG cotyledon.oslo_config_glue [-] oslo_messaging_rabbit.kombu_reconnect_splay = 0.0 {{(pid=96474) log_opt_values /opt/stack/data/venv/lib/python3.12/site-packages/oslo_config/cfg.py:3253}}
Jul 22 04:35:42.707522 np0000005618 nova-scheduler[96474]: DEBUG cotyledon.oslo_config_glue [-] oslo_messaging_rabbit.processname = nova-scheduler {{(pid=96474) log_opt_values /opt/stack/data/venv/lib/python3.12/site-packages/oslo_config/cfg.py:3253}}
Jul 22 04:35:42.707522 np0000005618 nova-scheduler[96474]: DEBUG cotyledon.oslo_config_glue [-] oslo_messaging_rabbit.rabbit_ha_queues = False {{(pid=96474) log_opt_values /opt/stack/data/venv/lib/python3.12/site-packages/oslo_config/cfg.py:3253}}
Jul 22 04:35:42.707522 np0000005618 nova-scheduler[96474]: DEBUG cotyledon.oslo_config_glue [-] oslo_messaging_rabbit.rabbit_interval_max = 30 {{(pid=96474) log_opt_values /opt/stack/data/venv/lib/python3.12/site-packages/oslo_config/cfg.py:3253}}
Jul 22 04:35:42.707700 np0000005618 nova-scheduler[96474]: DEBUG cotyledon.oslo_config_glue [-] oslo_messaging_rabbit.rabbit_login_method = AMQPLAIN {{(pid=96474) log_opt_values /opt/stack/data/venv/lib/python3.12/site-packages/oslo_config/cfg.py:3253}}
Jul 22 04:35:42.707700 np0000005618 nova-scheduler[96474]: DEBUG cotyledon.oslo_config_glue [-] oslo_messaging_rabbit.rabbit_qos_prefetch_count = 0 {{(pid=96474) log_opt_values /opt/stack/data/venv/lib/python3.12/site-packages/oslo_config/cfg.py:3253}}
Jul 22 04:35:42.707700 np0000005618 nova-scheduler[96474]: DEBUG cotyledon.oslo_config_glue [-] oslo_messaging_rabbit.rabbit_quorum_delivery_limit = 0 {{(pid=96474) log_opt_values /opt/stack/data/venv/lib/python3.12/site-packages/oslo_config/cfg.py:3253}}
Jul 22 04:35:42.707700 np0000005618 nova-scheduler[96474]: DEBUG cotyledon.oslo_config_glue [-] oslo_messaging_rabbit.rabbit_quorum_max_memory_bytes = 0 {{(pid=96474) log_opt_values /opt/stack/data/venv/lib/python3.12/site-packages/oslo_config/cfg.py:3253}}
Jul 22 04:35:42.707700 np0000005618 nova-scheduler[96474]: DEBUG cotyledon.oslo_config_glue [-] oslo_messaging_rabbit.rabbit_quorum_max_memory_length = 0 {{(pid=96474) log_opt_values /opt/stack/data/venv/lib/python3.12/site-packages/oslo_config/cfg.py:3253}}
Jul 22 04:35:42.707700 np0000005618 nova-scheduler[96474]: DEBUG cotyledon.oslo_config_glue [-] oslo_messaging_rabbit.rabbit_quorum_queue = False {{(pid=96474) log_opt_values /opt/stack/data/venv/lib/python3.12/site-packages/oslo_config/cfg.py:3253}}
Jul 22 04:35:42.707700 np0000005618 nova-scheduler[96474]: DEBUG cotyledon.oslo_config_glue [-] oslo_messaging_rabbit.rabbit_retry_backoff = 2 {{(pid=96474) log_opt_values /opt/stack/data/venv/lib/python3.12/site-packages/oslo_config/cfg.py:3253}}
Jul 22 04:35:42.707700 np0000005618 nova-scheduler[96474]: DEBUG cotyledon.oslo_config_glue [-] oslo_messaging_rabbit.rabbit_retry_interval = 1 {{(pid=96474) log_opt_values /opt/stack/data/venv/lib/python3.12/site-packages/oslo_config/cfg.py:3253}}
Jul 22 04:35:42.707700 np0000005618 nova-scheduler[96474]: DEBUG cotyledon.oslo_config_glue [-] oslo_messaging_rabbit.rabbit_stream_fanout = False {{(pid=96474) log_opt_values /opt/stack/data/venv/lib/python3.12/site-packages/oslo_config/cfg.py:3253}}
Jul 22 04:35:42.707906 np0000005618 nova-scheduler[96474]: DEBUG cotyledon.oslo_config_glue [-] oslo_messaging_rabbit.rabbit_transient_queues_ttl = 1800 {{(pid=96474) log_opt_values /opt/stack/data/venv/lib/python3.12/site-packages/oslo_config/cfg.py:3253}}
Jul 22 04:35:42.707906 np0000005618 nova-scheduler[96474]: DEBUG cotyledon.oslo_config_glue [-] oslo_messaging_rabbit.rabbit_transient_quorum_queue = False {{(pid=96474) log_opt_values /opt/stack/data/venv/lib/python3.12/site-packages/oslo_config/cfg.py:3253}}
Jul 22 04:35:42.707906 np0000005618 nova-scheduler[96474]: DEBUG cotyledon.oslo_config_glue [-] oslo_messaging_rabbit.rpc_conn_pool_size = 30 {{(pid=96474) log_opt_values /opt/stack/data/venv/lib/python3.12/site-packages/oslo_config/cfg.py:3253}}
Jul 22 04:35:42.707906 np0000005618 nova-scheduler[96474]: DEBUG cotyledon.oslo_config_glue [-] oslo_messaging_rabbit.ssl = False {{(pid=96474) log_opt_values /opt/stack/data/venv/lib/python3.12/site-packages/oslo_config/cfg.py:3253}}
Jul 22 04:35:42.707906 np0000005618 nova-scheduler[96474]: DEBUG cotyledon.oslo_config_glue [-] oslo_messaging_rabbit.ssl_ca_file = {{(pid=96474) log_opt_values /opt/stack/data/venv/lib/python3.12/site-packages/oslo_config/cfg.py:3253}}
Jul 22 04:35:42.707906 np0000005618 nova-scheduler[96474]: DEBUG cotyledon.oslo_config_glue [-] oslo_messaging_rabbit.ssl_cert_file = {{(pid=96474) log_opt_values /opt/stack/data/venv/lib/python3.12/site-packages/oslo_config/cfg.py:3253}}
Jul 22 04:35:42.707906 np0000005618 nova-scheduler[96474]: DEBUG cotyledon.oslo_config_glue [-] oslo_messaging_rabbit.ssl_enforce_fips_mode = False {{(pid=96474) log_opt_values /opt/stack/data/venv/lib/python3.12/site-packages/oslo_config/cfg.py:3253}}
Jul 22 04:35:42.707906 np0000005618 nova-scheduler[96474]: DEBUG cotyledon.oslo_config_glue [-] oslo_messaging_rabbit.ssl_enforce_hostname_verification = True {{(pid=96474) log_opt_values /opt/stack/data/venv/lib/python3.12/site-packages/oslo_config/cfg.py:3253}}
Jul 22 04:35:42.707906 np0000005618 nova-scheduler[96474]: DEBUG cotyledon.oslo_config_glue [-] oslo_messaging_rabbit.ssl_key_file = {{(pid=96474) log_opt_values /opt/stack/data/venv/lib/python3.12/site-packages/oslo_config/cfg.py:3253}}
Jul 22 04:35:42.708092 np0000005618 nova-scheduler[96474]: DEBUG cotyledon.oslo_config_glue [-] oslo_messaging_rabbit.ssl_version = {{(pid=96474) log_opt_values /opt/stack/data/venv/lib/python3.12/site-packages/oslo_config/cfg.py:3253}}
Jul 22 04:35:42.708092 np0000005618 nova-scheduler[96474]: DEBUG cotyledon.oslo_config_glue [-] oslo_messaging_rabbit.use_queue_manager = False {{(pid=96474) log_opt_values /opt/stack/data/venv/lib/python3.12/site-packages/oslo_config/cfg.py:3253}}
Jul 22 04:35:42.708092 np0000005618 nova-scheduler[96474]: DEBUG cotyledon.oslo_config_glue [-] oslo_messaging_notifications.driver = ['messagingv2'] {{(pid=96474) log_opt_values /opt/stack/data/venv/lib/python3.12/site-packages/oslo_config/cfg.py:3253}}
Jul 22 04:35:42.708092 np0000005618 nova-scheduler[96474]: DEBUG cotyledon.oslo_config_glue [-] oslo_messaging_notifications.retry = -1 {{(pid=96474) log_opt_values /opt/stack/data/venv/lib/python3.12/site-packages/oslo_config/cfg.py:3253}}
Jul 22 04:35:42.708092 np0000005618 nova-scheduler[96474]: DEBUG cotyledon.oslo_config_glue [-] oslo_messaging_notifications.topics = ['notifications'] {{(pid=96474) log_opt_values /opt/stack/data/venv/lib/python3.12/site-packages/oslo_config/cfg.py:3253}}
Jul 22 04:35:42.708092 np0000005618 nova-scheduler[96474]: DEBUG cotyledon.oslo_config_glue [-] oslo_messaging_notifications.transport_url = **** {{(pid=96474) log_opt_values /opt/stack/data/venv/lib/python3.12/site-packages/oslo_config/cfg.py:3253}}
Jul 22 04:35:42.708092 np0000005618 nova-scheduler[96474]: DEBUG cotyledon.oslo_config_glue [-] oslo_limit.auth_section = None {{(pid=96474) log_opt_values /opt/stack/data/venv/lib/python3.12/site-packages/oslo_config/cfg.py:3253}}
Jul 22 04:35:42.708092 np0000005618 nova-scheduler[96474]: DEBUG cotyledon.oslo_config_glue [-] oslo_limit.auth_type = None {{(pid=96474) log_opt_values /opt/stack/data/venv/lib/python3.12/site-packages/oslo_config/cfg.py:3253}}
Jul 22 04:35:42.708092 np0000005618 nova-scheduler[96474]: DEBUG cotyledon.oslo_config_glue [-] oslo_limit.cafile = None {{(pid=96474) log_opt_values /opt/stack/data/venv/lib/python3.12/site-packages/oslo_config/cfg.py:3253}}
Jul 22 04:35:42.708271 np0000005618 nova-scheduler[96474]: DEBUG cotyledon.oslo_config_glue [-] oslo_limit.certfile = None {{(pid=96474) log_opt_values /opt/stack/data/venv/lib/python3.12/site-packages/oslo_config/cfg.py:3253}}
Jul 22 04:35:42.708271 np0000005618 nova-scheduler[96474]: DEBUG cotyledon.oslo_config_glue [-] oslo_limit.collect_timing = False {{(pid=96474) log_opt_values /opt/stack/data/venv/lib/python3.12/site-packages/oslo_config/cfg.py:3253}}
Jul 22 04:35:42.708271 np0000005618 nova-scheduler[96474]: DEBUG cotyledon.oslo_config_glue [-] oslo_limit.connect_retries = None {{(pid=96474) log_opt_values /opt/stack/data/venv/lib/python3.12/site-packages/oslo_config/cfg.py:3253}}
Jul 22 04:35:42.708271 np0000005618 nova-scheduler[96474]: DEBUG cotyledon.oslo_config_glue [-] oslo_limit.connect_retry_delay = None {{(pid=96474) log_opt_values /opt/stack/data/venv/lib/python3.12/site-packages/oslo_config/cfg.py:3253}}
Jul 22 04:35:42.708271 np0000005618 nova-scheduler[96474]: DEBUG cotyledon.oslo_config_glue [-] oslo_limit.endpoint_id = None {{(pid=96474) log_opt_values /opt/stack/data/venv/lib/python3.12/site-packages/oslo_config/cfg.py:3253}}
Jul 22 04:35:42.708271 np0000005618 nova-scheduler[96474]: DEBUG cotyledon.oslo_config_glue [-] oslo_limit.endpoint_interface = public {{(pid=96474) log_opt_values /opt/stack/data/venv/lib/python3.12/site-packages/oslo_config/cfg.py:3253}}
Jul 22 04:35:42.708271 np0000005618 nova-scheduler[96474]: DEBUG cotyledon.oslo_config_glue [-] oslo_limit.endpoint_override = None {{(pid=96474) log_opt_values /opt/stack/data/venv/lib/python3.12/site-packages/oslo_config/cfg.py:3253}}
Jul 22 04:35:42.708271 np0000005618 nova-scheduler[96474]: DEBUG cotyledon.oslo_config_glue [-] oslo_limit.endpoint_region_name = None {{(pid=96474) log_opt_values /opt/stack/data/venv/lib/python3.12/site-packages/oslo_config/cfg.py:3253}}
Jul 22 04:35:42.708271 np0000005618 nova-scheduler[96474]: DEBUG cotyledon.oslo_config_glue [-] oslo_limit.endpoint_service_name = None {{(pid=96474) log_opt_values /opt/stack/data/venv/lib/python3.12/site-packages/oslo_config/cfg.py:3253}}
Jul 22 04:35:42.708436 np0000005618 nova-scheduler[96474]: DEBUG cotyledon.oslo_config_glue [-] oslo_limit.endpoint_service_type = None {{(pid=96474) log_opt_values /opt/stack/data/venv/lib/python3.12/site-packages/oslo_config/cfg.py:3253}}
Jul 22 04:35:42.708436 np0000005618 nova-scheduler[96474]: DEBUG cotyledon.oslo_config_glue [-] oslo_limit.insecure = False {{(pid=96474) log_opt_values /opt/stack/data/venv/lib/python3.12/site-packages/oslo_config/cfg.py:3253}}
Jul 22 04:35:42.708436 np0000005618 nova-scheduler[96474]: DEBUG cotyledon.oslo_config_glue [-] oslo_limit.keyfile = None {{(pid=96474) log_opt_values /opt/stack/data/venv/lib/python3.12/site-packages/oslo_config/cfg.py:3253}}
Jul 22 04:35:42.708436 np0000005618 nova-scheduler[96474]: DEBUG cotyledon.oslo_config_glue [-] oslo_limit.max_version = None {{(pid=96474) log_opt_values /opt/stack/data/venv/lib/python3.12/site-packages/oslo_config/cfg.py:3253}}
Jul 22 04:35:42.708436 np0000005618 nova-scheduler[96474]: DEBUG cotyledon.oslo_config_glue [-] oslo_limit.min_version = None {{(pid=96474) log_opt_values /opt/stack/data/venv/lib/python3.12/site-packages/oslo_config/cfg.py:3253}}
Jul 22 04:35:42.708436 np0000005618 nova-scheduler[96474]: DEBUG cotyledon.oslo_config_glue [-] oslo_limit.region_name = None {{(pid=96474) log_opt_values /opt/stack/data/venv/lib/python3.12/site-packages/oslo_config/cfg.py:3253}}
Jul 22 04:35:42.708436 np0000005618 nova-scheduler[96474]: DEBUG cotyledon.oslo_config_glue [-] oslo_limit.retriable_status_codes = None {{(pid=96474) log_opt_values /opt/stack/data/venv/lib/python3.12/site-packages/oslo_config/cfg.py:3253}}
Jul 22 04:35:42.708436 np0000005618 nova-scheduler[96474]: DEBUG cotyledon.oslo_config_glue [-] oslo_limit.service_name = None {{(pid=96474) log_opt_values /opt/stack/data/venv/lib/python3.12/site-packages/oslo_config/cfg.py:3253}}
Jul 22 04:35:42.708436 np0000005618 nova-scheduler[96474]: DEBUG cotyledon.oslo_config_glue [-] oslo_limit.service_type = None {{(pid=96474) log_opt_values /opt/stack/data/venv/lib/python3.12/site-packages/oslo_config/cfg.py:3253}}
Jul 22 04:35:42.708616 np0000005618 nova-scheduler[96474]: DEBUG cotyledon.oslo_config_glue [-] oslo_limit.split_loggers = False {{(pid=96474) log_opt_values /opt/stack/data/venv/lib/python3.12/site-packages/oslo_config/cfg.py:3253}}
Jul 22 04:35:42.708616 np0000005618 nova-scheduler[96474]: DEBUG cotyledon.oslo_config_glue [-] oslo_limit.status_code_retries = None {{(pid=96474) log_opt_values /opt/stack/data/venv/lib/python3.12/site-packages/oslo_config/cfg.py:3253}}
Jul 22 04:35:42.708616 np0000005618 nova-scheduler[96474]: DEBUG cotyledon.oslo_config_glue [-] oslo_limit.status_code_retry_delay = None {{(pid=96474) log_opt_values /opt/stack/data/venv/lib/python3.12/site-packages/oslo_config/cfg.py:3253}}
Jul 22 04:35:42.708616 np0000005618 nova-scheduler[96474]: DEBUG cotyledon.oslo_config_glue [-] oslo_limit.timeout = None {{(pid=96474) log_opt_values /opt/stack/data/venv/lib/python3.12/site-packages/oslo_config/cfg.py:3253}}
Jul 22 04:35:42.708616 np0000005618 nova-scheduler[96474]: DEBUG cotyledon.oslo_config_glue [-] oslo_limit.valid_interfaces = None {{(pid=96474) log_opt_values /opt/stack/data/venv/lib/python3.12/site-packages/oslo_config/cfg.py:3253}}
Jul 22 04:35:42.708616 np0000005618 nova-scheduler[96474]: DEBUG cotyledon.oslo_config_glue [-] oslo_limit.version = None {{(pid=96474) log_opt_values /opt/stack/data/venv/lib/python3.12/site-packages/oslo_config/cfg.py:3253}}
Jul 22 04:35:42.708616 np0000005618 nova-scheduler[96474]: DEBUG cotyledon.oslo_config_glue [-] oslo_reports.file_event_handler = None {{(pid=96474) log_opt_values /opt/stack/data/venv/lib/python3.12/site-packages/oslo_config/cfg.py:3253}}
Jul 22 04:35:42.708616 np0000005618 nova-scheduler[96474]: DEBUG cotyledon.oslo_config_glue [-] oslo_reports.file_event_handler_interval = 1 {{(pid=96474) log_opt_values /opt/stack/data/venv/lib/python3.12/site-packages/oslo_config/cfg.py:3253}}
Jul 22 04:35:42.708616 np0000005618 nova-scheduler[96474]: DEBUG cotyledon.oslo_config_glue [-] oslo_reports.log_dir = None {{(pid=96474) log_opt_values /opt/stack/data/venv/lib/python3.12/site-packages/oslo_config/cfg.py:3253}}
Jul 22 04:35:42.708810 np0000005618 nova-scheduler[96474]: DEBUG cotyledon.oslo_config_glue [-] ******************************************************************************** {{(pid=96474) log_opt_values /opt/stack/data/venv/lib/python3.12/site-packages/oslo_config/cfg.py:3260}}
Jul 22 04:35:42.708810 np0000005618 nova-scheduler[96474]: DEBUG cotyledon._service_worker [-] Run service ServiceWrapper(3) [96474] {{(pid=96474) wait_forever /opt/stack/data/venv/lib/python3.12/site-packages/cotyledon/_service_worker.py:218}}
Jul 22 04:35:42.708810 np0000005618 nova-scheduler[96474]: INFO nova.service [-] Starting scheduler node (version 33.1.0)
Jul 22 04:35:42.708810 np0000005618 nova-scheduler[96474]: INFO dbcounter [None req-a8e5e16b-832e-473a-8331-f92d1057df20 None None] Registered counter for database nova_cell0
Jul 22 04:35:42.710775 np0000005618 nova-scheduler[96468]: DEBUG dbcounter [-] [96468] Writer thread running {{(pid=96468) stat_writer /opt/stack/data/venv/lib/python3.12/site-packages/dbcounter.py:102}}
Jul 22 04:35:42.718049 np0000005618 nova-scheduler[96470]: DEBUG oslo_db.sqlalchemy.engines [None req-d608afde-5da9-4147-8d6a-ad5d8c2f5157 None None] MySQL server mode set to STRICT_TRANS_TABLES,STRICT_ALL_TABLES,NO_ZERO_IN_DATE,NO_ZERO_DATE,ERROR_FOR_DIVISION_BY_ZERO,TRADITIONAL,NO_ENGINE_SUBSTITUTION {{(pid=96470) _check_effective_sql_mode /opt/stack/data/venv/lib/python3.12/site-packages/oslo_db/sqlalchemy/engines.py:325}}
Jul 22 04:35:42.728346 np0000005618 nova-scheduler[96470]: DEBUG dbcounter [-] [96470] Writer thread running {{(pid=96470) stat_writer /opt/stack/data/venv/lib/python3.12/site-packages/dbcounter.py:102}}
Jul 22 04:35:42.729652 np0000005618 nova-scheduler[96468]: DEBUG nova.service [None req-ace25fd9-7b3d-440d-8c92-847e57718b37 None None] Creating RPC server for service: nova-scheduler on topic: scheduler {{(pid=96468) start /opt/stack/nova/nova/service.py:196}}
Jul 22 04:35:42.731703 np0000005618 nova-scheduler[96470]: DEBUG nova.service [None req-d608afde-5da9-4147-8d6a-ad5d8c2f5157 None None] Creating RPC server for service: nova-scheduler on topic: scheduler {{(pid=96470) start /opt/stack/nova/nova/service.py:196}}
Jul 22 04:35:42.749154 np0000005618 nova-scheduler[96472]: DEBUG oslo_db.sqlalchemy.engines [None req-6837f537-ec53-4194-a6e3-5fd573aa7ef8 None None] MySQL server mode set to STRICT_TRANS_TABLES,STRICT_ALL_TABLES,NO_ZERO_IN_DATE,NO_ZERO_DATE,ERROR_FOR_DIVISION_BY_ZERO,TRADITIONAL,NO_ENGINE_SUBSTITUTION {{(pid=96472) _check_effective_sql_mode /opt/stack/data/venv/lib/python3.12/site-packages/oslo_db/sqlalchemy/engines.py:325}}
Jul 22 04:35:42.760304 np0000005618 nova-scheduler[96472]: DEBUG dbcounter [-] [96472] Writer thread running {{(pid=96472) stat_writer /opt/stack/data/venv/lib/python3.12/site-packages/dbcounter.py:102}}
Jul 22 04:35:42.763160 np0000005618 nova-scheduler[96472]: DEBUG nova.service [None req-6837f537-ec53-4194-a6e3-5fd573aa7ef8 None None] Creating RPC server for service: nova-scheduler on topic: scheduler {{(pid=96472) start /opt/stack/nova/nova/service.py:196}}
Jul 22 04:35:42.764673 np0000005618 nova-scheduler[96470]: DEBUG nova.service [None req-d608afde-5da9-4147-8d6a-ad5d8c2f5157 None None] Join ServiceGroup membership for this service scheduler {{(pid=96470) start /opt/stack/nova/nova/service.py:222}}
Jul 22 04:35:42.764768 np0000005618 nova-scheduler[96468]: DEBUG nova.service [None req-ace25fd9-7b3d-440d-8c92-847e57718b37 None None] Join ServiceGroup membership for this service scheduler {{(pid=96468) start /opt/stack/nova/nova/service.py:222}}
Jul 22 04:35:42.764885 np0000005618 nova-scheduler[96470]: DEBUG nova.servicegroup.drivers.db [None req-d608afde-5da9-4147-8d6a-ad5d8c2f5157 None None] DB_Driver: join new ServiceGroup member np0000005618 to the scheduler group, service = {{(pid=96470) join /opt/stack/nova/nova/servicegroup/drivers/db.py:44}}
Jul 22 04:35:42.764980 np0000005618 nova-scheduler[96468]: DEBUG nova.servicegroup.drivers.db [None req-ace25fd9-7b3d-440d-8c92-847e57718b37 None None] DB_Driver: join new ServiceGroup member np0000005618 to the scheduler group, service = {{(pid=96468) join /opt/stack/nova/nova/servicegroup/drivers/db.py:44}}
Jul 22 04:35:42.773805 np0000005618 nova-scheduler[96474]: DEBUG oslo_db.sqlalchemy.engines [None req-a8e5e16b-832e-473a-8331-f92d1057df20 None None] MySQL server mode set to STRICT_TRANS_TABLES,STRICT_ALL_TABLES,NO_ZERO_IN_DATE,NO_ZERO_DATE,ERROR_FOR_DIVISION_BY_ZERO,TRADITIONAL,NO_ENGINE_SUBSTITUTION {{(pid=96474) _check_effective_sql_mode /opt/stack/data/venv/lib/python3.12/site-packages/oslo_db/sqlalchemy/engines.py:325}}
Jul 22 04:35:42.778615 np0000005618 nova-scheduler[96472]: DEBUG nova.service [None req-6837f537-ec53-4194-a6e3-5fd573aa7ef8 None None] Join ServiceGroup membership for this service scheduler {{(pid=96472) start /opt/stack/nova/nova/service.py:222}}
Jul 22 04:35:42.778941 np0000005618 nova-scheduler[96472]: DEBUG nova.servicegroup.drivers.db [None req-6837f537-ec53-4194-a6e3-5fd573aa7ef8 None None] DB_Driver: join new ServiceGroup member np0000005618 to the scheduler group, service = {{(pid=96472) join /opt/stack/nova/nova/servicegroup/drivers/db.py:44}}
Jul 22 04:35:42.787545 np0000005618 nova-scheduler[96474]: DEBUG dbcounter [-] [96474] Writer thread running {{(pid=96474) stat_writer /opt/stack/data/venv/lib/python3.12/site-packages/dbcounter.py:102}}
Jul 22 04:35:42.791442 np0000005618 nova-scheduler[96474]: DEBUG nova.service [None req-a8e5e16b-832e-473a-8331-f92d1057df20 None None] Creating RPC server for service: nova-scheduler on topic: scheduler {{(pid=96474) start /opt/stack/nova/nova/service.py:196}}
Jul 22 04:35:42.810765 np0000005618 nova-scheduler[96474]: DEBUG nova.service [None req-a8e5e16b-832e-473a-8331-f92d1057df20 None None] Join ServiceGroup membership for this service scheduler {{(pid=96474) start /opt/stack/nova/nova/service.py:222}}
Jul 22 04:35:42.810991 np0000005618 nova-scheduler[96474]: DEBUG nova.servicegroup.drivers.db [None req-a8e5e16b-832e-473a-8331-f92d1057df20 None None] DB_Driver: join new ServiceGroup member np0000005618 to the scheduler group, service = {{(pid=96474) join /opt/stack/nova/nova/servicegroup/drivers/db.py:44}}
Jul 22 04:35:47.782645 np0000005618 nova-scheduler[96472]: DEBUG oslo.service.backend._threading.loopingcall [None req-e47a8e19-1c9f-4123-9a83-e784952f8456 None None] Dynamic interval looping call 'nova.service.Service.periodic_tasks' sleeping for 60.00 seconds {{(pid=96472) _run_loop /opt/stack/data/venv/lib/python3.12/site-packages/oslo_service/backend/_threading/loopingcall.py:125}}
Jul 22 04:35:47.783943 np0000005618 nova-scheduler[96468]: DEBUG oslo.service.backend._threading.loopingcall [-] Fixed interval looping call 'nova.servicegroup.drivers.db.DbDriver._report_state' sleeping for 119.98 seconds {{(pid=96468) _run_loop /opt/stack/data/venv/lib/python3.12/site-packages/oslo_service/backend/_threading/loopingcall.py:125}}
Jul 22 04:35:47.785753 np0000005618 nova-scheduler[96470]: DEBUG oslo.service.backend._threading.loopingcall [-] Fixed interval looping call 'nova.servicegroup.drivers.db.DbDriver._report_state' sleeping for 119.98 seconds {{(pid=96470) _run_loop /opt/stack/data/venv/lib/python3.12/site-packages/oslo_service/backend/_threading/loopingcall.py:125}}
Jul 22 04:35:47.789809 np0000005618 nova-scheduler[96472]: DEBUG oslo.service.backend._threading.loopingcall [-] Fixed interval looping call 'nova.servicegroup.drivers.db.DbDriver._report_state' sleeping for 119.99 seconds {{(pid=96472) _run_loop /opt/stack/data/venv/lib/python3.12/site-packages/oslo_service/backend/_threading/loopingcall.py:125}}
Jul 22 04:35:47.824560 np0000005618 nova-scheduler[96474]: DEBUG oslo.service.backend._threading.loopingcall [-] Fixed interval looping call 'nova.servicegroup.drivers.db.DbDriver._report_state' sleeping for 119.99 seconds {{(pid=96474) _run_loop /opt/stack/data/venv/lib/python3.12/site-packages/oslo_service/backend/_threading/loopingcall.py:125}}
Jul 22 04:35:51.338347 np0000005618 nova-scheduler[95276]: DEBUG dbcounter [-] [95276] Writing DB stats nova_api:SELECT=3 {{(pid=95276) stat_writer /opt/stack/data/venv/lib/python3.12/site-packages/dbcounter.py:115}}
Jul 22 04:35:51.464647 np0000005618 nova-scheduler[95276]: DEBUG dbcounter [-] [95276] Writing DB stats nova_cell0:SELECT=1 {{(pid=95276) stat_writer /opt/stack/data/venv/lib/python3.12/site-packages/dbcounter.py:115}}
Jul 22 04:35:51.476634 np0000005618 nova-scheduler[95276]: DEBUG dbcounter [-] [95276] Writing DB stats nova_cell1:SELECT=1 {{(pid=95276) stat_writer /opt/stack/data/venv/lib/python3.12/site-packages/dbcounter.py:115}}
Jul 22 04:35:54.813109 np0000005618 nova-scheduler[96474]: DEBUG oslo.service.backend._threading.loopingcall [None req-00a40f03-8dd0-4933-b4bf-476d80af1f11 None None] Dynamic interval looping call 'nova.service.Service.periodic_tasks' sleeping for 60.00 seconds {{(pid=96474) _run_loop /opt/stack/data/venv/lib/python3.12/site-packages/oslo_service/backend/_threading/loopingcall.py:125}}
Jul 22 04:35:57.777024 np0000005618 nova-scheduler[96468]: DEBUG dbcounter [-] [96468] Writing DB stats nova_cell0:SELECT=4,nova_cell0:INSERT=1,nova_cell0:UPDATE=1 {{(pid=96468) stat_writer /opt/stack/data/venv/lib/python3.12/site-packages/dbcounter.py:115}}
Jul 22 04:35:57.783781 np0000005618 nova-scheduler[96470]: DEBUG dbcounter [-] [96470] Writing DB stats nova_cell0:SELECT=3,nova_cell0:UPDATE=1 {{(pid=96470) stat_writer /opt/stack/data/venv/lib/python3.12/site-packages/dbcounter.py:115}}
Jul 22 04:35:57.787103 np0000005618 nova-scheduler[96472]: DEBUG dbcounter [-] [96472] Writing DB stats nova_cell0:SELECT=3 {{(pid=96472) stat_writer /opt/stack/data/venv/lib/python3.12/site-packages/dbcounter.py:115}}
Jul 22 04:35:57.820892 np0000005618 nova-scheduler[96474]: DEBUG dbcounter [-] [96474] Writing DB stats nova_cell0:SELECT=3 {{(pid=96474) stat_writer /opt/stack/data/venv/lib/python3.12/site-packages/dbcounter.py:115}}
Jul 22 04:35:59.767443 np0000005618 nova-scheduler[96470]: DEBUG oslo.service.backend._threading.loopingcall [None req-94b48eec-ce64-421b-82b9-2e0fb133b87e None None] Dynamic interval looping call 'nova.service.Service.periodic_tasks' sleeping for 60.00 seconds {{(pid=96470) _run_loop /opt/stack/data/venv/lib/python3.12/site-packages/oslo_service/backend/_threading/loopingcall.py:125}}
Jul 22 04:36:24.767699 np0000005618 nova-scheduler[96468]: DEBUG oslo.service.backend._threading.loopingcall [None req-9f1b72c2-2fdd-4f2d-b691-6ff1c5cbce29 None None] Dynamic interval looping call 'nova.service.Service.periodic_tasks' sleeping for 60.00 seconds {{(pid=96468) _run_loop /opt/stack/data/venv/lib/python3.12/site-packages/oslo_service/backend/_threading/loopingcall.py:125}}
Jul 22 04:36:47.782855 np0000005618 nova-scheduler[96472]: DEBUG oslo.service.backend._threading.loopingcall [None req-e47a8e19-1c9f-4123-9a83-e784952f8456 None None] Dynamic interval looping call 'nova.service.Service.periodic_tasks' sleeping for 60.00 seconds {{(pid=96472) _run_loop /opt/stack/data/venv/lib/python3.12/site-packages/oslo_service/backend/_threading/loopingcall.py:125}}
Jul 22 04:36:54.813669 np0000005618 nova-scheduler[96474]: DEBUG oslo.service.backend._threading.loopingcall [None req-00a40f03-8dd0-4933-b4bf-476d80af1f11 None None] Dynamic interval looping call 'nova.service.Service.periodic_tasks' sleeping for 60.00 seconds {{(pid=96474) _run_loop /opt/stack/data/venv/lib/python3.12/site-packages/oslo_service/backend/_threading/loopingcall.py:125}}
Jul 22 04:36:59.767973 np0000005618 nova-scheduler[96470]: DEBUG oslo.service.backend._threading.loopingcall [None req-94b48eec-ce64-421b-82b9-2e0fb133b87e None None] Dynamic interval looping call 'nova.service.Service.periodic_tasks' sleeping for 60.00 seconds {{(pid=96470) _run_loop /opt/stack/data/venv/lib/python3.12/site-packages/oslo_service/backend/_threading/loopingcall.py:125}}
Jul 22 04:37:24.768240 np0000005618 nova-scheduler[96468]: DEBUG oslo.service.backend._threading.loopingcall [None req-9f1b72c2-2fdd-4f2d-b691-6ff1c5cbce29 None None] Dynamic interval looping call 'nova.service.Service.periodic_tasks' sleeping for 60.00 seconds {{(pid=96468) _run_loop /opt/stack/data/venv/lib/python3.12/site-packages/oslo_service/backend/_threading/loopingcall.py:125}}
Jul 22 04:37:47.773629 np0000005618 nova-scheduler[96468]: DEBUG oslo.service.backend._threading.loopingcall [-] Fixed interval looping call 'nova.servicegroup.drivers.db.DbDriver._report_state' sleeping for 119.99 seconds {{(pid=96468) _run_loop /opt/stack/data/venv/lib/python3.12/site-packages/oslo_service/backend/_threading/loopingcall.py:125}}
Jul 22 04:37:47.774171 np0000005618 nova-scheduler[96470]: DEBUG oslo.service.backend._threading.loopingcall [-] Fixed interval looping call 'nova.servicegroup.drivers.db.DbDriver._report_state' sleeping for 119.99 seconds {{(pid=96470) _run_loop /opt/stack/data/venv/lib/python3.12/site-packages/oslo_service/backend/_threading/loopingcall.py:125}}
Jul 22 04:37:47.784089 np0000005618 nova-scheduler[96472]: DEBUG oslo.service.backend._threading.loopingcall [None req-e47a8e19-1c9f-4123-9a83-e784952f8456 None None] Dynamic interval looping call 'nova.service.Service.periodic_tasks' sleeping for 60.00 seconds {{(pid=96472) _run_loop /opt/stack/data/venv/lib/python3.12/site-packages/oslo_service/backend/_threading/loopingcall.py:125}}
Jul 22 04:37:47.784928 np0000005618 nova-scheduler[96472]: DEBUG oslo.service.backend._threading.loopingcall [-] Fixed interval looping call 'nova.servicegroup.drivers.db.DbDriver._report_state' sleeping for 120.00 seconds {{(pid=96472) _run_loop /opt/stack/data/venv/lib/python3.12/site-packages/oslo_service/backend/_threading/loopingcall.py:125}}
Jul 22 04:37:47.819146 np0000005618 nova-scheduler[96474]: DEBUG oslo.service.backend._threading.loopingcall [-] Fixed interval looping call 'nova.servicegroup.drivers.db.DbDriver._report_state' sleeping for 120.00 seconds {{(pid=96474) _run_loop /opt/stack/data/venv/lib/python3.12/site-packages/oslo_service/backend/_threading/loopingcall.py:125}}
Jul 22 04:37:54.814602 np0000005618 nova-scheduler[96474]: DEBUG oslo.service.backend._threading.loopingcall [None req-00a40f03-8dd0-4933-b4bf-476d80af1f11 None None] Dynamic interval looping call 'nova.service.Service.periodic_tasks' sleeping for 60.00 seconds {{(pid=96474) _run_loop /opt/stack/data/venv/lib/python3.12/site-packages/oslo_service/backend/_threading/loopingcall.py:125}}
Jul 22 04:37:57.767918 np0000005618 nova-scheduler[96468]: DEBUG dbcounter [-] [96468] Writing DB stats nova_cell0:SELECT=1,nova_cell0:UPDATE=1 {{(pid=96468) stat_writer /opt/stack/data/venv/lib/python3.12/site-packages/dbcounter.py:115}}
Jul 22 04:37:57.770848 np0000005618 nova-scheduler[96470]: DEBUG dbcounter [-] [96470] Writing DB stats nova_cell0:SELECT=1,nova_cell0:UPDATE=1 {{(pid=96470) stat_writer /opt/stack/data/venv/lib/python3.12/site-packages/dbcounter.py:115}}
Jul 22 04:37:57.782362 np0000005618 nova-scheduler[96472]: DEBUG dbcounter [-] [96472] Writing DB stats nova_cell0:SELECT=1 {{(pid=96472) stat_writer /opt/stack/data/venv/lib/python3.12/site-packages/dbcounter.py:115}}
Jul 22 04:37:57.817209 np0000005618 nova-scheduler[96474]: DEBUG dbcounter [-] [96474] Writing DB stats nova_cell0:SELECT=1 {{(pid=96474) stat_writer /opt/stack/data/venv/lib/python3.12/site-packages/dbcounter.py:115}}
Jul 22 04:37:59.768345 np0000005618 nova-scheduler[96470]: DEBUG oslo.service.backend._threading.loopingcall [None req-94b48eec-ce64-421b-82b9-2e0fb133b87e None None] Dynamic interval looping call 'nova.service.Service.periodic_tasks' sleeping for 60.00 seconds {{(pid=96470) _run_loop /opt/stack/data/venv/lib/python3.12/site-packages/oslo_service/backend/_threading/loopingcall.py:125}}
Jul 22 04:38:13.560932 np0000005618 nova-scheduler[96470]: DEBUG nova.scheduler.manager [None req-ebcbba32-a7db-4370-82f5-e376f3e5e9d5 tempest-ImageDependencyTests-1672160521 tempest-ImageDependencyTests-1672160521-project-member] Starting to schedule for instances: ['b8cad8f4-4f6d-4410-bf25-bf7be7291da6'] {{(pid=96470) select_destinations /opt/stack/nova/nova/scheduler/manager.py:209}}
Jul 22 04:38:13.562123 np0000005618 nova-scheduler[96470]: DEBUG nova.scheduler.request_filter [None req-ebcbba32-a7db-4370-82f5-e376f3e5e9d5 tempest-ImageDependencyTests-1672160521 tempest-ImageDependencyTests-1672160521-project-member] compute_status_filter request filter added forbidden trait COMPUTE_STATUS_DISABLED {{(pid=96470) compute_status_filter /opt/stack/nova/nova/scheduler/request_filter.py:253}}
Jul 22 04:38:13.562123 np0000005618 nova-scheduler[96470]: DEBUG nova.scheduler.request_filter [None req-ebcbba32-a7db-4370-82f5-e376f3e5e9d5 tempest-ImageDependencyTests-1672160521 tempest-ImageDependencyTests-1672160521-project-member] Request filter 'compute_status_filter' took 0.0 seconds {{(pid=96470) wrapper /opt/stack/nova/nova/scheduler/request_filter.py:46}}
Jul 22 04:38:13.562459 np0000005618 nova-scheduler[96470]: DEBUG nova.scheduler.request_filter [None req-ebcbba32-a7db-4370-82f5-e376f3e5e9d5 tempest-ImageDependencyTests-1672160521 tempest-ImageDependencyTests-1672160521-project-member] Request filter 'accelerators_filter' took 0.0 seconds {{(pid=96470) wrapper /opt/stack/nova/nova/scheduler/request_filter.py:46}}
Jul 22 04:38:13.562735 np0000005618 nova-scheduler[96470]: DEBUG nova.scheduler.request_filter [None req-ebcbba32-a7db-4370-82f5-e376f3e5e9d5 tempest-ImageDependencyTests-1672160521 tempest-ImageDependencyTests-1672160521-project-member] Request filter 'packed_virtqueue_filter' took 0.0 seconds {{(pid=96470) wrapper /opt/stack/nova/nova/scheduler/request_filter.py:46}}
Jul 22 04:38:13.563064 np0000005618 nova-scheduler[96470]: DEBUG nova.scheduler.request_filter [None req-ebcbba32-a7db-4370-82f5-e376f3e5e9d5 tempest-ImageDependencyTests-1672160521 tempest-ImageDependencyTests-1672160521-project-member] Request filter 'remote_managed_ports_filter' took 0.0 seconds {{(pid=96470) wrapper /opt/stack/nova/nova/scheduler/request_filter.py:46}}
Jul 22 04:38:13.564244 np0000005618 nova-scheduler[96470]: DEBUG nova.scheduler.request_filter [None req-ebcbba32-a7db-4370-82f5-e376f3e5e9d5 tempest-ImageDependencyTests-1672160521 tempest-ImageDependencyTests-1672160521-project-member] ephemeral_encryption_filter skipped {{(pid=96470) ephemeral_encryption_filter /opt/stack/nova/nova/scheduler/request_filter.py:426}}
Jul 22 04:38:13.564244 np0000005618 nova-scheduler[96470]: DEBUG nova.scheduler.request_filter [None req-ebcbba32-a7db-4370-82f5-e376f3e5e9d5 tempest-ImageDependencyTests-1672160521 tempest-ImageDependencyTests-1672160521-project-member] virtio_sound_filter skipped {{(pid=96470) virtio_sound_filter /opt/stack/nova/nova/scheduler/request_filter.py:460}}
Jul 22 04:38:13.564700 np0000005618 nova-scheduler[96470]: DEBUG nova.scheduler.request_filter [None req-ebcbba32-a7db-4370-82f5-e376f3e5e9d5 tempest-ImageDependencyTests-1672160521 tempest-ImageDependencyTests-1672160521-project-member] tpm_secret_security_filter skipped {{(pid=96470) tpm_secret_security_filter /opt/stack/nova/nova/scheduler/request_filter.py:477}}
Jul 22 04:38:14.305465 np0000005618 nova-scheduler[96470]: INFO nova.utils [None req-ebcbba32-a7db-4370-82f5-e376f3e5e9d5 tempest-ImageDependencyTests-1672160521 tempest-ImageDependencyTests-1672160521-project-member] The cell worker thread pool ForkProcess-2.cell_worker is initialized
Jul 22 04:38:14.307275 np0000005618 nova-scheduler[96470]: DEBUG oslo_concurrency.lockutils [None req-ebcbba32-a7db-4370-82f5-e376f3e5e9d5 tempest-ImageDependencyTests-1672160521 tempest-ImageDependencyTests-1672160521-project-member] Acquiring lock "0efa5048-5b7c-49f2-8512-5b2d6a2fae24" by "nova.context.set_target_cell..get_or_set_cached_cell_and_set_connections" {{(pid=96470) inner /opt/stack/data/venv/lib/python3.12/site-packages/oslo_concurrency/lockutils.py:512}}
Jul 22 04:38:14.307275 np0000005618 nova-scheduler[96470]: DEBUG oslo_concurrency.lockutils [None req-ebcbba32-a7db-4370-82f5-e376f3e5e9d5 tempest-ImageDependencyTests-1672160521 tempest-ImageDependencyTests-1672160521-project-member] Lock "0efa5048-5b7c-49f2-8512-5b2d6a2fae24" acquired by "nova.context.set_target_cell..get_or_set_cached_cell_and_set_connections" :: waited 0.000s {{(pid=96470) inner /opt/stack/data/venv/lib/python3.12/site-packages/oslo_concurrency/lockutils.py:525}}
Jul 22 04:38:14.310072 np0000005618 nova-scheduler[96470]: DEBUG oslo_concurrency.lockutils [None req-ebcbba32-a7db-4370-82f5-e376f3e5e9d5 tempest-ImageDependencyTests-1672160521 tempest-ImageDependencyTests-1672160521-project-member] Lock "0efa5048-5b7c-49f2-8512-5b2d6a2fae24" "released" by "nova.context.set_target_cell..get_or_set_cached_cell_and_set_connections" :: held 0.002s {{(pid=96470) inner /opt/stack/data/venv/lib/python3.12/site-packages/oslo_concurrency/lockutils.py:544}}
Jul 22 04:38:14.314346 np0000005618 nova-scheduler[96470]: INFO dbcounter [None req-ebcbba32-a7db-4370-82f5-e376f3e5e9d5 tempest-ImageDependencyTests-1672160521 tempest-ImageDependencyTests-1672160521-project-member] Registered counter for database nova_cell1
Jul 22 04:38:14.364166 np0000005618 nova-scheduler[96470]: DEBUG oslo_db.sqlalchemy.engines [None req-ebcbba32-a7db-4370-82f5-e376f3e5e9d5 tempest-ImageDependencyTests-1672160521 tempest-ImageDependencyTests-1672160521-project-member] MySQL server mode set to STRICT_TRANS_TABLES,STRICT_ALL_TABLES,NO_ZERO_IN_DATE,NO_ZERO_DATE,ERROR_FOR_DIVISION_BY_ZERO,TRADITIONAL,NO_ENGINE_SUBSTITUTION {{(pid=96470) _check_effective_sql_mode /opt/stack/data/venv/lib/python3.12/site-packages/oslo_db/sqlalchemy/engines.py:325}}
Jul 22 04:38:14.376062 np0000005618 nova-scheduler[96470]: DEBUG dbcounter [-] [96470] Writer thread running {{(pid=96470) stat_writer /opt/stack/data/venv/lib/python3.12/site-packages/dbcounter.py:102}}
Jul 22 04:38:14.394017 np0000005618 nova-scheduler[96470]: DEBUG oslo_db.sqlalchemy.engines [None req-ebcbba32-a7db-4370-82f5-e376f3e5e9d5 tempest-ImageDependencyTests-1672160521 tempest-ImageDependencyTests-1672160521-project-member] Parent process 95276 forked (96470) with an open database connection, which is being discarded and recreated. {{(pid=96470) checkout /opt/stack/data/venv/lib/python3.12/site-packages/oslo_db/sqlalchemy/engines.py:402}}
Jul 22 04:38:14.442679 np0000005618 nova-scheduler[96470]: DEBUG dbcounter [-] [96470] Writer thread running {{(pid=96470) stat_writer /opt/stack/data/venv/lib/python3.12/site-packages/dbcounter.py:102}}
