Jun 24 21:37:53.864813 np0000003578 devstack@g-api.service[99481]: DEBUG glance.api.middleware.version_negotiation [None req-cc6cf75e-65ba-4d51-81c2-5eea50c5b021 tempest-TaggedBootDevicesTest-1044492229 tempest-TaggedBootDevicesTest-1044492229-project-member] Determining version of request: PUT /v2/images/d4c43982-4b68-409c-950d-468efa0e0ff0/file Accept: {{(pid=99481) process_request /opt/stack/glance/glance/api/middleware/version_negotiation.py:44}}
Jun 24 21:37:53.864813 np0000003578 devstack@g-api.service[99481]: DEBUG glance.api.middleware.version_negotiation [None req-cc6cf75e-65ba-4d51-81c2-5eea50c5b021 tempest-TaggedBootDevicesTest-1044492229 tempest-TaggedBootDevicesTest-1044492229-project-member] Using url versioning {{(pid=99481) process_request /opt/stack/glance/glance/api/middleware/version_negotiation.py:57}}
Jun 24 21:37:53.864813 np0000003578 devstack@g-api.service[99481]: DEBUG glance.api.middleware.version_negotiation [None req-cc6cf75e-65ba-4d51-81c2-5eea50c5b021 tempest-TaggedBootDevicesTest-1044492229 tempest-TaggedBootDevicesTest-1044492229-project-member] Matched version: v2 {{(pid=99481) process_request /opt/stack/glance/glance/api/middleware/version_negotiation.py:69}}
Jun 24 21:37:53.864813 np0000003578 devstack@g-api.service[99481]: DEBUG glance.api.middleware.version_negotiation [None req-cc6cf75e-65ba-4d51-81c2-5eea50c5b021 tempest-TaggedBootDevicesTest-1044492229 tempest-TaggedBootDevicesTest-1044492229-project-member] new path /v2/images/d4c43982-4b68-409c-950d-468efa0e0ff0/file {{(pid=99481) process_request /opt/stack/glance/glance/api/middleware/version_negotiation.py:70}}
Jun 24 21:37:53.880602 np0000003578 devstack@g-api.service[99480]: [pid: 99480|app: 0|req: 15/48] 127.0.0.1 () {44 vars in 1115 bytes} [Wed Jun 24 21:37:53 2026] GET /v2/images/654da77d-2d56-4c2c-b15a-32aa0a22a5a5 => generated 1044 bytes in 23 msecs (HTTP/1.1 200) 4 headers in 158 bytes (1 switches on core 0)
Jun 24 21:37:53.889544 np0000003578 devstack@g-api.service[99480]: DEBUG glance.api.middleware.version_negotiation [None req-cc6cf75e-65ba-4d51-81c2-5eea50c5b021 tempest-TaggedBootDevicesTest-1044492229 tempest-TaggedBootDevicesTest-1044492229-project-member] Determining version of request: GET /v2/schemas/image Accept: */* {{(pid=99480) process_request /opt/stack/glance/glance/api/middleware/version_negotiation.py:44}}
Jun 24 21:37:53.892702 np0000003578 devstack@g-api.service[99480]: DEBUG glance.api.middleware.version_negotiation [None req-cc6cf75e-65ba-4d51-81c2-5eea50c5b021 tempest-TaggedBootDevicesTest-1044492229 tempest-TaggedBootDevicesTest-1044492229-project-member] Using url versioning {{(pid=99480) process_request /opt/stack/glance/glance/api/middleware/version_negotiation.py:57}}
Jun 24 21:37:53.892702 np0000003578 devstack@g-api.service[99480]: DEBUG glance.api.middleware.version_negotiation [None req-cc6cf75e-65ba-4d51-81c2-5eea50c5b021 tempest-TaggedBootDevicesTest-1044492229 tempest-TaggedBootDevicesTest-1044492229-project-member] Matched version: v2 {{(pid=99480) process_request /opt/stack/glance/glance/api/middleware/version_negotiation.py:69}}
Jun 24 21:37:53.892702 np0000003578 devstack@g-api.service[99480]: DEBUG glance.api.middleware.version_negotiation [None req-cc6cf75e-65ba-4d51-81c2-5eea50c5b021 tempest-TaggedBootDevicesTest-1044492229 tempest-TaggedBootDevicesTest-1044492229-project-member] new path /v2/schemas/image {{(pid=99480) process_request /opt/stack/glance/glance/api/middleware/version_negotiation.py:70}}
Jun 24 21:37:53.894141 np0000003578 devstack@g-api.service[99480]: [pid: 99480|app: 0|req: 16/49] 127.0.0.1 () {44 vars in 1055 bytes} [Wed Jun 24 21:37:53 2026] GET /v2/schemas/image => generated 6083 bytes in 5 msecs (HTTP/1.1 200) 4 headers in 158 bytes (1 switches on core 0)
Jun 24 21:37:53.905087 np0000003578 devstack@g-api.service[99480]: DEBUG glance.api.middleware.version_negotiation [None req-cc6cf75e-65ba-4d51-81c2-5eea50c5b021 tempest-TaggedBootDevicesTest-1044492229 tempest-TaggedBootDevicesTest-1044492229-project-member] Determining version of request: GET /v2/schemas/image Accept: */* {{(pid=99480) process_request /opt/stack/glance/glance/api/middleware/version_negotiation.py:44}}
Jun 24 21:37:53.905304 np0000003578 devstack@g-api.service[99480]: DEBUG glance.api.middleware.version_negotiation [None req-cc6cf75e-65ba-4d51-81c2-5eea50c5b021 tempest-TaggedBootDevicesTest-1044492229 tempest-TaggedBootDevicesTest-1044492229-project-member] Using url versioning {{(pid=99480) process_request /opt/stack/glance/glance/api/middleware/version_negotiation.py:57}}
Jun 24 21:37:53.905614 np0000003578 devstack@g-api.service[99480]: DEBUG glance.api.middleware.version_negotiation [None req-cc6cf75e-65ba-4d51-81c2-5eea50c5b021 tempest-TaggedBootDevicesTest-1044492229 tempest-TaggedBootDevicesTest-1044492229-project-member] Matched version: v2 {{(pid=99480) process_request /opt/stack/glance/glance/api/middleware/version_negotiation.py:69}}
Jun 24 21:37:53.905790 np0000003578 devstack@g-api.service[99480]: DEBUG glance.api.middleware.version_negotiation [None req-cc6cf75e-65ba-4d51-81c2-5eea50c5b021 tempest-TaggedBootDevicesTest-1044492229 tempest-TaggedBootDevicesTest-1044492229-project-member] new path /v2/schemas/image {{(pid=99480) process_request /opt/stack/glance/glance/api/middleware/version_negotiation.py:70}}
Jun 24 21:37:53.909464 np0000003578 devstack@g-api.service[99480]: [pid: 99480|app: 0|req: 17/50] 127.0.0.1 () {44 vars in 1055 bytes} [Wed Jun 24 21:37:53 2026] GET /v2/schemas/image => generated 6083 bytes in 5 msecs (HTTP/1.1 200) 4 headers in 158 bytes (1 switches on core 0)
Jun 24 21:37:53.927445 np0000003578 devstack@g-api.service[99482]: [pid: 99482|app: 0|req: 15/51] 127.0.0.1 () {40 vars in 848 bytes} [Wed Jun 24 21:37:52 2026] GET /v2/images/654da77d-2d56-4c2c-b15a-32aa0a22a5a5/file => generated 21692416 bytes in 1159 msecs (HTTP/1.1 200) 5 headers in 217 bytes (339 switches on core 0)
Jun 24 21:37:53.976137 np0000003578 devstack@g-api.service[99480]: DEBUG glance.api.middleware.version_negotiation [None req-cc6cf75e-65ba-4d51-81c2-5eea50c5b021 tempest-TaggedBootDevicesTest-1044492229 tempest-TaggedBootDevicesTest-1044492229-project-member] Determining version of request: GET /v2/images/654da77d-2d56-4c2c-b15a-32aa0a22a5a5 Accept: */* {{(pid=99480) process_request /opt/stack/glance/glance/api/middleware/version_negotiation.py:44}}
Jun 24 21:37:53.976318 np0000003578 devstack@g-api.service[99480]: DEBUG glance.api.middleware.version_negotiation [None req-cc6cf75e-65ba-4d51-81c2-5eea50c5b021 tempest-TaggedBootDevicesTest-1044492229 tempest-TaggedBootDevicesTest-1044492229-project-member] Using url versioning {{(pid=99480) process_request /opt/stack/glance/glance/api/middleware/version_negotiation.py:57}}
Jun 24 21:37:53.976690 np0000003578 devstack@g-api.service[99480]: DEBUG glance.api.middleware.version_negotiation [None req-cc6cf75e-65ba-4d51-81c2-5eea50c5b021 tempest-TaggedBootDevicesTest-1044492229 tempest-TaggedBootDevicesTest-1044492229-project-member] Matched version: v2 {{(pid=99480) process_request /opt/stack/glance/glance/api/middleware/version_negotiation.py:69}}
Jun 24 21:37:53.976690 np0000003578 devstack@g-api.service[99480]: DEBUG glance.api.middleware.version_negotiation [None req-cc6cf75e-65ba-4d51-81c2-5eea50c5b021 tempest-TaggedBootDevicesTest-1044492229 tempest-TaggedBootDevicesTest-1044492229-project-member] new path /v2/images/654da77d-2d56-4c2c-b15a-32aa0a22a5a5 {{(pid=99480) process_request /opt/stack/glance/glance/api/middleware/version_negotiation.py:70}}
Jun 24 21:37:53.988669 np0000003578 devstack@g-api.service[99480]: [pid: 99480|app: 0|req: 18/52] 127.0.0.1 () {44 vars in 1115 bytes} [Wed Jun 24 21:37:53 2026] GET /v2/images/654da77d-2d56-4c2c-b15a-32aa0a22a5a5 => generated 1044 bytes in 13 msecs (HTTP/1.1 200) 4 headers in 158 bytes (1 switches on core 0)
Jun 24 21:37:53.998679 np0000003578 devstack@g-api.service[99482]: DEBUG glance.api.middleware.version_negotiation [None req-ddb2f0a7-ed3c-4112-8d4a-c2246e652c28 tempest-AttachSCSIVolumeTestJSON-879232734 tempest-AttachSCSIVolumeTestJSON-879232734-project-admin] Determining version of request: GET /v2/schemas/image Accept: */* {{(pid=99482) process_request /opt/stack/glance/glance/api/middleware/version_negotiation.py:44}}
Jun 24 21:37:53.998899 np0000003578 devstack@g-api.service[99482]: DEBUG glance.api.middleware.version_negotiation [None req-ddb2f0a7-ed3c-4112-8d4a-c2246e652c28 tempest-AttachSCSIVolumeTestJSON-879232734 tempest-AttachSCSIVolumeTestJSON-879232734-project-admin] Using url versioning {{(pid=99482) process_request /opt/stack/glance/glance/api/middleware/version_negotiation.py:57}}
Jun 24 21:37:53.999036 np0000003578 devstack@g-api.service[99482]: DEBUG glance.api.middleware.version_negotiation [None req-ddb2f0a7-ed3c-4112-8d4a-c2246e652c28 tempest-AttachSCSIVolumeTestJSON-879232734 tempest-AttachSCSIVolumeTestJSON-879232734-project-admin] Matched version: v2 {{(pid=99482) process_request /opt/stack/glance/glance/api/middleware/version_negotiation.py:69}}
Jun 24 21:37:53.999176 np0000003578 devstack@g-api.service[99482]: DEBUG glance.api.middleware.version_negotiation [None req-ddb2f0a7-ed3c-4112-8d4a-c2246e652c28 tempest-AttachSCSIVolumeTestJSON-879232734 tempest-AttachSCSIVolumeTestJSON-879232734-project-admin] new path /v2/schemas/image {{(pid=99482) process_request /opt/stack/glance/glance/api/middleware/version_negotiation.py:70}}
Jun 24 21:37:54.003349 np0000003578 devstack@g-api.service[99482]: [pid: 99482|app: 0|req: 16/53] 127.0.0.1 () {44 vars in 1055 bytes} [Wed Jun 24 21:37:53 2026] GET /v2/schemas/image => generated 6083 bytes in 5 msecs (HTTP/1.1 200) 4 headers in 158 bytes (1 switches on core 0)
Jun 24 21:37:54.017295 np0000003578 devstack@g-api.service[99480]: DEBUG glance.api.middleware.version_negotiation [None req-cc6cf75e-65ba-4d51-81c2-5eea50c5b021 tempest-TaggedBootDevicesTest-1044492229 tempest-TaggedBootDevicesTest-1044492229-project-member] Determining version of request: GET /v2/schemas/image Accept: */* {{(pid=99480) process_request /opt/stack/glance/glance/api/middleware/version_negotiation.py:44}}
Jun 24 21:37:54.017516 np0000003578 devstack@g-api.service[99480]: DEBUG glance.api.middleware.version_negotiation [None req-cc6cf75e-65ba-4d51-81c2-5eea50c5b021 tempest-TaggedBootDevicesTest-1044492229 tempest-TaggedBootDevicesTest-1044492229-project-member] Using url versioning {{(pid=99480) process_request /opt/stack/glance/glance/api/middleware/version_negotiation.py:57}}
Jun 24 21:37:54.017683 np0000003578 devstack@g-api.service[99480]: DEBUG glance.api.middleware.version_negotiation [None req-cc6cf75e-65ba-4d51-81c2-5eea50c5b021 tempest-TaggedBootDevicesTest-1044492229 tempest-TaggedBootDevicesTest-1044492229-project-member] Matched version: v2 {{(pid=99480) process_request /opt/stack/glance/glance/api/middleware/version_negotiation.py:69}}
Jun 24 21:37:54.017821 np0000003578 devstack@g-api.service[99480]: DEBUG glance.api.middleware.version_negotiation [None req-cc6cf75e-65ba-4d51-81c2-5eea50c5b021 tempest-TaggedBootDevicesTest-1044492229 tempest-TaggedBootDevicesTest-1044492229-project-member] new path /v2/schemas/image {{(pid=99480) process_request /opt/stack/glance/glance/api/middleware/version_negotiation.py:70}}
Jun 24 21:37:54.020966 np0000003578 devstack@g-api.service[99480]: [pid: 99480|app: 0|req: 19/54] 127.0.0.1 () {44 vars in 1055 bytes} [Wed Jun 24 21:37:54 2026] GET /v2/schemas/image => generated 6083 bytes in 4 msecs (HTTP/1.1 200) 4 headers in 158 bytes (1 switches on core 0)
Jun 24 21:37:54.536018 np0000003578 devstack@g-api.service[99481]: INFO glance.api.v2.image_data [None req-80732c70-b797-4ce0-9d1a-d54ab972fe1e tempest-AttachSCSIVolumeTestJSON-879232734 tempest-AttachSCSIVolumeTestJSON-879232734-project-admin] Unable to create trust: no such option collect_timing in group [keystone_authtoken] Use the existing user token.
Jun 24 21:37:54.645679 np0000003578 devstack@g-api.service[99482]: DEBUG glance.api.middleware.version_negotiation [None req-cc6cf75e-65ba-4d51-81c2-5eea50c5b021 tempest-TaggedBootDevicesTest-1044492229 tempest-TaggedBootDevicesTest-1044492229-project-member] Determining version of request: GET /versions Accept: */* {{(pid=99482) process_request /opt/stack/glance/glance/api/middleware/version_negotiation.py:44}}
Jun 24 21:37:54.646306 np0000003578 devstack@g-api.service[99482]: [pid: 99482|app: 0|req: 17/55] 127.0.0.1 () {44 vars in 1039 bytes} [Wed Jun 24 21:37:54 2026] GET /versions => generated 1407 bytes in 1 msecs (HTTP/1.1 200) 3 headers in 92 bytes (1 switches on core 0)
Jun 24 21:37:54.653132 np0000003578 devstack@g-api.service[99480]: DEBUG glance.api.middleware.version_negotiation [None req-cc6cf75e-65ba-4d51-81c2-5eea50c5b021 tempest-TaggedBootDevicesTest-1044492229 tempest-TaggedBootDevicesTest-1044492229-project-member] Determining version of request: GET /v2/images/654da77d-2d56-4c2c-b15a-32aa0a22a5a5/locations Accept: */* {{(pid=99480) process_request /opt/stack/glance/glance/api/middleware/version_negotiation.py:44}}
Jun 24 21:37:54.653552 np0000003578 devstack@g-api.service[99480]: DEBUG glance.api.middleware.version_negotiation [None req-cc6cf75e-65ba-4d51-81c2-5eea50c5b021 tempest-TaggedBootDevicesTest-1044492229 tempest-TaggedBootDevicesTest-1044492229-project-member] Using url versioning {{(pid=99480) process_request /opt/stack/glance/glance/api/middleware/version_negotiation.py:57}}
Jun 24 21:37:54.653552 np0000003578 devstack@g-api.service[99480]: DEBUG glance.api.middleware.version_negotiation [None req-cc6cf75e-65ba-4d51-81c2-5eea50c5b021 tempest-TaggedBootDevicesTest-1044492229 tempest-TaggedBootDevicesTest-1044492229-project-member] Matched version: v2 {{(pid=99480) process_request /opt/stack/glance/glance/api/middleware/version_negotiation.py:69}}
Jun 24 21:37:54.653552 np0000003578 devstack@g-api.service[99480]: DEBUG glance.api.middleware.version_negotiation [None req-cc6cf75e-65ba-4d51-81c2-5eea50c5b021 tempest-TaggedBootDevicesTest-1044492229 tempest-TaggedBootDevicesTest-1044492229-project-member] new path /v2/images/654da77d-2d56-4c2c-b15a-32aa0a22a5a5/locations {{(pid=99480) process_request /opt/stack/glance/glance/api/middleware/version_negotiation.py:70}}
Jun 24 21:37:54.851995 np0000003578 devstack@g-api.service[99480]: [pid: 99480|app: 0|req: 20/56] 127.0.0.1 () {44 vars in 1135 bytes} [Wed Jun 24 21:37:54 2026] GET /v2/images/654da77d-2d56-4c2c-b15a-32aa0a22a5a5/locations => generated 92 bytes in 199 msecs (HTTP/1.1 200) 4 headers in 156 bytes (1 switches on core 0)
Jun 24 21:37:54.868534 np0000003578 devstack@g-api.service[99482]: DEBUG glance.api.middleware.version_negotiation [None req-cc6cf75e-65ba-4d51-81c2-5eea50c5b021 tempest-TaggedBootDevicesTest-1044492229 tempest-TaggedBootDevicesTest-1044492229-project-member] Determining version of request: GET /v2/images/654da77d-2d56-4c2c-b15a-32aa0a22a5a5 Accept: */* {{(pid=99482) process_request /opt/stack/glance/glance/api/middleware/version_negotiation.py:44}}
Jun 24 21:37:54.868706 np0000003578 devstack@g-api.service[99482]: DEBUG glance.api.middleware.version_negotiation [None req-cc6cf75e-65ba-4d51-81c2-5eea50c5b021 tempest-TaggedBootDevicesTest-1044492229 tempest-TaggedBootDevicesTest-1044492229-project-member] Using url versioning {{(pid=99482) process_request /opt/stack/glance/glance/api/middleware/version_negotiation.py:57}}
Jun 24 21:37:54.868835 np0000003578 devstack@g-api.service[99482]: DEBUG glance.api.middleware.version_negotiation [None req-cc6cf75e-65ba-4d51-81c2-5eea50c5b021 tempest-TaggedBootDevicesTest-1044492229 tempest-TaggedBootDevicesTest-1044492229-project-member] Matched version: v2 {{(pid=99482) process_request /opt/stack/glance/glance/api/middleware/version_negotiation.py:69}}
Jun 24 21:37:54.869899 np0000003578 devstack@g-api.service[99482]: DEBUG glance.api.middleware.version_negotiation [None req-cc6cf75e-65ba-4d51-81c2-5eea50c5b021 tempest-TaggedBootDevicesTest-1044492229 tempest-TaggedBootDevicesTest-1044492229-project-member] new path /v2/images/654da77d-2d56-4c2c-b15a-32aa0a22a5a5 {{(pid=99482) process_request /opt/stack/glance/glance/api/middleware/version_negotiation.py:70}}
Jun 24 21:37:54.873354 np0000003578 devstack@g-api.service[99480]: DEBUG glance.api.middleware.version_negotiation [None req-cc6cf75e-65ba-4d51-81c2-5eea50c5b021 service glance] Determining version of request: GET /v2/images/654da77d-2d56-4c2c-b15a-32aa0a22a5a5 Accept: */* {{(pid=99480) process_request /opt/stack/glance/glance/api/middleware/version_negotiation.py:44}}
Jun 24 21:37:54.873531 np0000003578 devstack@g-api.service[99480]: DEBUG glance.api.middleware.version_negotiation [None req-cc6cf75e-65ba-4d51-81c2-5eea50c5b021 service glance] Using url versioning {{(pid=99480) process_request /opt/stack/glance/glance/api/middleware/version_negotiation.py:57}}
Jun 24 21:37:54.873661 np0000003578 devstack@g-api.service[99480]: DEBUG glance.api.middleware.version_negotiation [None req-cc6cf75e-65ba-4d51-81c2-5eea50c5b021 service glance] Matched version: v2 {{(pid=99480) process_request /opt/stack/glance/glance/api/middleware/version_negotiation.py:69}}
Jun 24 21:37:54.873761 np0000003578 devstack@g-api.service[99480]: DEBUG glance.api.middleware.version_negotiation [None req-cc6cf75e-65ba-4d51-81c2-5eea50c5b021 service glance] new path /v2/images/654da77d-2d56-4c2c-b15a-32aa0a22a5a5 {{(pid=99480) process_request /opt/stack/glance/glance/api/middleware/version_negotiation.py:70}}
Jun 24 21:37:54.886154 np0000003578 devstack@g-api.service[99482]: [pid: 99482|app: 0|req: 18/57] 127.0.0.1 () {44 vars in 1115 bytes} [Wed Jun 24 21:37:54 2026] GET /v2/images/654da77d-2d56-4c2c-b15a-32aa0a22a5a5 => generated 1044 bytes in 18 msecs (HTTP/1.1 200) 4 headers in 158 bytes (1 switches on core 0)
Jun 24 21:37:54.887592 np0000003578 devstack@g-api.service[99480]: [pid: 99480|app: 0|req: 21/58] 127.0.0.1 () {44 vars in 1115 bytes} [Wed Jun 24 21:37:54 2026] GET /v2/images/654da77d-2d56-4c2c-b15a-32aa0a22a5a5 => generated 1044 bytes in 14 msecs (HTTP/1.1 200) 4 headers in 158 bytes (1 switches on core 0)
Jun 24 21:37:54.895367 np0000003578 devstack@g-api.service[99482]: DEBUG glance.api.middleware.version_negotiation [None req-cc6cf75e-65ba-4d51-81c2-5eea50c5b021 tempest-TaggedBootDevicesTest-1044492229 tempest-TaggedBootDevicesTest-1044492229-project-member] Determining version of request: GET /v2/schemas/image Accept: */* {{(pid=99482) process_request /opt/stack/glance/glance/api/middleware/version_negotiation.py:44}}
Jun 24 21:37:54.895538 np0000003578 devstack@g-api.service[99482]: DEBUG glance.api.middleware.version_negotiation [None req-cc6cf75e-65ba-4d51-81c2-5eea50c5b021 tempest-TaggedBootDevicesTest-1044492229 tempest-TaggedBootDevicesTest-1044492229-project-member] Using url versioning {{(pid=99482) process_request /opt/stack/glance/glance/api/middleware/version_negotiation.py:57}}
Jun 24 21:37:54.895670 np0000003578 devstack@g-api.service[99482]: DEBUG glance.api.middleware.version_negotiation [None req-cc6cf75e-65ba-4d51-81c2-5eea50c5b021 tempest-TaggedBootDevicesTest-1044492229 tempest-TaggedBootDevicesTest-1044492229-project-member] Matched version: v2 {{(pid=99482) process_request /opt/stack/glance/glance/api/middleware/version_negotiation.py:69}}
Jun 24 21:37:54.895788 np0000003578 devstack@g-api.service[99482]: DEBUG glance.api.middleware.version_negotiation [None req-cc6cf75e-65ba-4d51-81c2-5eea50c5b021 tempest-TaggedBootDevicesTest-1044492229 tempest-TaggedBootDevicesTest-1044492229-project-member] new path /v2/schemas/image {{(pid=99482) process_request /opt/stack/glance/glance/api/middleware/version_negotiation.py:70}}
Jun 24 21:37:54.898545 np0000003578 devstack@g-api.service[99482]: [pid: 99482|app: 0|req: 19/59] 127.0.0.1 () {44 vars in 1055 bytes} [Wed Jun 24 21:37:54 2026] GET /v2/schemas/image => generated 6083 bytes in 3 msecs (HTTP/1.1 200) 4 headers in 158 bytes (1 switches on core 0)
Jun 24 21:37:54.908048 np0000003578 devstack@g-api.service[99480]: DEBUG glance.api.middleware.version_negotiation [None req-7c70612d-f020-491a-96c0-a7d146976e60 tempest-TaggedBootDevicesTest_v242-2135757191 tempest-TaggedBootDevicesTest_v242-2135757191-project-member] Determining version of request: GET /v2/schemas/image Accept: */* {{(pid=99480) process_request /opt/stack/glance/glance/api/middleware/version_negotiation.py:44}}
Jun 24 21:37:54.908244 np0000003578 devstack@g-api.service[99480]: DEBUG glance.api.middleware.version_negotiation [None req-7c70612d-f020-491a-96c0-a7d146976e60 tempest-TaggedBootDevicesTest_v242-2135757191 tempest-TaggedBootDevicesTest_v242-2135757191-project-member] Using url versioning {{(pid=99480) process_request /opt/stack/glance/glance/api/middleware/version_negotiation.py:57}}
Jun 24 21:37:54.908400 np0000003578 devstack@g-api.service[99482]: DEBUG glance.api.middleware.version_negotiation [None req-cc6cf75e-65ba-4d51-81c2-5eea50c5b021 tempest-TaggedBootDevicesTest-1044492229 tempest-TaggedBootDevicesTest-1044492229-project-member] Determining version of request: GET /v2/schemas/image Accept: */* {{(pid=99482) process_request /opt/stack/glance/glance/api/middleware/version_negotiation.py:44}}
Jun 24 21:37:54.908468 np0000003578 devstack@g-api.service[99480]: DEBUG glance.api.middleware.version_negotiation [None req-7c70612d-f020-491a-96c0-a7d146976e60 tempest-TaggedBootDevicesTest_v242-2135757191 tempest-TaggedBootDevicesTest_v242-2135757191-project-member] Matched version: v2 {{(pid=99480) process_request /opt/stack/glance/glance/api/middleware/version_negotiation.py:69}}
Jun 24 21:37:54.908636 np0000003578 devstack@g-api.service[99482]: DEBUG glance.api.middleware.version_negotiation [None req-cc6cf75e-65ba-4d51-81c2-5eea50c5b021 tempest-TaggedBootDevicesTest-1044492229 tempest-TaggedBootDevicesTest-1044492229-project-member] Using url versioning {{(pid=99482) process_request /opt/stack/glance/glance/api/middleware/version_negotiation.py:57}}
Jun 24 21:37:54.908697 np0000003578 devstack@g-api.service[99480]: DEBUG glance.api.middleware.version_negotiation [None req-7c70612d-f020-491a-96c0-a7d146976e60 tempest-TaggedBootDevicesTest_v242-2135757191 tempest-TaggedBootDevicesTest_v242-2135757191-project-member] new path /v2/schemas/image {{(pid=99480) process_request /opt/stack/glance/glance/api/middleware/version_negotiation.py:70}}
Jun 24 21:37:54.908809 np0000003578 devstack@g-api.service[99482]: DEBUG glance.api.middleware.version_negotiation [None req-cc6cf75e-65ba-4d51-81c2-5eea50c5b021 tempest-TaggedBootDevicesTest-1044492229 tempest-TaggedBootDevicesTest-1044492229-project-member] Matched version: v2 {{(pid=99482) process_request /opt/stack/glance/glance/api/middleware/version_negotiation.py:69}}
Jun 24 21:37:54.908858 np0000003578 devstack@g-api.service[99482]: DEBUG glance.api.middleware.version_negotiation [None req-cc6cf75e-65ba-4d51-81c2-5eea50c5b021 tempest-TaggedBootDevicesTest-1044492229 tempest-TaggedBootDevicesTest-1044492229-project-member] new path /v2/schemas/image {{(pid=99482) process_request /opt/stack/glance/glance/api/middleware/version_negotiation.py:70}}
Jun 24 21:37:54.910641 np0000003578 devstack@g-api.service[99480]: [pid: 99480|app: 0|req: 22/60] 127.0.0.1 () {44 vars in 1055 bytes} [Wed Jun 24 21:37:54 2026] GET /v2/schemas/image => generated 6083 bytes in 3 msecs (HTTP/1.1 200) 4 headers in 158 bytes (1 switches on core 0)
Jun 24 21:37:54.911243 np0000003578 devstack@g-api.service[99482]: [pid: 99482|app: 0|req: 20/61] 127.0.0.1 () {44 vars in 1055 bytes} [Wed Jun 24 21:37:54 2026] GET /v2/schemas/image => generated 6083 bytes in 3 msecs (HTTP/1.1 200) 4 headers in 158 bytes (1 switches on core 0)
Jun 24 21:37:55.100570 np0000003578 devstack@g-api.service[99481]: DEBUG glance.location [None req-80732c70-b797-4ce0-9d1a-d54ab972fe1e tempest-AttachSCSIVolumeTestJSON-879232734 tempest-AttachSCSIVolumeTestJSON-879232734-project-admin] Enabling in-flight format inspection for qcow2 {{(pid=99481) set_data /opt/stack/glance/glance/location.py:616}}
Jun 24 21:37:55.100927 np0000003578 devstack@g-api.service[99481]: DEBUG glance_store.backend [None req-80732c70-b797-4ce0-9d1a-d54ab972fe1e tempest-AttachSCSIVolumeTestJSON-879232734 tempest-AttachSCSIVolumeTestJSON-879232734-project-admin] Attempting to import store swift {{(pid=99481) _load_store /opt/stack/data/venv/lib/python3.12/site-packages/glance_store/backend.py:215}}
Jun 24 21:37:55.104514 np0000003578 devstack@g-api.service[99481]: DEBUG glance_store.capabilities [None req-80732c70-b797-4ce0-9d1a-d54ab972fe1e tempest-AttachSCSIVolumeTestJSON-879232734 tempest-AttachSCSIVolumeTestJSON-879232734-project-admin] Store glance_store._drivers.swift.store.SingleTenantStore doesn't support updating dynamic storage capabilities. Please overwrite 'update_capabilities' method of the store to implement updating logics if needed. {{(pid=99481) update_capabilities /opt/stack/data/venv/lib/python3.12/site-packages/glance_store/capabilities.py:91}}
Jun 24 21:37:55.104514 np0000003578 devstack@g-api.service[99481]: DEBUG glance_store.driver [None req-80732c70-b797-4ce0-9d1a-d54ab972fe1e tempest-AttachSCSIVolumeTestJSON-879232734 tempest-AttachSCSIVolumeTestJSON-879232734-project-admin] Late loading location class glance_store._drivers.swift.store.StoreLocation {{(pid=99481) get_store_location_class /opt/stack/data/venv/lib/python3.12/site-packages/glance_store/driver.py:134}}
Jun 24 21:37:55.104514 np0000003578 devstack@g-api.service[99481]: DEBUG glance_store.location [None req-80732c70-b797-4ce0-9d1a-d54ab972fe1e tempest-AttachSCSIVolumeTestJSON-879232734 tempest-AttachSCSIVolumeTestJSON-879232734-project-admin] Registering scheme swift+https with {'store': , 'location_class': , 'store_entry': 'swift'} {{(pid=99481) register_scheme_map /opt/stack/data/venv/lib/python3.12/site-packages/glance_store/location.py:146}}
Jun 24 21:37:55.104797 np0000003578 devstack@g-api.service[99481]: DEBUG glance_store.location [None req-80732c70-b797-4ce0-9d1a-d54ab972fe1e tempest-AttachSCSIVolumeTestJSON-879232734 tempest-AttachSCSIVolumeTestJSON-879232734-project-admin] Registering scheme swift+https with {'store': , 'location_class': , 'store_entry': 'swift'} {{(pid=99481) register_scheme_map /opt/stack/data/venv/lib/python3.12/site-packages/glance_store/location.py:146}}
Jun 24 21:37:55.104797 np0000003578 devstack@g-api.service[99481]: DEBUG glance_store.location [None req-80732c70-b797-4ce0-9d1a-d54ab972fe1e tempest-AttachSCSIVolumeTestJSON-879232734 tempest-AttachSCSIVolumeTestJSON-879232734-project-admin] Registering scheme swift with {'store': , 'location_class': , 'store_entry': 'swift'} {{(pid=99481) register_scheme_map /opt/stack/data/venv/lib/python3.12/site-packages/glance_store/location.py:146}}
Jun 24 21:37:55.104797 np0000003578 devstack@g-api.service[99481]: DEBUG glance_store.location [None req-80732c70-b797-4ce0-9d1a-d54ab972fe1e tempest-AttachSCSIVolumeTestJSON-879232734 tempest-AttachSCSIVolumeTestJSON-879232734-project-admin] Registering scheme swift+https with {'store': , 'location_class': , 'store_entry': 'swift'} {{(pid=99481) register_scheme_map /opt/stack/data/venv/lib/python3.12/site-packages/glance_store/location.py:146}}
Jun 24 21:37:55.104924 np0000003578 devstack@g-api.service[99481]: DEBUG glance_store.location [None req-80732c70-b797-4ce0-9d1a-d54ab972fe1e tempest-AttachSCSIVolumeTestJSON-879232734 tempest-AttachSCSIVolumeTestJSON-879232734-project-admin] Registering scheme swift with {'store': , 'location_class': , 'store_entry': 'swift'} {{(pid=99481) register_scheme_map /opt/stack/data/venv/lib/python3.12/site-packages/glance_store/location.py:146}}
Jun 24 21:37:55.104924 np0000003578 devstack@g-api.service[99481]: DEBUG glance_store.location [None req-80732c70-b797-4ce0-9d1a-d54ab972fe1e tempest-AttachSCSIVolumeTestJSON-879232734 tempest-AttachSCSIVolumeTestJSON-879232734-project-admin] Registering scheme swift+http with {'store': , 'location_class': , 'store_entry': 'swift'} {{(pid=99481) register_scheme_map /opt/stack/data/venv/lib/python3.12/site-packages/glance_store/location.py:146}}
Jun 24 21:37:55.104924 np0000003578 devstack@g-api.service[99481]: DEBUG glance_store.location [None req-80732c70-b797-4ce0-9d1a-d54ab972fe1e tempest-AttachSCSIVolumeTestJSON-879232734 tempest-AttachSCSIVolumeTestJSON-879232734-project-admin] Registering scheme swift+https with {'store': , 'location_class': , 'store_entry': 'swift'} {{(pid=99481) register_scheme_map /opt/stack/data/venv/lib/python3.12/site-packages/glance_store/location.py:146}}
Jun 24 21:37:55.105035 np0000003578 devstack@g-api.service[99481]: DEBUG glance_store.location [None req-80732c70-b797-4ce0-9d1a-d54ab972fe1e tempest-AttachSCSIVolumeTestJSON-879232734 tempest-AttachSCSIVolumeTestJSON-879232734-project-admin] Registering scheme swift with {'store': , 'location_class': , 'store_entry': 'swift'} {{(pid=99481) register_scheme_map /opt/stack/data/venv/lib/python3.12/site-packages/glance_store/location.py:146}}
Jun 24 21:37:55.105035 np0000003578 devstack@g-api.service[99481]: DEBUG glance_store.location [None req-80732c70-b797-4ce0-9d1a-d54ab972fe1e tempest-AttachSCSIVolumeTestJSON-879232734 tempest-AttachSCSIVolumeTestJSON-879232734-project-admin] Registering scheme swift+http with {'store': , 'location_class': , 'store_entry': 'swift'} {{(pid=99481) register_scheme_map /opt/stack/data/venv/lib/python3.12/site-packages/glance_store/location.py:146}}
Jun 24 21:37:55.105035 np0000003578 devstack@g-api.service[99481]: DEBUG glance_store.location [None req-80732c70-b797-4ce0-9d1a-d54ab972fe1e tempest-AttachSCSIVolumeTestJSON-879232734 tempest-AttachSCSIVolumeTestJSON-879232734-project-admin] Registering scheme swift+config with {'store': , 'location_class': , 'store_entry': 'swift'} {{(pid=99481) register_scheme_map /opt/stack/data/venv/lib/python3.12/site-packages/glance_store/location.py:146}}
Jun 24 21:37:55.557124 np0000003578 devstack@g-api.service[99481]: DEBUG swiftclient [None req-80732c70-b797-4ce0-9d1a-d54ab972fe1e tempest-AttachSCSIVolumeTestJSON-879232734 tempest-AttachSCSIVolumeTestJSON-879232734-project-admin] REQ: curl -i https://10.4.3.194:8080/v1/AUTH_5c3cb563b5504a4ba2f6a6c8a0b6772e/glance -I -H "X-Auth-Token: gAAAAABqPE4zN7ln..." {{(pid=99481) http_log /opt/stack/data/venv/lib/python3.12/site-packages/swiftclient/client.py:160}}
Jun 24 21:37:55.557124 np0000003578 devstack@g-api.service[99481]: DEBUG swiftclient [None req-80732c70-b797-4ce0-9d1a-d54ab972fe1e tempest-AttachSCSIVolumeTestJSON-879232734 tempest-AttachSCSIVolumeTestJSON-879232734-project-admin] RESP STATUS: 204 No Content {{(pid=99481) http_log /opt/stack/data/venv/lib/python3.12/site-packages/swiftclient/client.py:161}}
Jun 24 21:37:55.557232 np0000003578 devstack@g-api.service[99481]: DEBUG swiftclient [None req-80732c70-b797-4ce0-9d1a-d54ab972fe1e tempest-AttachSCSIVolumeTestJSON-879232734 tempest-AttachSCSIVolumeTestJSON-879232734-project-admin] RESP HEADERS: {'Date': 'Wed, 24 Jun 2026 21:37:55 GMT', 'Server': 'Apache/2.4.58 (Ubuntu)', 'Content-Type': 'text/plain; charset=utf-8', 'X-Container-Object-Count': '3', 'X-Container-Bytes-Used': '64356352', 'X-Timestamp': '1782336942.22226', 'Last-Modified': 'Wed, 24 Jun 2026 21:35:43 GMT', 'Accept-Ranges': 'bytes', 'X-Storage-Policy': 'Policy-0', 'X-Container-Sharding': 'False', 'Vary': 'Accept', 'X-Trans-Id': 'txa50fc5089709405bbf00a-006a3c4e33', 'X-Openstack-Request-Id': 'txa50fc5089709405bbf00a-006a3c4e33', 'Connection': 'close'} {{(pid=99481) http_log /opt/stack/data/venv/lib/python3.12/site-packages/swiftclient/client.py:162}}
Jun 24 21:37:55.557329 np0000003578 devstack@g-api.service[99481]: DEBUG glance_store._drivers.swift.store [None req-80732c70-b797-4ce0-9d1a-d54ab972fe1e tempest-AttachSCSIVolumeTestJSON-879232734 tempest-AttachSCSIVolumeTestJSON-879232734-project-admin] Adding image object 'd4c43982-4b68-409c-950d-468efa0e0ff0' to Swift {{(pid=99481) add /opt/stack/data/venv/lib/python3.12/site-packages/glance_store/_drivers/swift/store.py:970}}
Jun 24 21:37:55.557446 np0000003578 devstack@g-api.service[99481]: DEBUG glance_store._drivers.swift.store [None req-80732c70-b797-4ce0-9d1a-d54ab972fe1e tempest-AttachSCSIVolumeTestJSON-879232734 tempest-AttachSCSIVolumeTestJSON-879232734-project-admin] Cannot determine image size because it is either not provided in the request or chunked-transfer encoding is used. Adding image as a segmented object to Swift. {{(pid=99481) add /opt/stack/data/venv/lib/python3.12/site-packages/glance_store/_drivers/swift/store.py:994}}
Jun 24 21:37:55.563609 np0000003578 devstack@g-api.service[99481]: DEBUG oslo_utils.imageutils.format_inspector [None req-80732c70-b797-4ce0-9d1a-d54ab972fe1e tempest-AttachSCSIVolumeTestJSON-879232734 tempest-AttachSCSIVolumeTestJSON-879232734-project-admin] Format inspector for vmdk does not match, excluding from consideration (Signature KDMV not found: b'QFI\xfb') {{(pid=99481) _process_chunk /opt/stack/data/venv/lib/python3.12/site-packages/oslo_utils/imageutils/format_inspector.py:1758}}
Jun 24 21:37:55.566009 np0000003578 devstack@g-api.service[99481]: DEBUG oslo_utils.imageutils.format_inspector [None req-80732c70-b797-4ce0-9d1a-d54ab972fe1e tempest-AttachSCSIVolumeTestJSON-879232734 tempest-AttachSCSIVolumeTestJSON-879232734-project-admin] Format inspector for vhdx does not match, excluding from consideration (Region signature not found at 30000) {{(pid=99481) _process_chunk /opt/stack/data/venv/lib/python3.12/site-packages/oslo_utils/imageutils/format_inspector.py:1758}}
Jun 24 21:37:55.829101 np0000003578 devstack@g-api.service[99481]: DEBUG swiftclient [None req-80732c70-b797-4ce0-9d1a-d54ab972fe1e tempest-AttachSCSIVolumeTestJSON-879232734 tempest-AttachSCSIVolumeTestJSON-879232734-project-admin] REQ: curl -i https://10.4.3.194:8080/v1/AUTH_5c3cb563b5504a4ba2f6a6c8a0b6772e/glance/d4c43982-4b68-409c-950d-468efa0e0ff0-00001 -X PUT -H "X-Auth-Token: gAAAAABqPE4zN7ln..." {{(pid=99481) http_log /opt/stack/data/venv/lib/python3.12/site-packages/swiftclient/client.py:160}}
Jun 24 21:37:55.829259 np0000003578 devstack@g-api.service[99481]: DEBUG swiftclient [None req-80732c70-b797-4ce0-9d1a-d54ab972fe1e tempest-AttachSCSIVolumeTestJSON-879232734 tempest-AttachSCSIVolumeTestJSON-879232734-project-admin] RESP STATUS: 201 Created {{(pid=99481) http_log /opt/stack/data/venv/lib/python3.12/site-packages/swiftclient/client.py:161}}
Jun 24 21:37:55.829424 np0000003578 devstack@g-api.service[99481]: DEBUG swiftclient [None req-80732c70-b797-4ce0-9d1a-d54ab972fe1e tempest-AttachSCSIVolumeTestJSON-879232734 tempest-AttachSCSIVolumeTestJSON-879232734-project-admin] RESP HEADERS: {'Date': 'Wed, 24 Jun 2026 21:37:55 GMT', 'Server': 'Apache/2.4.58 (Ubuntu)', 'Content-Type': 'text/html; charset=UTF-8', 'Content-Length': '0', 'Etag': '87617e24a5e30cb3b87fda8c0764838f', 'Last-Modified': 'Wed, 24 Jun 2026 21:37:56 GMT', 'X-Trans-Id': 'txa5aef50163304299b4057-006a3c4e33', 'X-Openstack-Request-Id': 'txa5aef50163304299b4057-006a3c4e33', 'Connection': 'close'} {{(pid=99481) http_log /opt/stack/data/venv/lib/python3.12/site-packages/swiftclient/client.py:162}}
Jun 24 21:37:55.829612 np0000003578 devstack@g-api.service[99481]: DEBUG glance_store._drivers.swift.store [None req-80732c70-b797-4ce0-9d1a-d54ab972fe1e tempest-AttachSCSIVolumeTestJSON-879232734 tempest-AttachSCSIVolumeTestJSON-879232734-project-admin] Wrote chunk d4c43982-4b68-409c-950d-468efa0e0ff0-00001 (1/?) of length 21692416 to Swift returning MD5 of content: 87617e24a5e30cb3b87fda8c0764838f {{(pid=99481) add /opt/stack/data/venv/lib/python3.12/site-packages/glance_store/_drivers/swift/store.py:1059}}
Jun 24 21:37:55.829889 np0000003578 devstack@g-api.service[99481]: DEBUG glance_store._drivers.swift.store [None req-80732c70-b797-4ce0-9d1a-d54ab972fe1e tempest-AttachSCSIVolumeTestJSON-879232734 tempest-AttachSCSIVolumeTestJSON-879232734-project-admin] Not writing zero-length chunk. {{(pid=99481) add /opt/stack/data/venv/lib/python3.12/site-packages/glance_store/_drivers/swift/store.py:1028}}
Jun 24 21:37:55.854324 np0000003578 devstack@g-api.service[99481]: DEBUG swiftclient [None req-80732c70-b797-4ce0-9d1a-d54ab972fe1e tempest-AttachSCSIVolumeTestJSON-879232734 tempest-AttachSCSIVolumeTestJSON-879232734-project-admin] REQ: curl -i https://10.4.3.194:8080/v1/AUTH_5c3cb563b5504a4ba2f6a6c8a0b6772e/glance/d4c43982-4b68-409c-950d-468efa0e0ff0 -X PUT -H "X-Object-Manifest: glance/d4c43982-4b68-409c-950d-468efa0e0ff0-" -H "X-Auth-Token: gAAAAABqPE4zN7ln..." -H "Content-Length: 0" {{(pid=99481) http_log /opt/stack/data/venv/lib/python3.12/site-packages/swiftclient/client.py:160}}
Jun 24 21:37:55.854431 np0000003578 devstack@g-api.service[99481]: DEBUG swiftclient [None req-80732c70-b797-4ce0-9d1a-d54ab972fe1e tempest-AttachSCSIVolumeTestJSON-879232734 tempest-AttachSCSIVolumeTestJSON-879232734-project-admin] RESP STATUS: 201 Created {{(pid=99481) http_log /opt/stack/data/venv/lib/python3.12/site-packages/swiftclient/client.py:161}}
Jun 24 21:37:55.854621 np0000003578 devstack@g-api.service[99481]: DEBUG swiftclient [None req-80732c70-b797-4ce0-9d1a-d54ab972fe1e tempest-AttachSCSIVolumeTestJSON-879232734 tempest-AttachSCSIVolumeTestJSON-879232734-project-admin] RESP HEADERS: {'Date': 'Wed, 24 Jun 2026 21:37:55 GMT', 'Server': 'Apache/2.4.58 (Ubuntu)', 'Content-Type': 'text/html; charset=UTF-8', 'Content-Length': '0', 'Etag': 'd41d8cd98f00b204e9800998ecf8427e', 'Last-Modified': 'Wed, 24 Jun 2026 21:37:56 GMT', 'X-Trans-Id': 'tx453912804f1349078b1ae-006a3c4e33', 'X-Openstack-Request-Id': 'tx453912804f1349078b1ae-006a3c4e33', 'Connection': 'close'} {{(pid=99481) http_log /opt/stack/data/venv/lib/python3.12/site-packages/swiftclient/client.py:162}}
Jun 24 21:37:55.855036 np0000003578 devstack@g-api.service[99481]: INFO glance.location [None req-80732c70-b797-4ce0-9d1a-d54ab972fe1e tempest-AttachSCSIVolumeTestJSON-879232734 tempest-AttachSCSIVolumeTestJSON-879232734-project-admin] Image format matched and virtual size computed: 117440512
Jun 24 21:37:55.881554 np0000003578 devstack@g-api.service[99481]: DEBUG glance_store.backend [None req-80732c70-b797-4ce0-9d1a-d54ab972fe1e tempest-AttachSCSIVolumeTestJSON-879232734 tempest-AttachSCSIVolumeTestJSON-879232734-project-admin] Attempting to import store swift {{(pid=99481) _load_store /opt/stack/data/venv/lib/python3.12/site-packages/glance_store/backend.py:215}}
Jun 24 21:37:55.882851 np0000003578 devstack@g-api.service[99481]: DEBUG glance_store.capabilities [None req-80732c70-b797-4ce0-9d1a-d54ab972fe1e tempest-AttachSCSIVolumeTestJSON-879232734 tempest-AttachSCSIVolumeTestJSON-879232734-project-admin] Store glance_store._drivers.swift.store.SingleTenantStore doesn't support updating dynamic storage capabilities. Please overwrite 'update_capabilities' method of the store to implement updating logics if needed. {{(pid=99481) update_capabilities /opt/stack/data/venv/lib/python3.12/site-packages/glance_store/capabilities.py:91}}
Jun 24 21:37:55.882965 np0000003578 devstack@g-api.service[99481]: DEBUG glance_store.driver [None req-80732c70-b797-4ce0-9d1a-d54ab972fe1e tempest-AttachSCSIVolumeTestJSON-879232734 tempest-AttachSCSIVolumeTestJSON-879232734-project-admin] Late loading location class glance_store._drivers.swift.store.StoreLocation {{(pid=99481) get_store_location_class /opt/stack/data/venv/lib/python3.12/site-packages/glance_store/driver.py:134}}
Jun 24 21:37:55.882965 np0000003578 devstack@g-api.service[99481]: DEBUG glance_store.location [None req-80732c70-b797-4ce0-9d1a-d54ab972fe1e tempest-AttachSCSIVolumeTestJSON-879232734 tempest-AttachSCSIVolumeTestJSON-879232734-project-admin] Registering scheme swift+https with {'store': , 'location_class': , 'store_entry': 'swift'} {{(pid=99481) register_scheme_map /opt/stack/data/venv/lib/python3.12/site-packages/glance_store/location.py:146}}
Jun 24 21:37:55.883123 np0000003578 devstack@g-api.service[99481]: DEBUG glance_store.location [None req-80732c70-b797-4ce0-9d1a-d54ab972fe1e tempest-AttachSCSIVolumeTestJSON-879232734 tempest-AttachSCSIVolumeTestJSON-879232734-project-admin] Registering scheme swift+https with {'store': , 'location_class': , 'store_entry': 'swift'} {{(pid=99481) register_scheme_map /opt/stack/data/venv/lib/python3.12/site-packages/glance_store/location.py:146}}
Jun 24 21:37:55.883123 np0000003578 devstack@g-api.service[99481]: DEBUG glance_store.location [None req-80732c70-b797-4ce0-9d1a-d54ab972fe1e tempest-AttachSCSIVolumeTestJSON-879232734 tempest-AttachSCSIVolumeTestJSON-879232734-project-admin] Registering scheme swift with {'store': , 'location_class': , 'store_entry': 'swift'} {{(pid=99481) register_scheme_map /opt/stack/data/venv/lib/python3.12/site-packages/glance_store/location.py:146}}
Jun 24 21:37:55.883258 np0000003578 devstack@g-api.service[99481]: DEBUG glance_store.location [None req-80732c70-b797-4ce0-9d1a-d54ab972fe1e tempest-AttachSCSIVolumeTestJSON-879232734 tempest-AttachSCSIVolumeTestJSON-879232734-project-admin] Registering scheme swift+https with {'store': , 'location_class': , 'store_entry': 'swift'} {{(pid=99481) register_scheme_map /opt/stack/data/venv/lib/python3.12/site-packages/glance_store/location.py:146}}
Jun 24 21:37:55.883258 np0000003578 devstack@g-api.service[99481]: DEBUG glance_store.location [None req-80732c70-b797-4ce0-9d1a-d54ab972fe1e tempest-AttachSCSIVolumeTestJSON-879232734 tempest-AttachSCSIVolumeTestJSON-879232734-project-admin] Registering scheme swift with {'store': , 'location_class': , 'store_entry': 'swift'} {{(pid=99481) register_scheme_map /opt/stack/data/venv/lib/python3.12/site-packages/glance_store/location.py:146}}
Jun 24 21:37:55.883349 np0000003578 devstack@g-api.service[99481]: DEBUG glance_store.location [None req-80732c70-b797-4ce0-9d1a-d54ab972fe1e tempest-AttachSCSIVolumeTestJSON-879232734 tempest-AttachSCSIVolumeTestJSON-879232734-project-admin] Registering scheme swift+http with {'store': , 'location_class': , 'store_entry': 'swift'} {{(pid=99481) register_scheme_map /opt/stack/data/venv/lib/python3.12/site-packages/glance_store/location.py:146}}
Jun 24 21:37:55.883416 np0000003578 devstack@g-api.service[99481]: DEBUG glance_store.location [None req-80732c70-b797-4ce0-9d1a-d54ab972fe1e tempest-AttachSCSIVolumeTestJSON-879232734 tempest-AttachSCSIVolumeTestJSON-879232734-project-admin] Registering scheme swift+https with {'store': , 'location_class': , 'store_entry': 'swift'} {{(pid=99481) register_scheme_map /opt/stack/data/venv/lib/python3.12/site-packages/glance_store/location.py:146}}
Jun 24 21:37:55.883416 np0000003578 devstack@g-api.service[99481]: DEBUG glance_store.location [None req-80732c70-b797-4ce0-9d1a-d54ab972fe1e tempest-AttachSCSIVolumeTestJSON-879232734 tempest-AttachSCSIVolumeTestJSON-879232734-project-admin] Registering scheme swift with {'store': , 'location_class': , 'store_entry': 'swift'} {{(pid=99481) register_scheme_map /opt/stack/data/venv/lib/python3.12/site-packages/glance_store/location.py:146}}
Jun 24 21:37:55.883508 np0000003578 devstack@g-api.service[99481]: DEBUG glance_store.location [None req-80732c70-b797-4ce0-9d1a-d54ab972fe1e tempest-AttachSCSIVolumeTestJSON-879232734 tempest-AttachSCSIVolumeTestJSON-879232734-project-admin] Registering scheme swift+http with {'store': , 'location_class': , 'store_entry': 'swift'} {{(pid=99481) register_scheme_map /opt/stack/data/venv/lib/python3.12/site-packages/glance_store/location.py:146}}
Jun 24 21:37:55.883589 np0000003578 devstack@g-api.service[99481]: DEBUG glance_store.location [None req-80732c70-b797-4ce0-9d1a-d54ab972fe1e tempest-AttachSCSIVolumeTestJSON-879232734 tempest-AttachSCSIVolumeTestJSON-879232734-project-admin] Registering scheme swift+config with {'store': , 'location_class': , 'store_entry': 'swift'} {{(pid=99481) register_scheme_map /opt/stack/data/venv/lib/python3.12/site-packages/glance_store/location.py:146}}
Jun 24 21:37:55.883651 np0000003578 devstack@g-api.service[99481]: DEBUG glance_store.backend [None req-80732c70-b797-4ce0-9d1a-d54ab972fe1e tempest-AttachSCSIVolumeTestJSON-879232734 tempest-AttachSCSIVolumeTestJSON-879232734-project-admin] Skipping store.set_acls... not implemented. {{(pid=99481) set_acls /opt/stack/data/venv/lib/python3.12/site-packages/glance_store/backend.py:507}}
Jun 24 21:37:55.885223 np0000003578 devstack@g-api.service[99481]: [pid: 99481|app: 0|req: 20/62] 127.0.0.1 () {40 vars in 858 bytes} [Wed Jun 24 21:37:53 2026] PUT /v2/images/d4c43982-4b68-409c-950d-468efa0e0ff0/file => generated 0 bytes in 2027 msecs (HTTP/1.1 204) 4 headers in 171 bytes (1 switches on core 0)
Jun 24 21:37:56.469580 np0000003578 devstack@g-api.service[99480]: DEBUG glance.api.middleware.version_negotiation [None req-7c70612d-f020-491a-96c0-a7d146976e60 tempest-TaggedBootDevicesTest_v242-2135757191 tempest-TaggedBootDevicesTest_v242-2135757191-project-member] Determining version of request: GET /v2/images/654da77d-2d56-4c2c-b15a-32aa0a22a5a5 Accept: */* {{(pid=99480) process_request /opt/stack/glance/glance/api/middleware/version_negotiation.py:44}}
Jun 24 21:37:56.470029 np0000003578 devstack@g-api.service[99480]: DEBUG glance.api.middleware.version_negotiation [None req-7c70612d-f020-491a-96c0-a7d146976e60 tempest-TaggedBootDevicesTest_v242-2135757191 tempest-TaggedBootDevicesTest_v242-2135757191-project-member] Using url versioning {{(pid=99480) process_request /opt/stack/glance/glance/api/middleware/version_negotiation.py:57}}
Jun 24 21:37:56.470029 np0000003578 devstack@g-api.service[99480]: DEBUG glance.api.middleware.version_negotiation [None req-7c70612d-f020-491a-96c0-a7d146976e60 tempest-TaggedBootDevicesTest_v242-2135757191 tempest-TaggedBootDevicesTest_v242-2135757191-project-member] Matched version: v2 {{(pid=99480) process_request /opt/stack/glance/glance/api/middleware/version_negotiation.py:69}}
Jun 24 21:37:56.470362 np0000003578 devstack@g-api.service[99480]: DEBUG glance.api.middleware.version_negotiation [None req-7c70612d-f020-491a-96c0-a7d146976e60 tempest-TaggedBootDevicesTest_v242-2135757191 tempest-TaggedBootDevicesTest_v242-2135757191-project-member] new path /v2/images/654da77d-2d56-4c2c-b15a-32aa0a22a5a5 {{(pid=99480) process_request /opt/stack/glance/glance/api/middleware/version_negotiation.py:70}}
Jun 24 21:37:56.482404 np0000003578 devstack@g-api.service[99480]: [pid: 99480|app: 0|req: 23/63] 127.0.0.1 () {44 vars in 1115 bytes} [Wed Jun 24 21:37:56 2026] GET /v2/images/654da77d-2d56-4c2c-b15a-32aa0a22a5a5 => generated 1044 bytes in 13 msecs (HTTP/1.1 200) 4 headers in 158 bytes (1 switches on core 0)
Jun 24 21:37:56.489973 np0000003578 devstack@g-api.service[99482]: DEBUG glance.api.middleware.version_negotiation [None req-cc6cf75e-65ba-4d51-81c2-5eea50c5b021 tempest-TaggedBootDevicesTest-1044492229 tempest-TaggedBootDevicesTest-1044492229-project-member] Determining version of request: GET /v2/schemas/image Accept: */* {{(pid=99482) process_request /opt/stack/glance/glance/api/middleware/version_negotiation.py:44}}
Jun 24 21:37:56.490372 np0000003578 devstack@g-api.service[99482]: DEBUG glance.api.middleware.version_negotiation [None req-cc6cf75e-65ba-4d51-81c2-5eea50c5b021 tempest-TaggedBootDevicesTest-1044492229 tempest-TaggedBootDevicesTest-1044492229-project-member] Using url versioning {{(pid=99482) process_request /opt/stack/glance/glance/api/middleware/version_negotiation.py:57}}
Jun 24 21:37:56.490372 np0000003578 devstack@g-api.service[99482]: DEBUG glance.api.middleware.version_negotiation [None req-cc6cf75e-65ba-4d51-81c2-5eea50c5b021 tempest-TaggedBootDevicesTest-1044492229 tempest-TaggedBootDevicesTest-1044492229-project-member] Matched version: v2 {{(pid=99482) process_request /opt/stack/glance/glance/api/middleware/version_negotiation.py:69}}
Jun 24 21:37:56.490515 np0000003578 devstack@g-api.service[99482]: DEBUG glance.api.middleware.version_negotiation [None req-cc6cf75e-65ba-4d51-81c2-5eea50c5b021 tempest-TaggedBootDevicesTest-1044492229 tempest-TaggedBootDevicesTest-1044492229-project-member] new path /v2/schemas/image {{(pid=99482) process_request /opt/stack/glance/glance/api/middleware/version_negotiation.py:70}}
Jun 24 21:37:56.495294 np0000003578 devstack@g-api.service[99482]: [pid: 99482|app: 0|req: 21/64] 127.0.0.1 () {44 vars in 1055 bytes} [Wed Jun 24 21:37:56 2026] GET /v2/schemas/image => generated 6083 bytes in 5 msecs (HTTP/1.1 200) 4 headers in 158 bytes (1 switches on core 0)
Jun 24 21:37:59.905699 np0000003578 devstack@g-api.service[99481]: DEBUG glance.api.middleware.version_negotiation [None req-80732c70-b797-4ce0-9d1a-d54ab972fe1e tempest-AttachSCSIVolumeTestJSON-879232734 tempest-AttachSCSIVolumeTestJSON-879232734-project-admin] Determining version of request: GET / Accept: application/json {{(pid=99481) process_request /opt/stack/glance/glance/api/middleware/version_negotiation.py:44}}
Jun 24 21:37:59.906194 np0000003578 devstack@g-api.service[99481]: DEBUG glance.api.middleware.version_negotiation [None req-80732c70-b797-4ce0-9d1a-d54ab972fe1e tempest-AttachSCSIVolumeTestJSON-879232734 tempest-AttachSCSIVolumeTestJSON-879232734-project-admin] Using url versioning {{(pid=99481) process_request /opt/stack/glance/glance/api/middleware/version_negotiation.py:57}}
Jun 24 21:37:59.906194 np0000003578 devstack@g-api.service[99481]: DEBUG glance.api.middleware.version_negotiation [None req-80732c70-b797-4ce0-9d1a-d54ab972fe1e tempest-AttachSCSIVolumeTestJSON-879232734 tempest-AttachSCSIVolumeTestJSON-879232734-project-admin] Unknown version. Returning version choices. {{(pid=99481) process_request /opt/stack/glance/glance/api/middleware/version_negotiation.py:64}}
Jun 24 21:37:59.907499 np0000003578 devstack@g-api.service[99481]: [pid: 99481|app: 0|req: 21/65] 127.0.0.1 () {36 vars in 559 bytes} [Wed Jun 24 21:37:59 2026] GET / => generated 1407 bytes in 2 msecs (HTTP/1.1 300) 3 headers in 106 bytes (1 switches on core 0)
