Jun 24 21:43:49.530850 np0000003578 devstack@g-api.service[99481]: DEBUG glance.api.middleware.version_negotiation [None req-d77ecaf7-a4c1-40bf-aebc-7e3f167572e0 tempest-ServerActionsTestOtherA-220600121 tempest-ServerActionsTestOtherA-220600121-project-member] Matched version: v2 {{(pid=99481) process_request /opt/stack/glance/glance/api/middleware/version_negotiation.py:69}}
Jun 24 21:43:49.531001 np0000003578 devstack@g-api.service[99481]: DEBUG glance.api.middleware.version_negotiation [None req-d77ecaf7-a4c1-40bf-aebc-7e3f167572e0 tempest-ServerActionsTestOtherA-220600121 tempest-ServerActionsTestOtherA-220600121-project-member] new path /v2/schemas/image {{(pid=99481) process_request /opt/stack/glance/glance/api/middleware/version_negotiation.py:70}}
Jun 24 21:43:49.540063 np0000003578 devstack@g-api.service[99481]: [pid: 99481|app: 0|req: 126/377] 127.0.0.1 () {44 vars in 1055 bytes} [Wed Jun 24 21:43:49 2026] GET /v2/schemas/image => generated 6083 bytes in 10 msecs (HTTP/1.1 200) 4 headers in 158 bytes (1 switches on core 0)
Jun 24 21:43:49.556296 np0000003578 devstack@g-api.service[99480]: DEBUG glance.api.middleware.version_negotiation [None req-d77ecaf7-a4c1-40bf-aebc-7e3f167572e0 tempest-ServerActionsTestOtherA-220600121 tempest-ServerActionsTestOtherA-220600121-project-member] Determining version of request: GET /v2/schemas/image Accept: */* {{(pid=99480) process_request /opt/stack/glance/glance/api/middleware/version_negotiation.py:44}}
Jun 24 21:43:49.556492 np0000003578 devstack@g-api.service[99480]: DEBUG glance.api.middleware.version_negotiation [None req-d77ecaf7-a4c1-40bf-aebc-7e3f167572e0 tempest-ServerActionsTestOtherA-220600121 tempest-ServerActionsTestOtherA-220600121-project-member] Using url versioning {{(pid=99480) process_request /opt/stack/glance/glance/api/middleware/version_negotiation.py:57}}
Jun 24 21:43:49.556596 np0000003578 devstack@g-api.service[99480]: DEBUG glance.api.middleware.version_negotiation [None req-d77ecaf7-a4c1-40bf-aebc-7e3f167572e0 tempest-ServerActionsTestOtherA-220600121 tempest-ServerActionsTestOtherA-220600121-project-member] Matched version: v2 {{(pid=99480) process_request /opt/stack/glance/glance/api/middleware/version_negotiation.py:69}}
Jun 24 21:43:49.556684 np0000003578 devstack@g-api.service[99480]: DEBUG glance.api.middleware.version_negotiation [None req-d77ecaf7-a4c1-40bf-aebc-7e3f167572e0 tempest-ServerActionsTestOtherA-220600121 tempest-ServerActionsTestOtherA-220600121-project-member] new path /v2/schemas/image {{(pid=99480) process_request /opt/stack/glance/glance/api/middleware/version_negotiation.py:70}}
Jun 24 21:43:49.560232 np0000003578 devstack@g-api.service[99480]: [pid: 99480|app: 0|req: 133/378] 127.0.0.1 () {44 vars in 1055 bytes} [Wed Jun 24 21:43:49 2026] GET /v2/schemas/image => generated 6083 bytes in 4 msecs (HTTP/1.1 200) 4 headers in 158 bytes (1 switches on core 0)
Jun 24 21:43:49.602183 np0000003578 devstack@g-api.service[99481]: DEBUG glance.api.middleware.version_negotiation [None req-d77ecaf7-a4c1-40bf-aebc-7e3f167572e0 tempest-ServerActionsTestOtherA-220600121 tempest-ServerActionsTestOtherA-220600121-project-member] Determining version of request: GET /v2/images/654da77d-2d56-4c2c-b15a-32aa0a22a5a5 Accept: */* {{(pid=99481) process_request /opt/stack/glance/glance/api/middleware/version_negotiation.py:44}}
Jun 24 21:43:49.604122 np0000003578 devstack@g-api.service[99481]: DEBUG glance.api.middleware.version_negotiation [None req-d77ecaf7-a4c1-40bf-aebc-7e3f167572e0 tempest-ServerActionsTestOtherA-220600121 tempest-ServerActionsTestOtherA-220600121-project-member] Using url versioning {{(pid=99481) process_request /opt/stack/glance/glance/api/middleware/version_negotiation.py:57}}
Jun 24 21:43:49.604122 np0000003578 devstack@g-api.service[99481]: DEBUG glance.api.middleware.version_negotiation [None req-d77ecaf7-a4c1-40bf-aebc-7e3f167572e0 tempest-ServerActionsTestOtherA-220600121 tempest-ServerActionsTestOtherA-220600121-project-member] Matched version: v2 {{(pid=99481) process_request /opt/stack/glance/glance/api/middleware/version_negotiation.py:69}}
Jun 24 21:43:49.604122 np0000003578 devstack@g-api.service[99481]: DEBUG glance.api.middleware.version_negotiation [None req-d77ecaf7-a4c1-40bf-aebc-7e3f167572e0 tempest-ServerActionsTestOtherA-220600121 tempest-ServerActionsTestOtherA-220600121-project-member] new path /v2/images/654da77d-2d56-4c2c-b15a-32aa0a22a5a5 {{(pid=99481) process_request /opt/stack/glance/glance/api/middleware/version_negotiation.py:70}}
Jun 24 21:43:49.630916 np0000003578 devstack@g-api.service[99481]: [pid: 99481|app: 0|req: 127/379] 127.0.0.1 () {44 vars in 1115 bytes} [Wed Jun 24 21:43:49 2026] GET /v2/images/654da77d-2d56-4c2c-b15a-32aa0a22a5a5 => generated 1044 bytes in 29 msecs (HTTP/1.1 200) 4 headers in 158 bytes (1 switches on core 0)
Jun 24 21:43:49.643104 np0000003578 devstack@g-api.service[99480]: DEBUG glance.api.middleware.version_negotiation [None req-d77ecaf7-a4c1-40bf-aebc-7e3f167572e0 tempest-ServerActionsTestOtherA-220600121 tempest-ServerActionsTestOtherA-220600121-project-member] Determining version of request: GET /v2/schemas/image Accept: */* {{(pid=99480) process_request /opt/stack/glance/glance/api/middleware/version_negotiation.py:44}}
Jun 24 21:43:49.643329 np0000003578 devstack@g-api.service[99480]: DEBUG glance.api.middleware.version_negotiation [None req-d77ecaf7-a4c1-40bf-aebc-7e3f167572e0 tempest-ServerActionsTestOtherA-220600121 tempest-ServerActionsTestOtherA-220600121-project-member] Using url versioning {{(pid=99480) process_request /opt/stack/glance/glance/api/middleware/version_negotiation.py:57}}
Jun 24 21:43:49.643662 np0000003578 devstack@g-api.service[99480]: DEBUG glance.api.middleware.version_negotiation [None req-d77ecaf7-a4c1-40bf-aebc-7e3f167572e0 tempest-ServerActionsTestOtherA-220600121 tempest-ServerActionsTestOtherA-220600121-project-member] Matched version: v2 {{(pid=99480) process_request /opt/stack/glance/glance/api/middleware/version_negotiation.py:69}}
Jun 24 21:43:49.643732 np0000003578 devstack@g-api.service[99480]: DEBUG glance.api.middleware.version_negotiation [None req-d77ecaf7-a4c1-40bf-aebc-7e3f167572e0 tempest-ServerActionsTestOtherA-220600121 tempest-ServerActionsTestOtherA-220600121-project-member] new path /v2/schemas/image {{(pid=99480) process_request /opt/stack/glance/glance/api/middleware/version_negotiation.py:70}}
Jun 24 21:43:49.647451 np0000003578 devstack@g-api.service[99480]: [pid: 99480|app: 0|req: 134/380] 127.0.0.1 () {44 vars in 1055 bytes} [Wed Jun 24 21:43:49 2026] GET /v2/schemas/image => generated 6083 bytes in 4 msecs (HTTP/1.1 200) 4 headers in 158 bytes (1 switches on core 0)
Jun 24 21:43:49.755143 np0000003578 devstack@g-api.service[99481]: DEBUG glance.api.middleware.version_negotiation [None req-d77ecaf7-a4c1-40bf-aebc-7e3f167572e0 tempest-ServerActionsTestOtherA-220600121 tempest-ServerActionsTestOtherA-220600121-project-member] Determining version of request: GET /v2/images/acf17875-511d-4541-b2f5-5361aa472571 Accept: application/json {{(pid=99481) process_request /opt/stack/glance/glance/api/middleware/version_negotiation.py:44}}
Jun 24 21:43:49.755633 np0000003578 devstack@g-api.service[99481]: DEBUG glance.api.middleware.version_negotiation [None req-d77ecaf7-a4c1-40bf-aebc-7e3f167572e0 tempest-ServerActionsTestOtherA-220600121 tempest-ServerActionsTestOtherA-220600121-project-member] Using url versioning {{(pid=99481) process_request /opt/stack/glance/glance/api/middleware/version_negotiation.py:57}}
Jun 24 21:43:49.755717 np0000003578 devstack@g-api.service[99481]: DEBUG glance.api.middleware.version_negotiation [None req-d77ecaf7-a4c1-40bf-aebc-7e3f167572e0 tempest-ServerActionsTestOtherA-220600121 tempest-ServerActionsTestOtherA-220600121-project-member] Matched version: v2 {{(pid=99481) process_request /opt/stack/glance/glance/api/middleware/version_negotiation.py:69}}
Jun 24 21:43:49.755971 np0000003578 devstack@g-api.service[99481]: DEBUG glance.api.middleware.version_negotiation [None req-d77ecaf7-a4c1-40bf-aebc-7e3f167572e0 tempest-ServerActionsTestOtherA-220600121 tempest-ServerActionsTestOtherA-220600121-project-member] new path /v2/images/acf17875-511d-4541-b2f5-5361aa472571 {{(pid=99481) process_request /opt/stack/glance/glance/api/middleware/version_negotiation.py:70}}
Jun 24 21:43:49.770996 np0000003578 devstack@g-api.service[99481]: [pid: 99481|app: 0|req: 128/381] 127.0.0.1 () {40 vars in 838 bytes} [Wed Jun 24 21:43:49 2026] GET /v2/images/acf17875-511d-4541-b2f5-5361aa472571 => generated 649 bytes in 17 msecs (HTTP/1.1 200) 4 headers in 157 bytes (1 switches on core 0)
Jun 24 21:43:50.212469 np0000003578 devstack@g-api.service[99480]: DEBUG glance.api.middleware.version_negotiation [None req-d77ecaf7-a4c1-40bf-aebc-7e3f167572e0 tempest-ServerActionsTestOtherA-220600121 tempest-ServerActionsTestOtherA-220600121-project-member] Determining version of request: GET /versions Accept: */* {{(pid=99480) process_request /opt/stack/glance/glance/api/middleware/version_negotiation.py:44}}
Jun 24 21:43:50.213377 np0000003578 devstack@g-api.service[99480]: [pid: 99480|app: 0|req: 135/382] 127.0.0.1 () {44 vars in 1039 bytes} [Wed Jun 24 21:43:50 2026] GET /versions => generated 1407 bytes in 1 msecs (HTTP/1.1 200) 3 headers in 92 bytes (1 switches on core 0)
Jun 24 21:43:50.235235 np0000003578 devstack@g-api.service[99481]: DEBUG glance.api.middleware.version_negotiation [None req-a8a99874-2ab8-40cb-8dd3-3640c526cc89 tempest-VolumesActionsTest-1018843231 tempest-VolumesActionsTest-1018843231-project-member] Determining version of request: GET /v2/images/654da77d-2d56-4c2c-b15a-32aa0a22a5a5/locations Accept: */* {{(pid=99481) process_request /opt/stack/glance/glance/api/middleware/version_negotiation.py:44}}
Jun 24 21:43:50.235235 np0000003578 devstack@g-api.service[99481]: DEBUG glance.api.middleware.version_negotiation [None req-a8a99874-2ab8-40cb-8dd3-3640c526cc89 tempest-VolumesActionsTest-1018843231 tempest-VolumesActionsTest-1018843231-project-member] Using url versioning {{(pid=99481) process_request /opt/stack/glance/glance/api/middleware/version_negotiation.py:57}}
Jun 24 21:43:50.236060 np0000003578 devstack@g-api.service[99481]: DEBUG glance.api.middleware.version_negotiation [None req-a8a99874-2ab8-40cb-8dd3-3640c526cc89 tempest-VolumesActionsTest-1018843231 tempest-VolumesActionsTest-1018843231-project-member] Matched version: v2 {{(pid=99481) process_request /opt/stack/glance/glance/api/middleware/version_negotiation.py:69}}
Jun 24 21:43:50.236511 np0000003578 devstack@g-api.service[99481]: DEBUG glance.api.middleware.version_negotiation [None req-a8a99874-2ab8-40cb-8dd3-3640c526cc89 tempest-VolumesActionsTest-1018843231 tempest-VolumesActionsTest-1018843231-project-member] new path /v2/images/654da77d-2d56-4c2c-b15a-32aa0a22a5a5/locations {{(pid=99481) process_request /opt/stack/glance/glance/api/middleware/version_negotiation.py:70}}
Jun 24 21:43:50.319345 np0000003578 devstack@g-api.service[99481]: [pid: 99481|app: 0|req: 129/383] 127.0.0.1 () {44 vars in 1135 bytes} [Wed Jun 24 21:43:50 2026] GET /v2/images/654da77d-2d56-4c2c-b15a-32aa0a22a5a5/locations => generated 92 bytes in 85 msecs (HTTP/1.1 200) 4 headers in 156 bytes (1 switches on core 0)
Jun 24 21:43:50.349723 np0000003578 devstack@g-api.service[99480]: DEBUG glance.api.middleware.version_negotiation [None req-d77ecaf7-a4c1-40bf-aebc-7e3f167572e0 tempest-ServerActionsTestOtherA-220600121 tempest-ServerActionsTestOtherA-220600121-project-member] Determining version of request: GET /v2/images/654da77d-2d56-4c2c-b15a-32aa0a22a5a5 Accept: */* {{(pid=99480) process_request /opt/stack/glance/glance/api/middleware/version_negotiation.py:44}}
Jun 24 21:43:50.350085 np0000003578 devstack@g-api.service[99480]: DEBUG glance.api.middleware.version_negotiation [None req-d77ecaf7-a4c1-40bf-aebc-7e3f167572e0 tempest-ServerActionsTestOtherA-220600121 tempest-ServerActionsTestOtherA-220600121-project-member] Using url versioning {{(pid=99480) process_request /opt/stack/glance/glance/api/middleware/version_negotiation.py:57}}
Jun 24 21:43:50.350304 np0000003578 devstack@g-api.service[99480]: DEBUG glance.api.middleware.version_negotiation [None req-d77ecaf7-a4c1-40bf-aebc-7e3f167572e0 tempest-ServerActionsTestOtherA-220600121 tempest-ServerActionsTestOtherA-220600121-project-member] Matched version: v2 {{(pid=99480) process_request /opt/stack/glance/glance/api/middleware/version_negotiation.py:69}}
Jun 24 21:43:50.350509 np0000003578 devstack@g-api.service[99480]: DEBUG glance.api.middleware.version_negotiation [None req-d77ecaf7-a4c1-40bf-aebc-7e3f167572e0 tempest-ServerActionsTestOtherA-220600121 tempest-ServerActionsTestOtherA-220600121-project-member] new path /v2/images/654da77d-2d56-4c2c-b15a-32aa0a22a5a5 {{(pid=99480) process_request /opt/stack/glance/glance/api/middleware/version_negotiation.py:70}}
Jun 24 21:43:50.372231 np0000003578 devstack@g-api.service[99480]: [pid: 99480|app: 0|req: 136/384] 127.0.0.1 () {44 vars in 1115 bytes} [Wed Jun 24 21:43:50 2026] GET /v2/images/654da77d-2d56-4c2c-b15a-32aa0a22a5a5 => generated 1044 bytes in 22 msecs (HTTP/1.1 200) 4 headers in 158 bytes (1 switches on core 0)
Jun 24 21:43:50.389017 np0000003578 devstack@g-api.service[99481]: DEBUG glance.api.middleware.version_negotiation [None req-d77ecaf7-a4c1-40bf-aebc-7e3f167572e0 service glance] Determining version of request: GET /v2/schemas/image Accept: */* {{(pid=99481) process_request /opt/stack/glance/glance/api/middleware/version_negotiation.py:44}}
Jun 24 21:43:50.389228 np0000003578 devstack@g-api.service[99481]: DEBUG glance.api.middleware.version_negotiation [None req-d77ecaf7-a4c1-40bf-aebc-7e3f167572e0 service glance] Using url versioning {{(pid=99481) process_request /opt/stack/glance/glance/api/middleware/version_negotiation.py:57}}
Jun 24 21:43:50.389434 np0000003578 devstack@g-api.service[99481]: DEBUG glance.api.middleware.version_negotiation [None req-d77ecaf7-a4c1-40bf-aebc-7e3f167572e0 service glance] Matched version: v2 {{(pid=99481) process_request /opt/stack/glance/glance/api/middleware/version_negotiation.py:69}}
Jun 24 21:43:50.389619 np0000003578 devstack@g-api.service[99481]: DEBUG glance.api.middleware.version_negotiation [None req-d77ecaf7-a4c1-40bf-aebc-7e3f167572e0 service glance] new path /v2/schemas/image {{(pid=99481) process_request /opt/stack/glance/glance/api/middleware/version_negotiation.py:70}}
Jun 24 21:43:50.396541 np0000003578 devstack@g-api.service[99481]: [pid: 99481|app: 0|req: 130/385] 127.0.0.1 () {44 vars in 1055 bytes} [Wed Jun 24 21:43:50 2026] GET /v2/schemas/image => generated 6083 bytes in 8 msecs (HTTP/1.1 200) 4 headers in 158 bytes (1 switches on core 0)
Jun 24 21:43:50.417233 np0000003578 devstack@g-api.service[99480]: DEBUG glance.api.middleware.version_negotiation [None req-d77ecaf7-a4c1-40bf-aebc-7e3f167572e0 tempest-ServerActionsTestOtherA-220600121 tempest-ServerActionsTestOtherA-220600121-project-member] Determining version of request: GET /v2/schemas/image Accept: */* {{(pid=99480) process_request /opt/stack/glance/glance/api/middleware/version_negotiation.py:44}}
Jun 24 21:43:50.417433 np0000003578 devstack@g-api.service[99480]: DEBUG glance.api.middleware.version_negotiation [None req-d77ecaf7-a4c1-40bf-aebc-7e3f167572e0 tempest-ServerActionsTestOtherA-220600121 tempest-ServerActionsTestOtherA-220600121-project-member] Using url versioning {{(pid=99480) process_request /opt/stack/glance/glance/api/middleware/version_negotiation.py:57}}
Jun 24 21:43:50.417598 np0000003578 devstack@g-api.service[99480]: DEBUG glance.api.middleware.version_negotiation [None req-d77ecaf7-a4c1-40bf-aebc-7e3f167572e0 tempest-ServerActionsTestOtherA-220600121 tempest-ServerActionsTestOtherA-220600121-project-member] Matched version: v2 {{(pid=99480) process_request /opt/stack/glance/glance/api/middleware/version_negotiation.py:69}}
Jun 24 21:43:50.417753 np0000003578 devstack@g-api.service[99480]: DEBUG glance.api.middleware.version_negotiation [None req-d77ecaf7-a4c1-40bf-aebc-7e3f167572e0 tempest-ServerActionsTestOtherA-220600121 tempest-ServerActionsTestOtherA-220600121-project-member] new path /v2/schemas/image {{(pid=99480) process_request /opt/stack/glance/glance/api/middleware/version_negotiation.py:70}}
Jun 24 21:43:50.423282 np0000003578 devstack@g-api.service[99480]: [pid: 99480|app: 0|req: 137/386] 127.0.0.1 () {44 vars in 1055 bytes} [Wed Jun 24 21:43:50 2026] GET /v2/schemas/image => generated 6083 bytes in 6 msecs (HTTP/1.1 200) 4 headers in 158 bytes (1 switches on core 0)
Jun 24 21:43:50.783204 np0000003578 devstack@g-api.service[99481]: DEBUG glance.api.middleware.version_negotiation [None req-d77ecaf7-a4c1-40bf-aebc-7e3f167572e0 tempest-ServerActionsTestOtherA-220600121 tempest-ServerActionsTestOtherA-220600121-project-member] Determining version of request: GET /v2/images/acf17875-511d-4541-b2f5-5361aa472571 Accept: application/json {{(pid=99481) process_request /opt/stack/glance/glance/api/middleware/version_negotiation.py:44}}
Jun 24 21:43:50.784589 np0000003578 devstack@g-api.service[99481]: DEBUG glance.api.middleware.version_negotiation [None req-d77ecaf7-a4c1-40bf-aebc-7e3f167572e0 tempest-ServerActionsTestOtherA-220600121 tempest-ServerActionsTestOtherA-220600121-project-member] Using url versioning {{(pid=99481) process_request /opt/stack/glance/glance/api/middleware/version_negotiation.py:57}}
Jun 24 21:43:50.784589 np0000003578 devstack@g-api.service[99481]: DEBUG glance.api.middleware.version_negotiation [None req-d77ecaf7-a4c1-40bf-aebc-7e3f167572e0 tempest-ServerActionsTestOtherA-220600121 tempest-ServerActionsTestOtherA-220600121-project-member] Matched version: v2 {{(pid=99481) process_request /opt/stack/glance/glance/api/middleware/version_negotiation.py:69}}
Jun 24 21:43:50.784589 np0000003578 devstack@g-api.service[99481]: DEBUG glance.api.middleware.version_negotiation [None req-d77ecaf7-a4c1-40bf-aebc-7e3f167572e0 tempest-ServerActionsTestOtherA-220600121 tempest-ServerActionsTestOtherA-220600121-project-member] new path /v2/images/acf17875-511d-4541-b2f5-5361aa472571 {{(pid=99481) process_request /opt/stack/glance/glance/api/middleware/version_negotiation.py:70}}
Jun 24 21:43:50.794083 np0000003578 devstack@g-api.service[99481]: [pid: 99481|app: 0|req: 131/387] 127.0.0.1 () {40 vars in 838 bytes} [Wed Jun 24 21:43:50 2026] GET /v2/images/acf17875-511d-4541-b2f5-5361aa472571 => generated 649 bytes in 11 msecs (HTTP/1.1 200) 4 headers in 157 bytes (1 switches on core 0)
Jun 24 21:43:51.805504 np0000003578 devstack@g-api.service[99480]: DEBUG glance.api.middleware.version_negotiation [None req-d77ecaf7-a4c1-40bf-aebc-7e3f167572e0 tempest-ServerActionsTestOtherA-220600121 tempest-ServerActionsTestOtherA-220600121-project-member] Determining version of request: GET /v2/images/acf17875-511d-4541-b2f5-5361aa472571 Accept: application/json {{(pid=99480) process_request /opt/stack/glance/glance/api/middleware/version_negotiation.py:44}}
Jun 24 21:43:51.805504 np0000003578 devstack@g-api.service[99480]: DEBUG glance.api.middleware.version_negotiation [None req-d77ecaf7-a4c1-40bf-aebc-7e3f167572e0 tempest-ServerActionsTestOtherA-220600121 tempest-ServerActionsTestOtherA-220600121-project-member] Using url versioning {{(pid=99480) process_request /opt/stack/glance/glance/api/middleware/version_negotiation.py:57}}
Jun 24 21:43:51.805504 np0000003578 devstack@g-api.service[99480]: DEBUG glance.api.middleware.version_negotiation [None req-d77ecaf7-a4c1-40bf-aebc-7e3f167572e0 tempest-ServerActionsTestOtherA-220600121 tempest-ServerActionsTestOtherA-220600121-project-member] Matched version: v2 {{(pid=99480) process_request /opt/stack/glance/glance/api/middleware/version_negotiation.py:69}}
Jun 24 21:43:51.805504 np0000003578 devstack@g-api.service[99480]: DEBUG glance.api.middleware.version_negotiation [None req-d77ecaf7-a4c1-40bf-aebc-7e3f167572e0 tempest-ServerActionsTestOtherA-220600121 tempest-ServerActionsTestOtherA-220600121-project-member] new path /v2/images/acf17875-511d-4541-b2f5-5361aa472571 {{(pid=99480) process_request /opt/stack/glance/glance/api/middleware/version_negotiation.py:70}}
Jun 24 21:43:51.829604 np0000003578 devstack@g-api.service[99480]: [pid: 99480|app: 0|req: 138/388] 127.0.0.1 () {40 vars in 838 bytes} [Wed Jun 24 21:43:51 2026] GET /v2/images/acf17875-511d-4541-b2f5-5361aa472571 => generated 649 bytes in 26 msecs (HTTP/1.1 200) 4 headers in 157 bytes (1 switches on core 0)
Jun 24 21:43:52.131899 np0000003578 devstack@g-api.service[99482]: DEBUG swiftclient [None req-0f5ce7ac-dbce-4733-aa8c-dffcf5d9e242 tempest-VolumesActionsTest-1018843231 tempest-VolumesActionsTest-1018843231-project-member] REQ: curl -i https://10.4.3.194:8080/v1/AUTH_5c3cb563b5504a4ba2f6a6c8a0b6772e/glance/acf17875-511d-4541-b2f5-5361aa472571-00003 -X PUT -H "X-Auth-Token: gAAAAABqPE-RHn2V..." {{(pid=99482) http_log /opt/stack/data/venv/lib/python3.12/site-packages/swiftclient/client.py:160}}
Jun 24 21:43:52.132201 np0000003578 devstack@g-api.service[99482]: DEBUG swiftclient [None req-0f5ce7ac-dbce-4733-aa8c-dffcf5d9e242 tempest-VolumesActionsTest-1018843231 tempest-VolumesActionsTest-1018843231-project-member] RESP STATUS: 201 Created {{(pid=99482) http_log /opt/stack/data/venv/lib/python3.12/site-packages/swiftclient/client.py:161}}
Jun 24 21:43:52.132201 np0000003578 devstack@g-api.service[99482]: DEBUG swiftclient [None req-0f5ce7ac-dbce-4733-aa8c-dffcf5d9e242 tempest-VolumesActionsTest-1018843231 tempest-VolumesActionsTest-1018843231-project-member] RESP HEADERS: {'Date': 'Wed, 24 Jun 2026 21:43:52 GMT', 'Server': 'Apache/2.4.58 (Ubuntu)', 'Content-Type': 'text/html; charset=UTF-8', 'Content-Length': '0', 'Etag': 'eda9a9889837ac4bc81d6387d92c1bec', 'Last-Modified': 'Wed, 24 Jun 2026 21:43:50 GMT', 'X-Trans-Id': 'txf3f5294146be4d3b96c22-006a3c4f95', 'X-Openstack-Request-Id': 'txf3f5294146be4d3b96c22-006a3c4f95', 'Connection': 'close'} {{(pid=99482) http_log /opt/stack/data/venv/lib/python3.12/site-packages/swiftclient/client.py:162}}
Jun 24 21:43:52.132279 np0000003578 devstack@g-api.service[99482]: DEBUG glance_store._drivers.swift.store [None req-0f5ce7ac-dbce-4733-aa8c-dffcf5d9e242 tempest-VolumesActionsTest-1018843231 tempest-VolumesActionsTest-1018843231-project-member] Wrote chunk acf17875-511d-4541-b2f5-5361aa472571-00003 (3/?) of length 204800000 to Swift returning MD5 of content: eda9a9889837ac4bc81d6387d92c1bec {{(pid=99482) add /opt/stack/data/venv/lib/python3.12/site-packages/glance_store/_drivers/swift/store.py:1059}}
Jun 24 21:43:52.848962 np0000003578 devstack@g-api.service[99481]: DEBUG glance.api.middleware.version_negotiation [None req-3d1ba2a1-fb94-409c-ba06-0e5685f9d18a tempest-VolumesActionsTest-1018843231 tempest-VolumesActionsTest-1018843231-project-member] Determining version of request: GET /v2/images/acf17875-511d-4541-b2f5-5361aa472571 Accept: application/json {{(pid=99481) process_request /opt/stack/glance/glance/api/middleware/version_negotiation.py:44}}
Jun 24 21:43:52.849380 np0000003578 devstack@g-api.service[99481]: DEBUG glance.api.middleware.version_negotiation [None req-3d1ba2a1-fb94-409c-ba06-0e5685f9d18a tempest-VolumesActionsTest-1018843231 tempest-VolumesActionsTest-1018843231-project-member] Using url versioning {{(pid=99481) process_request /opt/stack/glance/glance/api/middleware/version_negotiation.py:57}}
Jun 24 21:43:52.849380 np0000003578 devstack@g-api.service[99481]: DEBUG glance.api.middleware.version_negotiation [None req-3d1ba2a1-fb94-409c-ba06-0e5685f9d18a tempest-VolumesActionsTest-1018843231 tempest-VolumesActionsTest-1018843231-project-member] Matched version: v2 {{(pid=99481) process_request /opt/stack/glance/glance/api/middleware/version_negotiation.py:69}}
Jun 24 21:43:52.849557 np0000003578 devstack@g-api.service[99481]: DEBUG glance.api.middleware.version_negotiation [None req-3d1ba2a1-fb94-409c-ba06-0e5685f9d18a tempest-VolumesActionsTest-1018843231 tempest-VolumesActionsTest-1018843231-project-member] new path /v2/images/acf17875-511d-4541-b2f5-5361aa472571 {{(pid=99481) process_request /opt/stack/glance/glance/api/middleware/version_negotiation.py:70}}
Jun 24 21:43:52.863727 np0000003578 devstack@g-api.service[99481]: [pid: 99481|app: 0|req: 132/389] 127.0.0.1 () {40 vars in 838 bytes} [Wed Jun 24 21:43:52 2026] GET /v2/images/acf17875-511d-4541-b2f5-5361aa472571 => generated 649 bytes in 13 msecs (HTTP/1.1 200) 4 headers in 157 bytes (1 switches on core 0)
Jun 24 21:43:53.879281 np0000003578 devstack@g-api.service[99480]: DEBUG glance.api.middleware.version_negotiation [None req-c54398af-072f-45a7-9be6-217d79ac89bf tempest-VolumesActionsTest-1018843231 tempest-VolumesActionsTest-1018843231-project-member] Determining version of request: GET /v2/images/acf17875-511d-4541-b2f5-5361aa472571 Accept: application/json {{(pid=99480) process_request /opt/stack/glance/glance/api/middleware/version_negotiation.py:44}}
Jun 24 21:43:53.879281 np0000003578 devstack@g-api.service[99480]: DEBUG glance.api.middleware.version_negotiation [None req-c54398af-072f-45a7-9be6-217d79ac89bf tempest-VolumesActionsTest-1018843231 tempest-VolumesActionsTest-1018843231-project-member] Using url versioning {{(pid=99480) process_request /opt/stack/glance/glance/api/middleware/version_negotiation.py:57}}
Jun 24 21:43:53.879281 np0000003578 devstack@g-api.service[99480]: DEBUG glance.api.middleware.version_negotiation [None req-c54398af-072f-45a7-9be6-217d79ac89bf tempest-VolumesActionsTest-1018843231 tempest-VolumesActionsTest-1018843231-project-member] Matched version: v2 {{(pid=99480) process_request /opt/stack/glance/glance/api/middleware/version_negotiation.py:69}}
Jun 24 21:43:53.881398 np0000003578 devstack@g-api.service[99480]: DEBUG glance.api.middleware.version_negotiation [None req-c54398af-072f-45a7-9be6-217d79ac89bf tempest-VolumesActionsTest-1018843231 tempest-VolumesActionsTest-1018843231-project-member] new path /v2/images/acf17875-511d-4541-b2f5-5361aa472571 {{(pid=99480) process_request /opt/stack/glance/glance/api/middleware/version_negotiation.py:70}}
Jun 24 21:43:53.896073 np0000003578 devstack@g-api.service[99480]: [pid: 99480|app: 0|req: 139/390] 127.0.0.1 () {40 vars in 838 bytes} [Wed Jun 24 21:43:53 2026] GET /v2/images/acf17875-511d-4541-b2f5-5361aa472571 => generated 649 bytes in 18 msecs (HTTP/1.1 200) 4 headers in 157 bytes (1 switches on core 0)
Jun 24 21:43:54.797180 np0000003578 devstack@g-api.service[99482]: DEBUG swiftclient [None req-0f5ce7ac-dbce-4733-aa8c-dffcf5d9e242 tempest-VolumesActionsTest-1018843231 tempest-VolumesActionsTest-1018843231-project-member] REQ: curl -i https://10.4.3.194:8080/v1/AUTH_5c3cb563b5504a4ba2f6a6c8a0b6772e/glance/acf17875-511d-4541-b2f5-5361aa472571-00004 -X PUT -H "X-Auth-Token: gAAAAABqPE-RHn2V..." {{(pid=99482) http_log /opt/stack/data/venv/lib/python3.12/site-packages/swiftclient/client.py:160}}
Jun 24 21:43:54.797568 np0000003578 devstack@g-api.service[99482]: DEBUG swiftclient [None req-0f5ce7ac-dbce-4733-aa8c-dffcf5d9e242 tempest-VolumesActionsTest-1018843231 tempest-VolumesActionsTest-1018843231-project-member] RESP STATUS: 201 Created {{(pid=99482) http_log /opt/stack/data/venv/lib/python3.12/site-packages/swiftclient/client.py:161}}
Jun 24 21:43:54.797568 np0000003578 devstack@g-api.service[99482]: DEBUG swiftclient [None req-0f5ce7ac-dbce-4733-aa8c-dffcf5d9e242 tempest-VolumesActionsTest-1018843231 tempest-VolumesActionsTest-1018843231-project-member] RESP HEADERS: {'Date': 'Wed, 24 Jun 2026 21:43:54 GMT', 'Server': 'Apache/2.4.58 (Ubuntu)', 'Content-Type': 'text/html; charset=UTF-8', 'Content-Length': '0', 'Etag': 'eda9a9889837ac4bc81d6387d92c1bec', 'Last-Modified': 'Wed, 24 Jun 2026 21:43:53 GMT', 'X-Trans-Id': 'txc462d8c88743485db983a-006a3c4f98', 'X-Openstack-Request-Id': 'txc462d8c88743485db983a-006a3c4f98', 'Connection': 'close'} {{(pid=99482) http_log /opt/stack/data/venv/lib/python3.12/site-packages/swiftclient/client.py:162}}
Jun 24 21:43:54.797723 np0000003578 devstack@g-api.service[99482]: DEBUG glance_store._drivers.swift.store [None req-0f5ce7ac-dbce-4733-aa8c-dffcf5d9e242 tempest-VolumesActionsTest-1018843231 tempest-VolumesActionsTest-1018843231-project-member] Wrote chunk acf17875-511d-4541-b2f5-5361aa472571-00004 (4/?) of length 204800000 to Swift returning MD5 of content: eda9a9889837ac4bc81d6387d92c1bec {{(pid=99482) add /opt/stack/data/venv/lib/python3.12/site-packages/glance_store/_drivers/swift/store.py:1059}}
Jun 24 21:43:54.907245 np0000003578 devstack@g-api.service[99481]: DEBUG glance.api.middleware.version_negotiation [None req-604a9318-ab4b-4d1b-b5c0-af9d5c466806 tempest-VolumesActionsTest-1018843231 tempest-VolumesActionsTest-1018843231-project-member] Determining version of request: GET /v2/images/acf17875-511d-4541-b2f5-5361aa472571 Accept: application/json {{(pid=99481) process_request /opt/stack/glance/glance/api/middleware/version_negotiation.py:44}}
Jun 24 21:43:54.907829 np0000003578 devstack@g-api.service[99481]: DEBUG glance.api.middleware.version_negotiation [None req-604a9318-ab4b-4d1b-b5c0-af9d5c466806 tempest-VolumesActionsTest-1018843231 tempest-VolumesActionsTest-1018843231-project-member] Using url versioning {{(pid=99481) process_request /opt/stack/glance/glance/api/middleware/version_negotiation.py:57}}
Jun 24 21:43:54.907829 np0000003578 devstack@g-api.service[99481]: DEBUG glance.api.middleware.version_negotiation [None req-604a9318-ab4b-4d1b-b5c0-af9d5c466806 tempest-VolumesActionsTest-1018843231 tempest-VolumesActionsTest-1018843231-project-member] Matched version: v2 {{(pid=99481) process_request /opt/stack/glance/glance/api/middleware/version_negotiation.py:69}}
Jun 24 21:43:54.907829 np0000003578 devstack@g-api.service[99481]: DEBUG glance.api.middleware.version_negotiation [None req-604a9318-ab4b-4d1b-b5c0-af9d5c466806 tempest-VolumesActionsTest-1018843231 tempest-VolumesActionsTest-1018843231-project-member] new path /v2/images/acf17875-511d-4541-b2f5-5361aa472571 {{(pid=99481) process_request /opt/stack/glance/glance/api/middleware/version_negotiation.py:70}}
Jun 24 21:43:54.920356 np0000003578 devstack@g-api.service[99481]: [pid: 99481|app: 0|req: 133/391] 127.0.0.1 () {40 vars in 838 bytes} [Wed Jun 24 21:43:54 2026] GET /v2/images/acf17875-511d-4541-b2f5-5361aa472571 => generated 649 bytes in 13 msecs (HTTP/1.1 200) 4 headers in 157 bytes (1 switches on core 0)
Jun 24 21:43:55.163690 np0000003578 devstack@g-api.service[99482]: DEBUG dbcounter [-] [99482] Writing DB stats glance:SELECT=47,glance:UPDATE=2,glance:INSERT=4 {{(pid=99482) stat_writer /opt/stack/data/venv/lib/python3.12/site-packages/dbcounter.py:115}}
Jun 24 21:43:55.930674 np0000003578 devstack@g-api.service[99480]: DEBUG glance.api.middleware.version_negotiation [None req-23935c7f-f65f-45b2-9278-3327c1253b04 tempest-VolumesActionsTest-1018843231 tempest-VolumesActionsTest-1018843231-project-member] Determining version of request: GET /v2/images/acf17875-511d-4541-b2f5-5361aa472571 Accept: application/json {{(pid=99480) process_request /opt/stack/glance/glance/api/middleware/version_negotiation.py:44}}
Jun 24 21:43:55.931239 np0000003578 devstack@g-api.service[99480]: DEBUG glance.api.middleware.version_negotiation [None req-23935c7f-f65f-45b2-9278-3327c1253b04 tempest-VolumesActionsTest-1018843231 tempest-VolumesActionsTest-1018843231-project-member] Using url versioning {{(pid=99480) process_request /opt/stack/glance/glance/api/middleware/version_negotiation.py:57}}
Jun 24 21:43:55.931239 np0000003578 devstack@g-api.service[99480]: DEBUG glance.api.middleware.version_negotiation [None req-23935c7f-f65f-45b2-9278-3327c1253b04 tempest-VolumesActionsTest-1018843231 tempest-VolumesActionsTest-1018843231-project-member] Matched version: v2 {{(pid=99480) process_request /opt/stack/glance/glance/api/middleware/version_negotiation.py:69}}
Jun 24 21:43:55.931239 np0000003578 devstack@g-api.service[99480]: DEBUG glance.api.middleware.version_negotiation [None req-23935c7f-f65f-45b2-9278-3327c1253b04 tempest-VolumesActionsTest-1018843231 tempest-VolumesActionsTest-1018843231-project-member] new path /v2/images/acf17875-511d-4541-b2f5-5361aa472571 {{(pid=99480) process_request /opt/stack/glance/glance/api/middleware/version_negotiation.py:70}}
Jun 24 21:43:55.941487 np0000003578 devstack@g-api.service[99480]: [pid: 99480|app: 0|req: 140/392] 127.0.0.1 () {40 vars in 838 bytes} [Wed Jun 24 21:43:55 2026] GET /v2/images/acf17875-511d-4541-b2f5-5361aa472571 => generated 649 bytes in 11 msecs (HTTP/1.1 200) 4 headers in 157 bytes (1 switches on core 0)
Jun 24 21:43:56.865606 np0000003578 devstack@g-api.service[99482]: DEBUG swiftclient [None req-0f5ce7ac-dbce-4733-aa8c-dffcf5d9e242 tempest-VolumesActionsTest-1018843231 tempest-VolumesActionsTest-1018843231-project-member] REQ: curl -i https://10.4.3.194:8080/v1/AUTH_5c3cb563b5504a4ba2f6a6c8a0b6772e/glance/acf17875-511d-4541-b2f5-5361aa472571-00005 -X PUT -H "X-Auth-Token: gAAAAABqPE-RHn2V..." {{(pid=99482) http_log /opt/stack/data/venv/lib/python3.12/site-packages/swiftclient/client.py:160}}
Jun 24 21:43:56.866131 np0000003578 devstack@g-api.service[99482]: DEBUG swiftclient [None req-0f5ce7ac-dbce-4733-aa8c-dffcf5d9e242 tempest-VolumesActionsTest-1018843231 tempest-VolumesActionsTest-1018843231-project-member] RESP STATUS: 201 Created {{(pid=99482) http_log /opt/stack/data/venv/lib/python3.12/site-packages/swiftclient/client.py:161}}
Jun 24 21:43:56.866131 np0000003578 devstack@g-api.service[99482]: DEBUG swiftclient [None req-0f5ce7ac-dbce-4733-aa8c-dffcf5d9e242 tempest-VolumesActionsTest-1018843231 tempest-VolumesActionsTest-1018843231-project-member] RESP HEADERS: {'Date': 'Wed, 24 Jun 2026 21:43:56 GMT', 'Server': 'Apache/2.4.58 (Ubuntu)', 'Content-Type': 'text/html; charset=UTF-8', 'Content-Length': '0', 'Etag': 'eda9a9889837ac4bc81d6387d92c1bec', 'Last-Modified': 'Wed, 24 Jun 2026 21:43:55 GMT', 'X-Trans-Id': 'tx7738dfd820bd4e0186346-006a3c4f9a', 'X-Openstack-Request-Id': 'tx7738dfd820bd4e0186346-006a3c4f9a', 'Connection': 'close'} {{(pid=99482) http_log /opt/stack/data/venv/lib/python3.12/site-packages/swiftclient/client.py:162}}
Jun 24 21:43:56.866453 np0000003578 devstack@g-api.service[99482]: DEBUG glance_store._drivers.swift.store [None req-0f5ce7ac-dbce-4733-aa8c-dffcf5d9e242 tempest-VolumesActionsTest-1018843231 tempest-VolumesActionsTest-1018843231-project-member] Wrote chunk acf17875-511d-4541-b2f5-5361aa472571-00005 (5/?) of length 204800000 to Swift returning MD5 of content: eda9a9889837ac4bc81d6387d92c1bec {{(pid=99482) add /opt/stack/data/venv/lib/python3.12/site-packages/glance_store/_drivers/swift/store.py:1059}}
Jun 24 21:43:56.951170 np0000003578 devstack@g-api.service[99481]: DEBUG glance.api.middleware.version_negotiation [None req-778a48cc-d88b-4df0-a333-a2a3bcb3ba70 tempest-VolumesActionsTest-1018843231 tempest-VolumesActionsTest-1018843231-project-member] Determining version of request: GET /v2/images/acf17875-511d-4541-b2f5-5361aa472571 Accept: application/json {{(pid=99481) process_request /opt/stack/glance/glance/api/middleware/version_negotiation.py:44}}
Jun 24 21:43:56.952370 np0000003578 devstack@g-api.service[99481]: DEBUG glance.api.middleware.version_negotiation [None req-778a48cc-d88b-4df0-a333-a2a3bcb3ba70 tempest-VolumesActionsTest-1018843231 tempest-VolumesActionsTest-1018843231-project-member] Using url versioning {{(pid=99481) process_request /opt/stack/glance/glance/api/middleware/version_negotiation.py:57}}
Jun 24 21:43:56.952370 np0000003578 devstack@g-api.service[99481]: DEBUG glance.api.middleware.version_negotiation [None req-778a48cc-d88b-4df0-a333-a2a3bcb3ba70 tempest-VolumesActionsTest-1018843231 tempest-VolumesActionsTest-1018843231-project-member] Matched version: v2 {{(pid=99481) process_request /opt/stack/glance/glance/api/middleware/version_negotiation.py:69}}
Jun 24 21:43:56.952370 np0000003578 devstack@g-api.service[99481]: DEBUG glance.api.middleware.version_negotiation [None req-778a48cc-d88b-4df0-a333-a2a3bcb3ba70 tempest-VolumesActionsTest-1018843231 tempest-VolumesActionsTest-1018843231-project-member] new path /v2/images/acf17875-511d-4541-b2f5-5361aa472571 {{(pid=99481) process_request /opt/stack/glance/glance/api/middleware/version_negotiation.py:70}}
Jun 24 21:43:56.959253 np0000003578 devstack@g-api.service[99481]: DEBUG dbcounter [-] [99481] Writing DB stats glance:SELECT=81,glance:UPDATE=27,glance:INSERT=2,glance:DELETE=1 {{(pid=99481) stat_writer /opt/stack/data/venv/lib/python3.12/site-packages/dbcounter.py:115}}
Jun 24 21:43:56.968335 np0000003578 devstack@g-api.service[99481]: [pid: 99481|app: 0|req: 134/393] 127.0.0.1 () {40 vars in 838 bytes} [Wed Jun 24 21:43:56 2026] GET /v2/images/acf17875-511d-4541-b2f5-5361aa472571 => generated 649 bytes in 17 msecs (HTTP/1.1 200) 4 headers in 157 bytes (1 switches on core 0)
Jun 24 21:43:57.434877 np0000003578 devstack@g-api.service[99482]: DEBUG swiftclient [None req-0f5ce7ac-dbce-4733-aa8c-dffcf5d9e242 tempest-VolumesActionsTest-1018843231 tempest-VolumesActionsTest-1018843231-project-member] REQ: curl -i https://10.4.3.194:8080/v1/AUTH_5c3cb563b5504a4ba2f6a6c8a0b6772e/glance/acf17875-511d-4541-b2f5-5361aa472571-00006 -X PUT -H "X-Auth-Token: gAAAAABqPE-RHn2V..." {{(pid=99482) http_log /opt/stack/data/venv/lib/python3.12/site-packages/swiftclient/client.py:160}}
Jun 24 21:43:57.434877 np0000003578 devstack@g-api.service[99482]: DEBUG swiftclient [None req-0f5ce7ac-dbce-4733-aa8c-dffcf5d9e242 tempest-VolumesActionsTest-1018843231 tempest-VolumesActionsTest-1018843231-project-member] RESP STATUS: 201 Created {{(pid=99482) http_log /opt/stack/data/venv/lib/python3.12/site-packages/swiftclient/client.py:161}}
Jun 24 21:43:57.434877 np0000003578 devstack@g-api.service[99482]: DEBUG swiftclient [None req-0f5ce7ac-dbce-4733-aa8c-dffcf5d9e242 tempest-VolumesActionsTest-1018843231 tempest-VolumesActionsTest-1018843231-project-member] RESP HEADERS: {'Date': 'Wed, 24 Jun 2026 21:43:57 GMT', 'Server': 'Apache/2.4.58 (Ubuntu)', 'Content-Type': 'text/html; charset=UTF-8', 'Content-Length': '0', 'Etag': '708761f3b8777ec77058e63da08eeeb6', 'Last-Modified': 'Wed, 24 Jun 2026 21:43:57 GMT', 'X-Trans-Id': 'tx811ff284a4194a88a7725-006a3c4f9c', 'X-Openstack-Request-Id': 'tx811ff284a4194a88a7725-006a3c4f9c', 'Connection': 'close'} {{(pid=99482) http_log /opt/stack/data/venv/lib/python3.12/site-packages/swiftclient/client.py:162}}
Jun 24 21:43:57.434877 np0000003578 devstack@g-api.service[99482]: DEBUG glance_store._drivers.swift.store [None req-0f5ce7ac-dbce-4733-aa8c-dffcf5d9e242 tempest-VolumesActionsTest-1018843231 tempest-VolumesActionsTest-1018843231-project-member] Wrote chunk acf17875-511d-4541-b2f5-5361aa472571-00006 (6/?) of length 49741824 to Swift returning MD5 of content: 708761f3b8777ec77058e63da08eeeb6 {{(pid=99482) add /opt/stack/data/venv/lib/python3.12/site-packages/glance_store/_drivers/swift/store.py:1059}}
Jun 24 21:43:57.435388 np0000003578 devstack@g-api.service[99482]: DEBUG glance_store._drivers.swift.store [None req-0f5ce7ac-dbce-4733-aa8c-dffcf5d9e242 tempest-VolumesActionsTest-1018843231 tempest-VolumesActionsTest-1018843231-project-member] Not writing zero-length chunk. {{(pid=99482) add /opt/stack/data/venv/lib/python3.12/site-packages/glance_store/_drivers/swift/store.py:1028}}
Jun 24 21:43:57.470452 np0000003578 devstack@g-api.service[99482]: DEBUG swiftclient [None req-0f5ce7ac-dbce-4733-aa8c-dffcf5d9e242 tempest-VolumesActionsTest-1018843231 tempest-VolumesActionsTest-1018843231-project-member] REQ: curl -i https://10.4.3.194:8080/v1/AUTH_5c3cb563b5504a4ba2f6a6c8a0b6772e/glance/acf17875-511d-4541-b2f5-5361aa472571 -X PUT -H "X-Object-Manifest: glance/acf17875-511d-4541-b2f5-5361aa472571-" -H "X-Auth-Token: gAAAAABqPE-RHn2V..." -H "Content-Length: 0" {{(pid=99482) http_log /opt/stack/data/venv/lib/python3.12/site-packages/swiftclient/client.py:160}}
Jun 24 21:43:57.470581 np0000003578 devstack@g-api.service[99482]: DEBUG swiftclient [None req-0f5ce7ac-dbce-4733-aa8c-dffcf5d9e242 tempest-VolumesActionsTest-1018843231 tempest-VolumesActionsTest-1018843231-project-member] RESP STATUS: 201 Created {{(pid=99482) http_log /opt/stack/data/venv/lib/python3.12/site-packages/swiftclient/client.py:161}}
Jun 24 21:43:57.470744 np0000003578 devstack@g-api.service[99482]: DEBUG swiftclient [None req-0f5ce7ac-dbce-4733-aa8c-dffcf5d9e242 tempest-VolumesActionsTest-1018843231 tempest-VolumesActionsTest-1018843231-project-member] RESP HEADERS: {'Date': 'Wed, 24 Jun 2026 21:43:57 GMT', 'Server': 'Apache/2.4.58 (Ubuntu)', 'Content-Type': 'text/html; charset=UTF-8', 'Content-Length': '0', 'Etag': 'd41d8cd98f00b204e9800998ecf8427e', 'Last-Modified': 'Wed, 24 Jun 2026 21:43:58 GMT', 'X-Trans-Id': 'txf8e314e1aca144ca95c12-006a3c4f9d', 'X-Openstack-Request-Id': 'txf8e314e1aca144ca95c12-006a3c4f9d', 'Connection': 'close'} {{(pid=99482) http_log /opt/stack/data/venv/lib/python3.12/site-packages/swiftclient/client.py:162}}
Jun 24 21:43:57.471160 np0000003578 devstack@g-api.service[99482]: INFO glance.location [None req-0f5ce7ac-dbce-4733-aa8c-dffcf5d9e242 tempest-VolumesActionsTest-1018843231 tempest-VolumesActionsTest-1018843231-project-member] Image format matched and virtual size computed: 1073741824
Jun 24 21:43:57.509412 np0000003578 devstack@g-api.service[99482]: DEBUG glance_store.backend [None req-0f5ce7ac-dbce-4733-aa8c-dffcf5d9e242 tempest-VolumesActionsTest-1018843231 tempest-VolumesActionsTest-1018843231-project-member] Attempting to import store swift {{(pid=99482) _load_store /opt/stack/data/venv/lib/python3.12/site-packages/glance_store/backend.py:215}}
Jun 24 21:43:57.511363 np0000003578 devstack@g-api.service[99482]: DEBUG glance_store.capabilities [None req-0f5ce7ac-dbce-4733-aa8c-dffcf5d9e242 tempest-VolumesActionsTest-1018843231 tempest-VolumesActionsTest-1018843231-project-member] Store glance_store._drivers.swift.store.SingleTenantStore doesn't support updating dynamic storage capabilities. Please overwrite 'update_capabilities' method of the store to implement updating logics if needed. {{(pid=99482) update_capabilities /opt/stack/data/venv/lib/python3.12/site-packages/glance_store/capabilities.py:91}}
Jun 24 21:43:57.511578 np0000003578 devstack@g-api.service[99482]: DEBUG glance_store.driver [None req-0f5ce7ac-dbce-4733-aa8c-dffcf5d9e242 tempest-VolumesActionsTest-1018843231 tempest-VolumesActionsTest-1018843231-project-member] Late loading location class glance_store._drivers.swift.store.StoreLocation {{(pid=99482) get_store_location_class /opt/stack/data/venv/lib/python3.12/site-packages/glance_store/driver.py:134}}
Jun 24 21:43:57.511636 np0000003578 devstack@g-api.service[99482]: DEBUG glance_store.location [None req-0f5ce7ac-dbce-4733-aa8c-dffcf5d9e242 tempest-VolumesActionsTest-1018843231 tempest-VolumesActionsTest-1018843231-project-member] Registering scheme swift+https with {'store': , 'location_class': , 'store_entry': 'swift'} {{(pid=99482) register_scheme_map /opt/stack/data/venv/lib/python3.12/site-packages/glance_store/location.py:146}}
Jun 24 21:43:57.511763 np0000003578 devstack@g-api.service[99482]: DEBUG glance_store.location [None req-0f5ce7ac-dbce-4733-aa8c-dffcf5d9e242 tempest-VolumesActionsTest-1018843231 tempest-VolumesActionsTest-1018843231-project-member] Registering scheme swift+https with {'store': , 'location_class': , 'store_entry': 'swift'} {{(pid=99482) register_scheme_map /opt/stack/data/venv/lib/python3.12/site-packages/glance_store/location.py:146}}
Jun 24 21:43:57.511825 np0000003578 devstack@g-api.service[99482]: DEBUG glance_store.location [None req-0f5ce7ac-dbce-4733-aa8c-dffcf5d9e242 tempest-VolumesActionsTest-1018843231 tempest-VolumesActionsTest-1018843231-project-member] Registering scheme swift with {'store': , 'location_class': , 'store_entry': 'swift'} {{(pid=99482) register_scheme_map /opt/stack/data/venv/lib/python3.12/site-packages/glance_store/location.py:146}}
Jun 24 21:43:57.511988 np0000003578 devstack@g-api.service[99482]: DEBUG glance_store.location [None req-0f5ce7ac-dbce-4733-aa8c-dffcf5d9e242 tempest-VolumesActionsTest-1018843231 tempest-VolumesActionsTest-1018843231-project-member] Registering scheme swift+https with {'store': , 'location_class': , 'store_entry': 'swift'} {{(pid=99482) register_scheme_map /opt/stack/data/venv/lib/python3.12/site-packages/glance_store/location.py:146}}
Jun 24 21:43:57.511988 np0000003578 devstack@g-api.service[99482]: DEBUG glance_store.location [None req-0f5ce7ac-dbce-4733-aa8c-dffcf5d9e242 tempest-VolumesActionsTest-1018843231 tempest-VolumesActionsTest-1018843231-project-member] Registering scheme swift with {'store': , 'location_class': , 'store_entry': 'swift'} {{(pid=99482) register_scheme_map /opt/stack/data/venv/lib/python3.12/site-packages/glance_store/location.py:146}}
Jun 24 21:43:57.511988 np0000003578 devstack@g-api.service[99482]: DEBUG glance_store.location [None req-0f5ce7ac-dbce-4733-aa8c-dffcf5d9e242 tempest-VolumesActionsTest-1018843231 tempest-VolumesActionsTest-1018843231-project-member] Registering scheme swift+http with {'store': , 'location_class': , 'store_entry': 'swift'} {{(pid=99482) register_scheme_map /opt/stack/data/venv/lib/python3.12/site-packages/glance_store/location.py:146}}
Jun 24 21:43:57.512145 np0000003578 devstack@g-api.service[99482]: DEBUG glance_store.location [None req-0f5ce7ac-dbce-4733-aa8c-dffcf5d9e242 tempest-VolumesActionsTest-1018843231 tempest-VolumesActionsTest-1018843231-project-member] Registering scheme swift+https with {'store': , 'location_class': , 'store_entry': 'swift'} {{(pid=99482) register_scheme_map /opt/stack/data/venv/lib/python3.12/site-packages/glance_store/location.py:146}}
Jun 24 21:43:57.512145 np0000003578 devstack@g-api.service[99482]: DEBUG glance_store.location [None req-0f5ce7ac-dbce-4733-aa8c-dffcf5d9e242 tempest-VolumesActionsTest-1018843231 tempest-VolumesActionsTest-1018843231-project-member] Registering scheme swift with {'store': , 'location_class': , 'store_entry': 'swift'} {{(pid=99482) register_scheme_map /opt/stack/data/venv/lib/python3.12/site-packages/glance_store/location.py:146}}
Jun 24 21:43:57.512145 np0000003578 devstack@g-api.service[99482]: DEBUG glance_store.location [None req-0f5ce7ac-dbce-4733-aa8c-dffcf5d9e242 tempest-VolumesActionsTest-1018843231 tempest-VolumesActionsTest-1018843231-project-member] Registering scheme swift+http with {'store': , 'location_class': , 'store_entry': 'swift'} {{(pid=99482) register_scheme_map /opt/stack/data/venv/lib/python3.12/site-packages/glance_store/location.py:146}}
Jun 24 21:43:57.512466 np0000003578 devstack@g-api.service[99482]: DEBUG glance_store.location [None req-0f5ce7ac-dbce-4733-aa8c-dffcf5d9e242 tempest-VolumesActionsTest-1018843231 tempest-VolumesActionsTest-1018843231-project-member] Registering scheme swift+config with {'store': , 'location_class': , 'store_entry': 'swift'} {{(pid=99482) register_scheme_map /opt/stack/data/venv/lib/python3.12/site-packages/glance_store/location.py:146}}
Jun 24 21:43:57.512466 np0000003578 devstack@g-api.service[99482]: DEBUG glance_store.backend [None req-0f5ce7ac-dbce-4733-aa8c-dffcf5d9e242 tempest-VolumesActionsTest-1018843231 tempest-VolumesActionsTest-1018843231-project-member] Skipping store.set_acls... not implemented. {{(pid=99482) set_acls /opt/stack/data/venv/lib/python3.12/site-packages/glance_store/backend.py:507}}
Jun 24 21:43:57.514447 np0000003578 devstack@g-api.service[99482]: [pid: 99482|app: 0|req: 120/394] 127.0.0.1 () {46 vars in 1158 bytes} [Wed Jun 24 21:43:44 2026] PUT /v2/images/acf17875-511d-4541-b2f5-5361aa472571/file => generated 0 bytes in 13387 msecs (HTTP/1.1 204) 4 headers in 171 bytes (1 switches on core 0)
Jun 24 21:43:57.535936 np0000003578 devstack@g-api.service[99480]: DEBUG glance.api.middleware.version_negotiation [None req-8331f2da-34c4-45ba-ac17-34f44679acb2 tempest-VolumesActionsTest-1018843231 tempest-VolumesActionsTest-1018843231-project-member] Determining version of request: GET /v2/images/acf17875-511d-4541-b2f5-5361aa472571 Accept: */* {{(pid=99480) process_request /opt/stack/glance/glance/api/middleware/version_negotiation.py:44}}
Jun 24 21:43:57.535936 np0000003578 devstack@g-api.service[99480]: DEBUG glance.api.middleware.version_negotiation [None req-8331f2da-34c4-45ba-ac17-34f44679acb2 tempest-VolumesActionsTest-1018843231 tempest-VolumesActionsTest-1018843231-project-member] Using url versioning {{(pid=99480) process_request /opt/stack/glance/glance/api/middleware/version_negotiation.py:57}}
Jun 24 21:43:57.535936 np0000003578 devstack@g-api.service[99480]: DEBUG glance.api.middleware.version_negotiation [None req-8331f2da-34c4-45ba-ac17-34f44679acb2 tempest-VolumesActionsTest-1018843231 tempest-VolumesActionsTest-1018843231-project-member] Matched version: v2 {{(pid=99480) process_request /opt/stack/glance/glance/api/middleware/version_negotiation.py:69}}
Jun 24 21:43:57.536732 np0000003578 devstack@g-api.service[99480]: DEBUG glance.api.middleware.version_negotiation [None req-8331f2da-34c4-45ba-ac17-34f44679acb2 tempest-VolumesActionsTest-1018843231 tempest-VolumesActionsTest-1018843231-project-member] new path /v2/images/acf17875-511d-4541-b2f5-5361aa472571 {{(pid=99480) process_request /opt/stack/glance/glance/api/middleware/version_negotiation.py:70}}
Jun 24 21:43:57.549826 np0000003578 devstack@g-api.service[99480]: [pid: 99480|app: 0|req: 141/395] 127.0.0.1 () {44 vars in 1115 bytes} [Wed Jun 24 21:43:57 2026] GET /v2/images/acf17875-511d-4541-b2f5-5361aa472571 => generated 821 bytes in 14 msecs (HTTP/1.1 200) 4 headers in 157 bytes (1 switches on core 0)
