Jun 24 21:35:13.008310 np0000003578 nova-scheduler[93211]: DEBUG cotyledon.oslo_config_glue [-] oslo_limit.auth_type = None {{(pid=93211) log_opt_values /opt/stack/data/venv/lib/python3.12/site-packages/oslo_config/cfg.py:3253}}
Jun 24 21:35:13.008310 np0000003578 nova-scheduler[93211]: DEBUG cotyledon.oslo_config_glue [-] oslo_limit.cafile = None {{(pid=93211) log_opt_values /opt/stack/data/venv/lib/python3.12/site-packages/oslo_config/cfg.py:3253}}
Jun 24 21:35:13.008310 np0000003578 nova-scheduler[93211]: DEBUG cotyledon.oslo_config_glue [-] oslo_limit.certfile = None {{(pid=93211) log_opt_values /opt/stack/data/venv/lib/python3.12/site-packages/oslo_config/cfg.py:3253}}
Jun 24 21:35:13.008310 np0000003578 nova-scheduler[93211]: DEBUG cotyledon.oslo_config_glue [-] oslo_limit.collect_timing = False {{(pid=93211) log_opt_values /opt/stack/data/venv/lib/python3.12/site-packages/oslo_config/cfg.py:3253}}
Jun 24 21:35:13.008494 np0000003578 nova-scheduler[93211]: DEBUG cotyledon.oslo_config_glue [-] oslo_limit.connect_retries = None {{(pid=93211) log_opt_values /opt/stack/data/venv/lib/python3.12/site-packages/oslo_config/cfg.py:3253}}
Jun 24 21:35:13.008494 np0000003578 nova-scheduler[93211]: DEBUG cotyledon.oslo_config_glue [-] oslo_limit.connect_retry_delay = None {{(pid=93211) log_opt_values /opt/stack/data/venv/lib/python3.12/site-packages/oslo_config/cfg.py:3253}}
Jun 24 21:35:13.008494 np0000003578 nova-scheduler[93211]: DEBUG cotyledon.oslo_config_glue [-] oslo_limit.endpoint_id = None {{(pid=93211) log_opt_values /opt/stack/data/venv/lib/python3.12/site-packages/oslo_config/cfg.py:3253}}
Jun 24 21:35:13.008494 np0000003578 nova-scheduler[93211]: DEBUG cotyledon.oslo_config_glue [-] oslo_limit.endpoint_interface = public {{(pid=93211) log_opt_values /opt/stack/data/venv/lib/python3.12/site-packages/oslo_config/cfg.py:3253}}
Jun 24 21:35:13.008494 np0000003578 nova-scheduler[93211]: DEBUG cotyledon.oslo_config_glue [-] oslo_limit.endpoint_override = None {{(pid=93211) log_opt_values /opt/stack/data/venv/lib/python3.12/site-packages/oslo_config/cfg.py:3253}}
Jun 24 21:35:13.008494 np0000003578 nova-scheduler[93211]: DEBUG cotyledon.oslo_config_glue [-] oslo_limit.endpoint_region_name = None {{(pid=93211) log_opt_values /opt/stack/data/venv/lib/python3.12/site-packages/oslo_config/cfg.py:3253}}
Jun 24 21:35:13.008494 np0000003578 nova-scheduler[93211]: DEBUG cotyledon.oslo_config_glue [-] oslo_limit.endpoint_service_name = None {{(pid=93211) log_opt_values /opt/stack/data/venv/lib/python3.12/site-packages/oslo_config/cfg.py:3253}}
Jun 24 21:35:13.008494 np0000003578 nova-scheduler[93211]: DEBUG cotyledon.oslo_config_glue [-] oslo_limit.endpoint_service_type = None {{(pid=93211) log_opt_values /opt/stack/data/venv/lib/python3.12/site-packages/oslo_config/cfg.py:3253}}
Jun 24 21:35:13.008494 np0000003578 nova-scheduler[93211]: DEBUG cotyledon.oslo_config_glue [-] oslo_limit.insecure = False {{(pid=93211) log_opt_values /opt/stack/data/venv/lib/python3.12/site-packages/oslo_config/cfg.py:3253}}
Jun 24 21:35:13.008710 np0000003578 nova-scheduler[93211]: DEBUG cotyledon.oslo_config_glue [-] oslo_limit.keyfile = None {{(pid=93211) log_opt_values /opt/stack/data/venv/lib/python3.12/site-packages/oslo_config/cfg.py:3253}}
Jun 24 21:35:13.008710 np0000003578 nova-scheduler[93211]: DEBUG cotyledon.oslo_config_glue [-] oslo_limit.max_version = None {{(pid=93211) log_opt_values /opt/stack/data/venv/lib/python3.12/site-packages/oslo_config/cfg.py:3253}}
Jun 24 21:35:13.008710 np0000003578 nova-scheduler[93211]: DEBUG cotyledon.oslo_config_glue [-] oslo_limit.min_version = None {{(pid=93211) log_opt_values /opt/stack/data/venv/lib/python3.12/site-packages/oslo_config/cfg.py:3253}}
Jun 24 21:35:13.008710 np0000003578 nova-scheduler[93211]: DEBUG cotyledon.oslo_config_glue [-] oslo_limit.region_name = None {{(pid=93211) log_opt_values /opt/stack/data/venv/lib/python3.12/site-packages/oslo_config/cfg.py:3253}}
Jun 24 21:35:13.008710 np0000003578 nova-scheduler[93211]: DEBUG cotyledon.oslo_config_glue [-] oslo_limit.retriable_status_codes = None {{(pid=93211) log_opt_values /opt/stack/data/venv/lib/python3.12/site-packages/oslo_config/cfg.py:3253}}
Jun 24 21:35:13.008710 np0000003578 nova-scheduler[93211]: DEBUG cotyledon.oslo_config_glue [-] oslo_limit.service_name = None {{(pid=93211) log_opt_values /opt/stack/data/venv/lib/python3.12/site-packages/oslo_config/cfg.py:3253}}
Jun 24 21:35:13.008710 np0000003578 nova-scheduler[93211]: DEBUG cotyledon.oslo_config_glue [-] oslo_limit.service_type = None {{(pid=93211) log_opt_values /opt/stack/data/venv/lib/python3.12/site-packages/oslo_config/cfg.py:3253}}
Jun 24 21:35:13.008710 np0000003578 nova-scheduler[93211]: DEBUG cotyledon.oslo_config_glue [-] oslo_limit.split_loggers = False {{(pid=93211) log_opt_values /opt/stack/data/venv/lib/python3.12/site-packages/oslo_config/cfg.py:3253}}
Jun 24 21:35:13.008710 np0000003578 nova-scheduler[93211]: DEBUG cotyledon.oslo_config_glue [-] oslo_limit.status_code_retries = None {{(pid=93211) log_opt_values /opt/stack/data/venv/lib/python3.12/site-packages/oslo_config/cfg.py:3253}}
Jun 24 21:35:13.008873 np0000003578 nova-scheduler[93211]: DEBUG cotyledon.oslo_config_glue [-] oslo_limit.status_code_retry_delay = None {{(pid=93211) log_opt_values /opt/stack/data/venv/lib/python3.12/site-packages/oslo_config/cfg.py:3253}}
Jun 24 21:35:13.008873 np0000003578 nova-scheduler[93211]: DEBUG cotyledon.oslo_config_glue [-] oslo_limit.timeout = None {{(pid=93211) log_opt_values /opt/stack/data/venv/lib/python3.12/site-packages/oslo_config/cfg.py:3253}}
Jun 24 21:35:13.008873 np0000003578 nova-scheduler[93211]: DEBUG cotyledon.oslo_config_glue [-] oslo_limit.valid_interfaces = None {{(pid=93211) log_opt_values /opt/stack/data/venv/lib/python3.12/site-packages/oslo_config/cfg.py:3253}}
Jun 24 21:35:13.008873 np0000003578 nova-scheduler[93211]: DEBUG cotyledon.oslo_config_glue [-] oslo_limit.version = None {{(pid=93211) log_opt_values /opt/stack/data/venv/lib/python3.12/site-packages/oslo_config/cfg.py:3253}}
Jun 24 21:35:13.008873 np0000003578 nova-scheduler[93211]: DEBUG cotyledon.oslo_config_glue [-] oslo_reports.file_event_handler = None {{(pid=93211) log_opt_values /opt/stack/data/venv/lib/python3.12/site-packages/oslo_config/cfg.py:3253}}
Jun 24 21:35:13.008873 np0000003578 nova-scheduler[93211]: DEBUG cotyledon.oslo_config_glue [-] oslo_reports.file_event_handler_interval = 1 {{(pid=93211) log_opt_values /opt/stack/data/venv/lib/python3.12/site-packages/oslo_config/cfg.py:3253}}
Jun 24 21:35:13.008873 np0000003578 nova-scheduler[93211]: DEBUG cotyledon.oslo_config_glue [-] oslo_reports.log_dir = None {{(pid=93211) log_opt_values /opt/stack/data/venv/lib/python3.12/site-packages/oslo_config/cfg.py:3253}}
Jun 24 21:35:13.008873 np0000003578 nova-scheduler[93211]: DEBUG cotyledon.oslo_config_glue [-] ******************************************************************************** {{(pid=93211) log_opt_values /opt/stack/data/venv/lib/python3.12/site-packages/oslo_config/cfg.py:3260}}
Jun 24 21:35:13.008873 np0000003578 nova-scheduler[93211]: DEBUG cotyledon._service_worker [-] Run service ServiceWrapper(2) [93211] {{(pid=93211) wait_forever /opt/stack/data/venv/lib/python3.12/site-packages/cotyledon/_service_worker.py:218}}
Jun 24 21:35:13.009039 np0000003578 nova-scheduler[93206]: DEBUG oslo_db.sqlalchemy.engines [None req-bfbbd0db-8cdf-4ad5-a249-2583517a6bf8 None None] MySQL server mode set to STRICT_TRANS_TABLES,STRICT_ALL_TABLES,NO_ZERO_IN_DATE,NO_ZERO_DATE,ERROR_FOR_DIVISION_BY_ZERO,TRADITIONAL,NO_ENGINE_SUBSTITUTION {{(pid=93206) _check_effective_sql_mode /opt/stack/data/venv/lib/python3.12/site-packages/oslo_db/sqlalchemy/engines.py:325}}
Jun 24 21:35:13.009066 np0000003578 nova-scheduler[93211]: INFO nova.service [-] Starting scheduler node (version 33.1.0)
Jun 24 21:35:13.009066 np0000003578 nova-scheduler[93211]: INFO dbcounter [None req-23c78d77-0f1a-4d15-ab04-f2b8cb5fd3e6 None None] Registered counter for database nova_cell0
Jun 24 21:35:13.011184 np0000003578 nova-scheduler[93206]: DEBUG dbcounter [-] [93206] Writer thread running {{(pid=93206) stat_writer /opt/stack/data/venv/lib/python3.12/site-packages/dbcounter.py:102}}
Jun 24 21:35:13.012791 np0000003578 nova-scheduler[93209]: DEBUG oslo_db.sqlalchemy.engines [None req-ba90cd80-9075-4c95-9369-f2ebb050dcc0 None None] MySQL server mode set to STRICT_TRANS_TABLES,STRICT_ALL_TABLES,NO_ZERO_IN_DATE,NO_ZERO_DATE,ERROR_FOR_DIVISION_BY_ZERO,TRADITIONAL,NO_ENGINE_SUBSTITUTION {{(pid=93209) _check_effective_sql_mode /opt/stack/data/venv/lib/python3.12/site-packages/oslo_db/sqlalchemy/engines.py:325}}
Jun 24 21:35:13.021774 np0000003578 nova-scheduler[93209]: DEBUG dbcounter [-] [93209] Writer thread running {{(pid=93209) stat_writer /opt/stack/data/venv/lib/python3.12/site-packages/dbcounter.py:102}}
Jun 24 21:35:13.025146 np0000003578 nova-scheduler[93206]: DEBUG nova.service [None req-bfbbd0db-8cdf-4ad5-a249-2583517a6bf8 None None] Creating RPC server for service: nova-scheduler on topic: scheduler {{(pid=93206) start /opt/stack/nova/nova/service.py:196}}
Jun 24 21:35:13.035837 np0000003578 nova-scheduler[93209]: DEBUG nova.service [None req-ba90cd80-9075-4c95-9369-f2ebb050dcc0 None None] Creating RPC server for service: nova-scheduler on topic: scheduler {{(pid=93209) start /opt/stack/nova/nova/service.py:196}}
Jun 24 21:35:13.038404 np0000003578 nova-scheduler[93211]: DEBUG oslo_db.sqlalchemy.engines [None req-23c78d77-0f1a-4d15-ab04-f2b8cb5fd3e6 None None] MySQL server mode set to STRICT_TRANS_TABLES,STRICT_ALL_TABLES,NO_ZERO_IN_DATE,NO_ZERO_DATE,ERROR_FOR_DIVISION_BY_ZERO,TRADITIONAL,NO_ENGINE_SUBSTITUTION {{(pid=93211) _check_effective_sql_mode /opt/stack/data/venv/lib/python3.12/site-packages/oslo_db/sqlalchemy/engines.py:325}}
Jun 24 21:35:13.047068 np0000003578 nova-scheduler[93211]: DEBUG dbcounter [-] [93211] Writer thread running {{(pid=93211) stat_writer /opt/stack/data/venv/lib/python3.12/site-packages/dbcounter.py:102}}
Jun 24 21:35:13.048383 np0000003578 nova-scheduler[93206]: DEBUG nova.service [None req-bfbbd0db-8cdf-4ad5-a249-2583517a6bf8 None None] Join ServiceGroup membership for this service scheduler {{(pid=93206) start /opt/stack/nova/nova/service.py:222}}
Jun 24 21:35:13.048593 np0000003578 nova-scheduler[93206]: DEBUG nova.servicegroup.drivers.db [None req-bfbbd0db-8cdf-4ad5-a249-2583517a6bf8 None None] DB_Driver: join new ServiceGroup member np0000003578 to the scheduler group, service = {{(pid=93206) join /opt/stack/nova/nova/servicegroup/drivers/db.py:44}}
Jun 24 21:35:13.049729 np0000003578 nova-scheduler[93211]: DEBUG nova.service [None req-23c78d77-0f1a-4d15-ab04-f2b8cb5fd3e6 None None] Creating RPC server for service: nova-scheduler on topic: scheduler {{(pid=93211) start /opt/stack/nova/nova/service.py:196}}
Jun 24 21:35:13.053143 np0000003578 nova-scheduler[93209]: DEBUG nova.service [None req-ba90cd80-9075-4c95-9369-f2ebb050dcc0 None None] Join ServiceGroup membership for this service scheduler {{(pid=93209) start /opt/stack/nova/nova/service.py:222}}
Jun 24 21:35:13.053338 np0000003578 nova-scheduler[93209]: DEBUG nova.servicegroup.drivers.db [None req-ba90cd80-9075-4c95-9369-f2ebb050dcc0 None None] DB_Driver: join new ServiceGroup member np0000003578 to the scheduler group, service = {{(pid=93209) join /opt/stack/nova/nova/servicegroup/drivers/db.py:44}}
Jun 24 21:35:13.065597 np0000003578 nova-scheduler[93211]: DEBUG nova.service [None req-23c78d77-0f1a-4d15-ab04-f2b8cb5fd3e6 None None] Join ServiceGroup membership for this service scheduler {{(pid=93211) start /opt/stack/nova/nova/service.py:222}}
Jun 24 21:35:13.065830 np0000003578 nova-scheduler[93211]: DEBUG nova.servicegroup.drivers.db [None req-23c78d77-0f1a-4d15-ab04-f2b8cb5fd3e6 None None] DB_Driver: join new ServiceGroup member np0000003578 to the scheduler group, service = {{(pid=93211) join /opt/stack/nova/nova/servicegroup/drivers/db.py:44}}
Jun 24 21:35:18.065416 np0000003578 nova-scheduler[93206]: DEBUG oslo.service.backend._threading.loopingcall [-] Fixed interval looping call 'nova.servicegroup.drivers.db.DbDriver._report_state' sleeping for 119.98 seconds {{(pid=93206) _run_loop /opt/stack/data/venv/lib/python3.12/site-packages/oslo_service/backend/_threading/loopingcall.py:125}}
Jun 24 21:35:18.067291 np0000003578 nova-scheduler[93209]: DEBUG oslo.service.backend._threading.loopingcall [-] Fixed interval looping call 'nova.servicegroup.drivers.db.DbDriver._report_state' sleeping for 119.99 seconds {{(pid=93209) _run_loop /opt/stack/data/venv/lib/python3.12/site-packages/oslo_service/backend/_threading/loopingcall.py:125}}
Jun 24 21:35:18.076498 np0000003578 nova-scheduler[93211]: DEBUG oslo.service.backend._threading.loopingcall [-] Fixed interval looping call 'nova.servicegroup.drivers.db.DbDriver._report_state' sleeping for 119.99 seconds {{(pid=93211) _run_loop /opt/stack/data/venv/lib/python3.12/site-packages/oslo_service/backend/_threading/loopingcall.py:125}}
Jun 24 21:35:21.634875 np0000003578 nova-scheduler[92005]: DEBUG dbcounter [-] [92005] Writing DB stats nova_api:SELECT=3 {{(pid=92005) stat_writer /opt/stack/data/venv/lib/python3.12/site-packages/dbcounter.py:115}}
Jun 24 21:35:21.767481 np0000003578 nova-scheduler[92005]: DEBUG dbcounter [-] [92005] Writing DB stats nova_cell1:SELECT=1 {{(pid=92005) stat_writer /opt/stack/data/venv/lib/python3.12/site-packages/dbcounter.py:115}}
Jun 24 21:35:21.772889 np0000003578 nova-scheduler[92005]: DEBUG dbcounter [-] [92005] Writing DB stats nova_cell0:SELECT=1 {{(pid=92005) stat_writer /opt/stack/data/venv/lib/python3.12/site-packages/dbcounter.py:115}}
Jun 24 21:35:28.059330 np0000003578 nova-scheduler[93206]: DEBUG dbcounter [-] [93206] Writing DB stats nova_cell0:SELECT=4,nova_cell0:INSERT=1,nova_cell0:UPDATE=1 {{(pid=93206) stat_writer /opt/stack/data/venv/lib/python3.12/site-packages/dbcounter.py:115}}
Jun 24 21:35:28.061477 np0000003578 nova-scheduler[93209]: DEBUG dbcounter [-] [93209] Writing DB stats nova_cell0:SELECT=4,nova_cell0:INSERT=1,nova_cell0:UPDATE=1 {{(pid=93209) stat_writer /opt/stack/data/venv/lib/python3.12/site-packages/dbcounter.py:115}}
Jun 24 21:35:28.073560 np0000003578 nova-scheduler[93211]: DEBUG dbcounter [-] [93211] Writing DB stats nova_cell0:SELECT=3 {{(pid=93211) stat_writer /opt/stack/data/venv/lib/python3.12/site-packages/dbcounter.py:115}}
Jun 24 21:35:40.067804 np0000003578 nova-scheduler[93211]: DEBUG oslo.service.backend._threading.loopingcall [None req-fd1e70e9-2d62-46e5-9e28-00fd8a5bd8fe None None] Dynamic interval looping call 'nova.service.Service.periodic_tasks' sleeping for 60.00 seconds {{(pid=93211) _run_loop /opt/stack/data/venv/lib/python3.12/site-packages/oslo_service/backend/_threading/loopingcall.py:125}}
Jun 24 21:35:44.050547 np0000003578 nova-scheduler[93206]: DEBUG oslo.service.backend._threading.loopingcall [None req-97b30fcd-f49b-4084-8d33-267b7f5690e1 None None] Dynamic interval looping call 'nova.service.Service.periodic_tasks' sleeping for 60.00 seconds {{(pid=93206) _run_loop /opt/stack/data/venv/lib/python3.12/site-packages/oslo_service/backend/_threading/loopingcall.py:125}}
Jun 24 21:36:12.055450 np0000003578 nova-scheduler[93209]: DEBUG oslo.service.backend._threading.loopingcall [None req-8af15cfa-c77d-4409-b47d-53cb00aed096 None None] Dynamic interval looping call 'nova.service.Service.periodic_tasks' sleeping for 60.00 seconds {{(pid=93209) _run_loop /opt/stack/data/venv/lib/python3.12/site-packages/oslo_service/backend/_threading/loopingcall.py:125}}
Jun 24 21:36:40.068317 np0000003578 nova-scheduler[93211]: DEBUG oslo.service.backend._threading.loopingcall [None req-fd1e70e9-2d62-46e5-9e28-00fd8a5bd8fe None None] Dynamic interval looping call 'nova.service.Service.periodic_tasks' sleeping for 60.00 seconds {{(pid=93211) _run_loop /opt/stack/data/venv/lib/python3.12/site-packages/oslo_service/backend/_threading/loopingcall.py:125}}
Jun 24 21:36:44.051076 np0000003578 nova-scheduler[93206]: DEBUG oslo.service.backend._threading.loopingcall [None req-97b30fcd-f49b-4084-8d33-267b7f5690e1 None None] Dynamic interval looping call 'nova.service.Service.periodic_tasks' sleeping for 60.00 seconds {{(pid=93206) _run_loop /opt/stack/data/venv/lib/python3.12/site-packages/oslo_service/backend/_threading/loopingcall.py:125}}
Jun 24 21:37:12.056030 np0000003578 nova-scheduler[93209]: DEBUG oslo.service.backend._threading.loopingcall [None req-8af15cfa-c77d-4409-b47d-53cb00aed096 None None] Dynamic interval looping call 'nova.service.Service.periodic_tasks' sleeping for 60.00 seconds {{(pid=93209) _run_loop /opt/stack/data/venv/lib/python3.12/site-packages/oslo_service/backend/_threading/loopingcall.py:125}}
Jun 24 21:37:18.053432 np0000003578 nova-scheduler[93206]: DEBUG oslo.service.backend._threading.loopingcall [-] Fixed interval looping call 'nova.servicegroup.drivers.db.DbDriver._report_state' sleeping for 119.99 seconds {{(pid=93206) _run_loop /opt/stack/data/venv/lib/python3.12/site-packages/oslo_service/backend/_threading/loopingcall.py:125}}
Jun 24 21:37:18.060921 np0000003578 nova-scheduler[93209]: DEBUG oslo.service.backend._threading.loopingcall [-] Fixed interval looping call 'nova.servicegroup.drivers.db.DbDriver._report_state' sleeping for 120.00 seconds {{(pid=93209) _run_loop /opt/stack/data/venv/lib/python3.12/site-packages/oslo_service/backend/_threading/loopingcall.py:125}}
Jun 24 21:37:18.069860 np0000003578 nova-scheduler[93211]: DEBUG oslo.service.backend._threading.loopingcall [-] Fixed interval looping call 'nova.servicegroup.drivers.db.DbDriver._report_state' sleeping for 120.00 seconds {{(pid=93211) _run_loop /opt/stack/data/venv/lib/python3.12/site-packages/oslo_service/backend/_threading/loopingcall.py:125}}
Jun 24 21:37:28.049264 np0000003578 nova-scheduler[93206]: DEBUG dbcounter [-] [93206] Writing DB stats nova_cell0:SELECT=1,nova_cell0:UPDATE=1 {{(pid=93206) stat_writer /opt/stack/data/venv/lib/python3.12/site-packages/dbcounter.py:115}}
Jun 24 21:37:28.059343 np0000003578 nova-scheduler[93209]: DEBUG dbcounter [-] [93209] Writing DB stats nova_cell0:SELECT=1 {{(pid=93209) stat_writer /opt/stack/data/venv/lib/python3.12/site-packages/dbcounter.py:115}}
Jun 24 21:37:28.068444 np0000003578 nova-scheduler[93211]: DEBUG dbcounter [-] [93211] Writing DB stats nova_cell0:SELECT=1 {{(pid=93211) stat_writer /opt/stack/data/venv/lib/python3.12/site-packages/dbcounter.py:115}}
Jun 24 21:37:40.068847 np0000003578 nova-scheduler[93211]: DEBUG oslo.service.backend._threading.loopingcall [None req-fd1e70e9-2d62-46e5-9e28-00fd8a5bd8fe None None] Dynamic interval looping call 'nova.service.Service.periodic_tasks' sleeping for 60.00 seconds {{(pid=93211) _run_loop /opt/stack/data/venv/lib/python3.12/site-packages/oslo_service/backend/_threading/loopingcall.py:125}}
Jun 24 21:37:44.053671 np0000003578 nova-scheduler[93206]: DEBUG oslo.service.backend._threading.loopingcall [None req-97b30fcd-f49b-4084-8d33-267b7f5690e1 None None] Dynamic interval looping call 'nova.service.Service.periodic_tasks' sleeping for 60.00 seconds {{(pid=93206) _run_loop /opt/stack/data/venv/lib/python3.12/site-packages/oslo_service/backend/_threading/loopingcall.py:125}}
Jun 24 21:37:53.287391 np0000003578 nova-scheduler[93206]: DEBUG nova.scheduler.manager [None req-13efe117-8875-4f13-8358-2c2cb1746e10 tempest-ServerBootFromVolumeStableRescueTest-49901999 tempest-ServerBootFromVolumeStableRescueTest-49901999-project-member] Starting to schedule for instances: ['05a9b2e6-1acc-46a5-9f98-934a767b7e50'] {{(pid=93206) select_destinations /opt/stack/nova/nova/scheduler/manager.py:210}}
Jun 24 21:37:53.288011 np0000003578 nova-scheduler[93206]: DEBUG nova.scheduler.request_filter [None req-13efe117-8875-4f13-8358-2c2cb1746e10 tempest-ServerBootFromVolumeStableRescueTest-49901999 tempest-ServerBootFromVolumeStableRescueTest-49901999-project-member] compute_status_filter request filter added forbidden trait COMPUTE_STATUS_DISABLED {{(pid=93206) compute_status_filter /opt/stack/nova/nova/scheduler/request_filter.py:253}}
Jun 24 21:37:53.288011 np0000003578 nova-scheduler[93206]: DEBUG nova.scheduler.request_filter [None req-13efe117-8875-4f13-8358-2c2cb1746e10 tempest-ServerBootFromVolumeStableRescueTest-49901999 tempest-ServerBootFromVolumeStableRescueTest-49901999-project-member] Request filter 'compute_status_filter' took 0.0 seconds {{(pid=93206) wrapper /opt/stack/nova/nova/scheduler/request_filter.py:46}}
Jun 24 21:37:53.288254 np0000003578 nova-scheduler[93206]: DEBUG nova.scheduler.request_filter [None req-13efe117-8875-4f13-8358-2c2cb1746e10 tempest-ServerBootFromVolumeStableRescueTest-49901999 tempest-ServerBootFromVolumeStableRescueTest-49901999-project-member] Request filter 'accelerators_filter' took 0.0 seconds {{(pid=93206) wrapper /opt/stack/nova/nova/scheduler/request_filter.py:46}}
Jun 24 21:37:53.288785 np0000003578 nova-scheduler[93206]: DEBUG nova.scheduler.request_filter [None req-13efe117-8875-4f13-8358-2c2cb1746e10 tempest-ServerBootFromVolumeStableRescueTest-49901999 tempest-ServerBootFromVolumeStableRescueTest-49901999-project-member] Request filter 'packed_virtqueue_filter' took 0.0 seconds {{(pid=93206) wrapper /opt/stack/nova/nova/scheduler/request_filter.py:46}}
Jun 24 21:37:53.289299 np0000003578 nova-scheduler[93206]: DEBUG nova.scheduler.request_filter [None req-13efe117-8875-4f13-8358-2c2cb1746e10 tempest-ServerBootFromVolumeStableRescueTest-49901999 tempest-ServerBootFromVolumeStableRescueTest-49901999-project-member] Request filter 'remote_managed_ports_filter' took 0.0 seconds {{(pid=93206) wrapper /opt/stack/nova/nova/scheduler/request_filter.py:46}}
Jun 24 21:37:53.289299 np0000003578 nova-scheduler[93206]: DEBUG nova.scheduler.request_filter [None req-13efe117-8875-4f13-8358-2c2cb1746e10 tempest-ServerBootFromVolumeStableRescueTest-49901999 tempest-ServerBootFromVolumeStableRescueTest-49901999-project-member] ephemeral_encryption_filter skipped {{(pid=93206) ephemeral_encryption_filter /opt/stack/nova/nova/scheduler/request_filter.py:426}}
Jun 24 21:37:53.289299 np0000003578 nova-scheduler[93206]: DEBUG nova.scheduler.request_filter [None req-13efe117-8875-4f13-8358-2c2cb1746e10 tempest-ServerBootFromVolumeStableRescueTest-49901999 tempest-ServerBootFromVolumeStableRescueTest-49901999-project-member] virtio_sound_filter skipped {{(pid=93206) virtio_sound_filter /opt/stack/nova/nova/scheduler/request_filter.py:460}}
Jun 24 21:37:53.289549 np0000003578 nova-scheduler[93206]: DEBUG nova.scheduler.request_filter [None req-13efe117-8875-4f13-8358-2c2cb1746e10 tempest-ServerBootFromVolumeStableRescueTest-49901999 tempest-ServerBootFromVolumeStableRescueTest-49901999-project-member] tpm_secret_security_filter skipped {{(pid=93206) tpm_secret_security_filter /opt/stack/nova/nova/scheduler/request_filter.py:477}}
Jun 24 21:37:53.877726 np0000003578 nova-scheduler[93206]: INFO nova.utils [None req-13efe117-8875-4f13-8358-2c2cb1746e10 tempest-ServerBootFromVolumeStableRescueTest-49901999 tempest-ServerBootFromVolumeStableRescueTest-49901999-project-member] The cell worker thread pool ForkProcess-1.cell_worker is initialized
Jun 24 21:37:53.878329 np0000003578 nova-scheduler[93206]: DEBUG oslo_concurrency.lockutils [None req-13efe117-8875-4f13-8358-2c2cb1746e10 tempest-ServerBootFromVolumeStableRescueTest-49901999 tempest-ServerBootFromVolumeStableRescueTest-49901999-project-member] Acquiring lock "265148a6-b66b-4c93-8a50-504508ae5af1" by "nova.context.set_target_cell..get_or_set_cached_cell_and_set_connections" {{(pid=93206) inner /opt/stack/data/venv/lib/python3.12/site-packages/oslo_concurrency/lockutils.py:511}}
Jun 24 21:37:53.878329 np0000003578 nova-scheduler[93206]: DEBUG oslo_concurrency.lockutils [None req-13efe117-8875-4f13-8358-2c2cb1746e10 tempest-ServerBootFromVolumeStableRescueTest-49901999 tempest-ServerBootFromVolumeStableRescueTest-49901999-project-member] Lock "265148a6-b66b-4c93-8a50-504508ae5af1" acquired by "nova.context.set_target_cell..get_or_set_cached_cell_and_set_connections" :: waited 0.000s {{(pid=93206) inner /opt/stack/data/venv/lib/python3.12/site-packages/oslo_concurrency/lockutils.py:524}}
Jun 24 21:37:53.880507 np0000003578 nova-scheduler[93206]: DEBUG oslo_concurrency.lockutils [None req-13efe117-8875-4f13-8358-2c2cb1746e10 tempest-ServerBootFromVolumeStableRescueTest-49901999 tempest-ServerBootFromVolumeStableRescueTest-49901999-project-member] Lock "265148a6-b66b-4c93-8a50-504508ae5af1" "released" by "nova.context.set_target_cell..get_or_set_cached_cell_and_set_connections" :: held 0.002s {{(pid=93206) inner /opt/stack/data/venv/lib/python3.12/site-packages/oslo_concurrency/lockutils.py:543}}
Jun 24 21:37:53.882798 np0000003578 nova-scheduler[93206]: INFO dbcounter [None req-13efe117-8875-4f13-8358-2c2cb1746e10 tempest-ServerBootFromVolumeStableRescueTest-49901999 tempest-ServerBootFromVolumeStableRescueTest-49901999-project-member] Registered counter for database nova_cell1
Jun 24 21:37:53.925066 np0000003578 nova-scheduler[93206]: DEBUG oslo_db.sqlalchemy.engines [None req-13efe117-8875-4f13-8358-2c2cb1746e10 tempest-ServerBootFromVolumeStableRescueTest-49901999 tempest-ServerBootFromVolumeStableRescueTest-49901999-project-member] MySQL server mode set to STRICT_TRANS_TABLES,STRICT_ALL_TABLES,NO_ZERO_IN_DATE,NO_ZERO_DATE,ERROR_FOR_DIVISION_BY_ZERO,TRADITIONAL,NO_ENGINE_SUBSTITUTION {{(pid=93206) _check_effective_sql_mode /opt/stack/data/venv/lib/python3.12/site-packages/oslo_db/sqlalchemy/engines.py:325}}
Jun 24 21:37:53.931952 np0000003578 nova-scheduler[93206]: DEBUG dbcounter [-] [93206] Writer thread running {{(pid=93206) stat_writer /opt/stack/data/venv/lib/python3.12/site-packages/dbcounter.py:102}}
Jun 24 21:37:53.946767 np0000003578 nova-scheduler[93206]: DEBUG oslo_db.sqlalchemy.engines [None req-13efe117-8875-4f13-8358-2c2cb1746e10 tempest-ServerBootFromVolumeStableRescueTest-49901999 tempest-ServerBootFromVolumeStableRescueTest-49901999-project-member] Parent process 92005 forked (93206) with an open database connection, which is being discarded and recreated. {{(pid=93206) checkout /opt/stack/data/venv/lib/python3.12/site-packages/oslo_db/sqlalchemy/engines.py:402}}
Jun 24 21:37:53.987396 np0000003578 nova-scheduler[93206]: DEBUG dbcounter [-] [93206] Writer thread running {{(pid=93206) stat_writer /opt/stack/data/venv/lib/python3.12/site-packages/dbcounter.py:102}}
Jun 24 21:37:53.990031 np0000003578 nova-scheduler[93206]: DEBUG oslo_concurrency.lockutils [None req-13efe117-8875-4f13-8358-2c2cb1746e10 tempest-ServerBootFromVolumeStableRescueTest-49901999 tempest-ServerBootFromVolumeStableRescueTest-49901999-project-member] Acquiring lock "265148a6-b66b-4c93-8a50-504508ae5af1" by "nova.context.set_target_cell..get_or_set_cached_cell_and_set_connections" {{(pid=93206) inner /opt/stack/data/venv/lib/python3.12/site-packages/oslo_concurrency/lockutils.py:511}}
Jun 24 21:37:53.990211 np0000003578 nova-scheduler[93206]: DEBUG oslo_concurrency.lockutils [None req-13efe117-8875-4f13-8358-2c2cb1746e10 tempest-ServerBootFromVolumeStableRescueTest-49901999 tempest-ServerBootFromVolumeStableRescueTest-49901999-project-member] Lock "265148a6-b66b-4c93-8a50-504508ae5af1" acquired by "nova.context.set_target_cell..get_or_set_cached_cell_and_set_connections" :: waited 0.000s {{(pid=93206) inner /opt/stack/data/venv/lib/python3.12/site-packages/oslo_concurrency/lockutils.py:524}}
Jun 24 21:37:53.990322 np0000003578 nova-scheduler[93206]: DEBUG oslo_concurrency.lockutils [None req-13efe117-8875-4f13-8358-2c2cb1746e10 tempest-ServerBootFromVolumeStableRescueTest-49901999 tempest-ServerBootFromVolumeStableRescueTest-49901999-project-member] Lock "265148a6-b66b-4c93-8a50-504508ae5af1" "released" by "nova.context.set_target_cell..get_or_set_cached_cell_and_set_connections" :: held 0.000s {{(pid=93206) inner /opt/stack/data/venv/lib/python3.12/site-packages/oslo_concurrency/lockutils.py:543}}
Jun 24 21:37:53.993592 np0000003578 nova-scheduler[93206]: DEBUG oslo_concurrency.lockutils [None req-13efe117-8875-4f13-8358-2c2cb1746e10 tempest-ServerBootFromVolumeStableRescueTest-49901999 tempest-ServerBootFromVolumeStableRescueTest-49901999-project-member] Acquiring lock "('np0000003578', 'np0000003578')" by "nova.scheduler.host_manager.HostState.update.._locked_update" {{(pid=93206) inner /opt/stack/data/venv/lib/python3.12/site-packages/oslo_concurrency/lockutils.py:511}}
Jun 24 21:37:53.993734 np0000003578 nova-scheduler[93206]: DEBUG oslo_concurrency.lockutils [None req-13efe117-8875-4f13-8358-2c2cb1746e10 tempest-ServerBootFromVolumeStableRescueTest-49901999 tempest-ServerBootFromVolumeStableRescueTest-49901999-project-member] Lock "('np0000003578', 'np0000003578')" acquired by "nova.scheduler.host_manager.HostState.update.._locked_update" :: waited 0.000s {{(pid=93206) inner /opt/stack/data/venv/lib/python3.12/site-packages/oslo_concurrency/lockutils.py:524}}
Jun 24 21:37:53.994887 np0000003578 nova-scheduler[93206]: DEBUG nova.scheduler.host_manager [None req-13efe117-8875-4f13-8358-2c2cb1746e10 tempest-ServerBootFromVolumeStableRescueTest-49901999 tempest-ServerBootFromVolumeStableRescueTest-49901999-project-member] Update host state from compute node: ComputeNode(cpu_allocation_ratio=4.0,cpu_info='{"arch": "x86_64", "model": "EPYC-Milan", "vendor": "AMD", "topology": {"cells": 1, "sockets": 16, "cores": 1, "threads": 1}, "maxphysaddr": {"mode": "emulate", "bits": 40}, "features": ["avx", "syscall", "pfthreshold", "v-vmsave-vmload", "rdtscp", "virt-ssbd", "osvw", "npt", "mds-no", "popcnt", "xsavec", "pschange-mc-no", "lm", "amd-stibp", "fma", "rdpid", "fsrm", "bmi2", "vpclmulqdq", "fxsr", "gds-no", "perfctr_core", "pge", "rdrand", "nrip-save", "xsaveerptr", "svm", "wbnoinvd", "xgetbv1", "msr", "clflush", "aes", "rdseed", "xsaves", "pcid", "topoext", "skip-l1dfl-vmentry", "ibrs", "clflushopt", "sha-ni", "fxsr_opt", "erms", "lbrv", "cx8", "spec-ctrl", "pni", "bmi1", "pause-filter", "stibp", "mmx", "vaes", "ibpb", "fpu", "flushbyasid", "ssbd", "clzero", "avx2", "cmov", "mtrr", "clwb", "abm", "null-sel-clr-base", "tsc", "sse2", "rdctl-no", "invpcid", "sep", "smep", "xsave", "vgif", "sse4.1", "arch-capabilities", "sse4a", "cx16", "cmp_legacy", "f16c", "mce", "nx", "pse36", "xsaveopt", "x2apic", "fsgsbase", "pku", "misalignsse", "de", "no-nested-data-bp", "stibp-always-on", "pat", "hypervisor", "movbe", "sse", "amd-ssbd", "arat", "tsc_adjust", "amd-psfd", "3dnowprefetch", "lfence-always-serializing", "lahf_lm", "mmxext", "svme-addr-chk", "pclmuldq", "sse4.2", "vme", "umip", "tsc-deadline", "adx", "vmcb-clean", "pae", "smap", "ssse3", "mca", "tsc-scale", "pse", "apic", "cr8legacy", "pdpe1gb"]}',created_at=2026-06-24T21:35:38Z,current_workload=0,deleted=False,deleted_at=None,disk_allocation_ratio=1.0,disk_available_least=73,free_disk_gb=95,free_ram_mb=62765,host='np0000003578',host_ip=10.4.3.194,hypervisor_hostname='np0000003578',hypervisor_type='QEMU',hypervisor_version=8002002,id=1,local_gb=95,local_gb_used=0,mapped=1,memory_mb=63277,memory_mb_used=512,metrics='[]',numa_topology='{"nova_object.name": "NUMATopology", "nova_object.namespace": "nova", "nova_object.version": "1.2", "nova_object.data": {"cells": [{"nova_object.name": "NUMACell", "nova_object.namespace": "nova", "nova_object.version": "1.5", "nova_object.data": {"id": 0, "cpuset": [0, 1, 2, 3, 4, 5, 6, 7, 8, 9, 10, 11, 12, 13, 14, 15], "pcpuset": [0, 1, 2, 3, 4, 5, 6, 7, 8, 9, 10, 11, 12, 13, 14, 15], "memory": 63277, "cpu_usage": 0, "memory_usage": 0, "pinned_cpus": [], "siblings": [[6], [12], [2], [15], [5], [11], [8], [14], [4], [1], [7], [10], [0], [13], [3], [9]], "mempages": [{"nova_object.name": "NUMAPagesTopology", "nova_object.namespace": "nova", "nova_object.version": "1.1", "nova_object.data": {"size_kb": 4, "total": 16177929, "used": 0, "reserved": 0}, "nova_object.changes": ["used", "total", "size_kb", "reserved"]}, {"nova_object.name": "NUMAPagesTopology", "nova_object.namespace": "nova", "nova_object.version": "1.1", "nova_object.data": {"size_kb": 2048, "total": 41, "used": 0, "reserved": 0}, "nova_object.changes": ["used", "total", "size_kb", "reserved"]}, {"nova_object.name": "NUMAPagesTopology", "nova_object.namespace": "nova", "nova_object.version": "1.1", "nova_object.data": {"size_kb": 1048576, "total": 0, "used": 0, "reserved": 0}, "nova_object.changes": ["used", "total", "size_kb", "reserved"]}], "network_metadata": {"nova_object.name": "NetworkMetadata", "nova_object.namespace": "nova", "nova_object.version": "1.0", "nova_object.data": {"physnets": [], "tunneled": false}, "nova_object.changes": ["tunneled", "physnets"]}, "socket": null}, "nova_object.changes": ["socket", "cpu_usage", "cpuset", "siblings", "memory_usage", "memory", "id", "mempages", "pcpuset", "network_metadata", "pinned_cpus"]}]}, "nova_object.changes": ["cells"]}',pci_device_pools=PciDevicePoolList,ram_allocation_ratio=1.0,running_vms=0,service_id=3,stats={failed_builds='0',uptime=' 21:37:24 up 13 min, 2 users, load average: 1.40, 1.47, 0.85
Jun 24 21:37:53.994887 np0000003578 nova-scheduler[93206]: '},supported_hv_specs=[HVSpec,HVSpec,HVSpec,HVSpec,HVSpec,HVSpec,HVSpec,HVSpec,HVSpec,HVSpec,HVSpec,HVSpec,HVSpec,HVSpec,HVSpec,HVSpec,HVSpec,HVSpec,HVSpec,HVSpec,HVSpec,HVSpec,HVSpec,HVSpec,HVSpec],updated_at=2026-06-24T21:37:26Z,uuid=b73214f4-0f8d-433d-89da-8a02a4bffa6e,vcpus=16,vcpus_used=0) {{(pid=93206) _locked_update /opt/stack/nova/nova/scheduler/host_manager.py:168}}
Jun 24 21:37:53.995581 np0000003578 nova-scheduler[93206]: DEBUG nova.scheduler.host_manager [None req-13efe117-8875-4f13-8358-2c2cb1746e10 tempest-ServerBootFromVolumeStableRescueTest-49901999 tempest-ServerBootFromVolumeStableRescueTest-49901999-project-member] Update host state with aggregates: [] {{(pid=93206) _locked_update /opt/stack/nova/nova/scheduler/host_manager.py:171}}
Jun 24 21:37:53.995697 np0000003578 nova-scheduler[93206]: DEBUG nova.scheduler.host_manager [None req-13efe117-8875-4f13-8358-2c2cb1746e10 tempest-ServerBootFromVolumeStableRescueTest-49901999 tempest-ServerBootFromVolumeStableRescueTest-49901999-project-member] Update host state with service dict: {'id': 3, 'uuid': '7ae262db-ba57-4814-bc03-c670a65a37aa', 'host': 'np0000003578', 'binary': 'nova-compute', 'topic': 'compute', 'report_count': 2, 'disabled': False, 'disabled_reason': None, 'last_seen_up': datetime.datetime(2026, 6, 24, 21, 37, 47, tzinfo=datetime.timezone.utc), 'forced_down': False, 'version': 72, 'created_at': datetime.datetime(2026, 6, 24, 21, 35, 37, tzinfo=datetime.timezone.utc), 'updated_at': datetime.datetime(2026, 6, 24, 21, 37, 47, tzinfo=datetime.timezone.utc), 'deleted_at': None, 'deleted': False} {{(pid=93206) _locked_update /opt/stack/nova/nova/scheduler/host_manager.py:174}}
Jun 24 21:37:53.995972 np0000003578 nova-scheduler[93206]: DEBUG nova.scheduler.host_manager [None req-13efe117-8875-4f13-8358-2c2cb1746e10 tempest-ServerBootFromVolumeStableRescueTest-49901999 tempest-ServerBootFromVolumeStableRescueTest-49901999-project-member] Update host state with instances: [] {{(pid=93206) _locked_update /opt/stack/nova/nova/scheduler/host_manager.py:177}}
Jun 24 21:37:53.995972 np0000003578 nova-scheduler[93206]: DEBUG oslo_concurrency.lockutils [None req-13efe117-8875-4f13-8358-2c2cb1746e10 tempest-ServerBootFromVolumeStableRescueTest-49901999 tempest-ServerBootFromVolumeStableRescueTest-49901999-project-member] Lock "('np0000003578', 'np0000003578')" "released" by "nova.scheduler.host_manager.HostState.update.._locked_update" :: held 0.002s {{(pid=93206) inner /opt/stack/data/venv/lib/python3.12/site-packages/oslo_concurrency/lockutils.py:543}}
Jun 24 21:37:53.996455 np0000003578 nova-scheduler[93206]: DEBUG nova.filters [None req-13efe117-8875-4f13-8358-2c2cb1746e10 tempest-ServerBootFromVolumeStableRescueTest-49901999 tempest-ServerBootFromVolumeStableRescueTest-49901999-project-member] Starting with 1 host(s) {{(pid=93206) get_filtered_objects /opt/stack/nova/nova/filters.py:70}}
Jun 24 21:37:53.996545 np0000003578 nova-scheduler[93206]: DEBUG nova.filters [None req-13efe117-8875-4f13-8358-2c2cb1746e10 tempest-ServerBootFromVolumeStableRescueTest-49901999 tempest-ServerBootFromVolumeStableRescueTest-49901999-project-member] Filter ComputeFilter returned 1 host(s) {{(pid=93206) get_filtered_objects /opt/stack/nova/nova/filters.py:102}}
Jun 24 21:37:53.996678 np0000003578 nova-scheduler[93206]: DEBUG nova.filters [None req-13efe117-8875-4f13-8358-2c2cb1746e10 tempest-ServerBootFromVolumeStableRescueTest-49901999 tempest-ServerBootFromVolumeStableRescueTest-49901999-project-member] Filter ComputeCapabilitiesFilter returned 1 host(s) {{(pid=93206) get_filtered_objects /opt/stack/nova/nova/filters.py:102}}
Jun 24 21:37:53.996870 np0000003578 nova-scheduler[93206]: DEBUG nova.filters [None req-13efe117-8875-4f13-8358-2c2cb1746e10 tempest-ServerBootFromVolumeStableRescueTest-49901999 tempest-ServerBootFromVolumeStableRescueTest-49901999-project-member] Filter ImagePropertiesFilter returned 1 host(s) {{(pid=93206) get_filtered_objects /opt/stack/nova/nova/filters.py:102}}
Jun 24 21:37:53.996984 np0000003578 nova-scheduler[93206]: DEBUG nova.filters [None req-13efe117-8875-4f13-8358-2c2cb1746e10 tempest-ServerBootFromVolumeStableRescueTest-49901999 tempest-ServerBootFromVolumeStableRescueTest-49901999-project-member] Filter ServerGroupAntiAffinityFilter returned 1 host(s) {{(pid=93206) get_filtered_objects /opt/stack/nova/nova/filters.py:102}}
Jun 24 21:37:53.997087 np0000003578 nova-scheduler[93206]: DEBUG nova.filters [None req-13efe117-8875-4f13-8358-2c2cb1746e10 tempest-ServerBootFromVolumeStableRescueTest-49901999 tempest-ServerBootFromVolumeStableRescueTest-49901999-project-member] Filter ServerGroupAffinityFilter returned 1 host(s) {{(pid=93206) get_filtered_objects /opt/stack/nova/nova/filters.py:102}}
Jun 24 21:37:53.997205 np0000003578 nova-scheduler[93206]: DEBUG nova.filters [None req-13efe117-8875-4f13-8358-2c2cb1746e10 tempest-ServerBootFromVolumeStableRescueTest-49901999 tempest-ServerBootFromVolumeStableRescueTest-49901999-project-member] Filter SameHostFilter returned 1 host(s) {{(pid=93206) get_filtered_objects /opt/stack/nova/nova/filters.py:102}}
Jun 24 21:37:53.997306 np0000003578 nova-scheduler[93206]: DEBUG nova.filters [None req-13efe117-8875-4f13-8358-2c2cb1746e10 tempest-ServerBootFromVolumeStableRescueTest-49901999 tempest-ServerBootFromVolumeStableRescueTest-49901999-project-member] Filter DifferentHostFilter returned 1 host(s) {{(pid=93206) get_filtered_objects /opt/stack/nova/nova/filters.py:102}}
Jun 24 21:37:53.997446 np0000003578 nova-scheduler[93206]: DEBUG nova.scheduler.manager [None req-13efe117-8875-4f13-8358-2c2cb1746e10 tempest-ServerBootFromVolumeStableRescueTest-49901999 tempest-ServerBootFromVolumeStableRescueTest-49901999-project-member] Filtered [(np0000003578, np0000003578) ram: 62765MB disk: 74752MB io_ops: 0 instances: 0, allocation_candidates: 1] {{(pid=93206) _get_sorted_hosts /opt/stack/nova/nova/scheduler/manager.py:743}}
Jun 24 21:37:53.997844 np0000003578 nova-scheduler[93206]: DEBUG nova.scheduler.manager [None req-13efe117-8875-4f13-8358-2c2cb1746e10 tempest-ServerBootFromVolumeStableRescueTest-49901999 tempest-ServerBootFromVolumeStableRescueTest-49901999-project-member] Weighed [WeighedHost [host: (np0000003578, np0000003578) ram: 62765MB disk: 74752MB io_ops: 0 instances: 0, allocation_candidates: 1, weight: 0.0]] {{(pid=93206) _get_sorted_hosts /opt/stack/nova/nova/scheduler/manager.py:765}}
Jun 24 21:37:53.998020 np0000003578 nova-scheduler[93206]: DEBUG nova.scheduler.utils [None req-13efe117-8875-4f13-8358-2c2cb1746e10 tempest-ServerBootFromVolumeStableRescueTest-49901999 tempest-ServerBootFromVolumeStableRescueTest-49901999-project-member] Attempting to claim resources in the placement API for instance 05a9b2e6-1acc-46a5-9f98-934a767b7e50 {{(pid=93206) claim_resources /opt/stack/nova/nova/scheduler/utils.py:1345}}
Jun 24 21:37:54.164862 np0000003578 nova-scheduler[93206]: DEBUG nova.scheduler.manager [None req-13efe117-8875-4f13-8358-2c2cb1746e10 tempest-ServerBootFromVolumeStableRescueTest-49901999 tempest-ServerBootFromVolumeStableRescueTest-49901999-project-member] [instance: 05a9b2e6-1acc-46a5-9f98-934a767b7e50] Selected host: (np0000003578, np0000003578) ram: 62765MB disk: 74752MB io_ops: 0 instances: 0, allocation_candidates: 1 {{(pid=93206) _consume_selected_host /opt/stack/nova/nova/scheduler/manager.py:625}}
Jun 24 21:37:54.165144 np0000003578 nova-scheduler[93206]: DEBUG oslo_concurrency.lockutils [None req-13efe117-8875-4f13-8358-2c2cb1746e10 tempest-ServerBootFromVolumeStableRescueTest-49901999 tempest-ServerBootFromVolumeStableRescueTest-49901999-project-member] Acquiring lock "('np0000003578', 'np0000003578')" by "nova.scheduler.host_manager.HostState.consume_from_request.._locked" {{(pid=93206) inner /opt/stack/data/venv/lib/python3.12/site-packages/oslo_concurrency/lockutils.py:511}}
Jun 24 21:37:54.165284 np0000003578 nova-scheduler[93206]: DEBUG oslo_concurrency.lockutils [None req-13efe117-8875-4f13-8358-2c2cb1746e10 tempest-ServerBootFromVolumeStableRescueTest-49901999 tempest-ServerBootFromVolumeStableRescueTest-49901999-project-member] Lock "('np0000003578', 'np0000003578')" acquired by "nova.scheduler.host_manager.HostState.consume_from_request.._locked" :: waited 0.000s {{(pid=93206) inner /opt/stack/data/venv/lib/python3.12/site-packages/oslo_concurrency/lockutils.py:524}}
Jun 24 21:37:54.165479 np0000003578 nova-scheduler[93206]: DEBUG oslo_concurrency.lockutils [None req-13efe117-8875-4f13-8358-2c2cb1746e10 tempest-ServerBootFromVolumeStableRescueTest-49901999 tempest-ServerBootFromVolumeStableRescueTest-49901999-project-member] Lock "('np0000003578', 'np0000003578')" "released" by "nova.scheduler.host_manager.HostState.consume_from_request.._locked" :: held 0.000s {{(pid=93206) inner /opt/stack/data/venv/lib/python3.12/site-packages/oslo_concurrency/lockutils.py:543}}
Jun 24 21:37:57.182392 np0000003578 nova-scheduler[93209]: DEBUG nova.scheduler.manager [None req-1df7aab3-116d-499e-baab-1b1f96e1e043 tempest-ServerStableDeviceRescueTest-682210652 tempest-ServerStableDeviceRescueTest-682210652-project-member] Starting to schedule for instances: ['2c0bd176-fb44-4e83-85f4-995d81f4b6a9'] {{(pid=93209) select_destinations /opt/stack/nova/nova/scheduler/manager.py:210}}
Jun 24 21:37:57.182862 np0000003578 nova-scheduler[93209]: DEBUG nova.scheduler.request_filter [None req-1df7aab3-116d-499e-baab-1b1f96e1e043 tempest-ServerStableDeviceRescueTest-682210652 tempest-ServerStableDeviceRescueTest-682210652-project-member] compute_status_filter request filter added forbidden trait COMPUTE_STATUS_DISABLED {{(pid=93209) compute_status_filter /opt/stack/nova/nova/scheduler/request_filter.py:253}}
Jun 24 21:37:57.182958 np0000003578 nova-scheduler[93209]: DEBUG nova.scheduler.request_filter [None req-1df7aab3-116d-499e-baab-1b1f96e1e043 tempest-ServerStableDeviceRescueTest-682210652 tempest-ServerStableDeviceRescueTest-682210652-project-member] Request filter 'compute_status_filter' took 0.0 seconds {{(pid=93209) wrapper /opt/stack/nova/nova/scheduler/request_filter.py:46}}
Jun 24 21:37:57.183226 np0000003578 nova-scheduler[93209]: DEBUG nova.scheduler.request_filter [None req-1df7aab3-116d-499e-baab-1b1f96e1e043 tempest-ServerStableDeviceRescueTest-682210652 tempest-ServerStableDeviceRescueTest-682210652-project-member] Request filter 'accelerators_filter' took 0.0 seconds {{(pid=93209) wrapper /opt/stack/nova/nova/scheduler/request_filter.py:46}}
Jun 24 21:37:57.183446 np0000003578 nova-scheduler[93209]: DEBUG nova.scheduler.request_filter [None req-1df7aab3-116d-499e-baab-1b1f96e1e043 tempest-ServerStableDeviceRescueTest-682210652 tempest-ServerStableDeviceRescueTest-682210652-project-member] Request filter 'packed_virtqueue_filter' took 0.0 seconds {{(pid=93209) wrapper /opt/stack/nova/nova/scheduler/request_filter.py:46}}
Jun 24 21:37:57.183818 np0000003578 nova-scheduler[93209]: DEBUG nova.scheduler.request_filter [None req-1df7aab3-116d-499e-baab-1b1f96e1e043 tempest-ServerStableDeviceRescueTest-682210652 tempest-ServerStableDeviceRescueTest-682210652-project-member] Request filter 'remote_managed_ports_filter' took 0.0 seconds {{(pid=93209) wrapper /opt/stack/nova/nova/scheduler/request_filter.py:46}}
Jun 24 21:37:57.184020 np0000003578 nova-scheduler[93209]: DEBUG nova.scheduler.request_filter [None req-1df7aab3-116d-499e-baab-1b1f96e1e043 tempest-ServerStableDeviceRescueTest-682210652 tempest-ServerStableDeviceRescueTest-682210652-project-member] ephemeral_encryption_filter skipped {{(pid=93209) ephemeral_encryption_filter /opt/stack/nova/nova/scheduler/request_filter.py:426}}
Jun 24 21:37:57.184454 np0000003578 nova-scheduler[93209]: DEBUG nova.scheduler.request_filter [None req-1df7aab3-116d-499e-baab-1b1f96e1e043 tempest-ServerStableDeviceRescueTest-682210652 tempest-ServerStableDeviceRescueTest-682210652-project-member] virtio_sound_filter skipped {{(pid=93209) virtio_sound_filter /opt/stack/nova/nova/scheduler/request_filter.py:460}}
Jun 24 21:37:57.184680 np0000003578 nova-scheduler[93209]: DEBUG nova.scheduler.request_filter [None req-1df7aab3-116d-499e-baab-1b1f96e1e043 tempest-ServerStableDeviceRescueTest-682210652 tempest-ServerStableDeviceRescueTest-682210652-project-member] tpm_secret_security_filter skipped {{(pid=93209) tpm_secret_security_filter /opt/stack/nova/nova/scheduler/request_filter.py:477}}
Jun 24 21:37:57.295537 np0000003578 nova-scheduler[93209]: INFO nova.utils [None req-1df7aab3-116d-499e-baab-1b1f96e1e043 tempest-ServerStableDeviceRescueTest-682210652 tempest-ServerStableDeviceRescueTest-682210652-project-member] The cell worker thread pool ForkProcess-2.cell_worker is initialized
Jun 24 21:37:57.295537 np0000003578 nova-scheduler[93209]: DEBUG oslo_concurrency.lockutils [None req-1df7aab3-116d-499e-baab-1b1f96e1e043 tempest-ServerStableDeviceRescueTest-682210652 tempest-ServerStableDeviceRescueTest-682210652-project-member] Acquiring lock "265148a6-b66b-4c93-8a50-504508ae5af1" by "nova.context.set_target_cell..get_or_set_cached_cell_and_set_connections" {{(pid=93209) inner /opt/stack/data/venv/lib/python3.12/site-packages/oslo_concurrency/lockutils.py:511}}
Jun 24 21:37:57.295537 np0000003578 nova-scheduler[93209]: DEBUG oslo_concurrency.lockutils [None req-1df7aab3-116d-499e-baab-1b1f96e1e043 tempest-ServerStableDeviceRescueTest-682210652 tempest-ServerStableDeviceRescueTest-682210652-project-member] Lock "265148a6-b66b-4c93-8a50-504508ae5af1" acquired by "nova.context.set_target_cell..get_or_set_cached_cell_and_set_connections" :: waited 0.000s {{(pid=93209) inner /opt/stack/data/venv/lib/python3.12/site-packages/oslo_concurrency/lockutils.py:524}}
Jun 24 21:37:57.295537 np0000003578 nova-scheduler[93209]: DEBUG oslo_concurrency.lockutils [None req-1df7aab3-116d-499e-baab-1b1f96e1e043 tempest-ServerStableDeviceRescueTest-682210652 tempest-ServerStableDeviceRescueTest-682210652-project-member] Lock "265148a6-b66b-4c93-8a50-504508ae5af1" "released" by "nova.context.set_target_cell..get_or_set_cached_cell_and_set_connections" :: held 0.001s {{(pid=93209) inner /opt/stack/data/venv/lib/python3.12/site-packages/oslo_concurrency/lockutils.py:543}}
Jun 24 21:37:57.298117 np0000003578 nova-scheduler[93209]: INFO dbcounter [None req-1df7aab3-116d-499e-baab-1b1f96e1e043 tempest-ServerStableDeviceRescueTest-682210652 tempest-ServerStableDeviceRescueTest-682210652-project-member] Registered counter for database nova_cell1
Jun 24 21:37:57.331776 np0000003578 nova-scheduler[93209]: DEBUG oslo_db.sqlalchemy.engines [None req-1df7aab3-116d-499e-baab-1b1f96e1e043 tempest-ServerStableDeviceRescueTest-682210652 tempest-ServerStableDeviceRescueTest-682210652-project-member] MySQL server mode set to STRICT_TRANS_TABLES,STRICT_ALL_TABLES,NO_ZERO_IN_DATE,NO_ZERO_DATE,ERROR_FOR_DIVISION_BY_ZERO,TRADITIONAL,NO_ENGINE_SUBSTITUTION {{(pid=93209) _check_effective_sql_mode /opt/stack/data/venv/lib/python3.12/site-packages/oslo_db/sqlalchemy/engines.py:325}}
Jun 24 21:37:57.337237 np0000003578 nova-scheduler[93209]: DEBUG dbcounter [-] [93209] Writer thread running {{(pid=93209) stat_writer /opt/stack/data/venv/lib/python3.12/site-packages/dbcounter.py:102}}
Jun 24 21:37:57.386723 np0000003578 nova-scheduler[93209]: DEBUG dbcounter [-] [93209] Writer thread running {{(pid=93209) stat_writer /opt/stack/data/venv/lib/python3.12/site-packages/dbcounter.py:102}}
Jun 24 21:37:57.390229 np0000003578 nova-scheduler[93209]: DEBUG oslo_concurrency.lockutils [None req-1df7aab3-116d-499e-baab-1b1f96e1e043 tempest-ServerStableDeviceRescueTest-682210652 tempest-ServerStableDeviceRescueTest-682210652-project-member] Acquiring lock "265148a6-b66b-4c93-8a50-504508ae5af1" by "nova.context.set_target_cell..get_or_set_cached_cell_and_set_connections" {{(pid=93209) inner /opt/stack/data/venv/lib/python3.12/site-packages/oslo_concurrency/lockutils.py:511}}
Jun 24 21:37:57.390377 np0000003578 nova-scheduler[93209]: DEBUG oslo_concurrency.lockutils [None req-1df7aab3-116d-499e-baab-1b1f96e1e043 tempest-ServerStableDeviceRescueTest-682210652 tempest-ServerStableDeviceRescueTest-682210652-project-member] Lock "265148a6-b66b-4c93-8a50-504508ae5af1" acquired by "nova.context.set_target_cell..get_or_set_cached_cell_and_set_connections" :: waited 0.000s {{(pid=93209) inner /opt/stack/data/venv/lib/python3.12/site-packages/oslo_concurrency/lockutils.py:524}}
