Jul 07 17:37:35.574615 np0000004748 nova-scheduler[96413]: DEBUG cotyledon.oslo_config_glue [-] profiler.connection_string = messaging:// {{(pid=96413) log_opt_values /opt/stack/data/venv/lib/python3.12/site-packages/oslo_config/cfg.py:3253}}
Jul 07 17:37:35.574615 np0000004748 nova-scheduler[96413]: DEBUG cotyledon.oslo_config_glue [-] profiler.enabled = False {{(pid=96413) log_opt_values /opt/stack/data/venv/lib/python3.12/site-packages/oslo_config/cfg.py:3253}}
Jul 07 17:37:35.574615 np0000004748 nova-scheduler[96413]: DEBUG cotyledon.oslo_config_glue [-] profiler.es_doc_type = notification {{(pid=96413) log_opt_values /opt/stack/data/venv/lib/python3.12/site-packages/oslo_config/cfg.py:3253}}
Jul 07 17:37:35.574615 np0000004748 nova-scheduler[96413]: DEBUG cotyledon.oslo_config_glue [-] profiler.es_scroll_size = 10000 {{(pid=96413) log_opt_values /opt/stack/data/venv/lib/python3.12/site-packages/oslo_config/cfg.py:3253}}
Jul 07 17:37:35.574842 np0000004748 nova-scheduler[96413]: DEBUG cotyledon.oslo_config_glue [-] profiler.es_scroll_time = 2m {{(pid=96413) log_opt_values /opt/stack/data/venv/lib/python3.12/site-packages/oslo_config/cfg.py:3253}}
Jul 07 17:37:35.574842 np0000004748 nova-scheduler[96413]: DEBUG cotyledon.oslo_config_glue [-] profiler.filter_error_trace = False {{(pid=96413) log_opt_values /opt/stack/data/venv/lib/python3.12/site-packages/oslo_config/cfg.py:3253}}
Jul 07 17:37:35.574842 np0000004748 nova-scheduler[96413]: DEBUG cotyledon.oslo_config_glue [-] profiler.hmac_keys = **** {{(pid=96413) log_opt_values /opt/stack/data/venv/lib/python3.12/site-packages/oslo_config/cfg.py:3253}}
Jul 07 17:37:35.574842 np0000004748 nova-scheduler[96413]: DEBUG cotyledon.oslo_config_glue [-] profiler.sentinel_service_name = mymaster {{(pid=96413) log_opt_values /opt/stack/data/venv/lib/python3.12/site-packages/oslo_config/cfg.py:3253}}
Jul 07 17:37:35.574842 np0000004748 nova-scheduler[96413]: DEBUG cotyledon.oslo_config_glue [-] profiler.socket_timeout = 0.1 {{(pid=96413) log_opt_values /opt/stack/data/venv/lib/python3.12/site-packages/oslo_config/cfg.py:3253}}
Jul 07 17:37:35.574842 np0000004748 nova-scheduler[96413]: DEBUG cotyledon.oslo_config_glue [-] profiler.trace_requests = False {{(pid=96413) log_opt_values /opt/stack/data/venv/lib/python3.12/site-packages/oslo_config/cfg.py:3253}}
Jul 07 17:37:35.574842 np0000004748 nova-scheduler[96413]: DEBUG cotyledon.oslo_config_glue [-] profiler.trace_sqlalchemy = False {{(pid=96413) log_opt_values /opt/stack/data/venv/lib/python3.12/site-packages/oslo_config/cfg.py:3253}}
Jul 07 17:37:35.574842 np0000004748 nova-scheduler[96413]: DEBUG cotyledon.oslo_config_glue [-] profiler_jaeger.process_tags = {} {{(pid=96413) log_opt_values /opt/stack/data/venv/lib/python3.12/site-packages/oslo_config/cfg.py:3253}}
Jul 07 17:37:35.574842 np0000004748 nova-scheduler[96413]: DEBUG cotyledon.oslo_config_glue [-] profiler_jaeger.service_name_prefix = None {{(pid=96413) log_opt_values /opt/stack/data/venv/lib/python3.12/site-packages/oslo_config/cfg.py:3253}}
Jul 07 17:37:35.575023 np0000004748 nova-scheduler[96413]: DEBUG cotyledon.oslo_config_glue [-] profiler_otlp.service_name_prefix = None {{(pid=96413) log_opt_values /opt/stack/data/venv/lib/python3.12/site-packages/oslo_config/cfg.py:3253}}
Jul 07 17:37:35.575023 np0000004748 nova-scheduler[96413]: DEBUG cotyledon.oslo_config_glue [-] oslo_messaging_rabbit.amqp_auto_delete = False {{(pid=96413) log_opt_values /opt/stack/data/venv/lib/python3.12/site-packages/oslo_config/cfg.py:3253}}
Jul 07 17:37:35.575023 np0000004748 nova-scheduler[96413]: DEBUG cotyledon.oslo_config_glue [-] oslo_messaging_rabbit.amqp_durable_queues = False {{(pid=96413) log_opt_values /opt/stack/data/venv/lib/python3.12/site-packages/oslo_config/cfg.py:3253}}
Jul 07 17:37:35.575023 np0000004748 nova-scheduler[96413]: DEBUG cotyledon.oslo_config_glue [-] oslo_messaging_rabbit.conn_pool_min_size = 2 {{(pid=96413) log_opt_values /opt/stack/data/venv/lib/python3.12/site-packages/oslo_config/cfg.py:3253}}
Jul 07 17:37:35.575023 np0000004748 nova-scheduler[96413]: DEBUG cotyledon.oslo_config_glue [-] oslo_messaging_rabbit.conn_pool_ttl = 1200 {{(pid=96413) log_opt_values /opt/stack/data/venv/lib/python3.12/site-packages/oslo_config/cfg.py:3253}}
Jul 07 17:37:35.575023 np0000004748 nova-scheduler[96413]: DEBUG cotyledon.oslo_config_glue [-] oslo_messaging_rabbit.direct_mandatory_flag = True {{(pid=96413) log_opt_values /opt/stack/data/venv/lib/python3.12/site-packages/oslo_config/cfg.py:3253}}
Jul 07 17:37:35.575023 np0000004748 nova-scheduler[96413]: DEBUG cotyledon.oslo_config_glue [-] oslo_messaging_rabbit.enable_cancel_on_failover = False {{(pid=96413) log_opt_values /opt/stack/data/venv/lib/python3.12/site-packages/oslo_config/cfg.py:3253}}
Jul 07 17:37:35.575023 np0000004748 nova-scheduler[96413]: DEBUG cotyledon.oslo_config_glue [-] oslo_messaging_rabbit.heartbeat_rate = 3 {{(pid=96413) log_opt_values /opt/stack/data/venv/lib/python3.12/site-packages/oslo_config/cfg.py:3253}}
Jul 07 17:37:35.575023 np0000004748 nova-scheduler[96413]: DEBUG cotyledon.oslo_config_glue [-] oslo_messaging_rabbit.heartbeat_timeout_threshold = 60 {{(pid=96413) log_opt_values /opt/stack/data/venv/lib/python3.12/site-packages/oslo_config/cfg.py:3253}}
Jul 07 17:37:35.575268 np0000004748 nova-scheduler[96413]: DEBUG cotyledon.oslo_config_glue [-] oslo_messaging_rabbit.hostname = np0000004748 {{(pid=96413) log_opt_values /opt/stack/data/venv/lib/python3.12/site-packages/oslo_config/cfg.py:3253}}
Jul 07 17:37:35.575268 np0000004748 nova-scheduler[96413]: DEBUG cotyledon.oslo_config_glue [-] oslo_messaging_rabbit.kombu_compression = None {{(pid=96413) log_opt_values /opt/stack/data/venv/lib/python3.12/site-packages/oslo_config/cfg.py:3253}}
Jul 07 17:37:35.575268 np0000004748 nova-scheduler[96413]: DEBUG cotyledon.oslo_config_glue [-] oslo_messaging_rabbit.kombu_failover_strategy = round-robin {{(pid=96413) log_opt_values /opt/stack/data/venv/lib/python3.12/site-packages/oslo_config/cfg.py:3253}}
Jul 07 17:37:35.575268 np0000004748 nova-scheduler[96413]: DEBUG cotyledon.oslo_config_glue [-] oslo_messaging_rabbit.kombu_missing_consumer_retry_timeout = 60 {{(pid=96413) log_opt_values /opt/stack/data/venv/lib/python3.12/site-packages/oslo_config/cfg.py:3253}}
Jul 07 17:37:35.575268 np0000004748 nova-scheduler[96413]: DEBUG cotyledon.oslo_config_glue [-] oslo_messaging_rabbit.kombu_reconnect_delay = 1.0 {{(pid=96413) log_opt_values /opt/stack/data/venv/lib/python3.12/site-packages/oslo_config/cfg.py:3253}}
Jul 07 17:37:35.575268 np0000004748 nova-scheduler[96413]: DEBUG cotyledon.oslo_config_glue [-] oslo_messaging_rabbit.kombu_reconnect_splay = 0.0 {{(pid=96413) log_opt_values /opt/stack/data/venv/lib/python3.12/site-packages/oslo_config/cfg.py:3253}}
Jul 07 17:37:35.575268 np0000004748 nova-scheduler[96413]: DEBUG cotyledon.oslo_config_glue [-] oslo_messaging_rabbit.processname = nova-scheduler {{(pid=96413) log_opt_values /opt/stack/data/venv/lib/python3.12/site-packages/oslo_config/cfg.py:3253}}
Jul 07 17:37:35.575268 np0000004748 nova-scheduler[96413]: DEBUG cotyledon.oslo_config_glue [-] oslo_messaging_rabbit.rabbit_ha_queues = False {{(pid=96413) log_opt_values /opt/stack/data/venv/lib/python3.12/site-packages/oslo_config/cfg.py:3253}}
Jul 07 17:37:35.575268 np0000004748 nova-scheduler[96413]: DEBUG cotyledon.oslo_config_glue [-] oslo_messaging_rabbit.rabbit_interval_max = 30 {{(pid=96413) log_opt_values /opt/stack/data/venv/lib/python3.12/site-packages/oslo_config/cfg.py:3253}}
Jul 07 17:37:35.575599 np0000004748 nova-scheduler[96413]: DEBUG cotyledon.oslo_config_glue [-] oslo_messaging_rabbit.rabbit_login_method = AMQPLAIN {{(pid=96413) log_opt_values /opt/stack/data/venv/lib/python3.12/site-packages/oslo_config/cfg.py:3253}}
Jul 07 17:37:35.575599 np0000004748 nova-scheduler[96413]: DEBUG cotyledon.oslo_config_glue [-] oslo_messaging_rabbit.rabbit_qos_prefetch_count = 0 {{(pid=96413) log_opt_values /opt/stack/data/venv/lib/python3.12/site-packages/oslo_config/cfg.py:3253}}
Jul 07 17:37:35.575599 np0000004748 nova-scheduler[96413]: DEBUG cotyledon.oslo_config_glue [-] oslo_messaging_rabbit.rabbit_quorum_delivery_limit = 0 {{(pid=96413) log_opt_values /opt/stack/data/venv/lib/python3.12/site-packages/oslo_config/cfg.py:3253}}
Jul 07 17:37:35.575599 np0000004748 nova-scheduler[96413]: DEBUG cotyledon.oslo_config_glue [-] oslo_messaging_rabbit.rabbit_quorum_max_memory_bytes = 0 {{(pid=96413) log_opt_values /opt/stack/data/venv/lib/python3.12/site-packages/oslo_config/cfg.py:3253}}
Jul 07 17:37:35.575599 np0000004748 nova-scheduler[96413]: DEBUG cotyledon.oslo_config_glue [-] oslo_messaging_rabbit.rabbit_quorum_max_memory_length = 0 {{(pid=96413) log_opt_values /opt/stack/data/venv/lib/python3.12/site-packages/oslo_config/cfg.py:3253}}
Jul 07 17:37:35.575599 np0000004748 nova-scheduler[96413]: DEBUG cotyledon.oslo_config_glue [-] oslo_messaging_rabbit.rabbit_quorum_queue = False {{(pid=96413) log_opt_values /opt/stack/data/venv/lib/python3.12/site-packages/oslo_config/cfg.py:3253}}
Jul 07 17:37:35.575599 np0000004748 nova-scheduler[96413]: DEBUG cotyledon.oslo_config_glue [-] oslo_messaging_rabbit.rabbit_retry_backoff = 2 {{(pid=96413) log_opt_values /opt/stack/data/venv/lib/python3.12/site-packages/oslo_config/cfg.py:3253}}
Jul 07 17:37:35.575599 np0000004748 nova-scheduler[96413]: DEBUG cotyledon.oslo_config_glue [-] oslo_messaging_rabbit.rabbit_retry_interval = 1 {{(pid=96413) log_opt_values /opt/stack/data/venv/lib/python3.12/site-packages/oslo_config/cfg.py:3253}}
Jul 07 17:37:35.575894 np0000004748 nova-scheduler[96409]: INFO dbcounter [None req-86dd1837-47ad-4810-a57e-0b56634abba4 None None] Registered counter for database nova_cell0
Jul 07 17:37:35.575934 np0000004748 nova-scheduler[96413]: DEBUG cotyledon.oslo_config_glue [-] oslo_messaging_rabbit.rabbit_stream_fanout = False {{(pid=96413) log_opt_values /opt/stack/data/venv/lib/python3.12/site-packages/oslo_config/cfg.py:3253}}
Jul 07 17:37:35.575934 np0000004748 nova-scheduler[96413]: DEBUG cotyledon.oslo_config_glue [-] oslo_messaging_rabbit.rabbit_transient_queues_ttl = 1800 {{(pid=96413) log_opt_values /opt/stack/data/venv/lib/python3.12/site-packages/oslo_config/cfg.py:3253}}
Jul 07 17:37:35.575934 np0000004748 nova-scheduler[96413]: DEBUG cotyledon.oslo_config_glue [-] oslo_messaging_rabbit.rabbit_transient_quorum_queue = False {{(pid=96413) log_opt_values /opt/stack/data/venv/lib/python3.12/site-packages/oslo_config/cfg.py:3253}}
Jul 07 17:37:35.575934 np0000004748 nova-scheduler[96413]: DEBUG cotyledon.oslo_config_glue [-] oslo_messaging_rabbit.rpc_conn_pool_size = 30 {{(pid=96413) log_opt_values /opt/stack/data/venv/lib/python3.12/site-packages/oslo_config/cfg.py:3253}}
Jul 07 17:37:35.575934 np0000004748 nova-scheduler[96413]: DEBUG cotyledon.oslo_config_glue [-] oslo_messaging_rabbit.ssl = False {{(pid=96413) log_opt_values /opt/stack/data/venv/lib/python3.12/site-packages/oslo_config/cfg.py:3253}}
Jul 07 17:37:35.575934 np0000004748 nova-scheduler[96413]: DEBUG cotyledon.oslo_config_glue [-] oslo_messaging_rabbit.ssl_ca_file = {{(pid=96413) log_opt_values /opt/stack/data/venv/lib/python3.12/site-packages/oslo_config/cfg.py:3253}}
Jul 07 17:37:35.575934 np0000004748 nova-scheduler[96413]: DEBUG cotyledon.oslo_config_glue [-] oslo_messaging_rabbit.ssl_cert_file = {{(pid=96413) log_opt_values /opt/stack/data/venv/lib/python3.12/site-packages/oslo_config/cfg.py:3253}}
Jul 07 17:37:35.575934 np0000004748 nova-scheduler[96413]: DEBUG cotyledon.oslo_config_glue [-] oslo_messaging_rabbit.ssl_enforce_fips_mode = False {{(pid=96413) log_opt_values /opt/stack/data/venv/lib/python3.12/site-packages/oslo_config/cfg.py:3253}}
Jul 07 17:37:35.575934 np0000004748 nova-scheduler[96413]: DEBUG cotyledon.oslo_config_glue [-] oslo_messaging_rabbit.ssl_enforce_hostname_verification = True {{(pid=96413) log_opt_values /opt/stack/data/venv/lib/python3.12/site-packages/oslo_config/cfg.py:3253}}
Jul 07 17:37:35.576251 np0000004748 nova-scheduler[96413]: DEBUG cotyledon.oslo_config_glue [-] oslo_messaging_rabbit.ssl_key_file = {{(pid=96413) log_opt_values /opt/stack/data/venv/lib/python3.12/site-packages/oslo_config/cfg.py:3253}}
Jul 07 17:37:35.576251 np0000004748 nova-scheduler[96413]: DEBUG cotyledon.oslo_config_glue [-] oslo_messaging_rabbit.ssl_version = {{(pid=96413) log_opt_values /opt/stack/data/venv/lib/python3.12/site-packages/oslo_config/cfg.py:3253}}
Jul 07 17:37:35.576251 np0000004748 nova-scheduler[96413]: DEBUG cotyledon.oslo_config_glue [-] oslo_messaging_rabbit.use_queue_manager = False {{(pid=96413) log_opt_values /opt/stack/data/venv/lib/python3.12/site-packages/oslo_config/cfg.py:3253}}
Jul 07 17:37:35.576251 np0000004748 nova-scheduler[96413]: DEBUG cotyledon.oslo_config_glue [-] oslo_messaging_notifications.driver = ['messagingv2'] {{(pid=96413) log_opt_values /opt/stack/data/venv/lib/python3.12/site-packages/oslo_config/cfg.py:3253}}
Jul 07 17:37:35.576251 np0000004748 nova-scheduler[96413]: DEBUG cotyledon.oslo_config_glue [-] oslo_messaging_notifications.retry = -1 {{(pid=96413) log_opt_values /opt/stack/data/venv/lib/python3.12/site-packages/oslo_config/cfg.py:3253}}
Jul 07 17:37:35.576251 np0000004748 nova-scheduler[96413]: DEBUG cotyledon.oslo_config_glue [-] oslo_messaging_notifications.topics = ['notifications'] {{(pid=96413) log_opt_values /opt/stack/data/venv/lib/python3.12/site-packages/oslo_config/cfg.py:3253}}
Jul 07 17:37:35.576251 np0000004748 nova-scheduler[96413]: DEBUG cotyledon.oslo_config_glue [-] oslo_messaging_notifications.transport_url = **** {{(pid=96413) log_opt_values /opt/stack/data/venv/lib/python3.12/site-packages/oslo_config/cfg.py:3253}}
Jul 07 17:37:35.576251 np0000004748 nova-scheduler[96413]: DEBUG cotyledon.oslo_config_glue [-] oslo_limit.auth_section = None {{(pid=96413) log_opt_values /opt/stack/data/venv/lib/python3.12/site-packages/oslo_config/cfg.py:3253}}
Jul 07 17:37:35.576251 np0000004748 nova-scheduler[96413]: DEBUG cotyledon.oslo_config_glue [-] oslo_limit.auth_type = None {{(pid=96413) log_opt_values /opt/stack/data/venv/lib/python3.12/site-packages/oslo_config/cfg.py:3253}}
Jul 07 17:37:35.576521 np0000004748 nova-scheduler[96413]: DEBUG cotyledon.oslo_config_glue [-] oslo_limit.cafile = None {{(pid=96413) log_opt_values /opt/stack/data/venv/lib/python3.12/site-packages/oslo_config/cfg.py:3253}}
Jul 07 17:37:35.576521 np0000004748 nova-scheduler[96413]: DEBUG cotyledon.oslo_config_glue [-] oslo_limit.certfile = None {{(pid=96413) log_opt_values /opt/stack/data/venv/lib/python3.12/site-packages/oslo_config/cfg.py:3253}}
Jul 07 17:37:35.576521 np0000004748 nova-scheduler[96413]: DEBUG cotyledon.oslo_config_glue [-] oslo_limit.collect_timing = False {{(pid=96413) log_opt_values /opt/stack/data/venv/lib/python3.12/site-packages/oslo_config/cfg.py:3253}}
Jul 07 17:37:35.576521 np0000004748 nova-scheduler[96413]: DEBUG cotyledon.oslo_config_glue [-] oslo_limit.connect_retries = None {{(pid=96413) log_opt_values /opt/stack/data/venv/lib/python3.12/site-packages/oslo_config/cfg.py:3253}}
Jul 07 17:37:35.576521 np0000004748 nova-scheduler[96413]: DEBUG cotyledon.oslo_config_glue [-] oslo_limit.connect_retry_delay = None {{(pid=96413) log_opt_values /opt/stack/data/venv/lib/python3.12/site-packages/oslo_config/cfg.py:3253}}
Jul 07 17:37:35.576521 np0000004748 nova-scheduler[96413]: DEBUG cotyledon.oslo_config_glue [-] oslo_limit.endpoint_id = None {{(pid=96413) log_opt_values /opt/stack/data/venv/lib/python3.12/site-packages/oslo_config/cfg.py:3253}}
Jul 07 17:37:35.576521 np0000004748 nova-scheduler[96413]: DEBUG cotyledon.oslo_config_glue [-] oslo_limit.endpoint_interface = public {{(pid=96413) log_opt_values /opt/stack/data/venv/lib/python3.12/site-packages/oslo_config/cfg.py:3253}}
Jul 07 17:37:35.576521 np0000004748 nova-scheduler[96413]: DEBUG cotyledon.oslo_config_glue [-] oslo_limit.endpoint_override = None {{(pid=96413) log_opt_values /opt/stack/data/venv/lib/python3.12/site-packages/oslo_config/cfg.py:3253}}
Jul 07 17:37:35.576521 np0000004748 nova-scheduler[96413]: DEBUG cotyledon.oslo_config_glue [-] oslo_limit.endpoint_region_name = None {{(pid=96413) log_opt_values /opt/stack/data/venv/lib/python3.12/site-packages/oslo_config/cfg.py:3253}}
Jul 07 17:37:35.576758 np0000004748 nova-scheduler[96413]: DEBUG cotyledon.oslo_config_glue [-] oslo_limit.endpoint_service_name = None {{(pid=96413) log_opt_values /opt/stack/data/venv/lib/python3.12/site-packages/oslo_config/cfg.py:3253}}
Jul 07 17:37:35.576758 np0000004748 nova-scheduler[96413]: DEBUG cotyledon.oslo_config_glue [-] oslo_limit.endpoint_service_type = None {{(pid=96413) log_opt_values /opt/stack/data/venv/lib/python3.12/site-packages/oslo_config/cfg.py:3253}}
Jul 07 17:37:35.576758 np0000004748 nova-scheduler[96413]: DEBUG cotyledon.oslo_config_glue [-] oslo_limit.insecure = False {{(pid=96413) log_opt_values /opt/stack/data/venv/lib/python3.12/site-packages/oslo_config/cfg.py:3253}}
Jul 07 17:37:35.576758 np0000004748 nova-scheduler[96413]: DEBUG cotyledon.oslo_config_glue [-] oslo_limit.keyfile = None {{(pid=96413) log_opt_values /opt/stack/data/venv/lib/python3.12/site-packages/oslo_config/cfg.py:3253}}
Jul 07 17:37:35.576758 np0000004748 nova-scheduler[96413]: DEBUG cotyledon.oslo_config_glue [-] oslo_limit.max_version = None {{(pid=96413) log_opt_values /opt/stack/data/venv/lib/python3.12/site-packages/oslo_config/cfg.py:3253}}
Jul 07 17:37:35.576758 np0000004748 nova-scheduler[96413]: DEBUG cotyledon.oslo_config_glue [-] oslo_limit.min_version = None {{(pid=96413) log_opt_values /opt/stack/data/venv/lib/python3.12/site-packages/oslo_config/cfg.py:3253}}
Jul 07 17:37:35.576758 np0000004748 nova-scheduler[96413]: DEBUG cotyledon.oslo_config_glue [-] oslo_limit.region_name = None {{(pid=96413) log_opt_values /opt/stack/data/venv/lib/python3.12/site-packages/oslo_config/cfg.py:3253}}
Jul 07 17:37:35.576758 np0000004748 nova-scheduler[96413]: DEBUG cotyledon.oslo_config_glue [-] oslo_limit.retriable_status_codes = None {{(pid=96413) log_opt_values /opt/stack/data/venv/lib/python3.12/site-packages/oslo_config/cfg.py:3253}}
Jul 07 17:37:35.576758 np0000004748 nova-scheduler[96413]: DEBUG cotyledon.oslo_config_glue [-] oslo_limit.service_name = None {{(pid=96413) log_opt_values /opt/stack/data/venv/lib/python3.12/site-packages/oslo_config/cfg.py:3253}}
Jul 07 17:37:35.576994 np0000004748 nova-scheduler[96413]: DEBUG cotyledon.oslo_config_glue [-] oslo_limit.service_type = None {{(pid=96413) log_opt_values /opt/stack/data/venv/lib/python3.12/site-packages/oslo_config/cfg.py:3253}}
Jul 07 17:37:35.576994 np0000004748 nova-scheduler[96413]: DEBUG cotyledon.oslo_config_glue [-] oslo_limit.split_loggers = False {{(pid=96413) log_opt_values /opt/stack/data/venv/lib/python3.12/site-packages/oslo_config/cfg.py:3253}}
Jul 07 17:37:35.576994 np0000004748 nova-scheduler[96413]: DEBUG cotyledon.oslo_config_glue [-] oslo_limit.status_code_retries = None {{(pid=96413) log_opt_values /opt/stack/data/venv/lib/python3.12/site-packages/oslo_config/cfg.py:3253}}
Jul 07 17:37:35.576994 np0000004748 nova-scheduler[96413]: DEBUG cotyledon.oslo_config_glue [-] oslo_limit.status_code_retry_delay = None {{(pid=96413) log_opt_values /opt/stack/data/venv/lib/python3.12/site-packages/oslo_config/cfg.py:3253}}
Jul 07 17:37:35.576994 np0000004748 nova-scheduler[96413]: DEBUG cotyledon.oslo_config_glue [-] oslo_limit.timeout = None {{(pid=96413) log_opt_values /opt/stack/data/venv/lib/python3.12/site-packages/oslo_config/cfg.py:3253}}
Jul 07 17:37:35.576994 np0000004748 nova-scheduler[96413]: DEBUG cotyledon.oslo_config_glue [-] oslo_limit.valid_interfaces = None {{(pid=96413) log_opt_values /opt/stack/data/venv/lib/python3.12/site-packages/oslo_config/cfg.py:3253}}
Jul 07 17:37:35.576994 np0000004748 nova-scheduler[96413]: DEBUG cotyledon.oslo_config_glue [-] oslo_limit.version = None {{(pid=96413) log_opt_values /opt/stack/data/venv/lib/python3.12/site-packages/oslo_config/cfg.py:3253}}
Jul 07 17:37:35.576994 np0000004748 nova-scheduler[96413]: DEBUG cotyledon.oslo_config_glue [-] oslo_reports.file_event_handler = None {{(pid=96413) log_opt_values /opt/stack/data/venv/lib/python3.12/site-packages/oslo_config/cfg.py:3253}}
Jul 07 17:37:35.576994 np0000004748 nova-scheduler[96413]: DEBUG cotyledon.oslo_config_glue [-] oslo_reports.file_event_handler_interval = 1 {{(pid=96413) log_opt_values /opt/stack/data/venv/lib/python3.12/site-packages/oslo_config/cfg.py:3253}}
Jul 07 17:37:35.577309 np0000004748 nova-scheduler[96413]: DEBUG cotyledon.oslo_config_glue [-] oslo_reports.log_dir = None {{(pid=96413) log_opt_values /opt/stack/data/venv/lib/python3.12/site-packages/oslo_config/cfg.py:3253}}
Jul 07 17:37:35.577309 np0000004748 nova-scheduler[96413]: DEBUG cotyledon.oslo_config_glue [-] ******************************************************************************** {{(pid=96413) log_opt_values /opt/stack/data/venv/lib/python3.12/site-packages/oslo_config/cfg.py:3260}}
Jul 07 17:37:35.577309 np0000004748 nova-scheduler[96413]: DEBUG cotyledon._service_worker [-] Run service ServiceWrapper(3) [96413] {{(pid=96413) wait_forever /opt/stack/data/venv/lib/python3.12/site-packages/cotyledon/_service_worker.py:218}}
Jul 07 17:37:35.577309 np0000004748 nova-scheduler[96413]: INFO nova.service [-] Starting scheduler node (version 33.1.0)
Jul 07 17:37:35.577309 np0000004748 nova-scheduler[96413]: INFO dbcounter [None req-8f221568-e8f9-4e5e-9baf-75a13eebf79a None None] Registered counter for database nova_cell0
Jul 07 17:37:35.577512 np0000004748 nova-scheduler[96367]: DEBUG oslo_db.sqlalchemy.engines [None req-c9877f36-0183-45da-9eab-f93fde1bc757 None None] MySQL server mode set to STRICT_TRANS_TABLES,STRICT_ALL_TABLES,NO_ZERO_IN_DATE,NO_ZERO_DATE,ERROR_FOR_DIVISION_BY_ZERO,TRADITIONAL,NO_ENGINE_SUBSTITUTION {{(pid=96367) _check_effective_sql_mode /opt/stack/data/venv/lib/python3.12/site-packages/oslo_db/sqlalchemy/engines.py:325}}
Jul 07 17:37:35.577574 np0000004748 nova-scheduler[96392]: DEBUG oslo_db.sqlalchemy.engines [None req-45b4aee3-4c12-4b11-b4b0-09105ab7da75 None None] MySQL server mode set to STRICT_TRANS_TABLES,STRICT_ALL_TABLES,NO_ZERO_IN_DATE,NO_ZERO_DATE,ERROR_FOR_DIVISION_BY_ZERO,TRADITIONAL,NO_ENGINE_SUBSTITUTION {{(pid=96392) _check_effective_sql_mode /opt/stack/data/venv/lib/python3.12/site-packages/oslo_db/sqlalchemy/engines.py:325}}
Jul 07 17:37:35.577619 np0000004748 nova-scheduler[96367]: DEBUG dbcounter [-] [96367] Writer thread running {{(pid=96367) stat_writer /opt/stack/data/venv/lib/python3.12/site-packages/dbcounter.py:102}}
Jul 07 17:37:35.577656 np0000004748 nova-scheduler[96409]: DEBUG oslo_db.sqlalchemy.engines [None req-86dd1837-47ad-4810-a57e-0b56634abba4 None None] MySQL server mode set to STRICT_TRANS_TABLES,STRICT_ALL_TABLES,NO_ZERO_IN_DATE,NO_ZERO_DATE,ERROR_FOR_DIVISION_BY_ZERO,TRADITIONAL,NO_ENGINE_SUBSTITUTION {{(pid=96409) _check_effective_sql_mode /opt/stack/data/venv/lib/python3.12/site-packages/oslo_db/sqlalchemy/engines.py:325}}
Jul 07 17:37:35.582809 np0000004748 nova-scheduler[96413]: DEBUG oslo_db.sqlalchemy.engines [None req-8f221568-e8f9-4e5e-9baf-75a13eebf79a None None] MySQL server mode set to STRICT_TRANS_TABLES,STRICT_ALL_TABLES,NO_ZERO_IN_DATE,NO_ZERO_DATE,ERROR_FOR_DIVISION_BY_ZERO,TRADITIONAL,NO_ENGINE_SUBSTITUTION {{(pid=96413) _check_effective_sql_mode /opt/stack/data/venv/lib/python3.12/site-packages/oslo_db/sqlalchemy/engines.py:325}}
Jul 07 17:37:35.584526 np0000004748 nova-scheduler[96392]: DEBUG dbcounter [-] [96392] Writer thread running {{(pid=96392) stat_writer /opt/stack/data/venv/lib/python3.12/site-packages/dbcounter.py:102}}
Jul 07 17:37:35.589100 np0000004748 nova-scheduler[96409]: DEBUG dbcounter [-] [96409] Writer thread running {{(pid=96409) stat_writer /opt/stack/data/venv/lib/python3.12/site-packages/dbcounter.py:102}}
Jul 07 17:37:35.595923 np0000004748 nova-scheduler[96413]: DEBUG dbcounter [-] [96413] Writer thread running {{(pid=96413) stat_writer /opt/stack/data/venv/lib/python3.12/site-packages/dbcounter.py:102}}
Jul 07 17:37:35.599981 np0000004748 nova-scheduler[96367]: DEBUG nova.service [None req-c9877f36-0183-45da-9eab-f93fde1bc757 None None] Creating RPC server for service: nova-scheduler on topic: scheduler {{(pid=96367) start /opt/stack/nova/nova/service.py:196}}
Jul 07 17:37:35.612104 np0000004748 nova-scheduler[96392]: DEBUG nova.service [None req-45b4aee3-4c12-4b11-b4b0-09105ab7da75 None None] Creating RPC server for service: nova-scheduler on topic: scheduler {{(pid=96392) start /opt/stack/nova/nova/service.py:196}}
Jul 07 17:37:35.615724 np0000004748 nova-scheduler[96409]: DEBUG nova.service [None req-86dd1837-47ad-4810-a57e-0b56634abba4 None None] Creating RPC server for service: nova-scheduler on topic: scheduler {{(pid=96409) start /opt/stack/nova/nova/service.py:196}}
Jul 07 17:37:35.620110 np0000004748 nova-scheduler[96413]: DEBUG nova.service [None req-8f221568-e8f9-4e5e-9baf-75a13eebf79a None None] Creating RPC server for service: nova-scheduler on topic: scheduler {{(pid=96413) start /opt/stack/nova/nova/service.py:196}}
Jul 07 17:37:35.643799 np0000004748 nova-scheduler[96367]: DEBUG nova.service [None req-c9877f36-0183-45da-9eab-f93fde1bc757 None None] Join ServiceGroup membership for this service scheduler {{(pid=96367) start /opt/stack/nova/nova/service.py:222}}
Jul 07 17:37:35.644046 np0000004748 nova-scheduler[96367]: DEBUG nova.servicegroup.drivers.db [None req-c9877f36-0183-45da-9eab-f93fde1bc757 None None] DB_Driver: join new ServiceGroup member np0000004748 to the scheduler group, service = {{(pid=96367) join /opt/stack/nova/nova/servicegroup/drivers/db.py:44}}
Jul 07 17:37:35.646406 np0000004748 nova-scheduler[96413]: DEBUG nova.service [None req-8f221568-e8f9-4e5e-9baf-75a13eebf79a None None] Join ServiceGroup membership for this service scheduler {{(pid=96413) start /opt/stack/nova/nova/service.py:222}}
Jul 07 17:37:35.646855 np0000004748 nova-scheduler[96413]: DEBUG nova.servicegroup.drivers.db [None req-8f221568-e8f9-4e5e-9baf-75a13eebf79a None None] DB_Driver: join new ServiceGroup member np0000004748 to the scheduler group, service = {{(pid=96413) join /opt/stack/nova/nova/servicegroup/drivers/db.py:44}}
Jul 07 17:37:35.649876 np0000004748 nova-scheduler[96409]: DEBUG nova.service [None req-86dd1837-47ad-4810-a57e-0b56634abba4 None None] Join ServiceGroup membership for this service scheduler {{(pid=96409) start /opt/stack/nova/nova/service.py:222}}
Jul 07 17:37:35.650369 np0000004748 nova-scheduler[96409]: DEBUG nova.servicegroup.drivers.db [None req-86dd1837-47ad-4810-a57e-0b56634abba4 None None] DB_Driver: join new ServiceGroup member np0000004748 to the scheduler group, service = {{(pid=96409) join /opt/stack/nova/nova/servicegroup/drivers/db.py:44}}
Jul 07 17:37:35.655297 np0000004748 nova-scheduler[96392]: DEBUG nova.service [None req-45b4aee3-4c12-4b11-b4b0-09105ab7da75 None None] Join ServiceGroup membership for this service scheduler {{(pid=96392) start /opt/stack/nova/nova/service.py:222}}
Jul 07 17:37:35.655437 np0000004748 nova-scheduler[96392]: DEBUG nova.servicegroup.drivers.db [None req-45b4aee3-4c12-4b11-b4b0-09105ab7da75 None None] DB_Driver: join new ServiceGroup member np0000004748 to the scheduler group, service = {{(pid=96392) join /opt/stack/nova/nova/servicegroup/drivers/db.py:44}}
Jul 07 17:37:40.658750 np0000004748 nova-scheduler[96392]: DEBUG oslo.service.backend._threading.loopingcall [None req-b63f20a7-3947-4562-a3b3-d596c7477f35 None None] Dynamic interval looping call 'nova.service.Service.periodic_tasks' sleeping for 60.00 seconds {{(pid=96392) _run_loop /opt/stack/data/venv/lib/python3.12/site-packages/oslo_service/backend/_threading/loopingcall.py:125}}
Jul 07 17:37:40.665235 np0000004748 nova-scheduler[96367]: DEBUG oslo.service.backend._threading.loopingcall [-] Fixed interval looping call 'nova.servicegroup.drivers.db.DbDriver._report_state' sleeping for 119.98 seconds {{(pid=96367) _run_loop /opt/stack/data/venv/lib/python3.12/site-packages/oslo_service/backend/_threading/loopingcall.py:125}}
Jul 07 17:37:40.665759 np0000004748 nova-scheduler[96413]: DEBUG oslo.service.backend._threading.loopingcall [-] Fixed interval looping call 'nova.servicegroup.drivers.db.DbDriver._report_state' sleeping for 119.98 seconds {{(pid=96413) _run_loop /opt/stack/data/venv/lib/python3.12/site-packages/oslo_service/backend/_threading/loopingcall.py:125}}
Jul 07 17:37:40.665968 np0000004748 nova-scheduler[96409]: DEBUG oslo.service.backend._threading.loopingcall [-] Fixed interval looping call 'nova.servicegroup.drivers.db.DbDriver._report_state' sleeping for 119.99 seconds {{(pid=96409) _run_loop /opt/stack/data/venv/lib/python3.12/site-packages/oslo_service/backend/_threading/loopingcall.py:125}}
Jul 07 17:37:40.668362 np0000004748 nova-scheduler[96392]: DEBUG oslo.service.backend._threading.loopingcall [-] Fixed interval looping call 'nova.servicegroup.drivers.db.DbDriver._report_state' sleeping for 119.99 seconds {{(pid=96392) _run_loop /opt/stack/data/venv/lib/python3.12/site-packages/oslo_service/backend/_threading/loopingcall.py:125}}
Jul 07 17:37:44.093196 np0000004748 nova-scheduler[95166]: DEBUG dbcounter [-] [95166] Writing DB stats nova_api:SELECT=3 {{(pid=95166) stat_writer /opt/stack/data/venv/lib/python3.12/site-packages/dbcounter.py:115}}
Jul 07 17:37:44.252628 np0000004748 nova-scheduler[95166]: DEBUG dbcounter [-] [95166] Writing DB stats nova_cell0:SELECT=1 {{(pid=95166) stat_writer /opt/stack/data/venv/lib/python3.12/site-packages/dbcounter.py:115}}
Jul 07 17:37:44.256468 np0000004748 nova-scheduler[95166]: DEBUG dbcounter [-] [95166] Writing DB stats nova_cell1:SELECT=1 {{(pid=95166) stat_writer /opt/stack/data/venv/lib/python3.12/site-packages/dbcounter.py:115}}
Jul 07 17:37:45.653088 np0000004748 nova-scheduler[96409]: DEBUG oslo.service.backend._threading.loopingcall [None req-981cc35f-c306-47fe-b5a6-3fdd575ab97a None None] Dynamic interval looping call 'nova.service.Service.periodic_tasks' sleeping for 60.00 seconds {{(pid=96409) _run_loop /opt/stack/data/venv/lib/python3.12/site-packages/oslo_service/backend/_threading/loopingcall.py:125}}
Jul 07 17:37:50.656955 np0000004748 nova-scheduler[96413]: DEBUG dbcounter [-] [96413] Writing DB stats nova_cell0:SELECT=4,nova_cell0:INSERT=1,nova_cell0:UPDATE=1 {{(pid=96413) stat_writer /opt/stack/data/venv/lib/python3.12/site-packages/dbcounter.py:115}}
Jul 07 17:37:50.657549 np0000004748 nova-scheduler[96367]: DEBUG dbcounter [-] [96367] Writing DB stats nova_cell0:SELECT=4,nova_cell0:INSERT=1,nova_cell0:UPDATE=1 {{(pid=96367) stat_writer /opt/stack/data/venv/lib/python3.12/site-packages/dbcounter.py:115}}
Jul 07 17:37:50.660801 np0000004748 nova-scheduler[96409]: DEBUG dbcounter [-] [96409] Writing DB stats nova_cell0:SELECT=5,nova_cell0:INSERT=1,nova_cell0:UPDATE=1 {{(pid=96409) stat_writer /opt/stack/data/venv/lib/python3.12/site-packages/dbcounter.py:115}}
Jul 07 17:37:50.664984 np0000004748 nova-scheduler[96392]: DEBUG dbcounter [-] [96392] Writing DB stats nova_cell0:SELECT=5,nova_cell0:INSERT=1 {{(pid=96392) stat_writer /opt/stack/data/venv/lib/python3.12/site-packages/dbcounter.py:115}}
Jul 07 17:38:12.647757 np0000004748 nova-scheduler[96367]: DEBUG oslo.service.backend._threading.loopingcall [None req-e11801e8-a430-451c-86af-e25ad287b8b8 None None] Dynamic interval looping call 'nova.service.Service.periodic_tasks' sleeping for 60.00 seconds {{(pid=96367) _run_loop /opt/stack/data/venv/lib/python3.12/site-packages/oslo_service/backend/_threading/loopingcall.py:125}}
Jul 07 17:38:19.649195 np0000004748 nova-scheduler[96413]: DEBUG oslo.service.backend._threading.loopingcall [None req-b7431d34-77ad-4e66-bbe4-ec055b44293f None None] Dynamic interval looping call 'nova.service.Service.periodic_tasks' sleeping for 60.00 seconds {{(pid=96413) _run_loop /opt/stack/data/venv/lib/python3.12/site-packages/oslo_service/backend/_threading/loopingcall.py:125}}
Jul 07 17:38:40.659255 np0000004748 nova-scheduler[96392]: DEBUG oslo.service.backend._threading.loopingcall [None req-b63f20a7-3947-4562-a3b3-d596c7477f35 None None] Dynamic interval looping call 'nova.service.Service.periodic_tasks' sleeping for 60.00 seconds {{(pid=96392) _run_loop /opt/stack/data/venv/lib/python3.12/site-packages/oslo_service/backend/_threading/loopingcall.py:125}}
Jul 07 17:38:45.653627 np0000004748 nova-scheduler[96409]: DEBUG oslo.service.backend._threading.loopingcall [None req-981cc35f-c306-47fe-b5a6-3fdd575ab97a None None] Dynamic interval looping call 'nova.service.Service.periodic_tasks' sleeping for 60.00 seconds {{(pid=96409) _run_loop /opt/stack/data/venv/lib/python3.12/site-packages/oslo_service/backend/_threading/loopingcall.py:125}}
Jul 07 17:39:12.648222 np0000004748 nova-scheduler[96367]: DEBUG oslo.service.backend._threading.loopingcall [None req-e11801e8-a430-451c-86af-e25ad287b8b8 None None] Dynamic interval looping call 'nova.service.Service.periodic_tasks' sleeping for 60.00 seconds {{(pid=96367) _run_loop /opt/stack/data/venv/lib/python3.12/site-packages/oslo_service/backend/_threading/loopingcall.py:125}}
Jul 07 17:39:19.649739 np0000004748 nova-scheduler[96413]: DEBUG oslo.service.backend._threading.loopingcall [None req-b7431d34-77ad-4e66-bbe4-ec055b44293f None None] Dynamic interval looping call 'nova.service.Service.periodic_tasks' sleeping for 60.00 seconds {{(pid=96413) _run_loop /opt/stack/data/venv/lib/python3.12/site-packages/oslo_service/backend/_threading/loopingcall.py:125}}
Jul 07 17:39:40.655723 np0000004748 nova-scheduler[96367]: DEBUG oslo.service.backend._threading.loopingcall [-] Fixed interval looping call 'nova.servicegroup.drivers.db.DbDriver._report_state' sleeping for 119.99 seconds {{(pid=96367) _run_loop /opt/stack/data/venv/lib/python3.12/site-packages/oslo_service/backend/_threading/loopingcall.py:125}}
Jul 07 17:39:40.656590 np0000004748 nova-scheduler[96413]: DEBUG oslo.service.backend._threading.loopingcall [-] Fixed interval looping call 'nova.servicegroup.drivers.db.DbDriver._report_state' sleeping for 119.99 seconds {{(pid=96413) _run_loop /opt/stack/data/venv/lib/python3.12/site-packages/oslo_service/backend/_threading/loopingcall.py:125}}
Jul 07 17:39:40.659617 np0000004748 nova-scheduler[96409]: DEBUG oslo.service.backend._threading.loopingcall [-] Fixed interval looping call 'nova.servicegroup.drivers.db.DbDriver._report_state' sleeping for 120.00 seconds {{(pid=96409) _run_loop /opt/stack/data/venv/lib/python3.12/site-packages/oslo_service/backend/_threading/loopingcall.py:125}}
Jul 07 17:39:40.660008 np0000004748 nova-scheduler[96392]: DEBUG oslo.service.backend._threading.loopingcall [None req-b63f20a7-3947-4562-a3b3-d596c7477f35 None None] Dynamic interval looping call 'nova.service.Service.periodic_tasks' sleeping for 60.00 seconds {{(pid=96392) _run_loop /opt/stack/data/venv/lib/python3.12/site-packages/oslo_service/backend/_threading/loopingcall.py:125}}
Jul 07 17:39:40.662645 np0000004748 nova-scheduler[96392]: DEBUG oslo.service.backend._threading.loopingcall [-] Fixed interval looping call 'nova.servicegroup.drivers.db.DbDriver._report_state' sleeping for 120.00 seconds {{(pid=96392) _run_loop /opt/stack/data/venv/lib/python3.12/site-packages/oslo_service/backend/_threading/loopingcall.py:125}}
Jul 07 17:39:45.654441 np0000004748 nova-scheduler[96409]: DEBUG oslo.service.backend._threading.loopingcall [None req-981cc35f-c306-47fe-b5a6-3fdd575ab97a None None] Dynamic interval looping call 'nova.service.Service.periodic_tasks' sleeping for 60.00 seconds {{(pid=96409) _run_loop /opt/stack/data/venv/lib/python3.12/site-packages/oslo_service/backend/_threading/loopingcall.py:125}}
Jul 07 17:39:50.649183 np0000004748 nova-scheduler[96367]: DEBUG dbcounter [-] [96367] Writing DB stats nova_cell0:SELECT=1,nova_cell0:UPDATE=1 {{(pid=96367) stat_writer /opt/stack/data/venv/lib/python3.12/site-packages/dbcounter.py:115}}
Jul 07 17:39:50.650268 np0000004748 nova-scheduler[96413]: DEBUG dbcounter [-] [96413] Writing DB stats nova_cell0:SELECT=1,nova_cell0:UPDATE=1 {{(pid=96413) stat_writer /opt/stack/data/venv/lib/python3.12/site-packages/dbcounter.py:115}}
Jul 07 17:39:50.658300 np0000004748 nova-scheduler[96409]: DEBUG dbcounter [-] [96409] Writing DB stats nova_cell0:SELECT=1 {{(pid=96409) stat_writer /opt/stack/data/venv/lib/python3.12/site-packages/dbcounter.py:115}}
Jul 07 17:39:50.660779 np0000004748 nova-scheduler[96392]: DEBUG dbcounter [-] [96392] Writing DB stats nova_cell0:SELECT=1 {{(pid=96392) stat_writer /opt/stack/data/venv/lib/python3.12/site-packages/dbcounter.py:115}}
Jul 07 17:40:09.855081 np0000004748 nova-scheduler[96367]: DEBUG nova.scheduler.manager [None req-00548908-0603-4734-9da5-4fa527769600 tempest-ServerActionsTestOtherA-1908368544 tempest-ServerActionsTestOtherA-1908368544-project-member] Starting to schedule for instances: ['d3565786-59db-49c9-a8db-40c394f35e0e'] {{(pid=96367) select_destinations /opt/stack/nova/nova/scheduler/manager.py:209}}
Jul 07 17:40:09.856531 np0000004748 nova-scheduler[96367]: DEBUG nova.scheduler.request_filter [None req-00548908-0603-4734-9da5-4fa527769600 tempest-ServerActionsTestOtherA-1908368544 tempest-ServerActionsTestOtherA-1908368544-project-member] compute_status_filter request filter added forbidden trait COMPUTE_STATUS_DISABLED {{(pid=96367) compute_status_filter /opt/stack/nova/nova/scheduler/request_filter.py:253}}
Jul 07 17:40:09.856531 np0000004748 nova-scheduler[96367]: DEBUG nova.scheduler.request_filter [None req-00548908-0603-4734-9da5-4fa527769600 tempest-ServerActionsTestOtherA-1908368544 tempest-ServerActionsTestOtherA-1908368544-project-member] Request filter 'compute_status_filter' took 0.0 seconds {{(pid=96367) wrapper /opt/stack/nova/nova/scheduler/request_filter.py:46}}
Jul 07 17:40:09.857618 np0000004748 nova-scheduler[96367]: DEBUG nova.scheduler.request_filter [None req-00548908-0603-4734-9da5-4fa527769600 tempest-ServerActionsTestOtherA-1908368544 tempest-ServerActionsTestOtherA-1908368544-project-member] Request filter 'accelerators_filter' took 0.0 seconds {{(pid=96367) wrapper /opt/stack/nova/nova/scheduler/request_filter.py:46}}
Jul 07 17:40:09.857618 np0000004748 nova-scheduler[96367]: DEBUG nova.scheduler.request_filter [None req-00548908-0603-4734-9da5-4fa527769600 tempest-ServerActionsTestOtherA-1908368544 tempest-ServerActionsTestOtherA-1908368544-project-member] Request filter 'packed_virtqueue_filter' took 0.0 seconds {{(pid=96367) wrapper /opt/stack/nova/nova/scheduler/request_filter.py:46}}
Jul 07 17:40:09.857798 np0000004748 nova-scheduler[96367]: DEBUG nova.scheduler.request_filter [None req-00548908-0603-4734-9da5-4fa527769600 tempest-ServerActionsTestOtherA-1908368544 tempest-ServerActionsTestOtherA-1908368544-project-member] Request filter 'remote_managed_ports_filter' took 0.0 seconds {{(pid=96367) wrapper /opt/stack/nova/nova/scheduler/request_filter.py:46}}
Jul 07 17:40:09.858668 np0000004748 nova-scheduler[96367]: DEBUG nova.scheduler.request_filter [None req-00548908-0603-4734-9da5-4fa527769600 tempest-ServerActionsTestOtherA-1908368544 tempest-ServerActionsTestOtherA-1908368544-project-member] ephemeral_encryption_filter skipped {{(pid=96367) ephemeral_encryption_filter /opt/stack/nova/nova/scheduler/request_filter.py:426}}
Jul 07 17:40:09.858736 np0000004748 nova-scheduler[96367]: DEBUG nova.scheduler.request_filter [None req-00548908-0603-4734-9da5-4fa527769600 tempest-ServerActionsTestOtherA-1908368544 tempest-ServerActionsTestOtherA-1908368544-project-member] virtio_sound_filter skipped {{(pid=96367) virtio_sound_filter /opt/stack/nova/nova/scheduler/request_filter.py:460}}
Jul 07 17:40:09.859319 np0000004748 nova-scheduler[96367]: DEBUG nova.scheduler.request_filter [None req-00548908-0603-4734-9da5-4fa527769600 tempest-ServerActionsTestOtherA-1908368544 tempest-ServerActionsTestOtherA-1908368544-project-member] tpm_secret_security_filter skipped {{(pid=96367) tpm_secret_security_filter /opt/stack/nova/nova/scheduler/request_filter.py:477}}
Jul 07 17:40:10.592582 np0000004748 nova-scheduler[96367]: INFO nova.utils [None req-00548908-0603-4734-9da5-4fa527769600 tempest-ServerActionsTestOtherA-1908368544 tempest-ServerActionsTestOtherA-1908368544-project-member] The cell worker thread pool ForkProcess-1.cell_worker is initialized
Jul 07 17:40:10.592929 np0000004748 nova-scheduler[96367]: DEBUG oslo_concurrency.lockutils [None req-00548908-0603-4734-9da5-4fa527769600 tempest-ServerActionsTestOtherA-1908368544 tempest-ServerActionsTestOtherA-1908368544-project-member] Acquiring lock "4df831a2-d091-4bbd-aa92-8287954936f5" by "nova.context.set_target_cell..get_or_set_cached_cell_and_set_connections" {{(pid=96367) inner /opt/stack/data/venv/lib/python3.12/site-packages/oslo_concurrency/lockutils.py:511}}
Jul 07 17:40:10.593172 np0000004748 nova-scheduler[96367]: DEBUG oslo_concurrency.lockutils [None req-00548908-0603-4734-9da5-4fa527769600 tempest-ServerActionsTestOtherA-1908368544 tempest-ServerActionsTestOtherA-1908368544-project-member] Lock "4df831a2-d091-4bbd-aa92-8287954936f5" acquired by "nova.context.set_target_cell..get_or_set_cached_cell_and_set_connections" :: waited 0.000s {{(pid=96367) inner /opt/stack/data/venv/lib/python3.12/site-packages/oslo_concurrency/lockutils.py:524}}
Jul 07 17:40:10.594846 np0000004748 nova-scheduler[96367]: DEBUG oslo_concurrency.lockutils [None req-00548908-0603-4734-9da5-4fa527769600 tempest-ServerActionsTestOtherA-1908368544 tempest-ServerActionsTestOtherA-1908368544-project-member] Lock "4df831a2-d091-4bbd-aa92-8287954936f5" "released" by "nova.context.set_target_cell..get_or_set_cached_cell_and_set_connections" :: held 0.001s {{(pid=96367) inner /opt/stack/data/venv/lib/python3.12/site-packages/oslo_concurrency/lockutils.py:543}}
Jul 07 17:40:10.596338 np0000004748 nova-scheduler[96367]: INFO dbcounter [None req-00548908-0603-4734-9da5-4fa527769600 tempest-ServerActionsTestOtherA-1908368544 tempest-ServerActionsTestOtherA-1908368544-project-member] Registered counter for database nova_cell1
Jul 07 17:40:10.638731 np0000004748 nova-scheduler[96367]: DEBUG oslo_db.sqlalchemy.engines [None req-00548908-0603-4734-9da5-4fa527769600 tempest-ServerActionsTestOtherA-1908368544 tempest-ServerActionsTestOtherA-1908368544-project-member] MySQL server mode set to STRICT_TRANS_TABLES,STRICT_ALL_TABLES,NO_ZERO_IN_DATE,NO_ZERO_DATE,ERROR_FOR_DIVISION_BY_ZERO,TRADITIONAL,NO_ENGINE_SUBSTITUTION {{(pid=96367) _check_effective_sql_mode /opt/stack/data/venv/lib/python3.12/site-packages/oslo_db/sqlalchemy/engines.py:325}}
Jul 07 17:40:10.644770 np0000004748 nova-scheduler[96367]: DEBUG dbcounter [-] [96367] Writer thread running {{(pid=96367) stat_writer /opt/stack/data/venv/lib/python3.12/site-packages/dbcounter.py:102}}
Jul 07 17:40:10.658160 np0000004748 nova-scheduler[96367]: DEBUG oslo_db.sqlalchemy.engines [None req-00548908-0603-4734-9da5-4fa527769600 tempest-ServerActionsTestOtherA-1908368544 tempest-ServerActionsTestOtherA-1908368544-project-member] Parent process 95166 forked (96367) with an open database connection, which is being discarded and recreated. {{(pid=96367) checkout /opt/stack/data/venv/lib/python3.12/site-packages/oslo_db/sqlalchemy/engines.py:402}}
Jul 07 17:40:10.708301 np0000004748 nova-scheduler[96367]: DEBUG dbcounter [-] [96367] Writer thread running {{(pid=96367) stat_writer /opt/stack/data/venv/lib/python3.12/site-packages/dbcounter.py:102}}
Jul 07 17:40:10.710907 np0000004748 nova-scheduler[96367]: DEBUG oslo_concurrency.lockutils [None req-00548908-0603-4734-9da5-4fa527769600 tempest-ServerActionsTestOtherA-1908368544 tempest-ServerActionsTestOtherA-1908368544-project-member] Acquiring lock "4df831a2-d091-4bbd-aa92-8287954936f5" by "nova.context.set_target_cell..get_or_set_cached_cell_and_set_connections" {{(pid=96367) inner /opt/stack/data/venv/lib/python3.12/site-packages/oslo_concurrency/lockutils.py:511}}
Jul 07 17:40:10.711076 np0000004748 nova-scheduler[96367]: DEBUG oslo_concurrency.lockutils [None req-00548908-0603-4734-9da5-4fa527769600 tempest-ServerActionsTestOtherA-1908368544 tempest-ServerActionsTestOtherA-1908368544-project-member] Lock "4df831a2-d091-4bbd-aa92-8287954936f5" acquired by "nova.context.set_target_cell..get_or_set_cached_cell_and_set_connections" :: waited 0.000s {{(pid=96367) inner /opt/stack/data/venv/lib/python3.12/site-packages/oslo_concurrency/lockutils.py:524}}
Jul 07 17:40:10.711195 np0000004748 nova-scheduler[96367]: DEBUG oslo_concurrency.lockutils [None req-00548908-0603-4734-9da5-4fa527769600 tempest-ServerActionsTestOtherA-1908368544 tempest-ServerActionsTestOtherA-1908368544-project-member] Lock "4df831a2-d091-4bbd-aa92-8287954936f5" "released" by "nova.context.set_target_cell..get_or_set_cached_cell_and_set_connections" :: held 0.000s {{(pid=96367) inner /opt/stack/data/venv/lib/python3.12/site-packages/oslo_concurrency/lockutils.py:543}}
Jul 07 17:40:10.714809 np0000004748 nova-scheduler[96367]: DEBUG oslo_concurrency.lockutils [None req-00548908-0603-4734-9da5-4fa527769600 tempest-ServerActionsTestOtherA-1908368544 tempest-ServerActionsTestOtherA-1908368544-project-member] Acquiring lock "np0000004748-np0000004748" by "nova.scheduler.host_manager.HostState.update.._locked_update" {{(pid=96367) inner /opt/stack/data/venv/lib/python3.12/site-packages/oslo_concurrency/lockutils.py:511}}
Jul 07 17:40:10.714992 np0000004748 nova-scheduler[96367]: DEBUG oslo_concurrency.lockutils [None req-00548908-0603-4734-9da5-4fa527769600 tempest-ServerActionsTestOtherA-1908368544 tempest-ServerActionsTestOtherA-1908368544-project-member] Lock "np0000004748-np0000004748" acquired by "nova.scheduler.host_manager.HostState.update.._locked_update" :: waited 0.000s {{(pid=96367) inner /opt/stack/data/venv/lib/python3.12/site-packages/oslo_concurrency/lockutils.py:524}}
