Jul 02 19:21:09.874458 np0000004310 devstack@g-api.service[102682]: [pid: 102682|app: 0|req: 9/31] 127.0.0.1 () {44 vars in 1039 bytes} [Thu Jul 2 19:21:09 2026] GET /versions => generated 1407 bytes in 1 msecs (HTTP/1.1 200) 3 headers in 92 bytes (1 switches on core 0)
Jul 02 19:21:09.883947 np0000004310 devstack@g-api.service[102680]: DEBUG glance.api.middleware.version_negotiation [None req-23da1ba1-3bd5-4196-a796-2301196a8466 tempest-TaggedBootDevicesTest_v242-1394508452 tempest-TaggedBootDevicesTest_v242-1394508452-project-member] Determining version of request: GET /v2/images/ef19dcfc-02b3-4c8e-809c-dbedc054be02/locations Accept: */* {{(pid=102680) process_request /opt/stack/glance/glance/api/middleware/version_negotiation.py:44}}
Jul 02 19:21:09.884360 np0000004310 devstack@g-api.service[102680]: DEBUG glance.api.middleware.version_negotiation [None req-23da1ba1-3bd5-4196-a796-2301196a8466 tempest-TaggedBootDevicesTest_v242-1394508452 tempest-TaggedBootDevicesTest_v242-1394508452-project-member] Using url versioning {{(pid=102680) process_request /opt/stack/glance/glance/api/middleware/version_negotiation.py:57}}
Jul 02 19:21:09.884360 np0000004310 devstack@g-api.service[102680]: DEBUG glance.api.middleware.version_negotiation [None req-23da1ba1-3bd5-4196-a796-2301196a8466 tempest-TaggedBootDevicesTest_v242-1394508452 tempest-TaggedBootDevicesTest_v242-1394508452-project-member] Matched version: v2 {{(pid=102680) process_request /opt/stack/glance/glance/api/middleware/version_negotiation.py:69}}
Jul 02 19:21:09.884511 np0000004310 devstack@g-api.service[102680]: DEBUG glance.api.middleware.version_negotiation [None req-23da1ba1-3bd5-4196-a796-2301196a8466 tempest-TaggedBootDevicesTest_v242-1394508452 tempest-TaggedBootDevicesTest_v242-1394508452-project-member] new path /v2/images/ef19dcfc-02b3-4c8e-809c-dbedc054be02/locations {{(pid=102680) process_request /opt/stack/glance/glance/api/middleware/version_negotiation.py:70}}
Jul 02 19:21:10.095090 np0000004310 devstack@g-api.service[102683]: DEBUG glance.location [None req-e6fb6a26-1a0b-4281-9619-506e92516e5f tempest-AttachSCSIVolumeTestJSON-1126248910 tempest-AttachSCSIVolumeTestJSON-1126248910-project-admin] Enabling in-flight format inspection for qcow2 {{(pid=102683) set_data /opt/stack/glance/glance/location.py:596}}
Jul 02 19:21:10.096117 np0000004310 devstack@g-api.service[102683]: DEBUG glance_store.backend [None req-e6fb6a26-1a0b-4281-9619-506e92516e5f tempest-AttachSCSIVolumeTestJSON-1126248910 tempest-AttachSCSIVolumeTestJSON-1126248910-project-admin] Attempting to import store swift {{(pid=102683) _load_store /opt/stack/data/venv/lib/python3.12/site-packages/glance_store/backend.py:215}}
Jul 02 19:21:10.098051 np0000004310 devstack@g-api.service[102683]: DEBUG glance_store.capabilities [None req-e6fb6a26-1a0b-4281-9619-506e92516e5f tempest-AttachSCSIVolumeTestJSON-1126248910 tempest-AttachSCSIVolumeTestJSON-1126248910-project-admin] Store glance_store._drivers.swift.store.SingleTenantStore doesn't support updating dynamic storage capabilities. Please overwrite 'update_capabilities' method of the store to implement updating logics if needed. {{(pid=102683) update_capabilities /opt/stack/data/venv/lib/python3.12/site-packages/glance_store/capabilities.py:91}}
Jul 02 19:21:10.098649 np0000004310 devstack@g-api.service[102683]: DEBUG glance_store.driver [None req-e6fb6a26-1a0b-4281-9619-506e92516e5f tempest-AttachSCSIVolumeTestJSON-1126248910 tempest-AttachSCSIVolumeTestJSON-1126248910-project-admin] Late loading location class glance_store._drivers.swift.store.StoreLocation {{(pid=102683) get_store_location_class /opt/stack/data/venv/lib/python3.12/site-packages/glance_store/driver.py:134}}
Jul 02 19:21:10.098748 np0000004310 devstack@g-api.service[102683]: DEBUG glance_store.location [None req-e6fb6a26-1a0b-4281-9619-506e92516e5f tempest-AttachSCSIVolumeTestJSON-1126248910 tempest-AttachSCSIVolumeTestJSON-1126248910-project-admin] Registering scheme swift+https with {'store': , 'location_class': , 'store_entry': 'swift'} {{(pid=102683) register_scheme_map /opt/stack/data/venv/lib/python3.12/site-packages/glance_store/location.py:146}}
Jul 02 19:21:10.098917 np0000004310 devstack@g-api.service[102683]: DEBUG glance_store.location [None req-e6fb6a26-1a0b-4281-9619-506e92516e5f tempest-AttachSCSIVolumeTestJSON-1126248910 tempest-AttachSCSIVolumeTestJSON-1126248910-project-admin] Registering scheme swift+https with {'store': , 'location_class': , 'store_entry': 'swift'} {{(pid=102683) register_scheme_map /opt/stack/data/venv/lib/python3.12/site-packages/glance_store/location.py:146}}
Jul 02 19:21:10.099085 np0000004310 devstack@g-api.service[102683]: DEBUG glance_store.location [None req-e6fb6a26-1a0b-4281-9619-506e92516e5f tempest-AttachSCSIVolumeTestJSON-1126248910 tempest-AttachSCSIVolumeTestJSON-1126248910-project-admin] Registering scheme swift with {'store': , 'location_class': , 'store_entry': 'swift'} {{(pid=102683) register_scheme_map /opt/stack/data/venv/lib/python3.12/site-packages/glance_store/location.py:146}}
Jul 02 19:21:10.099226 np0000004310 devstack@g-api.service[102683]: DEBUG glance_store.location [None req-e6fb6a26-1a0b-4281-9619-506e92516e5f tempest-AttachSCSIVolumeTestJSON-1126248910 tempest-AttachSCSIVolumeTestJSON-1126248910-project-admin] Registering scheme swift+https with {'store': , 'location_class': , 'store_entry': 'swift'} {{(pid=102683) register_scheme_map /opt/stack/data/venv/lib/python3.12/site-packages/glance_store/location.py:146}}
Jul 02 19:21:10.099226 np0000004310 devstack@g-api.service[102683]: DEBUG glance_store.location [None req-e6fb6a26-1a0b-4281-9619-506e92516e5f tempest-AttachSCSIVolumeTestJSON-1126248910 tempest-AttachSCSIVolumeTestJSON-1126248910-project-admin] Registering scheme swift with {'store': , 'location_class': , 'store_entry': 'swift'} {{(pid=102683) register_scheme_map /opt/stack/data/venv/lib/python3.12/site-packages/glance_store/location.py:146}}
Jul 02 19:21:10.099562 np0000004310 devstack@g-api.service[102683]: DEBUG glance_store.location [None req-e6fb6a26-1a0b-4281-9619-506e92516e5f tempest-AttachSCSIVolumeTestJSON-1126248910 tempest-AttachSCSIVolumeTestJSON-1126248910-project-admin] Registering scheme swift+http with {'store': , 'location_class': , 'store_entry': 'swift'} {{(pid=102683) register_scheme_map /opt/stack/data/venv/lib/python3.12/site-packages/glance_store/location.py:146}}
Jul 02 19:21:10.099562 np0000004310 devstack@g-api.service[102683]: DEBUG glance_store.location [None req-e6fb6a26-1a0b-4281-9619-506e92516e5f tempest-AttachSCSIVolumeTestJSON-1126248910 tempest-AttachSCSIVolumeTestJSON-1126248910-project-admin] Registering scheme swift+https with {'store': , 'location_class': , 'store_entry': 'swift'} {{(pid=102683) register_scheme_map /opt/stack/data/venv/lib/python3.12/site-packages/glance_store/location.py:146}}
Jul 02 19:21:10.099688 np0000004310 devstack@g-api.service[102683]: DEBUG glance_store.location [None req-e6fb6a26-1a0b-4281-9619-506e92516e5f tempest-AttachSCSIVolumeTestJSON-1126248910 tempest-AttachSCSIVolumeTestJSON-1126248910-project-admin] Registering scheme swift with {'store': , 'location_class': , 'store_entry': 'swift'} {{(pid=102683) register_scheme_map /opt/stack/data/venv/lib/python3.12/site-packages/glance_store/location.py:146}}
Jul 02 19:21:10.099688 np0000004310 devstack@g-api.service[102683]: DEBUG glance_store.location [None req-e6fb6a26-1a0b-4281-9619-506e92516e5f tempest-AttachSCSIVolumeTestJSON-1126248910 tempest-AttachSCSIVolumeTestJSON-1126248910-project-admin] Registering scheme swift+http with {'store': , 'location_class': , 'store_entry': 'swift'} {{(pid=102683) register_scheme_map /opt/stack/data/venv/lib/python3.12/site-packages/glance_store/location.py:146}}
Jul 02 19:21:10.099809 np0000004310 devstack@g-api.service[102683]: DEBUG glance_store.location [None req-e6fb6a26-1a0b-4281-9619-506e92516e5f tempest-AttachSCSIVolumeTestJSON-1126248910 tempest-AttachSCSIVolumeTestJSON-1126248910-project-admin] Registering scheme swift+config with {'store': , 'location_class': , 'store_entry': 'swift'} {{(pid=102683) register_scheme_map /opt/stack/data/venv/lib/python3.12/site-packages/glance_store/location.py:146}}
Jul 02 19:21:10.602691 np0000004310 devstack@g-api.service[102683]: DEBUG swiftclient [None req-e6fb6a26-1a0b-4281-9619-506e92516e5f tempest-AttachSCSIVolumeTestJSON-1126248910 tempest-AttachSCSIVolumeTestJSON-1126248910-project-admin] REQ: curl -i https://10.4.3.204:8080/v1/AUTH_8cf16ff61c694b2f8c931bd418ef071c/glance -I -H "X-Auth-Token: gAAAAABqRromVHK6..." {{(pid=102683) http_log /opt/stack/data/venv/lib/python3.12/site-packages/swiftclient/client.py:160}}
Jul 02 19:21:10.603394 np0000004310 devstack@g-api.service[102683]: DEBUG swiftclient [None req-e6fb6a26-1a0b-4281-9619-506e92516e5f tempest-AttachSCSIVolumeTestJSON-1126248910 tempest-AttachSCSIVolumeTestJSON-1126248910-project-admin] RESP STATUS: 204 No Content {{(pid=102683) http_log /opt/stack/data/venv/lib/python3.12/site-packages/swiftclient/client.py:161}}
Jul 02 19:21:10.603394 np0000004310 devstack@g-api.service[102683]: DEBUG swiftclient [None req-e6fb6a26-1a0b-4281-9619-506e92516e5f tempest-AttachSCSIVolumeTestJSON-1126248910 tempest-AttachSCSIVolumeTestJSON-1126248910-project-admin] RESP HEADERS: {'Date': 'Thu, 02 Jul 2026 19:21:10 GMT', 'Server': 'Apache/2.4.58 (Ubuntu)', 'Content-Type': 'text/plain; charset=utf-8', 'X-Container-Object-Count': '3', 'X-Container-Bytes-Used': '64356352', 'X-Timestamp': '1783019941.86769', 'Last-Modified': 'Thu, 02 Jul 2026 19:19:02 GMT', 'Accept-Ranges': 'bytes', 'X-Storage-Policy': 'Policy-0', 'X-Container-Sharding': 'False', 'Vary': 'Accept', 'X-Trans-Id': 'txa283aa8dacdb43aab327d-006a46ba26', 'X-Openstack-Request-Id': 'txa283aa8dacdb43aab327d-006a46ba26', 'Connection': 'close'} {{(pid=102683) http_log /opt/stack/data/venv/lib/python3.12/site-packages/swiftclient/client.py:162}}
Jul 02 19:21:10.603394 np0000004310 devstack@g-api.service[102683]: DEBUG glance_store._drivers.swift.store [None req-e6fb6a26-1a0b-4281-9619-506e92516e5f tempest-AttachSCSIVolumeTestJSON-1126248910 tempest-AttachSCSIVolumeTestJSON-1126248910-project-admin] Adding image object '4ba49320-fa67-4b9d-9833-9e9c18083255' to Swift {{(pid=102683) add /opt/stack/data/venv/lib/python3.12/site-packages/glance_store/_drivers/swift/store.py:970}}
Jul 02 19:21:10.603606 np0000004310 devstack@g-api.service[102683]: DEBUG glance_store._drivers.swift.store [None req-e6fb6a26-1a0b-4281-9619-506e92516e5f tempest-AttachSCSIVolumeTestJSON-1126248910 tempest-AttachSCSIVolumeTestJSON-1126248910-project-admin] Cannot determine image size because it is either not provided in the request or chunked-transfer encoding is used. Adding image as a segmented object to Swift. {{(pid=102683) add /opt/stack/data/venv/lib/python3.12/site-packages/glance_store/_drivers/swift/store.py:994}}
Jul 02 19:21:10.610868 np0000004310 devstack@g-api.service[102683]: DEBUG oslo_utils.imageutils.format_inspector [None req-e6fb6a26-1a0b-4281-9619-506e92516e5f tempest-AttachSCSIVolumeTestJSON-1126248910 tempest-AttachSCSIVolumeTestJSON-1126248910-project-admin] Format inspector for vmdk does not match, excluding from consideration (Signature KDMV not found: b'QFI\xfb') {{(pid=102683) _process_chunk /opt/stack/data/venv/lib/python3.12/site-packages/oslo_utils/imageutils/format_inspector.py:1758}}
Jul 02 19:21:10.613428 np0000004310 devstack@g-api.service[102683]: DEBUG oslo_utils.imageutils.format_inspector [None req-e6fb6a26-1a0b-4281-9619-506e92516e5f tempest-AttachSCSIVolumeTestJSON-1126248910 tempest-AttachSCSIVolumeTestJSON-1126248910-project-admin] Format inspector for vhdx does not match, excluding from consideration (Region signature not found at 30000) {{(pid=102683) _process_chunk /opt/stack/data/venv/lib/python3.12/site-packages/oslo_utils/imageutils/format_inspector.py:1758}}
Jul 02 19:21:10.737378 np0000004310 devstack@g-api.service[102680]: [pid: 102680|app: 0|req: 9/32] 127.0.0.1 () {44 vars in 1135 bytes} [Thu Jul 2 19:21:09 2026] GET /v2/images/ef19dcfc-02b3-4c8e-809c-dbedc054be02/locations => generated 92 bytes in 854 msecs (HTTP/1.1 200) 4 headers in 156 bytes (1 switches on core 0)
Jul 02 19:21:10.747804 np0000004310 devstack@g-api.service[102681]: DEBUG glance.api.middleware.version_negotiation [None req-23da1ba1-3bd5-4196-a796-2301196a8466 tempest-TaggedBootDevicesTest_v242-1394508452 tempest-TaggedBootDevicesTest_v242-1394508452-project-member] Determining version of request: GET /v2/images/ef19dcfc-02b3-4c8e-809c-dbedc054be02 Accept: */* {{(pid=102681) process_request /opt/stack/glance/glance/api/middleware/version_negotiation.py:44}}
Jul 02 19:21:10.748255 np0000004310 devstack@g-api.service[102681]: DEBUG glance.api.middleware.version_negotiation [None req-23da1ba1-3bd5-4196-a796-2301196a8466 tempest-TaggedBootDevicesTest_v242-1394508452 tempest-TaggedBootDevicesTest_v242-1394508452-project-member] Using url versioning {{(pid=102681) process_request /opt/stack/glance/glance/api/middleware/version_negotiation.py:57}}
Jul 02 19:21:10.748255 np0000004310 devstack@g-api.service[102681]: DEBUG glance.api.middleware.version_negotiation [None req-23da1ba1-3bd5-4196-a796-2301196a8466 tempest-TaggedBootDevicesTest_v242-1394508452 tempest-TaggedBootDevicesTest_v242-1394508452-project-member] Matched version: v2 {{(pid=102681) process_request /opt/stack/glance/glance/api/middleware/version_negotiation.py:69}}
Jul 02 19:21:10.748410 np0000004310 devstack@g-api.service[102681]: DEBUG glance.api.middleware.version_negotiation [None req-23da1ba1-3bd5-4196-a796-2301196a8466 tempest-TaggedBootDevicesTest_v242-1394508452 tempest-TaggedBootDevicesTest_v242-1394508452-project-member] new path /v2/images/ef19dcfc-02b3-4c8e-809c-dbedc054be02 {{(pid=102681) process_request /opt/stack/glance/glance/api/middleware/version_negotiation.py:70}}
Jul 02 19:21:10.769985 np0000004310 devstack@g-api.service[102681]: [pid: 102681|app: 0|req: 9/33] 127.0.0.1 () {44 vars in 1115 bytes} [Thu Jul 2 19:21:10 2026] GET /v2/images/ef19dcfc-02b3-4c8e-809c-dbedc054be02 => generated 1044 bytes in 22 msecs (HTTP/1.1 200) 4 headers in 158 bytes (1 switches on core 0)
Jul 02 19:21:10.783972 np0000004310 devstack@g-api.service[102682]: DEBUG glance.api.middleware.version_negotiation [None req-23da1ba1-3bd5-4196-a796-2301196a8466 tempest-TaggedBootDevicesTest_v242-1394508452 tempest-TaggedBootDevicesTest_v242-1394508452-project-member] Determining version of request: GET /v2/schemas/image Accept: */* {{(pid=102682) process_request /opt/stack/glance/glance/api/middleware/version_negotiation.py:44}}
Jul 02 19:21:10.784174 np0000004310 devstack@g-api.service[102682]: DEBUG glance.api.middleware.version_negotiation [None req-23da1ba1-3bd5-4196-a796-2301196a8466 tempest-TaggedBootDevicesTest_v242-1394508452 tempest-TaggedBootDevicesTest_v242-1394508452-project-member] Using url versioning {{(pid=102682) process_request /opt/stack/glance/glance/api/middleware/version_negotiation.py:57}}
Jul 02 19:21:10.785588 np0000004310 devstack@g-api.service[102682]: DEBUG glance.api.middleware.version_negotiation [None req-23da1ba1-3bd5-4196-a796-2301196a8466 tempest-TaggedBootDevicesTest_v242-1394508452 tempest-TaggedBootDevicesTest_v242-1394508452-project-member] Matched version: v2 {{(pid=102682) process_request /opt/stack/glance/glance/api/middleware/version_negotiation.py:69}}
Jul 02 19:21:10.785588 np0000004310 devstack@g-api.service[102682]: DEBUG glance.api.middleware.version_negotiation [None req-23da1ba1-3bd5-4196-a796-2301196a8466 tempest-TaggedBootDevicesTest_v242-1394508452 tempest-TaggedBootDevicesTest_v242-1394508452-project-member] new path /v2/schemas/image {{(pid=102682) process_request /opt/stack/glance/glance/api/middleware/version_negotiation.py:70}}
Jul 02 19:21:10.788989 np0000004310 devstack@g-api.service[102682]: [pid: 102682|app: 0|req: 10/34] 127.0.0.1 () {44 vars in 1055 bytes} [Thu Jul 2 19:21:10 2026] GET /v2/schemas/image => generated 6083 bytes in 5 msecs (HTTP/1.1 200) 4 headers in 158 bytes (1 switches on core 0)
Jul 02 19:21:10.801970 np0000004310 devstack@g-api.service[102680]: DEBUG glance.api.middleware.version_negotiation [None req-23da1ba1-3bd5-4196-a796-2301196a8466 service glance] Determining version of request: GET /v2/schemas/image Accept: */* {{(pid=102680) process_request /opt/stack/glance/glance/api/middleware/version_negotiation.py:44}}
Jul 02 19:21:10.804158 np0000004310 devstack@g-api.service[102680]: DEBUG glance.api.middleware.version_negotiation [None req-23da1ba1-3bd5-4196-a796-2301196a8466 service glance] Using url versioning {{(pid=102680) process_request /opt/stack/glance/glance/api/middleware/version_negotiation.py:57}}
Jul 02 19:21:10.804158 np0000004310 devstack@g-api.service[102680]: DEBUG glance.api.middleware.version_negotiation [None req-23da1ba1-3bd5-4196-a796-2301196a8466 service glance] Matched version: v2 {{(pid=102680) process_request /opt/stack/glance/glance/api/middleware/version_negotiation.py:69}}
Jul 02 19:21:10.804158 np0000004310 devstack@g-api.service[102680]: DEBUG glance.api.middleware.version_negotiation [None req-23da1ba1-3bd5-4196-a796-2301196a8466 service glance] new path /v2/schemas/image {{(pid=102680) process_request /opt/stack/glance/glance/api/middleware/version_negotiation.py:70}}
Jul 02 19:21:10.805525 np0000004310 devstack@g-api.service[102680]: [pid: 102680|app: 0|req: 10/35] 127.0.0.1 () {44 vars in 1055 bytes} [Thu Jul 2 19:21:10 2026] GET /v2/schemas/image => generated 6083 bytes in 3 msecs (HTTP/1.1 200) 4 headers in 158 bytes (1 switches on core 0)
Jul 02 19:21:10.847015 np0000004310 devstack@g-api.service[102681]: DEBUG glance.api.middleware.version_negotiation [None req-23da1ba1-3bd5-4196-a796-2301196a8466 tempest-TaggedBootDevicesTest_v242-1394508452 tempest-TaggedBootDevicesTest_v242-1394508452-project-member] Determining version of request: GET /v2/images/ef19dcfc-02b3-4c8e-809c-dbedc054be02 Accept: */* {{(pid=102681) process_request /opt/stack/glance/glance/api/middleware/version_negotiation.py:44}}
Jul 02 19:21:10.847211 np0000004310 devstack@g-api.service[102681]: DEBUG glance.api.middleware.version_negotiation [None req-23da1ba1-3bd5-4196-a796-2301196a8466 tempest-TaggedBootDevicesTest_v242-1394508452 tempest-TaggedBootDevicesTest_v242-1394508452-project-member] Using url versioning {{(pid=102681) process_request /opt/stack/glance/glance/api/middleware/version_negotiation.py:57}}
Jul 02 19:21:10.847367 np0000004310 devstack@g-api.service[102681]: DEBUG glance.api.middleware.version_negotiation [None req-23da1ba1-3bd5-4196-a796-2301196a8466 tempest-TaggedBootDevicesTest_v242-1394508452 tempest-TaggedBootDevicesTest_v242-1394508452-project-member] Matched version: v2 {{(pid=102681) process_request /opt/stack/glance/glance/api/middleware/version_negotiation.py:69}}
Jul 02 19:21:10.847534 np0000004310 devstack@g-api.service[102681]: DEBUG glance.api.middleware.version_negotiation [None req-23da1ba1-3bd5-4196-a796-2301196a8466 tempest-TaggedBootDevicesTest_v242-1394508452 tempest-TaggedBootDevicesTest_v242-1394508452-project-member] new path /v2/images/ef19dcfc-02b3-4c8e-809c-dbedc054be02 {{(pid=102681) process_request /opt/stack/glance/glance/api/middleware/version_negotiation.py:70}}
Jul 02 19:21:10.857822 np0000004310 devstack@g-api.service[102681]: [pid: 102681|app: 0|req: 10/36] 127.0.0.1 () {44 vars in 1115 bytes} [Thu Jul 2 19:21:10 2026] GET /v2/images/ef19dcfc-02b3-4c8e-809c-dbedc054be02 => generated 1044 bytes in 10 msecs (HTTP/1.1 200) 4 headers in 158 bytes (1 switches on core 0)
Jul 02 19:21:10.864799 np0000004310 devstack@g-api.service[102683]: DEBUG swiftclient [None req-e6fb6a26-1a0b-4281-9619-506e92516e5f tempest-AttachSCSIVolumeTestJSON-1126248910 tempest-AttachSCSIVolumeTestJSON-1126248910-project-admin] REQ: curl -i https://10.4.3.204:8080/v1/AUTH_8cf16ff61c694b2f8c931bd418ef071c/glance/4ba49320-fa67-4b9d-9833-9e9c18083255-00001 -X PUT -H "X-Auth-Token: gAAAAABqRromVHK6..." {{(pid=102683) http_log /opt/stack/data/venv/lib/python3.12/site-packages/swiftclient/client.py:160}}
Jul 02 19:21:10.864799 np0000004310 devstack@g-api.service[102683]: DEBUG swiftclient [None req-e6fb6a26-1a0b-4281-9619-506e92516e5f tempest-AttachSCSIVolumeTestJSON-1126248910 tempest-AttachSCSIVolumeTestJSON-1126248910-project-admin] RESP STATUS: 201 Created {{(pid=102683) http_log /opt/stack/data/venv/lib/python3.12/site-packages/swiftclient/client.py:161}}
Jul 02 19:21:10.864799 np0000004310 devstack@g-api.service[102683]: DEBUG swiftclient [None req-e6fb6a26-1a0b-4281-9619-506e92516e5f tempest-AttachSCSIVolumeTestJSON-1126248910 tempest-AttachSCSIVolumeTestJSON-1126248910-project-admin] RESP HEADERS: {'Date': 'Thu, 02 Jul 2026 19:21:10 GMT', 'Server': 'Apache/2.4.58 (Ubuntu)', 'Content-Type': 'text/html; charset=UTF-8', 'Content-Length': '0', 'Etag': '87617e24a5e30cb3b87fda8c0764838f', 'Last-Modified': 'Thu, 02 Jul 2026 19:21:11 GMT', 'X-Trans-Id': 'tx02445c2152884f6daf86e-006a46ba26', 'X-Openstack-Request-Id': 'tx02445c2152884f6daf86e-006a46ba26', 'Connection': 'close'} {{(pid=102683) http_log /opt/stack/data/venv/lib/python3.12/site-packages/swiftclient/client.py:162}}
Jul 02 19:21:10.865124 np0000004310 devstack@g-api.service[102683]: DEBUG glance_store._drivers.swift.store [None req-e6fb6a26-1a0b-4281-9619-506e92516e5f tempest-AttachSCSIVolumeTestJSON-1126248910 tempest-AttachSCSIVolumeTestJSON-1126248910-project-admin] Wrote chunk 4ba49320-fa67-4b9d-9833-9e9c18083255-00001 (1/?) of length 21692416 to Swift returning MD5 of content: 87617e24a5e30cb3b87fda8c0764838f {{(pid=102683) add /opt/stack/data/venv/lib/python3.12/site-packages/glance_store/_drivers/swift/store.py:1059}}
Jul 02 19:21:10.865408 np0000004310 devstack@g-api.service[102683]: DEBUG glance_store._drivers.swift.store [None req-e6fb6a26-1a0b-4281-9619-506e92516e5f tempest-AttachSCSIVolumeTestJSON-1126248910 tempest-AttachSCSIVolumeTestJSON-1126248910-project-admin] Not writing zero-length chunk. {{(pid=102683) add /opt/stack/data/venv/lib/python3.12/site-packages/glance_store/_drivers/swift/store.py:1028}}
Jul 02 19:21:10.866022 np0000004310 devstack@g-api.service[102682]: DEBUG glance.api.middleware.version_negotiation [None req-23da1ba1-3bd5-4196-a796-2301196a8466 tempest-TaggedBootDevicesTest_v242-1394508452 tempest-TaggedBootDevicesTest_v242-1394508452-project-member] Determining version of request: GET /v2/images/ef19dcfc-02b3-4c8e-809c-dbedc054be02/file Accept: */* {{(pid=102682) process_request /opt/stack/glance/glance/api/middleware/version_negotiation.py:44}}
Jul 02 19:21:10.866301 np0000004310 devstack@g-api.service[102682]: DEBUG glance.api.middleware.version_negotiation [None req-23da1ba1-3bd5-4196-a796-2301196a8466 tempest-TaggedBootDevicesTest_v242-1394508452 tempest-TaggedBootDevicesTest_v242-1394508452-project-member] Using url versioning {{(pid=102682) process_request /opt/stack/glance/glance/api/middleware/version_negotiation.py:57}}
Jul 02 19:21:10.866468 np0000004310 devstack@g-api.service[102682]: DEBUG glance.api.middleware.version_negotiation [None req-23da1ba1-3bd5-4196-a796-2301196a8466 tempest-TaggedBootDevicesTest_v242-1394508452 tempest-TaggedBootDevicesTest_v242-1394508452-project-member] Matched version: v2 {{(pid=102682) process_request /opt/stack/glance/glance/api/middleware/version_negotiation.py:69}}
Jul 02 19:21:10.866623 np0000004310 devstack@g-api.service[102682]: DEBUG glance.api.middleware.version_negotiation [None req-23da1ba1-3bd5-4196-a796-2301196a8466 tempest-TaggedBootDevicesTest_v242-1394508452 tempest-TaggedBootDevicesTest_v242-1394508452-project-member] new path /v2/images/ef19dcfc-02b3-4c8e-809c-dbedc054be02/file {{(pid=102682) process_request /opt/stack/glance/glance/api/middleware/version_negotiation.py:70}}
Jul 02 19:21:10.885492 np0000004310 devstack@g-api.service[102682]: DEBUG glance.api.middleware.cache [None req-23da1ba1-3bd5-4196-a796-2301196a8466 tempest-TaggedBootDevicesTest_v242-1394508452 tempest-TaggedBootDevicesTest_v242-1394508452-project-member] Cache hit for image 'ef19dcfc-02b3-4c8e-809c-dbedc054be02' {{(pid=102682) process_request /opt/stack/glance/glance/api/middleware/cache.py:160}}
Jul 02 19:21:10.913937 np0000004310 devstack@g-api.service[102683]: DEBUG swiftclient [None req-e6fb6a26-1a0b-4281-9619-506e92516e5f tempest-AttachSCSIVolumeTestJSON-1126248910 tempest-AttachSCSIVolumeTestJSON-1126248910-project-admin] REQ: curl -i https://10.4.3.204:8080/v1/AUTH_8cf16ff61c694b2f8c931bd418ef071c/glance/4ba49320-fa67-4b9d-9833-9e9c18083255 -X PUT -H "X-Object-Manifest: glance/4ba49320-fa67-4b9d-9833-9e9c18083255-" -H "X-Auth-Token: gAAAAABqRromVHK6..." -H "Content-Length: 0" {{(pid=102683) http_log /opt/stack/data/venv/lib/python3.12/site-packages/swiftclient/client.py:160}}
Jul 02 19:21:10.913937 np0000004310 devstack@g-api.service[102683]: DEBUG swiftclient [None req-e6fb6a26-1a0b-4281-9619-506e92516e5f tempest-AttachSCSIVolumeTestJSON-1126248910 tempest-AttachSCSIVolumeTestJSON-1126248910-project-admin] RESP STATUS: 201 Created {{(pid=102683) http_log /opt/stack/data/venv/lib/python3.12/site-packages/swiftclient/client.py:161}}
Jul 02 19:21:10.914139 np0000004310 devstack@g-api.service[102683]: DEBUG swiftclient [None req-e6fb6a26-1a0b-4281-9619-506e92516e5f tempest-AttachSCSIVolumeTestJSON-1126248910 tempest-AttachSCSIVolumeTestJSON-1126248910-project-admin] RESP HEADERS: {'Date': 'Thu, 02 Jul 2026 19:21:10 GMT', 'Server': 'Apache/2.4.58 (Ubuntu)', 'Content-Type': 'text/html; charset=UTF-8', 'Content-Length': '0', 'Etag': 'd41d8cd98f00b204e9800998ecf8427e', 'Last-Modified': 'Thu, 02 Jul 2026 19:21:11 GMT', 'X-Trans-Id': 'txcb8520cbcdf547f9b52ad-006a46ba26', 'X-Openstack-Request-Id': 'txcb8520cbcdf547f9b52ad-006a46ba26', 'Connection': 'close'} {{(pid=102683) http_log /opt/stack/data/venv/lib/python3.12/site-packages/swiftclient/client.py:162}}
Jul 02 19:21:10.915125 np0000004310 devstack@g-api.service[102683]: INFO glance.location [None req-e6fb6a26-1a0b-4281-9619-506e92516e5f tempest-AttachSCSIVolumeTestJSON-1126248910 tempest-AttachSCSIVolumeTestJSON-1126248910-project-admin] Image format matched and virtual size computed: 117440512
Jul 02 19:21:10.963584 np0000004310 devstack@g-api.service[102683]: DEBUG glance_store.backend [None req-e6fb6a26-1a0b-4281-9619-506e92516e5f tempest-AttachSCSIVolumeTestJSON-1126248910 tempest-AttachSCSIVolumeTestJSON-1126248910-project-admin] Attempting to import store swift {{(pid=102683) _load_store /opt/stack/data/venv/lib/python3.12/site-packages/glance_store/backend.py:215}}
Jul 02 19:21:10.963727 np0000004310 devstack@g-api.service[102682]: [pid: 102682|app: 0|req: 11/37] 127.0.0.1 () {44 vars in 1125 bytes} [Thu Jul 2 19:21:10 2026] GET /v2/images/ef19dcfc-02b3-4c8e-809c-dbedc054be02/file => generated 21692416 bytes in 97 msecs (HTTP/1.1 200) 5 headers in 217 bytes (338 switches on core 0)
Jul 02 19:21:10.965156 np0000004310 devstack@g-api.service[102683]: DEBUG glance_store.capabilities [None req-e6fb6a26-1a0b-4281-9619-506e92516e5f tempest-AttachSCSIVolumeTestJSON-1126248910 tempest-AttachSCSIVolumeTestJSON-1126248910-project-admin] Store glance_store._drivers.swift.store.SingleTenantStore doesn't support updating dynamic storage capabilities. Please overwrite 'update_capabilities' method of the store to implement updating logics if needed. {{(pid=102683) update_capabilities /opt/stack/data/venv/lib/python3.12/site-packages/glance_store/capabilities.py:91}}
Jul 02 19:21:10.965326 np0000004310 devstack@g-api.service[102683]: DEBUG glance_store.driver [None req-e6fb6a26-1a0b-4281-9619-506e92516e5f tempest-AttachSCSIVolumeTestJSON-1126248910 tempest-AttachSCSIVolumeTestJSON-1126248910-project-admin] Late loading location class glance_store._drivers.swift.store.StoreLocation {{(pid=102683) get_store_location_class /opt/stack/data/venv/lib/python3.12/site-packages/glance_store/driver.py:134}}
Jul 02 19:21:10.965478 np0000004310 devstack@g-api.service[102683]: DEBUG glance_store.location [None req-e6fb6a26-1a0b-4281-9619-506e92516e5f tempest-AttachSCSIVolumeTestJSON-1126248910 tempest-AttachSCSIVolumeTestJSON-1126248910-project-admin] Registering scheme swift+https with {'store': , 'location_class': , 'store_entry': 'swift'} {{(pid=102683) register_scheme_map /opt/stack/data/venv/lib/python3.12/site-packages/glance_store/location.py:146}}
Jul 02 19:21:10.965567 np0000004310 devstack@g-api.service[102683]: DEBUG glance_store.location [None req-e6fb6a26-1a0b-4281-9619-506e92516e5f tempest-AttachSCSIVolumeTestJSON-1126248910 tempest-AttachSCSIVolumeTestJSON-1126248910-project-admin] Registering scheme swift+https with {'store': , 'location_class': , 'store_entry': 'swift'} {{(pid=102683) register_scheme_map /opt/stack/data/venv/lib/python3.12/site-packages/glance_store/location.py:146}}
Jul 02 19:21:10.965647 np0000004310 devstack@g-api.service[102683]: DEBUG glance_store.location [None req-e6fb6a26-1a0b-4281-9619-506e92516e5f tempest-AttachSCSIVolumeTestJSON-1126248910 tempest-AttachSCSIVolumeTestJSON-1126248910-project-admin] Registering scheme swift with {'store': , 'location_class': , 'store_entry': 'swift'} {{(pid=102683) register_scheme_map /opt/stack/data/venv/lib/python3.12/site-packages/glance_store/location.py:146}}
Jul 02 19:21:10.965747 np0000004310 devstack@g-api.service[102683]: DEBUG glance_store.location [None req-e6fb6a26-1a0b-4281-9619-506e92516e5f tempest-AttachSCSIVolumeTestJSON-1126248910 tempest-AttachSCSIVolumeTestJSON-1126248910-project-admin] Registering scheme swift+https with {'store': , 'location_class': , 'store_entry': 'swift'} {{(pid=102683) register_scheme_map /opt/stack/data/venv/lib/python3.12/site-packages/glance_store/location.py:146}}
Jul 02 19:21:10.965846 np0000004310 devstack@g-api.service[102683]: DEBUG glance_store.location [None req-e6fb6a26-1a0b-4281-9619-506e92516e5f tempest-AttachSCSIVolumeTestJSON-1126248910 tempest-AttachSCSIVolumeTestJSON-1126248910-project-admin] Registering scheme swift with {'store': , 'location_class': , 'store_entry': 'swift'} {{(pid=102683) register_scheme_map /opt/stack/data/venv/lib/python3.12/site-packages/glance_store/location.py:146}}
Jul 02 19:21:10.965961 np0000004310 devstack@g-api.service[102683]: DEBUG glance_store.location [None req-e6fb6a26-1a0b-4281-9619-506e92516e5f tempest-AttachSCSIVolumeTestJSON-1126248910 tempest-AttachSCSIVolumeTestJSON-1126248910-project-admin] Registering scheme swift+http with {'store': , 'location_class': , 'store_entry': 'swift'} {{(pid=102683) register_scheme_map /opt/stack/data/venv/lib/python3.12/site-packages/glance_store/location.py:146}}
Jul 02 19:21:10.966083 np0000004310 devstack@g-api.service[102683]: DEBUG glance_store.location [None req-e6fb6a26-1a0b-4281-9619-506e92516e5f tempest-AttachSCSIVolumeTestJSON-1126248910 tempest-AttachSCSIVolumeTestJSON-1126248910-project-admin] Registering scheme swift+https with {'store': , 'location_class': , 'store_entry': 'swift'} {{(pid=102683) register_scheme_map /opt/stack/data/venv/lib/python3.12/site-packages/glance_store/location.py:146}}
Jul 02 19:21:10.966245 np0000004310 devstack@g-api.service[102683]: DEBUG glance_store.location [None req-e6fb6a26-1a0b-4281-9619-506e92516e5f tempest-AttachSCSIVolumeTestJSON-1126248910 tempest-AttachSCSIVolumeTestJSON-1126248910-project-admin] Registering scheme swift with {'store': , 'location_class': , 'store_entry': 'swift'} {{(pid=102683) register_scheme_map /opt/stack/data/venv/lib/python3.12/site-packages/glance_store/location.py:146}}
Jul 02 19:21:10.966506 np0000004310 devstack@g-api.service[102683]: DEBUG glance_store.location [None req-e6fb6a26-1a0b-4281-9619-506e92516e5f tempest-AttachSCSIVolumeTestJSON-1126248910 tempest-AttachSCSIVolumeTestJSON-1126248910-project-admin] Registering scheme swift+http with {'store': , 'location_class': , 'store_entry': 'swift'} {{(pid=102683) register_scheme_map /opt/stack/data/venv/lib/python3.12/site-packages/glance_store/location.py:146}}
Jul 02 19:21:10.966637 np0000004310 devstack@g-api.service[102683]: DEBUG glance_store.location [None req-e6fb6a26-1a0b-4281-9619-506e92516e5f tempest-AttachSCSIVolumeTestJSON-1126248910 tempest-AttachSCSIVolumeTestJSON-1126248910-project-admin] Registering scheme swift+config with {'store': , 'location_class': , 'store_entry': 'swift'} {{(pid=102683) register_scheme_map /opt/stack/data/venv/lib/python3.12/site-packages/glance_store/location.py:146}}
Jul 02 19:21:10.966777 np0000004310 devstack@g-api.service[102683]: DEBUG glance_store.backend [None req-e6fb6a26-1a0b-4281-9619-506e92516e5f tempest-AttachSCSIVolumeTestJSON-1126248910 tempest-AttachSCSIVolumeTestJSON-1126248910-project-admin] Skipping store.set_acls... not implemented. {{(pid=102683) set_acls /opt/stack/data/venv/lib/python3.12/site-packages/glance_store/backend.py:507}}
Jul 02 19:21:10.971041 np0000004310 devstack@g-api.service[102683]: [pid: 102683|app: 0|req: 7/38] 127.0.0.1 () {40 vars in 858 bytes} [Thu Jul 2 19:21:08 2026] PUT /v2/images/4ba49320-fa67-4b9d-9833-9e9c18083255/file => generated 0 bytes in 2732 msecs (HTTP/1.1 204) 4 headers in 171 bytes (1 switches on core 0)
Jul 02 19:21:11.060296 np0000004310 devstack@g-api.service[102680]: DEBUG glance.api.middleware.version_negotiation [None req-23da1ba1-3bd5-4196-a796-2301196a8466 tempest-TaggedBootDevicesTest_v242-1394508452 tempest-TaggedBootDevicesTest_v242-1394508452-project-member] Determining version of request: GET /v2/images/ef19dcfc-02b3-4c8e-809c-dbedc054be02 Accept: */* {{(pid=102680) process_request /opt/stack/glance/glance/api/middleware/version_negotiation.py:44}}
Jul 02 19:21:11.060643 np0000004310 devstack@g-api.service[102680]: DEBUG glance.api.middleware.version_negotiation [None req-23da1ba1-3bd5-4196-a796-2301196a8466 tempest-TaggedBootDevicesTest_v242-1394508452 tempest-TaggedBootDevicesTest_v242-1394508452-project-member] Using url versioning {{(pid=102680) process_request /opt/stack/glance/glance/api/middleware/version_negotiation.py:57}}
Jul 02 19:21:11.060743 np0000004310 devstack@g-api.service[102680]: DEBUG glance.api.middleware.version_negotiation [None req-23da1ba1-3bd5-4196-a796-2301196a8466 tempest-TaggedBootDevicesTest_v242-1394508452 tempest-TaggedBootDevicesTest_v242-1394508452-project-member] Matched version: v2 {{(pid=102680) process_request /opt/stack/glance/glance/api/middleware/version_negotiation.py:69}}
Jul 02 19:21:11.060883 np0000004310 devstack@g-api.service[102680]: DEBUG glance.api.middleware.version_negotiation [None req-23da1ba1-3bd5-4196-a796-2301196a8466 tempest-TaggedBootDevicesTest_v242-1394508452 tempest-TaggedBootDevicesTest_v242-1394508452-project-member] new path /v2/images/ef19dcfc-02b3-4c8e-809c-dbedc054be02 {{(pid=102680) process_request /opt/stack/glance/glance/api/middleware/version_negotiation.py:70}}
Jul 02 19:21:11.076035 np0000004310 devstack@g-api.service[102680]: [pid: 102680|app: 0|req: 11/39] 127.0.0.1 () {44 vars in 1115 bytes} [Thu Jul 2 19:21:11 2026] GET /v2/images/ef19dcfc-02b3-4c8e-809c-dbedc054be02 => generated 1044 bytes in 16 msecs (HTTP/1.1 200) 4 headers in 158 bytes (1 switches on core 0)
Jul 02 19:21:11.085522 np0000004310 devstack@g-api.service[102681]: DEBUG glance.api.middleware.version_negotiation [None req-23da1ba1-3bd5-4196-a796-2301196a8466 tempest-TaggedBootDevicesTest_v242-1394508452 tempest-TaggedBootDevicesTest_v242-1394508452-project-member] Determining version of request: GET /v2/schemas/image Accept: */* {{(pid=102681) process_request /opt/stack/glance/glance/api/middleware/version_negotiation.py:44}}
Jul 02 19:21:11.085699 np0000004310 devstack@g-api.service[102681]: DEBUG glance.api.middleware.version_negotiation [None req-23da1ba1-3bd5-4196-a796-2301196a8466 tempest-TaggedBootDevicesTest_v242-1394508452 tempest-TaggedBootDevicesTest_v242-1394508452-project-member] Using url versioning {{(pid=102681) process_request /opt/stack/glance/glance/api/middleware/version_negotiation.py:57}}
Jul 02 19:21:11.085793 np0000004310 devstack@g-api.service[102681]: DEBUG glance.api.middleware.version_negotiation [None req-23da1ba1-3bd5-4196-a796-2301196a8466 tempest-TaggedBootDevicesTest_v242-1394508452 tempest-TaggedBootDevicesTest_v242-1394508452-project-member] Matched version: v2 {{(pid=102681) process_request /opt/stack/glance/glance/api/middleware/version_negotiation.py:69}}
Jul 02 19:21:11.085885 np0000004310 devstack@g-api.service[102681]: DEBUG glance.api.middleware.version_negotiation [None req-23da1ba1-3bd5-4196-a796-2301196a8466 tempest-TaggedBootDevicesTest_v242-1394508452 tempest-TaggedBootDevicesTest_v242-1394508452-project-member] new path /v2/schemas/image {{(pid=102681) process_request /opt/stack/glance/glance/api/middleware/version_negotiation.py:70}}
Jul 02 19:21:11.089438 np0000004310 devstack@g-api.service[102681]: [pid: 102681|app: 0|req: 11/40] 127.0.0.1 () {44 vars in 1055 bytes} [Thu Jul 2 19:21:11 2026] GET /v2/schemas/image => generated 6083 bytes in 4 msecs (HTTP/1.1 200) 4 headers in 158 bytes (1 switches on core 0)
Jul 02 19:21:12.658906 np0000004310 devstack@g-api.service[102682]: DEBUG glance.api.middleware.version_negotiation [None req-23da1ba1-3bd5-4196-a796-2301196a8466 tempest-TaggedBootDevicesTest_v242-1394508452 tempest-TaggedBootDevicesTest_v242-1394508452-project-member] Determining version of request: GET /v2/images/ef19dcfc-02b3-4c8e-809c-dbedc054be02 Accept: */* {{(pid=102682) process_request /opt/stack/glance/glance/api/middleware/version_negotiation.py:44}}
Jul 02 19:21:12.659417 np0000004310 devstack@g-api.service[102682]: DEBUG glance.api.middleware.version_negotiation [None req-23da1ba1-3bd5-4196-a796-2301196a8466 tempest-TaggedBootDevicesTest_v242-1394508452 tempest-TaggedBootDevicesTest_v242-1394508452-project-member] Using url versioning {{(pid=102682) process_request /opt/stack/glance/glance/api/middleware/version_negotiation.py:57}}
Jul 02 19:21:12.659502 np0000004310 devstack@g-api.service[102682]: DEBUG glance.api.middleware.version_negotiation [None req-23da1ba1-3bd5-4196-a796-2301196a8466 tempest-TaggedBootDevicesTest_v242-1394508452 tempest-TaggedBootDevicesTest_v242-1394508452-project-member] Matched version: v2 {{(pid=102682) process_request /opt/stack/glance/glance/api/middleware/version_negotiation.py:69}}
Jul 02 19:21:12.659668 np0000004310 devstack@g-api.service[102682]: DEBUG glance.api.middleware.version_negotiation [None req-23da1ba1-3bd5-4196-a796-2301196a8466 tempest-TaggedBootDevicesTest_v242-1394508452 tempest-TaggedBootDevicesTest_v242-1394508452-project-member] new path /v2/images/ef19dcfc-02b3-4c8e-809c-dbedc054be02 {{(pid=102682) process_request /opt/stack/glance/glance/api/middleware/version_negotiation.py:70}}
Jul 02 19:21:12.673831 np0000004310 devstack@g-api.service[102682]: [pid: 102682|app: 0|req: 12/41] 127.0.0.1 () {44 vars in 1115 bytes} [Thu Jul 2 19:21:12 2026] GET /v2/images/ef19dcfc-02b3-4c8e-809c-dbedc054be02 => generated 1044 bytes in 15 msecs (HTTP/1.1 200) 4 headers in 158 bytes (1 switches on core 0)
Jul 02 19:21:12.684360 np0000004310 devstack@g-api.service[102683]: DEBUG glance.api.middleware.version_negotiation [None req-e6fb6a26-1a0b-4281-9619-506e92516e5f tempest-AttachSCSIVolumeTestJSON-1126248910 tempest-AttachSCSIVolumeTestJSON-1126248910-project-admin] Determining version of request: GET /v2/schemas/image Accept: */* {{(pid=102683) process_request /opt/stack/glance/glance/api/middleware/version_negotiation.py:44}}
Jul 02 19:21:12.684819 np0000004310 devstack@g-api.service[102683]: DEBUG glance.api.middleware.version_negotiation [None req-e6fb6a26-1a0b-4281-9619-506e92516e5f tempest-AttachSCSIVolumeTestJSON-1126248910 tempest-AttachSCSIVolumeTestJSON-1126248910-project-admin] Using url versioning {{(pid=102683) process_request /opt/stack/glance/glance/api/middleware/version_negotiation.py:57}}
Jul 02 19:21:12.684819 np0000004310 devstack@g-api.service[102683]: DEBUG glance.api.middleware.version_negotiation [None req-e6fb6a26-1a0b-4281-9619-506e92516e5f tempest-AttachSCSIVolumeTestJSON-1126248910 tempest-AttachSCSIVolumeTestJSON-1126248910-project-admin] Matched version: v2 {{(pid=102683) process_request /opt/stack/glance/glance/api/middleware/version_negotiation.py:69}}
Jul 02 19:21:12.684819 np0000004310 devstack@g-api.service[102683]: DEBUG glance.api.middleware.version_negotiation [None req-e6fb6a26-1a0b-4281-9619-506e92516e5f tempest-AttachSCSIVolumeTestJSON-1126248910 tempest-AttachSCSIVolumeTestJSON-1126248910-project-admin] new path /v2/schemas/image {{(pid=102683) process_request /opt/stack/glance/glance/api/middleware/version_negotiation.py:70}}
Jul 02 19:21:12.688727 np0000004310 devstack@g-api.service[102683]: [pid: 102683|app: 0|req: 8/42] 127.0.0.1 () {44 vars in 1055 bytes} [Thu Jul 2 19:21:12 2026] GET /v2/schemas/image => generated 6083 bytes in 5 msecs (HTTP/1.1 200) 4 headers in 158 bytes (1 switches on core 0)
Jul 02 19:21:13.240752 np0000004310 devstack@g-api.service[102680]: DEBUG glance.api.middleware.version_negotiation [None req-23da1ba1-3bd5-4196-a796-2301196a8466 tempest-TaggedBootDevicesTest_v242-1394508452 tempest-TaggedBootDevicesTest_v242-1394508452-project-member] Determining version of request: GET / Accept: application/json {{(pid=102680) process_request /opt/stack/glance/glance/api/middleware/version_negotiation.py:44}}
Jul 02 19:21:13.241169 np0000004310 devstack@g-api.service[102680]: DEBUG glance.api.middleware.version_negotiation [None req-23da1ba1-3bd5-4196-a796-2301196a8466 tempest-TaggedBootDevicesTest_v242-1394508452 tempest-TaggedBootDevicesTest_v242-1394508452-project-member] Using url versioning {{(pid=102680) process_request /opt/stack/glance/glance/api/middleware/version_negotiation.py:57}}
Jul 02 19:21:13.241169 np0000004310 devstack@g-api.service[102680]: DEBUG glance.api.middleware.version_negotiation [None req-23da1ba1-3bd5-4196-a796-2301196a8466 tempest-TaggedBootDevicesTest_v242-1394508452 tempest-TaggedBootDevicesTest_v242-1394508452-project-member] Unknown version. Returning version choices. {{(pid=102680) process_request /opt/stack/glance/glance/api/middleware/version_negotiation.py:64}}
Jul 02 19:21:13.242440 np0000004310 devstack@g-api.service[102680]: [pid: 102680|app: 0|req: 12/43] 127.0.0.1 () {36 vars in 559 bytes} [Thu Jul 2 19:21:13 2026] GET / => generated 1407 bytes in 1 msecs (HTTP/1.1 300) 3 headers in 106 bytes (1 switches on core 0)
Jul 02 19:21:13.278884 np0000004310 devstack@g-api.service[102681]: DEBUG glance.api.middleware.version_negotiation [None req-23da1ba1-3bd5-4196-a796-2301196a8466 tempest-TaggedBootDevicesTest_v242-1394508452 tempest-TaggedBootDevicesTest_v242-1394508452-project-member] Determining version of request: GET /v2/images/ef19dcfc-02b3-4c8e-809c-dbedc054be02 Accept: */* {{(pid=102681) process_request /opt/stack/glance/glance/api/middleware/version_negotiation.py:44}}
Jul 02 19:21:13.279435 np0000004310 devstack@g-api.service[102681]: DEBUG glance.api.middleware.version_negotiation [None req-23da1ba1-3bd5-4196-a796-2301196a8466 tempest-TaggedBootDevicesTest_v242-1394508452 tempest-TaggedBootDevicesTest_v242-1394508452-project-member] Using url versioning {{(pid=102681) process_request /opt/stack/glance/glance/api/middleware/version_negotiation.py:57}}
Jul 02 19:21:13.279494 np0000004310 devstack@g-api.service[102681]: DEBUG glance.api.middleware.version_negotiation [None req-23da1ba1-3bd5-4196-a796-2301196a8466 tempest-TaggedBootDevicesTest_v242-1394508452 tempest-TaggedBootDevicesTest_v242-1394508452-project-member] Matched version: v2 {{(pid=102681) process_request /opt/stack/glance/glance/api/middleware/version_negotiation.py:69}}
Jul 02 19:21:13.279637 np0000004310 devstack@g-api.service[102681]: DEBUG glance.api.middleware.version_negotiation [None req-23da1ba1-3bd5-4196-a796-2301196a8466 tempest-TaggedBootDevicesTest_v242-1394508452 tempest-TaggedBootDevicesTest_v242-1394508452-project-member] new path /v2/images/ef19dcfc-02b3-4c8e-809c-dbedc054be02 {{(pid=102681) process_request /opt/stack/glance/glance/api/middleware/version_negotiation.py:70}}
Jul 02 19:21:13.297733 np0000004310 devstack@g-api.service[102681]: [pid: 102681|app: 0|req: 12/44] 127.0.0.1 () {44 vars in 1115 bytes} [Thu Jul 2 19:21:13 2026] GET /v2/images/ef19dcfc-02b3-4c8e-809c-dbedc054be02 => generated 1044 bytes in 19 msecs (HTTP/1.1 200) 4 headers in 158 bytes (1 switches on core 0)
Jul 02 19:21:13.348541 np0000004310 devstack@g-api.service[102682]: DEBUG glance.api.middleware.version_negotiation [None req-23da1ba1-3bd5-4196-a796-2301196a8466 tempest-TaggedBootDevicesTest_v242-1394508452 tempest-TaggedBootDevicesTest_v242-1394508452-project-member] Determining version of request: GET /v2/schemas/image Accept: */* {{(pid=102682) process_request /opt/stack/glance/glance/api/middleware/version_negotiation.py:44}}
Jul 02 19:21:13.348686 np0000004310 devstack@g-api.service[102682]: DEBUG glance.api.middleware.version_negotiation [None req-23da1ba1-3bd5-4196-a796-2301196a8466 tempest-TaggedBootDevicesTest_v242-1394508452 tempest-TaggedBootDevicesTest_v242-1394508452-project-member] Using url versioning {{(pid=102682) process_request /opt/stack/glance/glance/api/middleware/version_negotiation.py:57}}
Jul 02 19:21:13.348789 np0000004310 devstack@g-api.service[102682]: DEBUG glance.api.middleware.version_negotiation [None req-23da1ba1-3bd5-4196-a796-2301196a8466 tempest-TaggedBootDevicesTest_v242-1394508452 tempest-TaggedBootDevicesTest_v242-1394508452-project-member] Matched version: v2 {{(pid=102682) process_request /opt/stack/glance/glance/api/middleware/version_negotiation.py:69}}
Jul 02 19:21:13.348873 np0000004310 devstack@g-api.service[102682]: DEBUG glance.api.middleware.version_negotiation [None req-23da1ba1-3bd5-4196-a796-2301196a8466 tempest-TaggedBootDevicesTest_v242-1394508452 tempest-TaggedBootDevicesTest_v242-1394508452-project-member] new path /v2/schemas/image {{(pid=102682) process_request /opt/stack/glance/glance/api/middleware/version_negotiation.py:70}}
Jul 02 19:21:13.353912 np0000004310 devstack@g-api.service[102682]: [pid: 102682|app: 0|req: 13/45] 127.0.0.1 () {44 vars in 1055 bytes} [Thu Jul 2 19:21:13 2026] GET /v2/schemas/image => generated 6083 bytes in 5 msecs (HTTP/1.1 200) 4 headers in 158 bytes (1 switches on core 0)
Jul 02 19:21:13.901942 np0000004310 devstack@g-api.service[102683]: DEBUG glance.api.middleware.version_negotiation [None req-23da1ba1-3bd5-4196-a796-2301196a8466 tempest-TaggedBootDevicesTest_v242-1394508452 tempest-TaggedBootDevicesTest_v242-1394508452-project-member] Determining version of request: GET / Accept: application/json {{(pid=102683) process_request /opt/stack/glance/glance/api/middleware/version_negotiation.py:44}}
Jul 02 19:21:13.902372 np0000004310 devstack@g-api.service[102683]: DEBUG glance.api.middleware.version_negotiation [None req-23da1ba1-3bd5-4196-a796-2301196a8466 tempest-TaggedBootDevicesTest_v242-1394508452 tempest-TaggedBootDevicesTest_v242-1394508452-project-member] Using url versioning {{(pid=102683) process_request /opt/stack/glance/glance/api/middleware/version_negotiation.py:57}}
Jul 02 19:21:13.902428 np0000004310 devstack@g-api.service[102683]: DEBUG glance.api.middleware.version_negotiation [None req-23da1ba1-3bd5-4196-a796-2301196a8466 tempest-TaggedBootDevicesTest_v242-1394508452 tempest-TaggedBootDevicesTest_v242-1394508452-project-member] Unknown version. Returning version choices. {{(pid=102683) process_request /opt/stack/glance/glance/api/middleware/version_negotiation.py:64}}
Jul 02 19:21:13.903366 np0000004310 devstack@g-api.service[102683]: [pid: 102683|app: 0|req: 9/46] 127.0.0.1 () {36 vars in 559 bytes} [Thu Jul 2 19:21:13 2026] GET / => generated 1407 bytes in 2 msecs (HTTP/1.1 300) 3 headers in 106 bytes (1 switches on core 0)
Jul 02 19:21:13.954525 np0000004310 devstack@g-api.service[102680]: DEBUG glance.api.middleware.version_negotiation [None req-23da1ba1-3bd5-4196-a796-2301196a8466 tempest-TaggedBootDevicesTest_v242-1394508452 tempest-TaggedBootDevicesTest_v242-1394508452-project-member] Determining version of request: GET /v2/images/ef19dcfc-02b3-4c8e-809c-dbedc054be02 Accept: */* {{(pid=102680) process_request /opt/stack/glance/glance/api/middleware/version_negotiation.py:44}}
Jul 02 19:21:13.954684 np0000004310 devstack@g-api.service[102680]: DEBUG glance.api.middleware.version_negotiation [None req-23da1ba1-3bd5-4196-a796-2301196a8466 tempest-TaggedBootDevicesTest_v242-1394508452 tempest-TaggedBootDevicesTest_v242-1394508452-project-member] Using url versioning {{(pid=102680) process_request /opt/stack/glance/glance/api/middleware/version_negotiation.py:57}}
Jul 02 19:21:13.954839 np0000004310 devstack@g-api.service[102680]: DEBUG glance.api.middleware.version_negotiation [None req-23da1ba1-3bd5-4196-a796-2301196a8466 tempest-TaggedBootDevicesTest_v242-1394508452 tempest-TaggedBootDevicesTest_v242-1394508452-project-member] Matched version: v2 {{(pid=102680) process_request /opt/stack/glance/glance/api/middleware/version_negotiation.py:69}}
Jul 02 19:21:13.954954 np0000004310 devstack@g-api.service[102680]: DEBUG glance.api.middleware.version_negotiation [None req-23da1ba1-3bd5-4196-a796-2301196a8466 tempest-TaggedBootDevicesTest_v242-1394508452 tempest-TaggedBootDevicesTest_v242-1394508452-project-member] new path /v2/images/ef19dcfc-02b3-4c8e-809c-dbedc054be02 {{(pid=102680) process_request /opt/stack/glance/glance/api/middleware/version_negotiation.py:70}}
Jul 02 19:21:13.979038 np0000004310 devstack@g-api.service[102680]: [pid: 102680|app: 0|req: 13/47] 127.0.0.1 () {44 vars in 1115 bytes} [Thu Jul 2 19:21:13 2026] GET /v2/images/ef19dcfc-02b3-4c8e-809c-dbedc054be02 => generated 1044 bytes in 24 msecs (HTTP/1.1 200) 4 headers in 158 bytes (1 switches on core 0)
