Jul 02 19:18:38.052921 np0000004310 nova-conductor[98738]: DEBUG cotyledon.oslo_config_glue [-] profiler.filter_error_trace = False {{(pid=98738) log_opt_values /opt/stack/data/venv/lib/python3.12/site-packages/oslo_config/cfg.py:3253}}
Jul 02 19:18:38.052921 np0000004310 nova-conductor[98738]: DEBUG cotyledon.oslo_config_glue [-] profiler.hmac_keys = **** {{(pid=98738) log_opt_values /opt/stack/data/venv/lib/python3.12/site-packages/oslo_config/cfg.py:3253}}
Jul 02 19:18:38.052921 np0000004310 nova-conductor[98738]: DEBUG cotyledon.oslo_config_glue [-] profiler.sentinel_service_name = mymaster {{(pid=98738) log_opt_values /opt/stack/data/venv/lib/python3.12/site-packages/oslo_config/cfg.py:3253}}
Jul 02 19:18:38.053286 np0000004310 nova-conductor[98738]: DEBUG cotyledon.oslo_config_glue [-] profiler.socket_timeout = 0.1 {{(pid=98738) log_opt_values /opt/stack/data/venv/lib/python3.12/site-packages/oslo_config/cfg.py:3253}}
Jul 02 19:18:38.053286 np0000004310 nova-conductor[98738]: DEBUG cotyledon.oslo_config_glue [-] profiler.trace_requests = False {{(pid=98738) log_opt_values /opt/stack/data/venv/lib/python3.12/site-packages/oslo_config/cfg.py:3253}}
Jul 02 19:18:38.053286 np0000004310 nova-conductor[98738]: DEBUG cotyledon.oslo_config_glue [-] profiler.trace_sqlalchemy = False {{(pid=98738) log_opt_values /opt/stack/data/venv/lib/python3.12/site-packages/oslo_config/cfg.py:3253}}
Jul 02 19:18:38.053286 np0000004310 nova-conductor[98738]: DEBUG cotyledon.oslo_config_glue [-] profiler_jaeger.process_tags = {} {{(pid=98738) log_opt_values /opt/stack/data/venv/lib/python3.12/site-packages/oslo_config/cfg.py:3253}}
Jul 02 19:18:38.053286 np0000004310 nova-conductor[98738]: DEBUG cotyledon.oslo_config_glue [-] profiler_jaeger.service_name_prefix = None {{(pid=98738) log_opt_values /opt/stack/data/venv/lib/python3.12/site-packages/oslo_config/cfg.py:3253}}
Jul 02 19:18:38.053286 np0000004310 nova-conductor[98738]: DEBUG cotyledon.oslo_config_glue [-] profiler_otlp.service_name_prefix = None {{(pid=98738) log_opt_values /opt/stack/data/venv/lib/python3.12/site-packages/oslo_config/cfg.py:3253}}
Jul 02 19:18:38.053286 np0000004310 nova-conductor[98738]: DEBUG cotyledon.oslo_config_glue [-] oslo_messaging_rabbit.amqp_auto_delete = False {{(pid=98738) log_opt_values /opt/stack/data/venv/lib/python3.12/site-packages/oslo_config/cfg.py:3253}}
Jul 02 19:18:38.053286 np0000004310 nova-conductor[98738]: DEBUG cotyledon.oslo_config_glue [-] oslo_messaging_rabbit.amqp_durable_queues = False {{(pid=98738) log_opt_values /opt/stack/data/venv/lib/python3.12/site-packages/oslo_config/cfg.py:3253}}
Jul 02 19:18:38.053286 np0000004310 nova-conductor[98738]: DEBUG cotyledon.oslo_config_glue [-] oslo_messaging_rabbit.conn_pool_min_size = 2 {{(pid=98738) log_opt_values /opt/stack/data/venv/lib/python3.12/site-packages/oslo_config/cfg.py:3253}}
Jul 02 19:18:38.053672 np0000004310 nova-conductor[98738]: DEBUG cotyledon.oslo_config_glue [-] oslo_messaging_rabbit.conn_pool_ttl = 1200 {{(pid=98738) log_opt_values /opt/stack/data/venv/lib/python3.12/site-packages/oslo_config/cfg.py:3253}}
Jul 02 19:18:38.053672 np0000004310 nova-conductor[98738]: DEBUG cotyledon.oslo_config_glue [-] oslo_messaging_rabbit.direct_mandatory_flag = True {{(pid=98738) log_opt_values /opt/stack/data/venv/lib/python3.12/site-packages/oslo_config/cfg.py:3253}}
Jul 02 19:18:38.053672 np0000004310 nova-conductor[98738]: DEBUG cotyledon.oslo_config_glue [-] oslo_messaging_rabbit.enable_cancel_on_failover = False {{(pid=98738) log_opt_values /opt/stack/data/venv/lib/python3.12/site-packages/oslo_config/cfg.py:3253}}
Jul 02 19:18:38.053672 np0000004310 nova-conductor[98738]: DEBUG cotyledon.oslo_config_glue [-] oslo_messaging_rabbit.heartbeat_rate = 3 {{(pid=98738) log_opt_values /opt/stack/data/venv/lib/python3.12/site-packages/oslo_config/cfg.py:3253}}
Jul 02 19:18:38.053672 np0000004310 nova-conductor[98738]: DEBUG cotyledon.oslo_config_glue [-] oslo_messaging_rabbit.heartbeat_timeout_threshold = 60 {{(pid=98738) log_opt_values /opt/stack/data/venv/lib/python3.12/site-packages/oslo_config/cfg.py:3253}}
Jul 02 19:18:38.053672 np0000004310 nova-conductor[98738]: DEBUG cotyledon.oslo_config_glue [-] oslo_messaging_rabbit.hostname = np0000004310 {{(pid=98738) log_opt_values /opt/stack/data/venv/lib/python3.12/site-packages/oslo_config/cfg.py:3253}}
Jul 02 19:18:38.053672 np0000004310 nova-conductor[98738]: DEBUG cotyledon.oslo_config_glue [-] oslo_messaging_rabbit.kombu_compression = None {{(pid=98738) log_opt_values /opt/stack/data/venv/lib/python3.12/site-packages/oslo_config/cfg.py:3253}}
Jul 02 19:18:38.053672 np0000004310 nova-conductor[98738]: DEBUG cotyledon.oslo_config_glue [-] oslo_messaging_rabbit.kombu_failover_strategy = round-robin {{(pid=98738) log_opt_values /opt/stack/data/venv/lib/python3.12/site-packages/oslo_config/cfg.py:3253}}
Jul 02 19:18:38.053672 np0000004310 nova-conductor[98738]: DEBUG cotyledon.oslo_config_glue [-] oslo_messaging_rabbit.kombu_missing_consumer_retry_timeout = 60 {{(pid=98738) log_opt_values /opt/stack/data/venv/lib/python3.12/site-packages/oslo_config/cfg.py:3253}}
Jul 02 19:18:38.054001 np0000004310 nova-conductor[98738]: DEBUG cotyledon.oslo_config_glue [-] oslo_messaging_rabbit.kombu_reconnect_delay = 1.0 {{(pid=98738) log_opt_values /opt/stack/data/venv/lib/python3.12/site-packages/oslo_config/cfg.py:3253}}
Jul 02 19:18:38.054001 np0000004310 nova-conductor[98738]: DEBUG cotyledon.oslo_config_glue [-] oslo_messaging_rabbit.kombu_reconnect_splay = 0.0 {{(pid=98738) log_opt_values /opt/stack/data/venv/lib/python3.12/site-packages/oslo_config/cfg.py:3253}}
Jul 02 19:18:38.054001 np0000004310 nova-conductor[98738]: DEBUG cotyledon.oslo_config_glue [-] oslo_messaging_rabbit.processname = nova-conductor {{(pid=98738) log_opt_values /opt/stack/data/venv/lib/python3.12/site-packages/oslo_config/cfg.py:3253}}
Jul 02 19:18:38.054001 np0000004310 nova-conductor[98738]: DEBUG cotyledon.oslo_config_glue [-] oslo_messaging_rabbit.rabbit_ha_queues = False {{(pid=98738) log_opt_values /opt/stack/data/venv/lib/python3.12/site-packages/oslo_config/cfg.py:3253}}
Jul 02 19:18:38.054001 np0000004310 nova-conductor[98738]: DEBUG cotyledon.oslo_config_glue [-] oslo_messaging_rabbit.rabbit_interval_max = 30 {{(pid=98738) log_opt_values /opt/stack/data/venv/lib/python3.12/site-packages/oslo_config/cfg.py:3253}}
Jul 02 19:18:38.054001 np0000004310 nova-conductor[98738]: DEBUG cotyledon.oslo_config_glue [-] oslo_messaging_rabbit.rabbit_login_method = AMQPLAIN {{(pid=98738) log_opt_values /opt/stack/data/venv/lib/python3.12/site-packages/oslo_config/cfg.py:3253}}
Jul 02 19:18:38.054001 np0000004310 nova-conductor[98738]: DEBUG cotyledon.oslo_config_glue [-] oslo_messaging_rabbit.rabbit_qos_prefetch_count = 0 {{(pid=98738) log_opt_values /opt/stack/data/venv/lib/python3.12/site-packages/oslo_config/cfg.py:3253}}
Jul 02 19:18:38.054001 np0000004310 nova-conductor[98738]: DEBUG cotyledon.oslo_config_glue [-] oslo_messaging_rabbit.rabbit_quorum_delivery_limit = 0 {{(pid=98738) log_opt_values /opt/stack/data/venv/lib/python3.12/site-packages/oslo_config/cfg.py:3253}}
Jul 02 19:18:38.054001 np0000004310 nova-conductor[98738]: DEBUG cotyledon.oslo_config_glue [-] oslo_messaging_rabbit.rabbit_quorum_max_memory_bytes = 0 {{(pid=98738) log_opt_values /opt/stack/data/venv/lib/python3.12/site-packages/oslo_config/cfg.py:3253}}
Jul 02 19:18:38.054365 np0000004310 nova-conductor[98738]: DEBUG cotyledon.oslo_config_glue [-] oslo_messaging_rabbit.rabbit_quorum_max_memory_length = 0 {{(pid=98738) log_opt_values /opt/stack/data/venv/lib/python3.12/site-packages/oslo_config/cfg.py:3253}}
Jul 02 19:18:38.054423 np0000004310 nova-conductor[98743]: INFO dbcounter [None req-864a1469-5ae4-4e3d-8951-ea43490ae34e None None] Registered counter for database nova_cell0
Jul 02 19:18:38.054472 np0000004310 nova-conductor[98738]: DEBUG cotyledon.oslo_config_glue [-] oslo_messaging_rabbit.rabbit_quorum_queue = False {{(pid=98738) log_opt_values /opt/stack/data/venv/lib/python3.12/site-packages/oslo_config/cfg.py:3253}}
Jul 02 19:18:38.054472 np0000004310 nova-conductor[98738]: DEBUG cotyledon.oslo_config_glue [-] oslo_messaging_rabbit.rabbit_retry_backoff = 2 {{(pid=98738) log_opt_values /opt/stack/data/venv/lib/python3.12/site-packages/oslo_config/cfg.py:3253}}
Jul 02 19:18:38.054472 np0000004310 nova-conductor[98738]: DEBUG cotyledon.oslo_config_glue [-] oslo_messaging_rabbit.rabbit_retry_interval = 1 {{(pid=98738) log_opt_values /opt/stack/data/venv/lib/python3.12/site-packages/oslo_config/cfg.py:3253}}
Jul 02 19:18:38.054472 np0000004310 nova-conductor[98738]: DEBUG cotyledon.oslo_config_glue [-] oslo_messaging_rabbit.rabbit_stream_fanout = False {{(pid=98738) log_opt_values /opt/stack/data/venv/lib/python3.12/site-packages/oslo_config/cfg.py:3253}}
Jul 02 19:18:38.054472 np0000004310 nova-conductor[98738]: DEBUG cotyledon.oslo_config_glue [-] oslo_messaging_rabbit.rabbit_transient_queues_ttl = 1800 {{(pid=98738) log_opt_values /opt/stack/data/venv/lib/python3.12/site-packages/oslo_config/cfg.py:3253}}
Jul 02 19:18:38.054472 np0000004310 nova-conductor[98738]: DEBUG cotyledon.oslo_config_glue [-] oslo_messaging_rabbit.rabbit_transient_quorum_queue = False {{(pid=98738) log_opt_values /opt/stack/data/venv/lib/python3.12/site-packages/oslo_config/cfg.py:3253}}
Jul 02 19:18:38.054472 np0000004310 nova-conductor[98738]: DEBUG cotyledon.oslo_config_glue [-] oslo_messaging_rabbit.rpc_conn_pool_size = 30 {{(pid=98738) log_opt_values /opt/stack/data/venv/lib/python3.12/site-packages/oslo_config/cfg.py:3253}}
Jul 02 19:18:38.054472 np0000004310 nova-conductor[98738]: DEBUG cotyledon.oslo_config_glue [-] oslo_messaging_rabbit.ssl = False {{(pid=98738) log_opt_values /opt/stack/data/venv/lib/python3.12/site-packages/oslo_config/cfg.py:3253}}
Jul 02 19:18:38.054472 np0000004310 nova-conductor[98738]: DEBUG cotyledon.oslo_config_glue [-] oslo_messaging_rabbit.ssl_ca_file = {{(pid=98738) log_opt_values /opt/stack/data/venv/lib/python3.12/site-packages/oslo_config/cfg.py:3253}}
Jul 02 19:18:38.054828 np0000004310 nova-conductor[98738]: DEBUG cotyledon.oslo_config_glue [-] oslo_messaging_rabbit.ssl_cert_file = {{(pid=98738) log_opt_values /opt/stack/data/venv/lib/python3.12/site-packages/oslo_config/cfg.py:3253}}
Jul 02 19:18:38.054828 np0000004310 nova-conductor[98738]: DEBUG cotyledon.oslo_config_glue [-] oslo_messaging_rabbit.ssl_enforce_fips_mode = False {{(pid=98738) log_opt_values /opt/stack/data/venv/lib/python3.12/site-packages/oslo_config/cfg.py:3253}}
Jul 02 19:18:38.054828 np0000004310 nova-conductor[98738]: DEBUG cotyledon.oslo_config_glue [-] oslo_messaging_rabbit.ssl_enforce_hostname_verification = True {{(pid=98738) log_opt_values /opt/stack/data/venv/lib/python3.12/site-packages/oslo_config/cfg.py:3253}}
Jul 02 19:18:38.054828 np0000004310 nova-conductor[98738]: DEBUG cotyledon.oslo_config_glue [-] oslo_messaging_rabbit.ssl_key_file = {{(pid=98738) log_opt_values /opt/stack/data/venv/lib/python3.12/site-packages/oslo_config/cfg.py:3253}}
Jul 02 19:18:38.054828 np0000004310 nova-conductor[98738]: DEBUG cotyledon.oslo_config_glue [-] oslo_messaging_rabbit.ssl_version = {{(pid=98738) log_opt_values /opt/stack/data/venv/lib/python3.12/site-packages/oslo_config/cfg.py:3253}}
Jul 02 19:18:38.054828 np0000004310 nova-conductor[98738]: DEBUG cotyledon.oslo_config_glue [-] oslo_messaging_rabbit.use_queue_manager = False {{(pid=98738) log_opt_values /opt/stack/data/venv/lib/python3.12/site-packages/oslo_config/cfg.py:3253}}
Jul 02 19:18:38.054828 np0000004310 nova-conductor[98738]: DEBUG cotyledon.oslo_config_glue [-] oslo_messaging_notifications.driver = ['messagingv2'] {{(pid=98738) log_opt_values /opt/stack/data/venv/lib/python3.12/site-packages/oslo_config/cfg.py:3253}}
Jul 02 19:18:38.054828 np0000004310 nova-conductor[98738]: DEBUG cotyledon.oslo_config_glue [-] oslo_messaging_notifications.retry = -1 {{(pid=98738) log_opt_values /opt/stack/data/venv/lib/python3.12/site-packages/oslo_config/cfg.py:3253}}
Jul 02 19:18:38.054828 np0000004310 nova-conductor[98738]: DEBUG cotyledon.oslo_config_glue [-] oslo_messaging_notifications.topics = ['notifications'] {{(pid=98738) log_opt_values /opt/stack/data/venv/lib/python3.12/site-packages/oslo_config/cfg.py:3253}}
Jul 02 19:18:38.055176 np0000004310 nova-conductor[98738]: DEBUG cotyledon.oslo_config_glue [-] oslo_messaging_notifications.transport_url = **** {{(pid=98738) log_opt_values /opt/stack/data/venv/lib/python3.12/site-packages/oslo_config/cfg.py:3253}}
Jul 02 19:18:38.055176 np0000004310 nova-conductor[98738]: DEBUG cotyledon.oslo_config_glue [-] oslo_limit.auth_section = None {{(pid=98738) log_opt_values /opt/stack/data/venv/lib/python3.12/site-packages/oslo_config/cfg.py:3253}}
Jul 02 19:18:38.055176 np0000004310 nova-conductor[98738]: DEBUG cotyledon.oslo_config_glue [-] oslo_limit.auth_type = None {{(pid=98738) log_opt_values /opt/stack/data/venv/lib/python3.12/site-packages/oslo_config/cfg.py:3253}}
Jul 02 19:18:38.055176 np0000004310 nova-conductor[98738]: DEBUG cotyledon.oslo_config_glue [-] oslo_limit.cafile = None {{(pid=98738) log_opt_values /opt/stack/data/venv/lib/python3.12/site-packages/oslo_config/cfg.py:3253}}
Jul 02 19:18:38.055176 np0000004310 nova-conductor[98738]: DEBUG cotyledon.oslo_config_glue [-] oslo_limit.certfile = None {{(pid=98738) log_opt_values /opt/stack/data/venv/lib/python3.12/site-packages/oslo_config/cfg.py:3253}}
Jul 02 19:18:38.055176 np0000004310 nova-conductor[98738]: DEBUG cotyledon.oslo_config_glue [-] oslo_limit.collect_timing = False {{(pid=98738) log_opt_values /opt/stack/data/venv/lib/python3.12/site-packages/oslo_config/cfg.py:3253}}
Jul 02 19:18:38.055176 np0000004310 nova-conductor[98738]: DEBUG cotyledon.oslo_config_glue [-] oslo_limit.connect_retries = None {{(pid=98738) log_opt_values /opt/stack/data/venv/lib/python3.12/site-packages/oslo_config/cfg.py:3253}}
Jul 02 19:18:38.055176 np0000004310 nova-conductor[98738]: DEBUG cotyledon.oslo_config_glue [-] oslo_limit.connect_retry_delay = None {{(pid=98738) log_opt_values /opt/stack/data/venv/lib/python3.12/site-packages/oslo_config/cfg.py:3253}}
Jul 02 19:18:38.055176 np0000004310 nova-conductor[98738]: DEBUG cotyledon.oslo_config_glue [-] oslo_limit.endpoint_id = None {{(pid=98738) log_opt_values /opt/stack/data/venv/lib/python3.12/site-packages/oslo_config/cfg.py:3253}}
Jul 02 19:18:38.055526 np0000004310 nova-conductor[98738]: DEBUG cotyledon.oslo_config_glue [-] oslo_limit.endpoint_interface = public {{(pid=98738) log_opt_values /opt/stack/data/venv/lib/python3.12/site-packages/oslo_config/cfg.py:3253}}
Jul 02 19:18:38.055526 np0000004310 nova-conductor[98738]: DEBUG cotyledon.oslo_config_glue [-] oslo_limit.endpoint_override = None {{(pid=98738) log_opt_values /opt/stack/data/venv/lib/python3.12/site-packages/oslo_config/cfg.py:3253}}
Jul 02 19:18:38.055526 np0000004310 nova-conductor[98738]: DEBUG cotyledon.oslo_config_glue [-] oslo_limit.endpoint_region_name = None {{(pid=98738) log_opt_values /opt/stack/data/venv/lib/python3.12/site-packages/oslo_config/cfg.py:3253}}
Jul 02 19:18:38.055526 np0000004310 nova-conductor[98738]: DEBUG cotyledon.oslo_config_glue [-] oslo_limit.endpoint_service_name = None {{(pid=98738) log_opt_values /opt/stack/data/venv/lib/python3.12/site-packages/oslo_config/cfg.py:3253}}
Jul 02 19:18:38.055526 np0000004310 nova-conductor[98738]: DEBUG cotyledon.oslo_config_glue [-] oslo_limit.endpoint_service_type = None {{(pid=98738) log_opt_values /opt/stack/data/venv/lib/python3.12/site-packages/oslo_config/cfg.py:3253}}
Jul 02 19:18:38.055526 np0000004310 nova-conductor[98738]: DEBUG cotyledon.oslo_config_glue [-] oslo_limit.insecure = False {{(pid=98738) log_opt_values /opt/stack/data/venv/lib/python3.12/site-packages/oslo_config/cfg.py:3253}}
Jul 02 19:18:38.055526 np0000004310 nova-conductor[98738]: DEBUG cotyledon.oslo_config_glue [-] oslo_limit.keyfile = None {{(pid=98738) log_opt_values /opt/stack/data/venv/lib/python3.12/site-packages/oslo_config/cfg.py:3253}}
Jul 02 19:18:38.055526 np0000004310 nova-conductor[98738]: DEBUG cotyledon.oslo_config_glue [-] oslo_limit.max_version = None {{(pid=98738) log_opt_values /opt/stack/data/venv/lib/python3.12/site-packages/oslo_config/cfg.py:3253}}
Jul 02 19:18:38.055526 np0000004310 nova-conductor[98738]: DEBUG cotyledon.oslo_config_glue [-] oslo_limit.min_version = None {{(pid=98738) log_opt_values /opt/stack/data/venv/lib/python3.12/site-packages/oslo_config/cfg.py:3253}}
Jul 02 19:18:38.055834 np0000004310 nova-conductor[98738]: DEBUG cotyledon.oslo_config_glue [-] oslo_limit.region_name = None {{(pid=98738) log_opt_values /opt/stack/data/venv/lib/python3.12/site-packages/oslo_config/cfg.py:3253}}
Jul 02 19:18:38.055834 np0000004310 nova-conductor[98738]: DEBUG cotyledon.oslo_config_glue [-] oslo_limit.retriable_status_codes = None {{(pid=98738) log_opt_values /opt/stack/data/venv/lib/python3.12/site-packages/oslo_config/cfg.py:3253}}
Jul 02 19:18:38.055834 np0000004310 nova-conductor[98738]: DEBUG cotyledon.oslo_config_glue [-] oslo_limit.service_name = None {{(pid=98738) log_opt_values /opt/stack/data/venv/lib/python3.12/site-packages/oslo_config/cfg.py:3253}}
Jul 02 19:18:38.055834 np0000004310 nova-conductor[98738]: DEBUG cotyledon.oslo_config_glue [-] oslo_limit.service_type = None {{(pid=98738) log_opt_values /opt/stack/data/venv/lib/python3.12/site-packages/oslo_config/cfg.py:3253}}
Jul 02 19:18:38.055834 np0000004310 nova-conductor[98738]: DEBUG cotyledon.oslo_config_glue [-] oslo_limit.split_loggers = False {{(pid=98738) log_opt_values /opt/stack/data/venv/lib/python3.12/site-packages/oslo_config/cfg.py:3253}}
Jul 02 19:18:38.055834 np0000004310 nova-conductor[98738]: DEBUG cotyledon.oslo_config_glue [-] oslo_limit.status_code_retries = None {{(pid=98738) log_opt_values /opt/stack/data/venv/lib/python3.12/site-packages/oslo_config/cfg.py:3253}}
Jul 02 19:18:38.055834 np0000004310 nova-conductor[98738]: DEBUG cotyledon.oslo_config_glue [-] oslo_limit.status_code_retry_delay = None {{(pid=98738) log_opt_values /opt/stack/data/venv/lib/python3.12/site-packages/oslo_config/cfg.py:3253}}
Jul 02 19:18:38.055834 np0000004310 nova-conductor[98738]: DEBUG cotyledon.oslo_config_glue [-] oslo_limit.timeout = None {{(pid=98738) log_opt_values /opt/stack/data/venv/lib/python3.12/site-packages/oslo_config/cfg.py:3253}}
Jul 02 19:18:38.055834 np0000004310 nova-conductor[98738]: DEBUG cotyledon.oslo_config_glue [-] oslo_limit.valid_interfaces = None {{(pid=98738) log_opt_values /opt/stack/data/venv/lib/python3.12/site-packages/oslo_config/cfg.py:3253}}
Jul 02 19:18:38.056177 np0000004310 nova-conductor[98738]: DEBUG cotyledon.oslo_config_glue [-] oslo_limit.version = None {{(pid=98738) log_opt_values /opt/stack/data/venv/lib/python3.12/site-packages/oslo_config/cfg.py:3253}}
Jul 02 19:18:38.056177 np0000004310 nova-conductor[98738]: DEBUG cotyledon.oslo_config_glue [-] oslo_reports.file_event_handler = None {{(pid=98738) log_opt_values /opt/stack/data/venv/lib/python3.12/site-packages/oslo_config/cfg.py:3253}}
Jul 02 19:18:38.056177 np0000004310 nova-conductor[98738]: DEBUG cotyledon.oslo_config_glue [-] oslo_reports.file_event_handler_interval = 1 {{(pid=98738) log_opt_values /opt/stack/data/venv/lib/python3.12/site-packages/oslo_config/cfg.py:3253}}
Jul 02 19:18:38.056177 np0000004310 nova-conductor[98738]: DEBUG cotyledon.oslo_config_glue [-] oslo_reports.log_dir = None {{(pid=98738) log_opt_values /opt/stack/data/venv/lib/python3.12/site-packages/oslo_config/cfg.py:3253}}
Jul 02 19:18:38.056177 np0000004310 nova-conductor[98738]: DEBUG cotyledon.oslo_config_glue [-] ******************************************************************************** {{(pid=98738) log_opt_values /opt/stack/data/venv/lib/python3.12/site-packages/oslo_config/cfg.py:3260}}
Jul 02 19:18:38.056177 np0000004310 nova-conductor[98738]: DEBUG cotyledon._service_worker [-] Run service ServiceWrapper(2) [98738] {{(pid=98738) wait_forever /opt/stack/data/venv/lib/python3.12/site-packages/cotyledon/_service_worker.py:218}}
Jul 02 19:18:38.056177 np0000004310 nova-conductor[98738]: INFO nova.service [-] Starting conductor node (version 33.1.0)
Jul 02 19:18:38.056177 np0000004310 nova-conductor[98738]: INFO dbcounter [None req-e843c35a-a31a-47c2-bfac-e998de385296 None None] Registered counter for database nova_cell0
Jul 02 19:18:38.056805 np0000004310 nova-conductor[98723]: DEBUG oslo_db.sqlalchemy.engines [None req-55f91f85-5fd3-4b9f-87b3-11a73cb7838b None None] MySQL server mode set to STRICT_TRANS_TABLES,STRICT_ALL_TABLES,NO_ZERO_IN_DATE,NO_ZERO_DATE,ERROR_FOR_DIVISION_BY_ZERO,TRADITIONAL,NO_ENGINE_SUBSTITUTION {{(pid=98723) _check_effective_sql_mode /opt/stack/data/venv/lib/python3.12/site-packages/oslo_db/sqlalchemy/engines.py:325}}
Jul 02 19:18:38.056805 np0000004310 nova-conductor[98723]: DEBUG dbcounter [-] [98723] Writer thread running {{(pid=98723) stat_writer /opt/stack/data/venv/lib/python3.12/site-packages/dbcounter.py:102}}
Jul 02 19:18:38.056892 np0000004310 nova-conductor[98732]: DEBUG oslo_db.sqlalchemy.engines [None req-621d2c38-8fa6-49fb-a0a0-32f1caf0d561 None None] MySQL server mode set to STRICT_TRANS_TABLES,STRICT_ALL_TABLES,NO_ZERO_IN_DATE,NO_ZERO_DATE,ERROR_FOR_DIVISION_BY_ZERO,TRADITIONAL,NO_ENGINE_SUBSTITUTION {{(pid=98732) _check_effective_sql_mode /opt/stack/data/venv/lib/python3.12/site-packages/oslo_db/sqlalchemy/engines.py:325}}
Jul 02 19:18:38.056936 np0000004310 nova-conductor[98723]: DEBUG nova.service [None req-55f91f85-5fd3-4b9f-87b3-11a73cb7838b None None] Creating RPC server for service: nova-conductor on topic: conductor {{(pid=98723) start /opt/stack/nova/nova/service.py:196}}
Jul 02 19:18:38.056972 np0000004310 nova-conductor[98732]: DEBUG dbcounter [-] [98732] Writer thread running {{(pid=98732) stat_writer /opt/stack/data/venv/lib/python3.12/site-packages/dbcounter.py:102}}
Jul 02 19:18:38.056972 np0000004310 nova-conductor[98732]: DEBUG nova.service [None req-621d2c38-8fa6-49fb-a0a0-32f1caf0d561 None None] Creating RPC server for service: nova-conductor on topic: conductor {{(pid=98732) start /opt/stack/nova/nova/service.py:196}}
Jul 02 19:18:38.057632 np0000004310 nova-conductor[98738]: DEBUG oslo_db.sqlalchemy.engines [None req-e843c35a-a31a-47c2-bfac-e998de385296 None None] MySQL server mode set to STRICT_TRANS_TABLES,STRICT_ALL_TABLES,NO_ZERO_IN_DATE,NO_ZERO_DATE,ERROR_FOR_DIVISION_BY_ZERO,TRADITIONAL,NO_ENGINE_SUBSTITUTION {{(pid=98738) _check_effective_sql_mode /opt/stack/data/venv/lib/python3.12/site-packages/oslo_db/sqlalchemy/engines.py:325}}
Jul 02 19:18:38.063126 np0000004310 nova-conductor[98743]: DEBUG oslo_db.sqlalchemy.engines [None req-864a1469-5ae4-4e3d-8951-ea43490ae34e None None] MySQL server mode set to STRICT_TRANS_TABLES,STRICT_ALL_TABLES,NO_ZERO_IN_DATE,NO_ZERO_DATE,ERROR_FOR_DIVISION_BY_ZERO,TRADITIONAL,NO_ENGINE_SUBSTITUTION {{(pid=98743) _check_effective_sql_mode /opt/stack/data/venv/lib/python3.12/site-packages/oslo_db/sqlalchemy/engines.py:325}}
Jul 02 19:18:38.068675 np0000004310 nova-conductor[98738]: DEBUG dbcounter [-] [98738] Writer thread running {{(pid=98738) stat_writer /opt/stack/data/venv/lib/python3.12/site-packages/dbcounter.py:102}}
Jul 02 19:18:38.069702 np0000004310 nova-conductor[98723]: DEBUG nova.service [None req-55f91f85-5fd3-4b9f-87b3-11a73cb7838b None None] Join ServiceGroup membership for this service conductor {{(pid=98723) start /opt/stack/nova/nova/service.py:222}}
Jul 02 19:18:38.069885 np0000004310 nova-conductor[98723]: DEBUG nova.servicegroup.drivers.db [None req-55f91f85-5fd3-4b9f-87b3-11a73cb7838b None None] DB_Driver: join new ServiceGroup member np0000004310 to the conductor group, service = {{(pid=98723) join /opt/stack/nova/nova/servicegroup/drivers/db.py:44}}
Jul 02 19:18:38.072184 np0000004310 nova-conductor[98738]: DEBUG nova.service [None req-e843c35a-a31a-47c2-bfac-e998de385296 None None] Creating RPC server for service: nova-conductor on topic: conductor {{(pid=98738) start /opt/stack/nova/nova/service.py:196}}
Jul 02 19:18:38.073343 np0000004310 nova-conductor[98732]: DEBUG nova.service [None req-621d2c38-8fa6-49fb-a0a0-32f1caf0d561 None None] Join ServiceGroup membership for this service conductor {{(pid=98732) start /opt/stack/nova/nova/service.py:222}}
Jul 02 19:18:38.073544 np0000004310 nova-conductor[98732]: DEBUG nova.servicegroup.drivers.db [None req-621d2c38-8fa6-49fb-a0a0-32f1caf0d561 None None] DB_Driver: join new ServiceGroup member np0000004310 to the conductor group, service = {{(pid=98732) join /opt/stack/nova/nova/servicegroup/drivers/db.py:44}}
Jul 02 19:18:38.074909 np0000004310 nova-conductor[98743]: DEBUG dbcounter [-] [98743] Writer thread running {{(pid=98743) stat_writer /opt/stack/data/venv/lib/python3.12/site-packages/dbcounter.py:102}}
Jul 02 19:18:38.078329 np0000004310 nova-conductor[98743]: DEBUG nova.service [None req-864a1469-5ae4-4e3d-8951-ea43490ae34e None None] Creating RPC server for service: nova-conductor on topic: conductor {{(pid=98743) start /opt/stack/nova/nova/service.py:196}}
Jul 02 19:18:38.100505 np0000004310 nova-conductor[98738]: DEBUG nova.service [None req-e843c35a-a31a-47c2-bfac-e998de385296 None None] Join ServiceGroup membership for this service conductor {{(pid=98738) start /opt/stack/nova/nova/service.py:222}}
Jul 02 19:18:38.100947 np0000004310 nova-conductor[98738]: DEBUG nova.servicegroup.drivers.db [None req-e843c35a-a31a-47c2-bfac-e998de385296 None None] DB_Driver: join new ServiceGroup member np0000004310 to the conductor group, service = {{(pid=98738) join /opt/stack/nova/nova/servicegroup/drivers/db.py:44}}
Jul 02 19:18:38.103776 np0000004310 nova-conductor[98743]: DEBUG nova.service [None req-864a1469-5ae4-4e3d-8951-ea43490ae34e None None] Join ServiceGroup membership for this service conductor {{(pid=98743) start /opt/stack/nova/nova/service.py:222}}
Jul 02 19:18:38.103956 np0000004310 nova-conductor[98743]: DEBUG nova.servicegroup.drivers.db [None req-864a1469-5ae4-4e3d-8951-ea43490ae34e None None] DB_Driver: join new ServiceGroup member np0000004310 to the conductor group, service = {{(pid=98743) join /opt/stack/nova/nova/servicegroup/drivers/db.py:44}}
Jul 02 19:18:43.085807 np0000004310 nova-conductor[98723]: DEBUG oslo.service.backend._threading.loopingcall [-] Fixed interval looping call 'nova.servicegroup.drivers.db.DbDriver._report_state' sleeping for 119.99 seconds {{(pid=98723) _run_loop /opt/stack/data/venv/lib/python3.12/site-packages/oslo_service/backend/_threading/loopingcall.py:125}}
Jul 02 19:18:43.086843 np0000004310 nova-conductor[98732]: DEBUG oslo.service.backend._threading.loopingcall [-] Fixed interval looping call 'nova.servicegroup.drivers.db.DbDriver._report_state' sleeping for 119.99 seconds {{(pid=98732) _run_loop /opt/stack/data/venv/lib/python3.12/site-packages/oslo_service/backend/_threading/loopingcall.py:125}}
Jul 02 19:18:43.114381 np0000004310 nova-conductor[98743]: DEBUG oslo.service.backend._threading.loopingcall [-] Fixed interval looping call 'nova.servicegroup.drivers.db.DbDriver._report_state' sleeping for 119.99 seconds {{(pid=98743) _run_loop /opt/stack/data/venv/lib/python3.12/site-packages/oslo_service/backend/_threading/loopingcall.py:125}}
Jul 02 19:18:43.116851 np0000004310 nova-conductor[98738]: DEBUG oslo.service.backend._threading.loopingcall [-] Fixed interval looping call 'nova.servicegroup.drivers.db.DbDriver._report_state' sleeping for 119.99 seconds {{(pid=98738) _run_loop /opt/stack/data/venv/lib/python3.12/site-packages/oslo_service/backend/_threading/loopingcall.py:125}}
Jul 02 19:18:46.612639 np0000004310 nova-conductor[97261]: DEBUG dbcounter [-] [97261] Writing DB stats nova_api:SELECT=1 {{(pid=97261) stat_writer /opt/stack/data/venv/lib/python3.12/site-packages/dbcounter.py:115}}
Jul 02 19:18:46.762700 np0000004310 nova-conductor[97261]: DEBUG dbcounter [-] [97261] Writing DB stats nova_cell0:SELECT=1 {{(pid=97261) stat_writer /opt/stack/data/venv/lib/python3.12/site-packages/dbcounter.py:115}}
Jul 02 19:18:46.767348 np0000004310 nova-conductor[97261]: DEBUG dbcounter [-] [97261] Writing DB stats nova_cell1:SELECT=1 {{(pid=97261) stat_writer /opt/stack/data/venv/lib/python3.12/site-packages/dbcounter.py:115}}
Jul 02 19:18:53.084144 np0000004310 nova-conductor[98723]: DEBUG dbcounter [-] [98723] Writing DB stats nova_cell0:SELECT=4,nova_cell0:INSERT=1,nova_cell0:UPDATE=1 {{(pid=98723) stat_writer /opt/stack/data/venv/lib/python3.12/site-packages/dbcounter.py:115}}
Jul 02 19:18:53.085302 np0000004310 nova-conductor[98732]: DEBUG dbcounter [-] [98732] Writing DB stats nova_cell0:SELECT=3,nova_cell0:UPDATE=1 {{(pid=98732) stat_writer /opt/stack/data/venv/lib/python3.12/site-packages/dbcounter.py:115}}
Jul 02 19:18:53.111799 np0000004310 nova-conductor[98743]: DEBUG dbcounter [-] [98743] Writing DB stats nova_cell0:SELECT=3 {{(pid=98743) stat_writer /opt/stack/data/venv/lib/python3.12/site-packages/dbcounter.py:115}}
Jul 02 19:18:53.112870 np0000004310 nova-conductor[98738]: DEBUG dbcounter [-] [98738] Writing DB stats nova_cell0:SELECT=3 {{(pid=98738) stat_writer /opt/stack/data/venv/lib/python3.12/site-packages/dbcounter.py:115}}
Jul 02 19:19:03.105960 np0000004310 nova-conductor[98743]: DEBUG oslo.service.backend._threading.loopingcall [None req-afd14ac4-610b-46f6-9f82-73ee76b0bb5b None None] Dynamic interval looping call 'nova.service.Service.periodic_tasks' sleeping for 60.00 seconds {{(pid=98743) _run_loop /opt/stack/data/venv/lib/python3.12/site-packages/oslo_service/backend/_threading/loopingcall.py:125}}
Jul 02 19:19:07.072561 np0000004310 nova-conductor[98723]: DEBUG oslo.service.backend._threading.loopingcall [None req-4bae45cb-001e-4769-b3d9-e565aa3da320 None None] Dynamic interval looping call 'nova.service.Service.periodic_tasks' sleeping for 60.00 seconds {{(pid=98723) _run_loop /opt/stack/data/venv/lib/python3.12/site-packages/oslo_service/backend/_threading/loopingcall.py:125}}
Jul 02 19:19:14.102953 np0000004310 nova-conductor[98738]: DEBUG oslo.service.backend._threading.loopingcall [None req-ca9dace6-2ee1-47b9-aaac-037420b2fd5f None None] Dynamic interval looping call 'nova.service.Service.periodic_tasks' sleeping for 60.00 seconds {{(pid=98738) _run_loop /opt/stack/data/venv/lib/python3.12/site-packages/oslo_service/backend/_threading/loopingcall.py:125}}
Jul 02 19:19:19.076630 np0000004310 nova-conductor[98732]: DEBUG oslo.service.backend._threading.loopingcall [None req-ff6aa23c-8f85-4934-ae17-64dcdf015c49 None None] Dynamic interval looping call 'nova.service.Service.periodic_tasks' sleeping for 60.00 seconds {{(pid=98732) _run_loop /opt/stack/data/venv/lib/python3.12/site-packages/oslo_service/backend/_threading/loopingcall.py:125}}
Jul 02 19:20:03.106424 np0000004310 nova-conductor[98743]: DEBUG oslo.service.backend._threading.loopingcall [None req-afd14ac4-610b-46f6-9f82-73ee76b0bb5b None None] Dynamic interval looping call 'nova.service.Service.periodic_tasks' sleeping for 60.00 seconds {{(pid=98743) _run_loop /opt/stack/data/venv/lib/python3.12/site-packages/oslo_service/backend/_threading/loopingcall.py:125}}
Jul 02 19:20:07.073207 np0000004310 nova-conductor[98723]: DEBUG oslo.service.backend._threading.loopingcall [None req-4bae45cb-001e-4769-b3d9-e565aa3da320 None None] Dynamic interval looping call 'nova.service.Service.periodic_tasks' sleeping for 60.00 seconds {{(pid=98723) _run_loop /opt/stack/data/venv/lib/python3.12/site-packages/oslo_service/backend/_threading/loopingcall.py:125}}
Jul 02 19:20:14.103442 np0000004310 nova-conductor[98738]: DEBUG oslo.service.backend._threading.loopingcall [None req-ca9dace6-2ee1-47b9-aaac-037420b2fd5f None None] Dynamic interval looping call 'nova.service.Service.periodic_tasks' sleeping for 60.00 seconds {{(pid=98738) _run_loop /opt/stack/data/venv/lib/python3.12/site-packages/oslo_service/backend/_threading/loopingcall.py:125}}
Jul 02 19:20:19.077105 np0000004310 nova-conductor[98732]: DEBUG oslo.service.backend._threading.loopingcall [None req-ff6aa23c-8f85-4934-ae17-64dcdf015c49 None None] Dynamic interval looping call 'nova.service.Service.periodic_tasks' sleeping for 60.00 seconds {{(pid=98732) _run_loop /opt/stack/data/venv/lib/python3.12/site-packages/oslo_service/backend/_threading/loopingcall.py:125}}
Jul 02 19:20:43.082385 np0000004310 nova-conductor[98723]: DEBUG oslo.service.backend._threading.loopingcall [-] Fixed interval looping call 'nova.servicegroup.drivers.db.DbDriver._report_state' sleeping for 119.99 seconds {{(pid=98723) _run_loop /opt/stack/data/venv/lib/python3.12/site-packages/oslo_service/backend/_threading/loopingcall.py:125}}
Jul 02 19:20:43.082863 np0000004310 nova-conductor[98732]: DEBUG oslo.service.backend._threading.loopingcall [-] Fixed interval looping call 'nova.servicegroup.drivers.db.DbDriver._report_state' sleeping for 119.99 seconds {{(pid=98732) _run_loop /opt/stack/data/venv/lib/python3.12/site-packages/oslo_service/backend/_threading/loopingcall.py:125}}
Jul 02 19:20:43.109924 np0000004310 nova-conductor[98743]: DEBUG oslo.service.backend._threading.loopingcall [-] Fixed interval looping call 'nova.servicegroup.drivers.db.DbDriver._report_state' sleeping for 119.99 seconds {{(pid=98743) _run_loop /opt/stack/data/venv/lib/python3.12/site-packages/oslo_service/backend/_threading/loopingcall.py:125}}
Jul 02 19:20:43.112006 np0000004310 nova-conductor[98738]: DEBUG oslo.service.backend._threading.loopingcall [-] Fixed interval looping call 'nova.servicegroup.drivers.db.DbDriver._report_state' sleeping for 120.00 seconds {{(pid=98738) _run_loop /opt/stack/data/venv/lib/python3.12/site-packages/oslo_service/backend/_threading/loopingcall.py:125}}
Jul 02 19:20:53.079253 np0000004310 nova-conductor[98723]: DEBUG dbcounter [-] [98723] Writing DB stats nova_cell0:SELECT=1,nova_cell0:UPDATE=1 {{(pid=98723) stat_writer /opt/stack/data/venv/lib/python3.12/site-packages/dbcounter.py:115}}
Jul 02 19:20:53.081076 np0000004310 nova-conductor[98732]: DEBUG dbcounter [-] [98732] Writing DB stats nova_cell0:SELECT=1,nova_cell0:UPDATE=1 {{(pid=98732) stat_writer /opt/stack/data/venv/lib/python3.12/site-packages/dbcounter.py:115}}
Jul 02 19:20:53.106923 np0000004310 nova-conductor[98743]: DEBUG dbcounter [-] [98743] Writing DB stats nova_cell0:SELECT=1 {{(pid=98743) stat_writer /opt/stack/data/venv/lib/python3.12/site-packages/dbcounter.py:115}}
Jul 02 19:20:53.109424 np0000004310 nova-conductor[98738]: DEBUG dbcounter [-] [98738] Writing DB stats nova_cell0:SELECT=1 {{(pid=98738) stat_writer /opt/stack/data/venv/lib/python3.12/site-packages/dbcounter.py:115}}
Jul 02 19:21:03.107014 np0000004310 nova-conductor[98743]: DEBUG oslo.service.backend._threading.loopingcall [None req-afd14ac4-610b-46f6-9f82-73ee76b0bb5b None None] Dynamic interval looping call 'nova.service.Service.periodic_tasks' sleeping for 60.00 seconds {{(pid=98743) _run_loop /opt/stack/data/venv/lib/python3.12/site-packages/oslo_service/backend/_threading/loopingcall.py:125}}
Jul 02 19:21:07.076603 np0000004310 nova-conductor[98723]: DEBUG oslo.service.backend._threading.loopingcall [None req-4bae45cb-001e-4769-b3d9-e565aa3da320 None None] Dynamic interval looping call 'nova.service.Service.periodic_tasks' sleeping for 60.00 seconds {{(pid=98723) _run_loop /opt/stack/data/venv/lib/python3.12/site-packages/oslo_service/backend/_threading/loopingcall.py:125}}
Jul 02 19:21:14.104033 np0000004310 nova-conductor[98738]: DEBUG oslo.service.backend._threading.loopingcall [None req-ca9dace6-2ee1-47b9-aaac-037420b2fd5f None None] Dynamic interval looping call 'nova.service.Service.periodic_tasks' sleeping for 60.00 seconds {{(pid=98738) _run_loop /opt/stack/data/venv/lib/python3.12/site-packages/oslo_service/backend/_threading/loopingcall.py:125}}
Jul 02 19:21:16.900013 np0000004310 nova-conductor[98723]: DEBUG oslo_db.sqlalchemy.engines [None req-43a5c6db-e432-411d-9f3c-d3130b2ddce3 tempest-TaggedAttachmentsTest-1859410643 tempest-TaggedAttachmentsTest-1859410643-project-member] Parent process 97261 forked (98723) with an open database connection, which is being discarded and recreated. {{(pid=98723) checkout /opt/stack/data/venv/lib/python3.12/site-packages/oslo_db/sqlalchemy/engines.py:402}}
Jul 02 19:21:16.967170 np0000004310 nova-conductor[98723]: DEBUG dbcounter [-] [98723] Writer thread running {{(pid=98723) stat_writer /opt/stack/data/venv/lib/python3.12/site-packages/dbcounter.py:102}}
Jul 02 19:21:16.993850 np0000004310 nova-conductor[98732]: DEBUG dbcounter [-] [98732] Writer thread running {{(pid=98732) stat_writer /opt/stack/data/venv/lib/python3.12/site-packages/dbcounter.py:102}}
Jul 02 19:21:18.123467 np0000004310 nova-conductor[98738]: DEBUG dbcounter [-] [98738] Writer thread running {{(pid=98738) stat_writer /opt/stack/data/venv/lib/python3.12/site-packages/dbcounter.py:102}}
Jul 02 19:21:18.500524 np0000004310 nova-conductor[98723]: DEBUG nova.conductor.manager [None req-43a5c6db-e432-411d-9f3c-d3130b2ddce3 tempest-TaggedAttachmentsTest-1859410643 tempest-TaggedAttachmentsTest-1859410643-project-member] Took 1.53 seconds to select destinations for 1 instance(s). {{(pid=98723) _schedule_instances /opt/stack/nova/nova/conductor/manager.py:968}}
Jul 02 19:21:18.528722 np0000004310 nova-conductor[98732]: DEBUG nova.conductor.manager [None req-e69b48c6-29c0-4992-93ac-4bedeb79a5f2 tempest-VolumesAdminNegativeTest-773706238 tempest-VolumesAdminNegativeTest-773706238-project-member] Took 1.53 seconds to select destinations for 1 instance(s). {{(pid=98732) _schedule_instances /opt/stack/nova/nova/conductor/manager.py:968}}
Jul 02 19:21:18.531897 np0000004310 nova-conductor[98723]: DEBUG oslo_concurrency.lockutils [None req-43a5c6db-e432-411d-9f3c-d3130b2ddce3 tempest-TaggedAttachmentsTest-1859410643 tempest-TaggedAttachmentsTest-1859410643-project-member] Acquiring lock "e0e2d11f-3ab7-44b5-9913-e881a43ea5cf" by "nova.context.set_target_cell..get_or_set_cached_cell_and_set_connections" {{(pid=98723) inner /opt/stack/data/venv/lib/python3.12/site-packages/oslo_concurrency/lockutils.py:511}}
Jul 02 19:21:18.532327 np0000004310 nova-conductor[98723]: DEBUG oslo_concurrency.lockutils [None req-43a5c6db-e432-411d-9f3c-d3130b2ddce3 tempest-TaggedAttachmentsTest-1859410643 tempest-TaggedAttachmentsTest-1859410643-project-member] Lock "e0e2d11f-3ab7-44b5-9913-e881a43ea5cf" acquired by "nova.context.set_target_cell..get_or_set_cached_cell_and_set_connections" :: waited 0.000s {{(pid=98723) inner /opt/stack/data/venv/lib/python3.12/site-packages/oslo_concurrency/lockutils.py:524}}
Jul 02 19:21:18.533601 np0000004310 nova-conductor[98723]: DEBUG oslo_concurrency.lockutils [None req-43a5c6db-e432-411d-9f3c-d3130b2ddce3 tempest-TaggedAttachmentsTest-1859410643 tempest-TaggedAttachmentsTest-1859410643-project-member] Lock "e0e2d11f-3ab7-44b5-9913-e881a43ea5cf" "released" by "nova.context.set_target_cell..get_or_set_cached_cell_and_set_connections" :: held 0.001s {{(pid=98723) inner /opt/stack/data/venv/lib/python3.12/site-packages/oslo_concurrency/lockutils.py:543}}
Jul 02 19:21:18.535801 np0000004310 nova-conductor[98723]: INFO dbcounter [None req-43a5c6db-e432-411d-9f3c-d3130b2ddce3 tempest-TaggedAttachmentsTest-1859410643 tempest-TaggedAttachmentsTest-1859410643-project-member] Registered counter for database nova_cell1
Jul 02 19:21:18.571224 np0000004310 nova-conductor[98732]: DEBUG oslo_concurrency.lockutils [None req-e69b48c6-29c0-4992-93ac-4bedeb79a5f2 tempest-VolumesAdminNegativeTest-773706238 tempest-VolumesAdminNegativeTest-773706238-project-member] Acquiring lock "e0e2d11f-3ab7-44b5-9913-e881a43ea5cf" by "nova.context.set_target_cell..get_or_set_cached_cell_and_set_connections" {{(pid=98732) inner /opt/stack/data/venv/lib/python3.12/site-packages/oslo_concurrency/lockutils.py:511}}
Jul 02 19:21:18.571224 np0000004310 nova-conductor[98732]: DEBUG oslo_concurrency.lockutils [None req-e69b48c6-29c0-4992-93ac-4bedeb79a5f2 tempest-VolumesAdminNegativeTest-773706238 tempest-VolumesAdminNegativeTest-773706238-project-member] Lock "e0e2d11f-3ab7-44b5-9913-e881a43ea5cf" acquired by "nova.context.set_target_cell..get_or_set_cached_cell_and_set_connections" :: waited 0.000s {{(pid=98732) inner /opt/stack/data/venv/lib/python3.12/site-packages/oslo_concurrency/lockutils.py:524}}
Jul 02 19:21:18.573788 np0000004310 nova-conductor[98732]: DEBUG oslo_concurrency.lockutils [None req-e69b48c6-29c0-4992-93ac-4bedeb79a5f2 tempest-VolumesAdminNegativeTest-773706238 tempest-VolumesAdminNegativeTest-773706238-project-member] Lock "e0e2d11f-3ab7-44b5-9913-e881a43ea5cf" "released" by "nova.context.set_target_cell..get_or_set_cached_cell_and_set_connections" :: held 0.002s {{(pid=98732) inner /opt/stack/data/venv/lib/python3.12/site-packages/oslo_concurrency/lockutils.py:543}}
Jul 02 19:21:18.575922 np0000004310 nova-conductor[98732]: INFO dbcounter [None req-e69b48c6-29c0-4992-93ac-4bedeb79a5f2 tempest-VolumesAdminNegativeTest-773706238 tempest-VolumesAdminNegativeTest-773706238-project-member] Registered counter for database nova_cell1
Jul 02 19:21:18.588604 np0000004310 nova-conductor[98723]: DEBUG oslo_db.sqlalchemy.engines [None req-43a5c6db-e432-411d-9f3c-d3130b2ddce3 tempest-TaggedAttachmentsTest-1859410643 tempest-TaggedAttachmentsTest-1859410643-project-member] MySQL server mode set to STRICT_TRANS_TABLES,STRICT_ALL_TABLES,NO_ZERO_IN_DATE,NO_ZERO_DATE,ERROR_FOR_DIVISION_BY_ZERO,TRADITIONAL,NO_ENGINE_SUBSTITUTION {{(pid=98723) _check_effective_sql_mode /opt/stack/data/venv/lib/python3.12/site-packages/oslo_db/sqlalchemy/engines.py:325}}
Jul 02 19:21:18.597494 np0000004310 nova-conductor[98723]: DEBUG dbcounter [-] [98723] Writer thread running {{(pid=98723) stat_writer /opt/stack/data/venv/lib/python3.12/site-packages/dbcounter.py:102}}
Jul 02 19:21:18.632116 np0000004310 nova-conductor[98732]: DEBUG oslo_db.sqlalchemy.engines [None req-e69b48c6-29c0-4992-93ac-4bedeb79a5f2 tempest-VolumesAdminNegativeTest-773706238 tempest-VolumesAdminNegativeTest-773706238-project-member] MySQL server mode set to STRICT_TRANS_TABLES,STRICT_ALL_TABLES,NO_ZERO_IN_DATE,NO_ZERO_DATE,ERROR_FOR_DIVISION_BY_ZERO,TRADITIONAL,NO_ENGINE_SUBSTITUTION {{(pid=98732) _check_effective_sql_mode /opt/stack/data/venv/lib/python3.12/site-packages/oslo_db/sqlalchemy/engines.py:325}}
Jul 02 19:21:18.639826 np0000004310 nova-conductor[98732]: DEBUG dbcounter [-] [98732] Writer thread running {{(pid=98732) stat_writer /opt/stack/data/venv/lib/python3.12/site-packages/dbcounter.py:102}}
Jul 02 19:21:18.698770 np0000004310 nova-conductor[98723]: INFO nova.utils [None req-43a5c6db-e432-411d-9f3c-d3130b2ddce3 tempest-TaggedAttachmentsTest-1859410643 tempest-TaggedAttachmentsTest-1859410643-project-member] The cell worker thread pool ForkProcess-1.cell_worker is initialized
Jul 02 19:21:18.699158 np0000004310 nova-conductor[98723]: DEBUG oslo_concurrency.lockutils [None req-43a5c6db-e432-411d-9f3c-d3130b2ddce3 tempest-TaggedAttachmentsTest-1859410643 tempest-TaggedAttachmentsTest-1859410643-project-member] Acquiring lock "00000000-0000-0000-0000-000000000000" by "nova.context.set_target_cell..get_or_set_cached_cell_and_set_connections" {{(pid=98723) inner /opt/stack/data/venv/lib/python3.12/site-packages/oslo_concurrency/lockutils.py:511}}
Jul 02 19:21:18.699323 np0000004310 nova-conductor[98723]: DEBUG oslo_concurrency.lockutils [None req-43a5c6db-e432-411d-9f3c-d3130b2ddce3 tempest-TaggedAttachmentsTest-1859410643 tempest-TaggedAttachmentsTest-1859410643-project-member] Lock "00000000-0000-0000-0000-000000000000" acquired by "nova.context.set_target_cell..get_or_set_cached_cell_and_set_connections" :: waited 0.000s {{(pid=98723) inner /opt/stack/data/venv/lib/python3.12/site-packages/oslo_concurrency/lockutils.py:524}}
Jul 02 19:21:18.699693 np0000004310 nova-conductor[98723]: DEBUG oslo_concurrency.lockutils [None req-43a5c6db-e432-411d-9f3c-d3130b2ddce3 tempest-TaggedAttachmentsTest-1859410643 tempest-TaggedAttachmentsTest-1859410643-project-member] Lock "00000000-0000-0000-0000-000000000000" "released" by "nova.context.set_target_cell..get_or_set_cached_cell_and_set_connections" :: held 0.000s {{(pid=98723) inner /opt/stack/data/venv/lib/python3.12/site-packages/oslo_concurrency/lockutils.py:543}}
Jul 02 19:21:18.700824 np0000004310 nova-conductor[98723]: DEBUG oslo_concurrency.lockutils [None req-43a5c6db-e432-411d-9f3c-d3130b2ddce3 tempest-TaggedAttachmentsTest-1859410643 tempest-TaggedAttachmentsTest-1859410643-project-member] Acquiring lock "e0e2d11f-3ab7-44b5-9913-e881a43ea5cf" by "nova.context.set_target_cell..get_or_set_cached_cell_and_set_connections" {{(pid=98723) inner /opt/stack/data/venv/lib/python3.12/site-packages/oslo_concurrency/lockutils.py:511}}
Jul 02 19:21:18.702228 np0000004310 nova-conductor[98723]: INFO dbcounter [None req-43a5c6db-e432-411d-9f3c-d3130b2ddce3 tempest-TaggedAttachmentsTest-1859410643 tempest-TaggedAttachmentsTest-1859410643-project-member] Registered counter for database nova_cell0
Jul 02 19:21:18.703741 np0000004310 nova-conductor[98723]: DEBUG oslo_concurrency.lockutils [None req-43a5c6db-e432-411d-9f3c-d3130b2ddce3 tempest-TaggedAttachmentsTest-1859410643 tempest-TaggedAttachmentsTest-1859410643-project-member] Lock "e0e2d11f-3ab7-44b5-9913-e881a43ea5cf" acquired by "nova.context.set_target_cell..get_or_set_cached_cell_and_set_connections" :: waited 0.001s {{(pid=98723) inner /opt/stack/data/venv/lib/python3.12/site-packages/oslo_concurrency/lockutils.py:524}}
Jul 02 19:21:18.703972 np0000004310 nova-conductor[98723]: DEBUG oslo_concurrency.lockutils [None req-43a5c6db-e432-411d-9f3c-d3130b2ddce3 tempest-TaggedAttachmentsTest-1859410643 tempest-TaggedAttachmentsTest-1859410643-project-member] Lock "e0e2d11f-3ab7-44b5-9913-e881a43ea5cf" "released" by "nova.context.set_target_cell..get_or_set_cached_cell_and_set_connections" :: held 0.002s {{(pid=98723) inner /opt/stack/data/venv/lib/python3.12/site-packages/oslo_concurrency/lockutils.py:543}}
Jul 02 19:21:18.715512 np0000004310 nova-conductor[98732]: INFO nova.utils [None req-e69b48c6-29c0-4992-93ac-4bedeb79a5f2 tempest-VolumesAdminNegativeTest-773706238 tempest-VolumesAdminNegativeTest-773706238-project-member] The cell worker thread pool ForkProcess-2.cell_worker is initialized
Jul 02 19:21:18.715512 np0000004310 nova-conductor[98732]: DEBUG oslo_concurrency.lockutils [None req-e69b48c6-29c0-4992-93ac-4bedeb79a5f2 tempest-VolumesAdminNegativeTest-773706238 tempest-VolumesAdminNegativeTest-773706238-project-member] Acquiring lock "00000000-0000-0000-0000-000000000000" by "nova.context.set_target_cell..get_or_set_cached_cell_and_set_connections" {{(pid=98732) inner /opt/stack/data/venv/lib/python3.12/site-packages/oslo_concurrency/lockutils.py:511}}
Jul 02 19:21:18.715710 np0000004310 nova-conductor[98732]: DEBUG oslo_concurrency.lockutils [None req-e69b48c6-29c0-4992-93ac-4bedeb79a5f2 tempest-VolumesAdminNegativeTest-773706238 tempest-VolumesAdminNegativeTest-773706238-project-member] Lock "00000000-0000-0000-0000-000000000000" acquired by "nova.context.set_target_cell..get_or_set_cached_cell_and_set_connections" :: waited 0.000s {{(pid=98732) inner /opt/stack/data/venv/lib/python3.12/site-packages/oslo_concurrency/lockutils.py:524}}
Jul 02 19:21:18.716437 np0000004310 nova-conductor[98732]: DEBUG oslo_concurrency.lockutils [None req-e69b48c6-29c0-4992-93ac-4bedeb79a5f2 tempest-VolumesAdminNegativeTest-773706238 tempest-VolumesAdminNegativeTest-773706238-project-member] Lock "00000000-0000-0000-0000-000000000000" "released" by "nova.context.set_target_cell..get_or_set_cached_cell_and_set_connections" :: held 0.000s {{(pid=98732) inner /opt/stack/data/venv/lib/python3.12/site-packages/oslo_concurrency/lockutils.py:543}}
Jul 02 19:21:18.717396 np0000004310 nova-conductor[98732]: DEBUG oslo_concurrency.lockutils [None req-e69b48c6-29c0-4992-93ac-4bedeb79a5f2 tempest-VolumesAdminNegativeTest-773706238 tempest-VolumesAdminNegativeTest-773706238-project-member] Acquiring lock "e0e2d11f-3ab7-44b5-9913-e881a43ea5cf" by "nova.context.set_target_cell..get_or_set_cached_cell_and_set_connections" {{(pid=98732) inner /opt/stack/data/venv/lib/python3.12/site-packages/oslo_concurrency/lockutils.py:511}}
Jul 02 19:21:18.717396 np0000004310 nova-conductor[98732]: DEBUG oslo_concurrency.lockutils [None req-e69b48c6-29c0-4992-93ac-4bedeb79a5f2 tempest-VolumesAdminNegativeTest-773706238 tempest-VolumesAdminNegativeTest-773706238-project-member] Lock "e0e2d11f-3ab7-44b5-9913-e881a43ea5cf" acquired by "nova.context.set_target_cell..get_or_set_cached_cell_and_set_connections" :: waited 0.000s {{(pid=98732) inner /opt/stack/data/venv/lib/python3.12/site-packages/oslo_concurrency/lockutils.py:524}}
Jul 02 19:21:18.717510 np0000004310 nova-conductor[98732]: DEBUG oslo_concurrency.lockutils [None req-e69b48c6-29c0-4992-93ac-4bedeb79a5f2 tempest-VolumesAdminNegativeTest-773706238 tempest-VolumesAdminNegativeTest-773706238-project-member] Lock "e0e2d11f-3ab7-44b5-9913-e881a43ea5cf" "released" by "nova.context.set_target_cell..get_or_set_cached_cell_and_set_connections" :: held 0.000s {{(pid=98732) inner /opt/stack/data/venv/lib/python3.12/site-packages/oslo_concurrency/lockutils.py:543}}
Jul 02 19:21:18.720011 np0000004310 nova-conductor[98732]: INFO dbcounter [None req-e69b48c6-29c0-4992-93ac-4bedeb79a5f2 tempest-VolumesAdminNegativeTest-773706238 tempest-VolumesAdminNegativeTest-773706238-project-member] Registered counter for database nova_cell0
