Jun 01 15:08:22.811802 np0000001862 devstack@g-api.service[102115]: DEBUG glance_store.location [-] Registering scheme file with {'store': , 'location_class': , 'store_entry': 'file'} {{(pid=102115) register_scheme_map /opt/stack/data/venv/lib/python3.12/site-packages/glance_store/location.py:146}}
Jun 01 15:08:22.811854 np0000001862 devstack@g-api.service[102115]: DEBUG glance_store.location [-] Registering scheme filesystem with {'store': , 'location_class': , 'store_entry': 'file'} {{(pid=102115) register_scheme_map /opt/stack/data/venv/lib/python3.12/site-packages/glance_store/location.py:146}}
Jun 01 15:08:22.811903 np0000001862 devstack@g-api.service[102115]: DEBUG glance_store.backend [-] Attempting to import store swift {{(pid=102115) _load_store /opt/stack/data/venv/lib/python3.12/site-packages/glance_store/backend.py:215}}
Jun 01 15:08:22.812066 np0000001862 devstack@g-api.service[102115]: WARNING oslo_config.cfg [-] Deprecated: Option "default_store" from group "glance_store" is deprecated for removal (
Jun 01 15:08:22.812066 np0000001862 devstack@g-api.service[102115]: This option is deprecated against new config option
Jun 01 15:08:22.812066 np0000001862 devstack@g-api.service[102115]: ``default_backend`` which acts similar to ``default_store`` config
Jun 01 15:08:22.812066 np0000001862 devstack@g-api.service[102115]: option.
Jun 01 15:08:22.812066 np0000001862 devstack@g-api.service[102115]: This option is scheduled for removal in the U development
Jun 01 15:08:22.812066 np0000001862 devstack@g-api.service[102115]: cycle.
Jun 01 15:08:22.812066 np0000001862 devstack@g-api.service[102115]: ). Its value may be silently ignored in the future.
Jun 01 15:08:22.813192 np0000001862 devstack@g-api.service[102115]: DEBUG glance_store.capabilities [-] Store glance_store._drivers.swift.store.SingleTenantStore doesn't support updating dynamic storage capabilities. Please overwrite 'update_capabilities' method of the store to implement updating logics if needed. {{(pid=102115) update_capabilities /opt/stack/data/venv/lib/python3.12/site-packages/glance_store/capabilities.py:91}}
Jun 01 15:08:22.813237 np0000001862 devstack@g-api.service[102115]: DEBUG glance_store.backend [-] Registering store swift with schemes ('swift+https', 'swift', 'swift+http', 'swift+config') {{(pid=102115) create_stores /opt/stack/data/venv/lib/python3.12/site-packages/glance_store/backend.py:261}}
Jun 01 15:08:22.813315 np0000001862 devstack@g-api.service[102115]: DEBUG glance_store.driver [-] Late loading location class glance_store._drivers.swift.store.StoreLocation {{(pid=102115) get_store_location_class /opt/stack/data/venv/lib/python3.12/site-packages/glance_store/driver.py:134}}
Jun 01 15:08:22.813371 np0000001862 devstack@g-api.service[102115]: DEBUG glance_store.location [-] Registering scheme swift+https with {'store': , 'location_class': , 'store_entry': 'swift'} {{(pid=102115) register_scheme_map /opt/stack/data/venv/lib/python3.12/site-packages/glance_store/location.py:146}}
Jun 01 15:08:22.813415 np0000001862 devstack@g-api.service[102115]: DEBUG glance_store.location [-] Registering scheme swift with {'store': , 'location_class': , 'store_entry': 'swift'} {{(pid=102115) register_scheme_map /opt/stack/data/venv/lib/python3.12/site-packages/glance_store/location.py:146}}
Jun 01 15:08:22.813510 np0000001862 devstack@g-api.service[102115]: DEBUG glance_store.location [-] Registering scheme swift+http with {'store': , 'location_class': , 'store_entry': 'swift'} {{(pid=102115) register_scheme_map /opt/stack/data/venv/lib/python3.12/site-packages/glance_store/location.py:146}}
Jun 01 15:08:22.813552 np0000001862 devstack@g-api.service[102115]: DEBUG glance_store.location [-] Registering scheme swift+config with {'store': , 'location_class': , 'store_entry': 'swift'} {{(pid=102115) register_scheme_map /opt/stack/data/venv/lib/python3.12/site-packages/glance_store/location.py:146}}
Jun 01 15:08:22.813642 np0000001862 devstack@g-api.service[102115]: DEBUG glance_store.backend [-] Attempting to import store swift {{(pid=102115) _load_store /opt/stack/data/venv/lib/python3.12/site-packages/glance_store/backend.py:215}}
Jun 01 15:08:22.814674 np0000001862 devstack@g-api.service[102115]: DEBUG glance_store.capabilities [-] Store glance_store._drivers.swift.store.SingleTenantStore doesn't support updating dynamic storage capabilities. Please overwrite 'update_capabilities' method of the store to implement updating logics if needed. {{(pid=102115) update_capabilities /opt/stack/data/venv/lib/python3.12/site-packages/glance_store/capabilities.py:91}}
Jun 01 15:08:22.814716 np0000001862 devstack@g-api.service[102115]: DEBUG glance_store.driver [-] Late loading location class glance_store._drivers.swift.store.StoreLocation {{(pid=102115) get_store_location_class /opt/stack/data/venv/lib/python3.12/site-packages/glance_store/driver.py:134}}
Jun 01 15:08:22.814806 np0000001862 devstack@g-api.service[102115]: DEBUG glance_store.location [-] Registering scheme swift+https with {'store': , 'location_class': , 'store_entry': 'swift'} {{(pid=102115) register_scheme_map /opt/stack/data/venv/lib/python3.12/site-packages/glance_store/location.py:146}}
Jun 01 15:08:22.814866 np0000001862 devstack@g-api.service[102115]: DEBUG glance_store.location [-] Registering scheme swift+https with {'store': , 'location_class': , 'store_entry': 'swift'} {{(pid=102115) register_scheme_map /opt/stack/data/venv/lib/python3.12/site-packages/glance_store/location.py:146}}
Jun 01 15:08:22.814913 np0000001862 devstack@g-api.service[102115]: DEBUG glance_store.location [-] Registering scheme swift with {'store': , 'location_class': , 'store_entry': 'swift'} {{(pid=102115) register_scheme_map /opt/stack/data/venv/lib/python3.12/site-packages/glance_store/location.py:146}}
Jun 01 15:08:22.814964 np0000001862 devstack@g-api.service[102115]: DEBUG glance_store.location [-] Registering scheme swift+https with {'store': , 'location_class': , 'store_entry': 'swift'} {{(pid=102115) register_scheme_map /opt/stack/data/venv/lib/python3.12/site-packages/glance_store/location.py:146}}
Jun 01 15:08:22.815008 np0000001862 devstack@g-api.service[102115]: DEBUG glance_store.location [-] Registering scheme swift with {'store': , 'location_class': , 'store_entry': 'swift'} {{(pid=102115) register_scheme_map /opt/stack/data/venv/lib/python3.12/site-packages/glance_store/location.py:146}}
Jun 01 15:08:22.815078 np0000001862 devstack@g-api.service[102115]: DEBUG glance_store.location [-] Registering scheme swift+http with {'store': , 'location_class': , 'store_entry': 'swift'} {{(pid=102115) register_scheme_map /opt/stack/data/venv/lib/python3.12/site-packages/glance_store/location.py:146}}
Jun 01 15:08:22.815127 np0000001862 devstack@g-api.service[102115]: DEBUG glance_store.location [-] Registering scheme swift+https with {'store': , 'location_class': , 'store_entry': 'swift'} {{(pid=102115) register_scheme_map /opt/stack/data/venv/lib/python3.12/site-packages/glance_store/location.py:146}}
Jun 01 15:08:22.815183 np0000001862 devstack@g-api.service[102115]: DEBUG glance_store.location [-] Registering scheme swift with {'store': , 'location_class': , 'store_entry': 'swift'} {{(pid=102115) register_scheme_map /opt/stack/data/venv/lib/python3.12/site-packages/glance_store/location.py:146}}
Jun 01 15:08:22.815233 np0000001862 devstack@g-api.service[102115]: DEBUG glance_store.location [-] Registering scheme swift+http with {'store': , 'location_class': , 'store_entry': 'swift'} {{(pid=102115) register_scheme_map /opt/stack/data/venv/lib/python3.12/site-packages/glance_store/location.py:146}}
Jun 01 15:08:22.815291 np0000001862 devstack@g-api.service[102115]: DEBUG glance_store.location [-] Registering scheme swift+config with {'store': , 'location_class': , 'store_entry': 'swift'} {{(pid=102115) register_scheme_map /opt/stack/data/venv/lib/python3.12/site-packages/glance_store/location.py:146}}
Jun 01 15:08:22.815547 np0000001862 devstack@g-api.service[102115]: DEBUG glance.sqlite_migration [-] SQLite caching database not located, skipping migration {{(pid=102115) get_db_path /opt/stack/glance/glance/sqlite_migration.py:68}}
Jun 01 15:08:22.815713 np0000001862 devstack@g-api.service[102115]: WARNING glance.common.wsgi_app [-] Import methods are enabled but staging directory /tmp/staging/ does not exist; Imports will fail!
Jun 01 15:08:23.061217 np0000001862 devstack@g-api.service[102116]: DEBUG glance.common.config [None req-3f88425b-5cce-4a72-840e-7c408901ca31 None None] Loading glance-api-keystone+cachemanagement from /etc/glance/glance-api-paste.ini {{(pid=102116) load_paste_app /opt/stack/glance/glance/common/config.py:758}}
Jun 01 15:08:23.068608 np0000001862 devstack@g-api.service[102114]: DEBUG glance.common.config [None req-9c4fbe66-9149-4432-bede-f231bb128b89 None None] Loading glance-api-keystone+cachemanagement from /etc/glance/glance-api-paste.ini {{(pid=102114) load_paste_app /opt/stack/glance/glance/common/config.py:758}}
Jun 01 15:08:23.087226 np0000001862 devstack@g-api.service[102115]: DEBUG glance.common.config [None req-4865ea7e-7a7d-4707-977c-50e753860bb3 None None] Loading glance-api-keystone+cachemanagement from /etc/glance/glance-api-paste.ini {{(pid=102115) load_paste_app /opt/stack/glance/glance/common/config.py:758}}
Jun 01 15:08:23.623263 np0000001862 devstack@g-api.service[102114]: INFO glance.image_cache [None req-9c4fbe66-9149-4432-bede-f231bb128b89 None None] Image cache loaded driver 'centralized_db'.
Jun 01 15:08:23.625607 np0000001862 devstack@g-api.service[102116]: INFO glance.image_cache [None req-3f88425b-5cce-4a72-840e-7c408901ca31 None None] Image cache loaded driver 'centralized_db'.
Jun 01 15:08:23.627305 np0000001862 devstack@g-api.service[102115]: INFO glance.image_cache [None req-4865ea7e-7a7d-4707-977c-50e753860bb3 None None] Image cache loaded driver 'centralized_db'.
Jun 01 15:08:23.664787 np0000001862 devstack@g-api.service[102114]: INFO dbcounter [None req-9c4fbe66-9149-4432-bede-f231bb128b89 None None] Registered counter for database glance
Jun 01 15:08:23.670336 np0000001862 devstack@g-api.service[102116]: INFO dbcounter [None req-3f88425b-5cce-4a72-840e-7c408901ca31 None None] Registered counter for database glance
Jun 01 15:08:23.676025 np0000001862 devstack@g-api.service[102115]: INFO dbcounter [None req-4865ea7e-7a7d-4707-977c-50e753860bb3 None None] Registered counter for database glance
Jun 01 15:08:23.705905 np0000001862 devstack@g-api.service[102114]: DEBUG oslo_db.sqlalchemy.engines [None req-9c4fbe66-9149-4432-bede-f231bb128b89 None None] MySQL server mode set to STRICT_TRANS_TABLES,STRICT_ALL_TABLES,NO_ZERO_IN_DATE,NO_ZERO_DATE,ERROR_FOR_DIVISION_BY_ZERO,TRADITIONAL,NO_ENGINE_SUBSTITUTION {{(pid=102114) _check_effective_sql_mode /opt/stack/data/venv/lib/python3.12/site-packages/oslo_db/sqlalchemy/engines.py:325}}
Jun 01 15:08:23.716886 np0000001862 devstack@g-api.service[102116]: DEBUG oslo_db.sqlalchemy.engines [None req-3f88425b-5cce-4a72-840e-7c408901ca31 None None] MySQL server mode set to STRICT_TRANS_TABLES,STRICT_ALL_TABLES,NO_ZERO_IN_DATE,NO_ZERO_DATE,ERROR_FOR_DIVISION_BY_ZERO,TRADITIONAL,NO_ENGINE_SUBSTITUTION {{(pid=102116) _check_effective_sql_mode /opt/stack/data/venv/lib/python3.12/site-packages/oslo_db/sqlalchemy/engines.py:325}}
Jun 01 15:08:23.719822 np0000001862 devstack@g-api.service[102115]: DEBUG oslo_db.sqlalchemy.engines [None req-4865ea7e-7a7d-4707-977c-50e753860bb3 None None] MySQL server mode set to STRICT_TRANS_TABLES,STRICT_ALL_TABLES,NO_ZERO_IN_DATE,NO_ZERO_DATE,ERROR_FOR_DIVISION_BY_ZERO,TRADITIONAL,NO_ENGINE_SUBSTITUTION {{(pid=102115) _check_effective_sql_mode /opt/stack/data/venv/lib/python3.12/site-packages/oslo_db/sqlalchemy/engines.py:325}}
Jun 01 15:08:23.725773 np0000001862 devstack@g-api.service[102114]: DEBUG dbcounter [-] [102114] Writer thread running {{(pid=102114) stat_writer /opt/stack/data/venv/lib/python3.12/site-packages/dbcounter.py:102}}
Jun 01 15:08:23.737269 np0000001862 devstack@g-api.service[102114]: INFO glance.image_cache [None req-9c4fbe66-9149-4432-bede-f231bb128b89 None None] Image cache loaded driver 'centralized_db'.
Jun 01 15:08:23.738395 np0000001862 devstack@g-api.service[102116]: DEBUG dbcounter [-] [102116] Writer thread running {{(pid=102116) stat_writer /opt/stack/data/venv/lib/python3.12/site-packages/dbcounter.py:102}}
Jun 01 15:08:23.740987 np0000001862 devstack@g-api.service[102116]: DEBUG glance.image_cache.drivers.centralized_db [None req-3f88425b-5cce-4a72-840e-7c408901ca31 None None] Node reference is already recorded, ignoring it {{(pid=102116) configure /opt/stack/glance/glance/image_cache/drivers/centralized_db.py:71}}
Jun 01 15:08:23.741061 np0000001862 devstack@g-api.service[102115]: DEBUG dbcounter [-] [102115] Writer thread running {{(pid=102115) stat_writer /opt/stack/data/venv/lib/python3.12/site-packages/dbcounter.py:102}}
Jun 01 15:08:23.743529 np0000001862 devstack@g-api.service[102114]: DEBUG glance.image_cache.drivers.centralized_db [None req-9c4fbe66-9149-4432-bede-f231bb128b89 None None] Node reference is already recorded, ignoring it {{(pid=102114) configure /opt/stack/glance/glance/image_cache/drivers/centralized_db.py:71}}
Jun 01 15:08:23.743615 np0000001862 devstack@g-api.service[102115]: DEBUG glance.image_cache.drivers.centralized_db [None req-4865ea7e-7a7d-4707-977c-50e753860bb3 None None] Node reference is already recorded, ignoring it {{(pid=102115) configure /opt/stack/glance/glance/image_cache/drivers/centralized_db.py:71}}
Jun 01 15:08:23.746267 np0000001862 devstack@g-api.service[102116]: INFO glance.image_cache [None req-3f88425b-5cce-4a72-840e-7c408901ca31 None None] Image cache loaded driver 'centralized_db'.
Jun 01 15:08:23.748134 np0000001862 devstack@g-api.service[102114]: DEBUG glance.api.v2.cached_images [None req-9c4fbe66-9149-4432-bede-f231bb128b89 None None] Started cache worker thread {{(pid=102114) __init__ /opt/stack/glance/glance/api/v2/cached_images.py:69}}
Jun 01 15:08:23.748670 np0000001862 devstack@g-api.service[102115]: INFO glance.image_cache [None req-4865ea7e-7a7d-4707-977c-50e753860bb3 None None] Image cache loaded driver 'centralized_db'.
Jun 01 15:08:23.748776 np0000001862 devstack@g-api.service[102114]: INFO glance.image_cache [None req-9c4fbe66-9149-4432-bede-f231bb128b89 None None] Image cache loaded driver 'centralized_db'.
Jun 01 15:08:23.752912 np0000001862 devstack@g-api.service[102116]: DEBUG glance.image_cache.drivers.centralized_db [None req-3f88425b-5cce-4a72-840e-7c408901ca31 None None] Node reference is already recorded, ignoring it {{(pid=102116) configure /opt/stack/glance/glance/image_cache/drivers/centralized_db.py:71}}
Jun 01 15:08:23.754457 np0000001862 devstack@g-api.service[102114]: DEBUG glance.image_cache.drivers.centralized_db [None req-9c4fbe66-9149-4432-bede-f231bb128b89 None None] Node reference is already recorded, ignoring it {{(pid=102114) configure /opt/stack/glance/glance/image_cache/drivers/centralized_db.py:71}}
Jun 01 15:08:23.755142 np0000001862 devstack@g-api.service[102115]: DEBUG glance.image_cache.drivers.centralized_db [None req-4865ea7e-7a7d-4707-977c-50e753860bb3 None None] Node reference is already recorded, ignoring it {{(pid=102115) configure /opt/stack/glance/glance/image_cache/drivers/centralized_db.py:71}}
Jun 01 15:08:23.757150 np0000001862 devstack@g-api.service[102116]: DEBUG glance.api.v2.cached_images [None req-3f88425b-5cce-4a72-840e-7c408901ca31 None None] Started cache worker thread {{(pid=102116) __init__ /opt/stack/glance/glance/api/v2/cached_images.py:69}}
Jun 01 15:08:23.757723 np0000001862 devstack@g-api.service[102116]: INFO glance.image_cache [None req-3f88425b-5cce-4a72-840e-7c408901ca31 None None] Image cache loaded driver 'centralized_db'.
Jun 01 15:08:23.758934 np0000001862 devstack@g-api.service[102114]: INFO glance.api.middleware.cache_manage [None req-9c4fbe66-9149-4432-bede-f231bb128b89 None None] Initialized image cache management middleware
Jun 01 15:08:23.759069 np0000001862 devstack@g-api.service[102114]: INFO glance.image_cache [None req-9c4fbe66-9149-4432-bede-f231bb128b89 None None] Image cache loaded driver 'centralized_db'.
Jun 01 15:08:23.759490 np0000001862 devstack@g-api.service[102115]: DEBUG glance.api.v2.cached_images [None req-4865ea7e-7a7d-4707-977c-50e753860bb3 None None] Started cache worker thread {{(pid=102115) __init__ /opt/stack/glance/glance/api/v2/cached_images.py:69}}
Jun 01 15:08:23.760001 np0000001862 devstack@g-api.service[102115]: INFO glance.image_cache [None req-4865ea7e-7a7d-4707-977c-50e753860bb3 None None] Image cache loaded driver 'centralized_db'.
Jun 01 15:08:23.764311 np0000001862 devstack@g-api.service[102116]: DEBUG glance.image_cache.drivers.centralized_db [None req-3f88425b-5cce-4a72-840e-7c408901ca31 None None] Node reference is already recorded, ignoring it {{(pid=102116) configure /opt/stack/glance/glance/image_cache/drivers/centralized_db.py:71}}
Jun 01 15:08:23.765285 np0000001862 devstack@g-api.service[102114]: DEBUG glance.image_cache.drivers.centralized_db [None req-9c4fbe66-9149-4432-bede-f231bb128b89 None None] Node reference is already recorded, ignoring it {{(pid=102114) configure /opt/stack/glance/glance/image_cache/drivers/centralized_db.py:71}}
Jun 01 15:08:23.766080 np0000001862 devstack@g-api.service[102115]: DEBUG glance.image_cache.drivers.centralized_db [None req-4865ea7e-7a7d-4707-977c-50e753860bb3 None None] Node reference is already recorded, ignoring it {{(pid=102115) configure /opt/stack/glance/glance/image_cache/drivers/centralized_db.py:71}}
Jun 01 15:08:23.768613 np0000001862 devstack@g-api.service[102114]: INFO glance.api.middleware.cache [None req-9c4fbe66-9149-4432-bede-f231bb128b89 None None] Initialized image cache middleware
Jun 01 15:08:23.768770 np0000001862 devstack@g-api.service[102116]: INFO glance.api.middleware.cache_manage [None req-3f88425b-5cce-4a72-840e-7c408901ca31 None None] Initialized image cache management middleware
Jun 01 15:08:23.768952 np0000001862 devstack@g-api.service[102116]: INFO glance.image_cache [None req-3f88425b-5cce-4a72-840e-7c408901ca31 None None] Image cache loaded driver 'centralized_db'.
Jun 01 15:08:23.770186 np0000001862 devstack@g-api.service[102115]: INFO glance.api.middleware.cache_manage [None req-4865ea7e-7a7d-4707-977c-50e753860bb3 None None] Initialized image cache management middleware
Jun 01 15:08:23.770315 np0000001862 devstack@g-api.service[102115]: INFO glance.image_cache [None req-4865ea7e-7a7d-4707-977c-50e753860bb3 None None] Image cache loaded driver 'centralized_db'.
Jun 01 15:08:23.774790 np0000001862 devstack@g-api.service[102116]: DEBUG glance.image_cache.drivers.centralized_db [None req-3f88425b-5cce-4a72-840e-7c408901ca31 None None] Node reference is already recorded, ignoring it {{(pid=102116) configure /opt/stack/glance/glance/image_cache/drivers/centralized_db.py:71}}
Jun 01 15:08:23.776151 np0000001862 devstack@g-api.service[102115]: DEBUG glance.image_cache.drivers.centralized_db [None req-4865ea7e-7a7d-4707-977c-50e753860bb3 None None] Node reference is already recorded, ignoring it {{(pid=102115) configure /opt/stack/glance/glance/image_cache/drivers/centralized_db.py:71}}
Jun 01 15:08:23.778198 np0000001862 devstack@g-api.service[102116]: INFO glance.api.middleware.cache [None req-3f88425b-5cce-4a72-840e-7c408901ca31 None None] Initialized image cache middleware
Jun 01 15:08:23.779386 np0000001862 devstack@g-api.service[102115]: INFO glance.api.middleware.cache [None req-4865ea7e-7a7d-4707-977c-50e753860bb3 None None] Initialized image cache middleware
Jun 01 15:08:23.779507 np0000001862 devstack@g-api.service[102114]: DEBUG glance.common.config [None req-9c4fbe66-9149-4432-bede-f231bb128b89 None None] ******************************************************************************** {{(pid=102114) log_opt_values /opt/stack/data/venv/lib/python3.12/site-packages/oslo_config/cfg.py:3229}}
Jun 01 15:08:23.779589 np0000001862 devstack@g-api.service[102114]: DEBUG glance.common.config [None req-9c4fbe66-9149-4432-bede-f231bb128b89 None None] Configuration options gathered from: {{(pid=102114) log_opt_values /opt/stack/data/venv/lib/python3.12/site-packages/oslo_config/cfg.py:3230}}
Jun 01 15:08:23.779858 np0000001862 devstack@g-api.service[102114]: DEBUG glance.common.config [None req-9c4fbe66-9149-4432-bede-f231bb128b89 None None] command line args: [] {{(pid=102114) log_opt_values /opt/stack/data/venv/lib/python3.12/site-packages/oslo_config/cfg.py:3231}}
Jun 01 15:08:23.780011 np0000001862 devstack@g-api.service[102114]: DEBUG glance.common.config [None req-9c4fbe66-9149-4432-bede-f231bb128b89 None None] config files: ['/etc/glance/glance-image-import.conf', '/etc/glance/glance-api.conf'] {{(pid=102114) log_opt_values /opt/stack/data/venv/lib/python3.12/site-packages/oslo_config/cfg.py:3232}}
Jun 01 15:08:23.780116 np0000001862 devstack@g-api.service[102114]: DEBUG glance.common.config [None req-9c4fbe66-9149-4432-bede-f231bb128b89 None None] ================================================================================ {{(pid=102114) log_opt_values /opt/stack/data/venv/lib/python3.12/site-packages/oslo_config/cfg.py:3237}}
Jun 01 15:08:23.780262 np0000001862 devstack@g-api.service[102114]: DEBUG glance.common.config [None req-9c4fbe66-9149-4432-bede-f231bb128b89 None None] allow_anonymous_access = False {{(pid=102114) log_opt_values /opt/stack/data/venv/lib/python3.12/site-packages/oslo_config/cfg.py:3245}}
Jun 01 15:08:23.780359 np0000001862 devstack@g-api.service[102114]: DEBUG glance.common.config [None req-9c4fbe66-9149-4432-bede-f231bb128b89 None None] api_limit_max = 1000 {{(pid=102114) log_opt_values /opt/stack/data/venv/lib/python3.12/site-packages/oslo_config/cfg.py:3245}}
Jun 01 15:08:23.780458 np0000001862 devstack@g-api.service[102114]: DEBUG glance.common.config [None req-9c4fbe66-9149-4432-bede-f231bb128b89 None None] backlog = 4096 {{(pid=102114) log_opt_values /opt/stack/data/venv/lib/python3.12/site-packages/oslo_config/cfg.py:3245}}
Jun 01 15:08:23.780589 np0000001862 devstack@g-api.service[102114]: DEBUG glance.common.config [None req-9c4fbe66-9149-4432-bede-f231bb128b89 None None] bind_host = 0.0.0.0 {{(pid=102114) log_opt_values /opt/stack/data/venv/lib/python3.12/site-packages/oslo_config/cfg.py:3245}}
Jun 01 15:08:23.780691 np0000001862 devstack@g-api.service[102114]: DEBUG glance.common.config [None req-9c4fbe66-9149-4432-bede-f231bb128b89 None None] bind_port = 19292 {{(pid=102114) log_opt_values /opt/stack/data/venv/lib/python3.12/site-packages/oslo_config/cfg.py:3245}}
Jun 01 15:08:23.780782 np0000001862 devstack@g-api.service[102114]: DEBUG glance.common.config [None req-9c4fbe66-9149-4432-bede-f231bb128b89 None None] client_socket_timeout = 900 {{(pid=102114) log_opt_values /opt/stack/data/venv/lib/python3.12/site-packages/oslo_config/cfg.py:3245}}
Jun 01 15:08:23.780902 np0000001862 devstack@g-api.service[102114]: DEBUG glance.common.config [None req-9c4fbe66-9149-4432-bede-f231bb128b89 None None] config_dir = [] {{(pid=102114) log_opt_values /opt/stack/data/venv/lib/python3.12/site-packages/oslo_config/cfg.py:3245}}
Jun 01 15:08:23.780971 np0000001862 devstack@g-api.service[102114]: DEBUG glance.common.config [None req-9c4fbe66-9149-4432-bede-f231bb128b89 None None] config_file = ['/etc/glance/glance-image-import.conf', '/etc/glance/glance-api.conf'] {{(pid=102114) log_opt_values /opt/stack/data/venv/lib/python3.12/site-packages/oslo_config/cfg.py:3245}}
Jun 01 15:08:23.781065 np0000001862 devstack@g-api.service[102114]: DEBUG glance.common.config [None req-9c4fbe66-9149-4432-bede-f231bb128b89 None None] config_source = [] {{(pid=102114) log_opt_values /opt/stack/data/venv/lib/python3.12/site-packages/oslo_config/cfg.py:3245}}
Jun 01 15:08:23.781219 np0000001862 devstack@g-api.service[102114]: DEBUG glance.common.config [None req-9c4fbe66-9149-4432-bede-f231bb128b89 None None] control_exchange = glance {{(pid=102114) log_opt_values /opt/stack/data/venv/lib/python3.12/site-packages/oslo_config/cfg.py:3245}}
Jun 01 15:08:23.781290 np0000001862 devstack@g-api.service[102114]: DEBUG glance.common.config [None req-9c4fbe66-9149-4432-bede-f231bb128b89 None None] debug = True {{(pid=102114) log_opt_values /opt/stack/data/venv/lib/python3.12/site-packages/oslo_config/cfg.py:3245}}
Jun 01 15:08:23.781437 np0000001862 devstack@g-api.service[102114]: DEBUG glance.common.config [None req-9c4fbe66-9149-4432-bede-f231bb128b89 None None] default_log_levels = ['amqp=WARN', 'boto=WARN', 'sqlalchemy=WARN', 'suds=INFO', 'oslo.messaging=INFO', 'oslo_messaging=INFO', 'iso8601=WARN', 'requests.packages.urllib3.connectionpool=WARN', 'urllib3.connectionpool=WARN', 'websocket=WARN', 'requests.packages.urllib3.util.retry=WARN', 'urllib3.util.retry=WARN', 'keystonemiddleware=WARN', 'routes.middleware=WARN', 'stevedore=WARN', 'taskflow=WARN', 'keystoneauth=WARN', 'oslo.cache=INFO', 'oslo_policy=INFO', 'dogpile.core.dogpile=INFO'] {{(pid=102114) log_opt_values /opt/stack/data/venv/lib/python3.12/site-packages/oslo_config/cfg.py:3245}}
Jun 01 15:08:23.781550 np0000001862 devstack@g-api.service[102114]: DEBUG glance.common.config [None req-9c4fbe66-9149-4432-bede-f231bb128b89 None None] default_publisher_id = image.localhost {{(pid=102114) log_opt_values /opt/stack/data/venv/lib/python3.12/site-packages/oslo_config/cfg.py:3245}}
Jun 01 15:08:23.781631 np0000001862 devstack@g-api.service[102114]: DEBUG glance.common.config [None req-9c4fbe66-9149-4432-bede-f231bb128b89 None None] delayed_delete = False {{(pid=102114) log_opt_values /opt/stack/data/venv/lib/python3.12/site-packages/oslo_config/cfg.py:3245}}
Jun 01 15:08:23.781721 np0000001862 devstack@g-api.service[102114]: DEBUG glance.common.config [None req-9c4fbe66-9149-4432-bede-f231bb128b89 None None] digest_algorithm = sha256 {{(pid=102114) log_opt_values /opt/stack/data/venv/lib/python3.12/site-packages/oslo_config/cfg.py:3245}}
Jun 01 15:08:23.781816 np0000001862 devstack@g-api.service[102114]: DEBUG glance.common.config [None req-9c4fbe66-9149-4432-bede-f231bb128b89 None None] disabled_notifications = [] {{(pid=102114) log_opt_values /opt/stack/data/venv/lib/python3.12/site-packages/oslo_config/cfg.py:3245}}
Jun 01 15:08:23.781891 np0000001862 devstack@g-api.service[102114]: DEBUG glance.common.config [None req-9c4fbe66-9149-4432-bede-f231bb128b89 None None] do_secure_hash = True {{(pid=102114) log_opt_values /opt/stack/data/venv/lib/python3.12/site-packages/oslo_config/cfg.py:3245}}
Jun 01 15:08:23.781975 np0000001862 devstack@g-api.service[102114]: DEBUG glance.common.config [None req-9c4fbe66-9149-4432-bede-f231bb128b89 None None] enabled_backends = None {{(pid=102114) log_opt_values /opt/stack/data/venv/lib/python3.12/site-packages/oslo_config/cfg.py:3245}}
Jun 01 15:08:23.782077 np0000001862 devstack@g-api.service[102114]: DEBUG glance.common.config [None req-9c4fbe66-9149-4432-bede-f231bb128b89 None None] enabled_import_methods = ['glance-direct', 'web-download', 'copy-image'] {{(pid=102114) log_opt_values /opt/stack/data/venv/lib/python3.12/site-packages/oslo_config/cfg.py:3245}}
Jun 01 15:08:23.782186 np0000001862 devstack@g-api.service[102114]: DEBUG glance.common.config [None req-9c4fbe66-9149-4432-bede-f231bb128b89 None None] fatal_deprecations = False {{(pid=102114) log_opt_values /opt/stack/data/venv/lib/python3.12/site-packages/oslo_config/cfg.py:3245}}
Jun 01 15:08:23.782286 np0000001862 devstack@g-api.service[102114]: DEBUG glance.common.config [None req-9c4fbe66-9149-4432-bede-f231bb128b89 None None] hashing_algorithm = sha512 {{(pid=102114) log_opt_values /opt/stack/data/venv/lib/python3.12/site-packages/oslo_config/cfg.py:3245}}
Jun 01 15:08:23.782436 np0000001862 devstack@g-api.service[102114]: DEBUG glance.common.config [None req-9c4fbe66-9149-4432-bede-f231bb128b89 None None] http_keepalive = True {{(pid=102114) log_opt_values /opt/stack/data/venv/lib/python3.12/site-packages/oslo_config/cfg.py:3245}}
Jun 01 15:08:23.782554 np0000001862 devstack@g-api.service[102114]: DEBUG glance.common.config [None req-9c4fbe66-9149-4432-bede-f231bb128b89 None None] http_retries = 3 {{(pid=102114) log_opt_values /opt/stack/data/venv/lib/python3.12/site-packages/oslo_config/cfg.py:3245}}
Jun 01 15:08:23.782647 np0000001862 devstack@g-api.service[102114]: DEBUG glance.common.config [None req-9c4fbe66-9149-4432-bede-f231bb128b89 None None] image_cache_dir = /opt/stack/data/glance/cache/ {{(pid=102114) log_opt_values /opt/stack/data/venv/lib/python3.12/site-packages/oslo_config/cfg.py:3245}}
Jun 01 15:08:23.782738 np0000001862 devstack@g-api.service[102114]: DEBUG glance.common.config [None req-9c4fbe66-9149-4432-bede-f231bb128b89 None None] image_cache_driver = centralized_db {{(pid=102114) log_opt_values /opt/stack/data/venv/lib/python3.12/site-packages/oslo_config/cfg.py:3245}}
Jun 01 15:08:23.782822 np0000001862 devstack@g-api.service[102114]: DEBUG glance.common.config [None req-9c4fbe66-9149-4432-bede-f231bb128b89 None None] image_cache_max_size = 10737418240 {{(pid=102114) log_opt_values /opt/stack/data/venv/lib/python3.12/site-packages/oslo_config/cfg.py:3245}}
Jun 01 15:08:23.782910 np0000001862 devstack@g-api.service[102114]: DEBUG glance.common.config [None req-9c4fbe66-9149-4432-bede-f231bb128b89 None None] image_cache_sqlite_db = cache.db {{(pid=102114) log_opt_values /opt/stack/data/venv/lib/python3.12/site-packages/oslo_config/cfg.py:3245}}
Jun 01 15:08:23.783032 np0000001862 devstack@g-api.service[102114]: DEBUG glance.common.config [None req-9c4fbe66-9149-4432-bede-f231bb128b89 None None] image_cache_stall_time = 86400 {{(pid=102114) log_opt_values /opt/stack/data/venv/lib/python3.12/site-packages/oslo_config/cfg.py:3245}}
Jun 01 15:08:23.783131 np0000001862 devstack@g-api.service[102114]: DEBUG glance.common.config [None req-9c4fbe66-9149-4432-bede-f231bb128b89 None None] image_location_quota = 10 {{(pid=102114) log_opt_values /opt/stack/data/venv/lib/python3.12/site-packages/oslo_config/cfg.py:3245}}
Jun 01 15:08:23.783231 np0000001862 devstack@g-api.service[102114]: DEBUG glance.common.config [None req-9c4fbe66-9149-4432-bede-f231bb128b89 None None] image_member_quota = 128 {{(pid=102114) log_opt_values /opt/stack/data/venv/lib/python3.12/site-packages/oslo_config/cfg.py:3245}}
Jun 01 15:08:23.783318 np0000001862 devstack@g-api.service[102114]: DEBUG glance.common.config [None req-9c4fbe66-9149-4432-bede-f231bb128b89 None None] image_property_quota = 128 {{(pid=102114) log_opt_values /opt/stack/data/venv/lib/python3.12/site-packages/oslo_config/cfg.py:3245}}
Jun 01 15:08:23.783401 np0000001862 devstack@g-api.service[102114]: DEBUG glance.common.config [None req-9c4fbe66-9149-4432-bede-f231bb128b89 None None] image_size_cap = 1099511627776 {{(pid=102114) log_opt_values /opt/stack/data/venv/lib/python3.12/site-packages/oslo_config/cfg.py:3245}}
Jun 01 15:08:23.783521 np0000001862 devstack@g-api.service[102114]: DEBUG glance.common.config [None req-9c4fbe66-9149-4432-bede-f231bb128b89 None None] image_tag_quota = 128 {{(pid=102114) log_opt_values /opt/stack/data/venv/lib/python3.12/site-packages/oslo_config/cfg.py:3245}}
Jun 01 15:08:23.783620 np0000001862 devstack@g-api.service[102114]: DEBUG glance.common.config [None req-9c4fbe66-9149-4432-bede-f231bb128b89 None None] instance_format = [instance: %(uuid)s] {{(pid=102114) log_opt_values /opt/stack/data/venv/lib/python3.12/site-packages/oslo_config/cfg.py:3245}}
Jun 01 15:08:23.783708 np0000001862 devstack@g-api.service[102114]: DEBUG glance.common.config [None req-9c4fbe66-9149-4432-bede-f231bb128b89 None None] instance_uuid_format = [instance: %(uuid)s] {{(pid=102114) log_opt_values /opt/stack/data/venv/lib/python3.12/site-packages/oslo_config/cfg.py:3245}}
Jun 01 15:08:23.783793 np0000001862 devstack@g-api.service[102114]: DEBUG glance.common.config [None req-9c4fbe66-9149-4432-bede-f231bb128b89 None None] limit_param_default = 25 {{(pid=102114) log_opt_values /opt/stack/data/venv/lib/python3.12/site-packages/oslo_config/cfg.py:3245}}
Jun 01 15:08:23.783913 np0000001862 devstack@g-api.service[102114]: DEBUG glance.common.config [None req-9c4fbe66-9149-4432-bede-f231bb128b89 None None] log_color = False {{(pid=102114) log_opt_values /opt/stack/data/venv/lib/python3.12/site-packages/oslo_config/cfg.py:3245}}
Jun 01 15:08:23.784049 np0000001862 devstack@g-api.service[102114]: DEBUG glance.common.config [None req-9c4fbe66-9149-4432-bede-f231bb128b89 None None] log_config_append = None {{(pid=102114) log_opt_values /opt/stack/data/venv/lib/python3.12/site-packages/oslo_config/cfg.py:3245}}
Jun 01 15:08:23.784156 np0000001862 devstack@g-api.service[102114]: DEBUG glance.common.config [None req-9c4fbe66-9149-4432-bede-f231bb128b89 None None] log_date_format = %Y-%m-%d %H:%M:%S {{(pid=102114) log_opt_values /opt/stack/data/venv/lib/python3.12/site-packages/oslo_config/cfg.py:3245}}
Jun 01 15:08:23.784264 np0000001862 devstack@g-api.service[102114]: DEBUG glance.common.config [None req-9c4fbe66-9149-4432-bede-f231bb128b89 None None] log_dir = None {{(pid=102114) log_opt_values /opt/stack/data/venv/lib/python3.12/site-packages/oslo_config/cfg.py:3245}}
Jun 01 15:08:23.784353 np0000001862 devstack@g-api.service[102114]: DEBUG glance.common.config [None req-9c4fbe66-9149-4432-bede-f231bb128b89 None None] log_file = None {{(pid=102114) log_opt_values /opt/stack/data/venv/lib/python3.12/site-packages/oslo_config/cfg.py:3245}}
Jun 01 15:08:23.784436 np0000001862 devstack@g-api.service[102114]: DEBUG glance.common.config [None req-9c4fbe66-9149-4432-bede-f231bb128b89 None None] log_rotate_interval = 1 {{(pid=102114) log_opt_values /opt/stack/data/venv/lib/python3.12/site-packages/oslo_config/cfg.py:3245}}
Jun 01 15:08:23.784549 np0000001862 devstack@g-api.service[102114]: DEBUG glance.common.config [None req-9c4fbe66-9149-4432-bede-f231bb128b89 None None] log_rotate_interval_type = days {{(pid=102114) log_opt_values /opt/stack/data/venv/lib/python3.12/site-packages/oslo_config/cfg.py:3245}}
Jun 01 15:08:23.784641 np0000001862 devstack@g-api.service[102114]: DEBUG glance.common.config [None req-9c4fbe66-9149-4432-bede-f231bb128b89 None None] log_rotation_type = none {{(pid=102114) log_opt_values /opt/stack/data/venv/lib/python3.12/site-packages/oslo_config/cfg.py:3245}}
Jun 01 15:08:23.784747 np0000001862 devstack@g-api.service[102114]: DEBUG glance.common.config [None req-9c4fbe66-9149-4432-bede-f231bb128b89 None None] logging_context_format_string = %(color)s%(levelname)s %(name)s [%(global_request_id)s %(request_id)s %(project_name)s %(user_name)s%(color)s] %(instance)s%(color)s%(message)s {{(pid=102114) log_opt_values /opt/stack/data/venv/lib/python3.12/site-packages/oslo_config/cfg.py:3245}}
Jun 01 15:08:23.784787 np0000001862 devstack@g-api.service[102114]: DEBUG glance.common.config [None req-9c4fbe66-9149-4432-bede-f231bb128b89 None None] logging_debug_format_suffix = {{(pid=%(process)d) %(funcName)s %(pathname)s:%(lineno)d}} {{(pid=102114) log_opt_values /opt/stack/data/venv/lib/python3.12/site-packages/oslo_config/cfg.py:3245}}
Jun 01 15:08:23.784859 np0000001862 devstack@g-api.service[102114]: DEBUG glance.common.config [None req-9c4fbe66-9149-4432-bede-f231bb128b89 None None] logging_default_format_string = %(color)s%(levelname)s %(name)s [-%(color)s] %(instance)s%(color)s%(message)s {{(pid=102114) log_opt_values /opt/stack/data/venv/lib/python3.12/site-packages/oslo_config/cfg.py:3245}}
Jun 01 15:08:23.784946 np0000001862 devstack@g-api.service[102114]: DEBUG glance.common.config [None req-9c4fbe66-9149-4432-bede-f231bb128b89 None None] logging_exception_prefix = ERROR %(name)s %(instance)s {{(pid=102114) log_opt_values /opt/stack/data/venv/lib/python3.12/site-packages/oslo_config/cfg.py:3245}}
Jun 01 15:08:23.785009 np0000001862 devstack@g-api.service[102114]: DEBUG glance.common.config [None req-9c4fbe66-9149-4432-bede-f231bb128b89 None None] logging_user_identity_format = %(user)s %(project)s %(domain)s %(system_scope)s %(user_domain)s %(project_domain)s {{(pid=102114) log_opt_values /opt/stack/data/venv/lib/python3.12/site-packages/oslo_config/cfg.py:3245}}
Jun 01 15:08:23.785134 np0000001862 devstack@g-api.service[102114]: DEBUG glance.common.config [None req-9c4fbe66-9149-4432-bede-f231bb128b89 None None] max_header_line = 16384 {{(pid=102114) log_opt_values /opt/stack/data/venv/lib/python3.12/site-packages/oslo_config/cfg.py:3245}}
Jun 01 15:08:23.785240 np0000001862 devstack@g-api.service[102114]: DEBUG glance.common.config [None req-9c4fbe66-9149-4432-bede-f231bb128b89 None None] max_logfile_count = 30 {{(pid=102114) log_opt_values /opt/stack/data/venv/lib/python3.12/site-packages/oslo_config/cfg.py:3245}}
Jun 01 15:08:23.785337 np0000001862 devstack@g-api.service[102114]: DEBUG glance.common.config [None req-9c4fbe66-9149-4432-bede-f231bb128b89 None None] max_logfile_size_mb = 200 {{(pid=102114) log_opt_values /opt/stack/data/venv/lib/python3.12/site-packages/oslo_config/cfg.py:3245}}
Jun 01 15:08:23.785421 np0000001862 devstack@g-api.service[102114]: DEBUG glance.common.config [None req-9c4fbe66-9149-4432-bede-f231bb128b89 None None] max_request_id_length = 64 {{(pid=102114) log_opt_values /opt/stack/data/venv/lib/python3.12/site-packages/oslo_config/cfg.py:3245}}
Jun 01 15:08:23.785529 np0000001862 devstack@g-api.service[102114]: DEBUG glance.common.config [None req-9c4fbe66-9149-4432-bede-f231bb128b89 None None] metadata_encryption_key = **** {{(pid=102114) log_opt_values /opt/stack/data/venv/lib/python3.12/site-packages/oslo_config/cfg.py:3245}}
Jun 01 15:08:23.785619 np0000001862 devstack@g-api.service[102114]: DEBUG glance.common.config [None req-9c4fbe66-9149-4432-bede-f231bb128b89 None None] node_staging_uri = file:///tmp/staging/ {{(pid=102114) log_opt_values /opt/stack/data/venv/lib/python3.12/site-packages/oslo_config/cfg.py:3245}}
Jun 01 15:08:23.785702 np0000001862 devstack@g-api.service[102114]: DEBUG glance.common.config [None req-9c4fbe66-9149-4432-bede-f231bb128b89 None None] property_protection_file = None {{(pid=102114) log_opt_values /opt/stack/data/venv/lib/python3.12/site-packages/oslo_config/cfg.py:3245}}
Jun 01 15:08:23.785792 np0000001862 devstack@g-api.service[102114]: DEBUG glance.common.config [None req-9c4fbe66-9149-4432-bede-f231bb128b89 None None] property_protection_rule_format = roles {{(pid=102114) log_opt_values /opt/stack/data/venv/lib/python3.12/site-packages/oslo_config/cfg.py:3245}}
Jun 01 15:08:23.785894 np0000001862 devstack@g-api.service[102114]: DEBUG glance.common.config [None req-9c4fbe66-9149-4432-bede-f231bb128b89 None None] public_endpoint = https://10.4.3.221/image {{(pid=102114) log_opt_values /opt/stack/data/venv/lib/python3.12/site-packages/oslo_config/cfg.py:3245}}
Jun 01 15:08:23.786013 np0000001862 devstack@g-api.service[102114]: DEBUG glance.common.config [None req-9c4fbe66-9149-4432-bede-f231bb128b89 None None] publish_errors = False {{(pid=102114) log_opt_values /opt/stack/data/venv/lib/python3.12/site-packages/oslo_config/cfg.py:3245}}
Jun 01 15:08:23.786107 np0000001862 devstack@g-api.service[102114]: DEBUG glance.common.config [None req-9c4fbe66-9149-4432-bede-f231bb128b89 None None] pydev_worker_debug_host = None {{(pid=102114) log_opt_values /opt/stack/data/venv/lib/python3.12/site-packages/oslo_config/cfg.py:3245}}
Jun 01 15:08:23.786195 np0000001862 devstack@g-api.service[102114]: DEBUG glance.common.config [None req-9c4fbe66-9149-4432-bede-f231bb128b89 None None] pydev_worker_debug_port = 5678 {{(pid=102114) log_opt_values /opt/stack/data/venv/lib/python3.12/site-packages/oslo_config/cfg.py:3245}}
Jun 01 15:08:23.786297 np0000001862 devstack@g-api.service[102114]: DEBUG glance.common.config [None req-9c4fbe66-9149-4432-bede-f231bb128b89 None None] rate_limit_burst = 0 {{(pid=102114) log_opt_values /opt/stack/data/venv/lib/python3.12/site-packages/oslo_config/cfg.py:3245}}
Jun 01 15:08:23.786389 np0000001862 devstack@g-api.service[102114]: DEBUG glance.common.config [None req-9c4fbe66-9149-4432-bede-f231bb128b89 None None] rate_limit_except_level = CRITICAL {{(pid=102114) log_opt_values /opt/stack/data/venv/lib/python3.12/site-packages/oslo_config/cfg.py:3245}}
Jun 01 15:08:23.786490 np0000001862 devstack@g-api.service[102114]: DEBUG glance.common.config [None req-9c4fbe66-9149-4432-bede-f231bb128b89 None None] rate_limit_interval = 0 {{(pid=102114) log_opt_values /opt/stack/data/venv/lib/python3.12/site-packages/oslo_config/cfg.py:3245}}
Jun 01 15:08:23.786576 np0000001862 devstack@g-api.service[102114]: DEBUG glance.common.config [None req-9c4fbe66-9149-4432-bede-f231bb128b89 None None] scrub_pool_size = 1 {{(pid=102114) log_opt_values /opt/stack/data/venv/lib/python3.12/site-packages/oslo_config/cfg.py:3245}}
Jun 01 15:08:23.786659 np0000001862 devstack@g-api.service[102114]: DEBUG glance.common.config [None req-9c4fbe66-9149-4432-bede-f231bb128b89 None None] scrub_time = 0 {{(pid=102114) log_opt_values /opt/stack/data/venv/lib/python3.12/site-packages/oslo_config/cfg.py:3245}}
Jun 01 15:08:23.786741 np0000001862 devstack@g-api.service[102114]: DEBUG glance.common.config [None req-9c4fbe66-9149-4432-bede-f231bb128b89 None None] shell_completion = None {{(pid=102114) log_opt_values /opt/stack/data/venv/lib/python3.12/site-packages/oslo_config/cfg.py:3245}}
Jun 01 15:08:23.786834 np0000001862 devstack@g-api.service[102114]: DEBUG glance.common.config [None req-9c4fbe66-9149-4432-bede-f231bb128b89 None None] show_image_direct_url = False {{(pid=102114) log_opt_values /opt/stack/data/venv/lib/python3.12/site-packages/oslo_config/cfg.py:3245}}
Jun 01 15:08:23.787071 np0000001862 devstack@g-api.service[102114]: WARNING oslo_config.cfg [None req-9c4fbe66-9149-4432-bede-f231bb128b89 None None] Deprecated: Option "show_multiple_locations" from group "DEFAULT" is deprecated for removal (Use of this option, deprecated since Newton, is a security risk and will be removed once we figure out a way to satisfy those use cases that currently require it. An earlier announcement that the same functionality can be achieved with greater granularity by using policies is incorrect. You cannot work around this option via policy configuration at the present time, though that is the direction we believe the fix will take. Please keep an eye on the Glance release notes to stay up to date on progress in addressing this issue.). Its value may be silently ignored in the future.
Jun 01 15:08:23.787202 np0000001862 devstack@g-api.service[102114]: DEBUG glance.common.config [None req-9c4fbe66-9149-4432-bede-f231bb128b89 None None] show_multiple_locations = False {{(pid=102114) log_opt_values /opt/stack/data/venv/lib/python3.12/site-packages/oslo_config/cfg.py:3245}}
Jun 01 15:08:23.787313 np0000001862 devstack@g-api.service[102114]: DEBUG glance.common.config [None req-9c4fbe66-9149-4432-bede-f231bb128b89 None None] syslog_log_facility = LOG_USER {{(pid=102114) log_opt_values /opt/stack/data/venv/lib/python3.12/site-packages/oslo_config/cfg.py:3245}}
Jun 01 15:08:23.787404 np0000001862 devstack@g-api.service[102114]: DEBUG glance.common.config [None req-9c4fbe66-9149-4432-bede-f231bb128b89 None None] tcp_keepidle = 600 {{(pid=102114) log_opt_values /opt/stack/data/venv/lib/python3.12/site-packages/oslo_config/cfg.py:3245}}
Jun 01 15:08:23.787511 np0000001862 devstack@g-api.service[102114]: DEBUG glance.common.config [None req-9c4fbe66-9149-4432-bede-f231bb128b89 None None] transport_url = **** {{(pid=102114) log_opt_values /opt/stack/data/venv/lib/python3.12/site-packages/oslo_config/cfg.py:3245}}
Jun 01 15:08:23.787597 np0000001862 devstack@g-api.service[102114]: DEBUG glance.common.config [None req-9c4fbe66-9149-4432-bede-f231bb128b89 None None] use_journal = False {{(pid=102114) log_opt_values /opt/stack/data/venv/lib/python3.12/site-packages/oslo_config/cfg.py:3245}}
Jun 01 15:08:23.787679 np0000001862 devstack@g-api.service[102114]: DEBUG glance.common.config [None req-9c4fbe66-9149-4432-bede-f231bb128b89 None None] use_json = False {{(pid=102114) log_opt_values /opt/stack/data/venv/lib/python3.12/site-packages/oslo_config/cfg.py:3245}}
Jun 01 15:08:23.787770 np0000001862 devstack@g-api.service[102114]: DEBUG glance.common.config [None req-9c4fbe66-9149-4432-bede-f231bb128b89 None None] use_keystone_limits = True {{(pid=102114) log_opt_values /opt/stack/data/venv/lib/python3.12/site-packages/oslo_config/cfg.py:3245}}
Jun 01 15:08:23.787853 np0000001862 devstack@g-api.service[102114]: DEBUG glance.common.config [None req-9c4fbe66-9149-4432-bede-f231bb128b89 None None] use_stderr = False {{(pid=102114) log_opt_values /opt/stack/data/venv/lib/python3.12/site-packages/oslo_config/cfg.py:3245}}
Jun 01 15:08:23.787943 np0000001862 devstack@g-api.service[102114]: DEBUG glance.common.config [None req-9c4fbe66-9149-4432-bede-f231bb128b89 None None] use_syslog = False {{(pid=102114) log_opt_values /opt/stack/data/venv/lib/python3.12/site-packages/oslo_config/cfg.py:3245}}
Jun 01 15:08:23.788050 np0000001862 devstack@g-api.service[102114]: DEBUG glance.common.config [None req-9c4fbe66-9149-4432-bede-f231bb128b89 None None] user_storage_quota = 0 {{(pid=102114) log_opt_values /opt/stack/data/venv/lib/python3.12/site-packages/oslo_config/cfg.py:3245}}
Jun 01 15:08:23.788150 np0000001862 devstack@g-api.service[102114]: DEBUG glance.common.config [None req-9c4fbe66-9149-4432-bede-f231bb128b89 None None] worker_self_reference_url = http://127.0.0.1:60999 {{(pid=102114) log_opt_values /opt/stack/data/venv/lib/python3.12/site-packages/oslo_config/cfg.py:3245}}
Jun 01 15:08:23.788232 np0000001862 devstack@g-api.service[102114]: DEBUG glance.common.config [None req-9c4fbe66-9149-4432-bede-f231bb128b89 None None] workers = None {{(pid=102114) log_opt_values /opt/stack/data/venv/lib/python3.12/site-packages/oslo_config/cfg.py:3245}}
Jun 01 15:08:23.788351 np0000001862 devstack@g-api.service[102114]: DEBUG glance.common.config [None req-9c4fbe66-9149-4432-bede-f231bb128b89 None None] oslo_concurrency.disable_process_locking = False {{(pid=102114) log_opt_values /opt/stack/data/venv/lib/python3.12/site-packages/oslo_config/cfg.py:3256}}
Jun 01 15:08:23.788454 np0000001862 devstack@g-api.service[102114]: DEBUG glance.common.config [None req-9c4fbe66-9149-4432-bede-f231bb128b89 None None] oslo_concurrency.lock_path = /opt/stack/data/glance/locks {{(pid=102114) log_opt_values /opt/stack/data/venv/lib/python3.12/site-packages/oslo_config/cfg.py:3256}}
Jun 01 15:08:23.788564 np0000001862 devstack@g-api.service[102114]: DEBUG glance.common.config [None req-9c4fbe66-9149-4432-bede-f231bb128b89 None None] oslo_middleware.enable_proxy_headers_parsing = False {{(pid=102114) log_opt_values /opt/stack/data/venv/lib/python3.12/site-packages/oslo_config/cfg.py:3256}}
Jun 01 15:08:23.788655 np0000001862 devstack@g-api.service[102114]: DEBUG glance.common.config [None req-9c4fbe66-9149-4432-bede-f231bb128b89 None None] oslo_middleware.http_basic_auth_user_file = /etc/htpasswd {{(pid=102114) log_opt_values /opt/stack/data/venv/lib/python3.12/site-packages/oslo_config/cfg.py:3256}}
Jun 01 15:08:23.788744 np0000001862 devstack@g-api.service[102114]: DEBUG glance.common.config [None req-9c4fbe66-9149-4432-bede-f231bb128b89 None None] paste_deploy.config_file = None {{(pid=102114) log_opt_values /opt/stack/data/venv/lib/python3.12/site-packages/oslo_config/cfg.py:3256}}
Jun 01 15:08:23.788837 np0000001862 devstack@g-api.service[102114]: DEBUG glance.common.config [None req-9c4fbe66-9149-4432-bede-f231bb128b89 None None] paste_deploy.flavor = keystone+cachemanagement {{(pid=102114) log_opt_values /opt/stack/data/venv/lib/python3.12/site-packages/oslo_config/cfg.py:3256}}
Jun 01 15:08:23.788963 np0000001862 devstack@g-api.service[102114]: DEBUG glance.common.config [None req-9c4fbe66-9149-4432-bede-f231bb128b89 None None] image_format.container_formats = ['ami', 'ari', 'aki', 'bare', 'ovf', 'ova', 'docker', 'compressed'] {{(pid=102114) log_opt_values /opt/stack/data/venv/lib/python3.12/site-packages/oslo_config/cfg.py:3256}}
Jun 01 15:08:23.789108 np0000001862 devstack@g-api.service[102114]: DEBUG glance.common.config [None req-9c4fbe66-9149-4432-bede-f231bb128b89 None None] image_format.disk_formats = ['ami', 'ari', 'aki', 'vhd', 'vhdx', 'vmdk', 'raw', 'qcow2', 'vdi', 'iso', 'ploop'] {{(pid=102114) log_opt_values /opt/stack/data/venv/lib/python3.12/site-packages/oslo_config/cfg.py:3256}}
Jun 01 15:08:23.789207 np0000001862 devstack@g-api.service[102114]: DEBUG glance.common.config [None req-9c4fbe66-9149-4432-bede-f231bb128b89 None None] image_format.gpt_safety_checks_nonfatal = [] {{(pid=102114) log_opt_values /opt/stack/data/venv/lib/python3.12/site-packages/oslo_config/cfg.py:3256}}
Jun 01 15:08:23.789317 np0000001862 devstack@g-api.service[102114]: DEBUG glance.common.config [None req-9c4fbe66-9149-4432-bede-f231bb128b89 None None] image_format.require_image_format_match = True {{(pid=102114) log_opt_values /opt/stack/data/venv/lib/python3.12/site-packages/oslo_config/cfg.py:3256}}
Jun 01 15:08:23.789428 np0000001862 devstack@g-api.service[102114]: DEBUG glance.common.config [None req-9c4fbe66-9149-4432-bede-f231bb128b89 None None] image_format.vmdk_allowed_types = ['streamOptimized', 'monolithicSparse'] {{(pid=102114) log_opt_values /opt/stack/data/venv/lib/python3.12/site-packages/oslo_config/cfg.py:3256}}
Jun 01 15:08:23.789548 np0000001862 devstack@g-api.service[102114]: DEBUG glance.common.config [None req-9c4fbe66-9149-4432-bede-f231bb128b89 None None] task.task_executor = taskflow {{(pid=102114) log_opt_values /opt/stack/data/venv/lib/python3.12/site-packages/oslo_config/cfg.py:3256}}
