Jun 01 15:11:10.286145 np0000001862 devstack@g-api.service[102115]: DEBUG glance.api.middleware.version_negotiation [None req-d269bb01-bcf0-4f57-a95c-0284a02d8a80 tempest-ServerBootFromVolumeStableRescueTest-401623754 tempest-ServerBootFromVolumeStableRescueTest-401623754-project-member] new path /v2/images/2513e1ca-2a9d-4143-8db1-5735cca6ee81/file {{(pid=102115) process_request /opt/stack/glance/glance/api/middleware/version_negotiation.py:70}}
Jun 01 15:11:10.420499 np0000001862 devstack@g-api.service[102116]: DEBUG glance.api.middleware.version_negotiation [None req-d269bb01-bcf0-4f57-a95c-0284a02d8a80 tempest-ServerBootFromVolumeStableRescueTest-401623754 tempest-ServerBootFromVolumeStableRescueTest-401623754-project-member] Determining version of request: GET /v2/images/2513e1ca-2a9d-4143-8db1-5735cca6ee81 Accept: application/json {{(pid=102116) process_request /opt/stack/glance/glance/api/middleware/version_negotiation.py:44}}
Jun 01 15:11:10.420499 np0000001862 devstack@g-api.service[102116]: DEBUG glance.api.middleware.version_negotiation [None req-d269bb01-bcf0-4f57-a95c-0284a02d8a80 tempest-ServerBootFromVolumeStableRescueTest-401623754 tempest-ServerBootFromVolumeStableRescueTest-401623754-project-member] Using url versioning {{(pid=102116) process_request /opt/stack/glance/glance/api/middleware/version_negotiation.py:57}}
Jun 01 15:11:10.420499 np0000001862 devstack@g-api.service[102116]: DEBUG glance.api.middleware.version_negotiation [None req-d269bb01-bcf0-4f57-a95c-0284a02d8a80 tempest-ServerBootFromVolumeStableRescueTest-401623754 tempest-ServerBootFromVolumeStableRescueTest-401623754-project-member] Matched version: v2 {{(pid=102116) process_request /opt/stack/glance/glance/api/middleware/version_negotiation.py:69}}
Jun 01 15:11:10.420499 np0000001862 devstack@g-api.service[102116]: DEBUG glance.api.middleware.version_negotiation [None req-d269bb01-bcf0-4f57-a95c-0284a02d8a80 tempest-ServerBootFromVolumeStableRescueTest-401623754 tempest-ServerBootFromVolumeStableRescueTest-401623754-project-member] new path /v2/images/2513e1ca-2a9d-4143-8db1-5735cca6ee81 {{(pid=102116) process_request /opt/stack/glance/glance/api/middleware/version_negotiation.py:70}}
Jun 01 15:11:10.433293 np0000001862 devstack@g-api.service[102116]: [pid: 102116|app: 0|req: 24/72] 127.0.0.1 () {40 vars in 838 bytes} [Mon Jun 1 15:11:10 2026] GET /v2/images/2513e1ca-2a9d-4143-8db1-5735cca6ee81 => generated 1468 bytes in 14 msecs (HTTP/1.1 200) 4 headers in 158 bytes (1 switches on core 0)
Jun 01 15:11:11.055026 np0000001862 devstack@g-api.service[102115]: INFO glance.api.v2.image_data [None req-d269bb01-bcf0-4f57-a95c-0284a02d8a80 tempest-ServerBootFromVolumeStableRescueTest-401623754 tempest-ServerBootFromVolumeStableRescueTest-401623754-project-member] Unable to create trust: no such option collect_timing in group [keystone_authtoken] Use the existing user token.
Jun 01 15:11:11.446797 np0000001862 devstack@g-api.service[102114]: DEBUG glance.api.middleware.version_negotiation [None req-d269bb01-bcf0-4f57-a95c-0284a02d8a80 tempest-ServerBootFromVolumeStableRescueTest-401623754 tempest-ServerBootFromVolumeStableRescueTest-401623754-project-member] Determining version of request: GET /v2/images/2513e1ca-2a9d-4143-8db1-5735cca6ee81 Accept: application/json {{(pid=102114) process_request /opt/stack/glance/glance/api/middleware/version_negotiation.py:44}}
Jun 01 15:11:11.447257 np0000001862 devstack@g-api.service[102114]: DEBUG glance.api.middleware.version_negotiation [None req-d269bb01-bcf0-4f57-a95c-0284a02d8a80 tempest-ServerBootFromVolumeStableRescueTest-401623754 tempest-ServerBootFromVolumeStableRescueTest-401623754-project-member] Using url versioning {{(pid=102114) process_request /opt/stack/glance/glance/api/middleware/version_negotiation.py:57}}
Jun 01 15:11:11.447257 np0000001862 devstack@g-api.service[102114]: DEBUG glance.api.middleware.version_negotiation [None req-d269bb01-bcf0-4f57-a95c-0284a02d8a80 tempest-ServerBootFromVolumeStableRescueTest-401623754 tempest-ServerBootFromVolumeStableRescueTest-401623754-project-member] Matched version: v2 {{(pid=102114) process_request /opt/stack/glance/glance/api/middleware/version_negotiation.py:69}}
Jun 01 15:11:11.447257 np0000001862 devstack@g-api.service[102114]: DEBUG glance.api.middleware.version_negotiation [None req-d269bb01-bcf0-4f57-a95c-0284a02d8a80 tempest-ServerBootFromVolumeStableRescueTest-401623754 tempest-ServerBootFromVolumeStableRescueTest-401623754-project-member] new path /v2/images/2513e1ca-2a9d-4143-8db1-5735cca6ee81 {{(pid=102114) process_request /opt/stack/glance/glance/api/middleware/version_negotiation.py:70}}
Jun 01 15:11:11.471077 np0000001862 devstack@g-api.service[102114]: [pid: 102114|app: 0|req: 26/73] 127.0.0.1 () {40 vars in 838 bytes} [Mon Jun 1 15:11:11 2026] GET /v2/images/2513e1ca-2a9d-4143-8db1-5735cca6ee81 => generated 1468 bytes in 28 msecs (HTTP/1.1 200) 4 headers in 158 bytes (1 switches on core 0)
Jun 01 15:11:11.829518 np0000001862 devstack@g-api.service[102115]: DEBUG glance.location [None req-d269bb01-bcf0-4f57-a95c-0284a02d8a80 tempest-ServerBootFromVolumeStableRescueTest-401623754 tempest-ServerBootFromVolumeStableRescueTest-401623754-project-member] Enabling in-flight format inspection for qcow2 {{(pid=102115) set_data /opt/stack/glance/glance/location.py:616}}
Jun 01 15:11:11.829518 np0000001862 devstack@g-api.service[102115]: DEBUG glance_store.backend [None req-d269bb01-bcf0-4f57-a95c-0284a02d8a80 tempest-ServerBootFromVolumeStableRescueTest-401623754 tempest-ServerBootFromVolumeStableRescueTest-401623754-project-member] Attempting to import store swift {{(pid=102115) _load_store /opt/stack/data/venv/lib/python3.12/site-packages/glance_store/backend.py:215}}
Jun 01 15:11:11.831178 np0000001862 devstack@g-api.service[102115]: DEBUG glance_store.capabilities [None req-d269bb01-bcf0-4f57-a95c-0284a02d8a80 tempest-ServerBootFromVolumeStableRescueTest-401623754 tempest-ServerBootFromVolumeStableRescueTest-401623754-project-member] Store glance_store._drivers.swift.store.SingleTenantStore doesn't support updating dynamic storage capabilities. Please overwrite 'update_capabilities' method of the store to implement updating logics if needed. {{(pid=102115) update_capabilities /opt/stack/data/venv/lib/python3.12/site-packages/glance_store/capabilities.py:91}}
Jun 01 15:11:11.831271 np0000001862 devstack@g-api.service[102115]: DEBUG glance_store.driver [None req-d269bb01-bcf0-4f57-a95c-0284a02d8a80 tempest-ServerBootFromVolumeStableRescueTest-401623754 tempest-ServerBootFromVolumeStableRescueTest-401623754-project-member] Late loading location class glance_store._drivers.swift.store.StoreLocation {{(pid=102115) get_store_location_class /opt/stack/data/venv/lib/python3.12/site-packages/glance_store/driver.py:134}}
Jun 01 15:11:11.831425 np0000001862 devstack@g-api.service[102115]: DEBUG glance_store.location [None req-d269bb01-bcf0-4f57-a95c-0284a02d8a80 tempest-ServerBootFromVolumeStableRescueTest-401623754 tempest-ServerBootFromVolumeStableRescueTest-401623754-project-member] Registering scheme swift+https with {'store': , 'location_class': , 'store_entry': 'swift'} {{(pid=102115) register_scheme_map /opt/stack/data/venv/lib/python3.12/site-packages/glance_store/location.py:146}}
Jun 01 15:11:11.831531 np0000001862 devstack@g-api.service[102115]: DEBUG glance_store.location [None req-d269bb01-bcf0-4f57-a95c-0284a02d8a80 tempest-ServerBootFromVolumeStableRescueTest-401623754 tempest-ServerBootFromVolumeStableRescueTest-401623754-project-member] Registering scheme swift+https with {'store': , 'location_class': , 'store_entry': 'swift'} {{(pid=102115) register_scheme_map /opt/stack/data/venv/lib/python3.12/site-packages/glance_store/location.py:146}}
Jun 01 15:11:11.831592 np0000001862 devstack@g-api.service[102115]: DEBUG glance_store.location [None req-d269bb01-bcf0-4f57-a95c-0284a02d8a80 tempest-ServerBootFromVolumeStableRescueTest-401623754 tempest-ServerBootFromVolumeStableRescueTest-401623754-project-member] Registering scheme swift with {'store': , 'location_class': , 'store_entry': 'swift'} {{(pid=102115) register_scheme_map /opt/stack/data/venv/lib/python3.12/site-packages/glance_store/location.py:146}}
Jun 01 15:11:11.831684 np0000001862 devstack@g-api.service[102115]: DEBUG glance_store.location [None req-d269bb01-bcf0-4f57-a95c-0284a02d8a80 tempest-ServerBootFromVolumeStableRescueTest-401623754 tempest-ServerBootFromVolumeStableRescueTest-401623754-project-member] Registering scheme swift+https with {'store': , 'location_class': , 'store_entry': 'swift'} {{(pid=102115) register_scheme_map /opt/stack/data/venv/lib/python3.12/site-packages/glance_store/location.py:146}}
Jun 01 15:11:11.831746 np0000001862 devstack@g-api.service[102115]: DEBUG glance_store.location [None req-d269bb01-bcf0-4f57-a95c-0284a02d8a80 tempest-ServerBootFromVolumeStableRescueTest-401623754 tempest-ServerBootFromVolumeStableRescueTest-401623754-project-member] Registering scheme swift with {'store': , 'location_class': , 'store_entry': 'swift'} {{(pid=102115) register_scheme_map /opt/stack/data/venv/lib/python3.12/site-packages/glance_store/location.py:146}}
Jun 01 15:11:11.831811 np0000001862 devstack@g-api.service[102115]: DEBUG glance_store.location [None req-d269bb01-bcf0-4f57-a95c-0284a02d8a80 tempest-ServerBootFromVolumeStableRescueTest-401623754 tempest-ServerBootFromVolumeStableRescueTest-401623754-project-member] Registering scheme swift+http with {'store': , 'location_class': , 'store_entry': 'swift'} {{(pid=102115) register_scheme_map /opt/stack/data/venv/lib/python3.12/site-packages/glance_store/location.py:146}}
Jun 01 15:11:11.831890 np0000001862 devstack@g-api.service[102115]: DEBUG glance_store.location [None req-d269bb01-bcf0-4f57-a95c-0284a02d8a80 tempest-ServerBootFromVolumeStableRescueTest-401623754 tempest-ServerBootFromVolumeStableRescueTest-401623754-project-member] Registering scheme swift+https with {'store': , 'location_class': , 'store_entry': 'swift'} {{(pid=102115) register_scheme_map /opt/stack/data/venv/lib/python3.12/site-packages/glance_store/location.py:146}}
Jun 01 15:11:11.832212 np0000001862 devstack@g-api.service[102115]: DEBUG glance_store.location [None req-d269bb01-bcf0-4f57-a95c-0284a02d8a80 tempest-ServerBootFromVolumeStableRescueTest-401623754 tempest-ServerBootFromVolumeStableRescueTest-401623754-project-member] Registering scheme swift with {'store': , 'location_class': , 'store_entry': 'swift'} {{(pid=102115) register_scheme_map /opt/stack/data/venv/lib/python3.12/site-packages/glance_store/location.py:146}}
Jun 01 15:11:11.832212 np0000001862 devstack@g-api.service[102115]: DEBUG glance_store.location [None req-d269bb01-bcf0-4f57-a95c-0284a02d8a80 tempest-ServerBootFromVolumeStableRescueTest-401623754 tempest-ServerBootFromVolumeStableRescueTest-401623754-project-member] Registering scheme swift+http with {'store': , 'location_class': , 'store_entry': 'swift'} {{(pid=102115) register_scheme_map /opt/stack/data/venv/lib/python3.12/site-packages/glance_store/location.py:146}}
Jun 01 15:11:11.832212 np0000001862 devstack@g-api.service[102115]: DEBUG glance_store.location [None req-d269bb01-bcf0-4f57-a95c-0284a02d8a80 tempest-ServerBootFromVolumeStableRescueTest-401623754 tempest-ServerBootFromVolumeStableRescueTest-401623754-project-member] Registering scheme swift+config with {'store': , 'location_class': , 'store_entry': 'swift'} {{(pid=102115) register_scheme_map /opt/stack/data/venv/lib/python3.12/site-packages/glance_store/location.py:146}}
Jun 01 15:11:12.485426 np0000001862 devstack@g-api.service[102116]: DEBUG glance.api.middleware.version_negotiation [None req-fd23ce7e-8244-4fa3-839a-9e9b35def682 tempest-ServerBootFromVolumeStableRescueTest-401623754 tempest-ServerBootFromVolumeStableRescueTest-401623754-project-member] Determining version of request: GET /v2/images/2513e1ca-2a9d-4143-8db1-5735cca6ee81 Accept: application/json {{(pid=102116) process_request /opt/stack/glance/glance/api/middleware/version_negotiation.py:44}}
Jun 01 15:11:12.485832 np0000001862 devstack@g-api.service[102116]: DEBUG glance.api.middleware.version_negotiation [None req-fd23ce7e-8244-4fa3-839a-9e9b35def682 tempest-ServerBootFromVolumeStableRescueTest-401623754 tempest-ServerBootFromVolumeStableRescueTest-401623754-project-member] Using url versioning {{(pid=102116) process_request /opt/stack/glance/glance/api/middleware/version_negotiation.py:57}}
Jun 01 15:11:12.486115 np0000001862 devstack@g-api.service[102116]: DEBUG glance.api.middleware.version_negotiation [None req-fd23ce7e-8244-4fa3-839a-9e9b35def682 tempest-ServerBootFromVolumeStableRescueTest-401623754 tempest-ServerBootFromVolumeStableRescueTest-401623754-project-member] Matched version: v2 {{(pid=102116) process_request /opt/stack/glance/glance/api/middleware/version_negotiation.py:69}}
Jun 01 15:11:12.486252 np0000001862 devstack@g-api.service[102116]: DEBUG glance.api.middleware.version_negotiation [None req-fd23ce7e-8244-4fa3-839a-9e9b35def682 tempest-ServerBootFromVolumeStableRescueTest-401623754 tempest-ServerBootFromVolumeStableRescueTest-401623754-project-member] new path /v2/images/2513e1ca-2a9d-4143-8db1-5735cca6ee81 {{(pid=102116) process_request /opt/stack/glance/glance/api/middleware/version_negotiation.py:70}}
Jun 01 15:11:12.496631 np0000001862 devstack@g-api.service[102115]: DEBUG swiftclient [None req-d269bb01-bcf0-4f57-a95c-0284a02d8a80 tempest-ServerBootFromVolumeStableRescueTest-401623754 tempest-ServerBootFromVolumeStableRescueTest-401623754-project-member] REQ: curl -i https://10.4.3.221:8080/v1/AUTH_9e7013d7bc474d9c8d3c0a5c5ec7f0e8/glance -I -H "X-Auth-Token: gAAAAABqHaEP3DH1..." {{(pid=102115) http_log /opt/stack/data/venv/lib/python3.12/site-packages/swiftclient/client.py:160}}
Jun 01 15:11:12.496997 np0000001862 devstack@g-api.service[102115]: DEBUG swiftclient [None req-d269bb01-bcf0-4f57-a95c-0284a02d8a80 tempest-ServerBootFromVolumeStableRescueTest-401623754 tempest-ServerBootFromVolumeStableRescueTest-401623754-project-member] RESP STATUS: 204 No Content {{(pid=102115) http_log /opt/stack/data/venv/lib/python3.12/site-packages/swiftclient/client.py:161}}
Jun 01 15:11:12.496997 np0000001862 devstack@g-api.service[102115]: DEBUG swiftclient [None req-d269bb01-bcf0-4f57-a95c-0284a02d8a80 tempest-ServerBootFromVolumeStableRescueTest-401623754 tempest-ServerBootFromVolumeStableRescueTest-401623754-project-member] RESP HEADERS: {'Date': 'Mon, 01 Jun 2026 15:11:12 GMT', 'Server': 'Apache/2.4.58 (Ubuntu)', 'Content-Type': 'text/plain; charset=utf-8', 'X-Container-Object-Count': '3', 'X-Container-Bytes-Used': '64356352', 'X-Timestamp': '1780326510.50092', 'Last-Modified': 'Mon, 01 Jun 2026 15:08:31 GMT', 'Accept-Ranges': 'bytes', 'X-Storage-Policy': 'Policy-0', 'X-Container-Sharding': 'False', 'Vary': 'Accept', 'X-Trans-Id': 'txdc14a90289f8418b82aa5-006a1da110', 'X-Openstack-Request-Id': 'txdc14a90289f8418b82aa5-006a1da110', 'Connection': 'close'} {{(pid=102115) http_log /opt/stack/data/venv/lib/python3.12/site-packages/swiftclient/client.py:162}}
Jun 01 15:11:12.497159 np0000001862 devstack@g-api.service[102115]: DEBUG glance_store._drivers.swift.store [None req-d269bb01-bcf0-4f57-a95c-0284a02d8a80 tempest-ServerBootFromVolumeStableRescueTest-401623754 tempest-ServerBootFromVolumeStableRescueTest-401623754-project-member] Adding image object '2513e1ca-2a9d-4143-8db1-5735cca6ee81' to Swift {{(pid=102115) add /opt/stack/data/venv/lib/python3.12/site-packages/glance_store/_drivers/swift/store.py:970}}
Jun 01 15:11:12.497620 np0000001862 devstack@g-api.service[102115]: DEBUG glance_store._drivers.swift.store [None req-d269bb01-bcf0-4f57-a95c-0284a02d8a80 tempest-ServerBootFromVolumeStableRescueTest-401623754 tempest-ServerBootFromVolumeStableRescueTest-401623754-project-member] Cannot determine image size because it is either not provided in the request or chunked-transfer encoding is used. Adding image as a segmented object to Swift. {{(pid=102115) add /opt/stack/data/venv/lib/python3.12/site-packages/glance_store/_drivers/swift/store.py:994}}
Jun 01 15:11:12.506533 np0000001862 devstack@g-api.service[102115]: DEBUG oslo_utils.imageutils.format_inspector [None req-d269bb01-bcf0-4f57-a95c-0284a02d8a80 tempest-ServerBootFromVolumeStableRescueTest-401623754 tempest-ServerBootFromVolumeStableRescueTest-401623754-project-member] Format inspector for vmdk does not match, excluding from consideration (Signature KDMV not found: b'QFI\xfb') {{(pid=102115) _process_chunk /opt/stack/data/venv/lib/python3.12/site-packages/oslo_utils/imageutils/format_inspector.py:1758}}
Jun 01 15:11:12.516685 np0000001862 devstack@g-api.service[102115]: DEBUG oslo_utils.imageutils.format_inspector [None req-d269bb01-bcf0-4f57-a95c-0284a02d8a80 tempest-ServerBootFromVolumeStableRescueTest-401623754 tempest-ServerBootFromVolumeStableRescueTest-401623754-project-member] Format inspector for vhdx does not match, excluding from consideration (Region signature not found at 30000) {{(pid=102115) _process_chunk /opt/stack/data/venv/lib/python3.12/site-packages/oslo_utils/imageutils/format_inspector.py:1758}}
Jun 01 15:11:12.522672 np0000001862 devstack@g-api.service[102116]: [pid: 102116|app: 0|req: 25/74] 127.0.0.1 () {40 vars in 838 bytes} [Mon Jun 1 15:11:12 2026] GET /v2/images/2513e1ca-2a9d-4143-8db1-5735cca6ee81 => generated 1468 bytes in 37 msecs (HTTP/1.1 200) 4 headers in 158 bytes (1 switches on core 0)
Jun 01 15:11:13.517319 np0000001862 devstack@g-api.service[102114]: DEBUG glance.api.middleware.version_negotiation [None req-d0bc4639-83e8-4370-8a71-028c6ee997d9 tempest-ServerBootFromVolumeStableRescueTest-401623754 tempest-ServerBootFromVolumeStableRescueTest-401623754-project-member] Determining version of request: GET /v2/images/774e2465-17b9-4891-9515-7ee54c773345 Accept: */* {{(pid=102114) process_request /opt/stack/glance/glance/api/middleware/version_negotiation.py:44}}
Jun 01 15:11:13.517773 np0000001862 devstack@g-api.service[102114]: DEBUG glance.api.middleware.version_negotiation [None req-d0bc4639-83e8-4370-8a71-028c6ee997d9 tempest-ServerBootFromVolumeStableRescueTest-401623754 tempest-ServerBootFromVolumeStableRescueTest-401623754-project-member] Using url versioning {{(pid=102114) process_request /opt/stack/glance/glance/api/middleware/version_negotiation.py:57}}
Jun 01 15:11:13.517773 np0000001862 devstack@g-api.service[102114]: DEBUG glance.api.middleware.version_negotiation [None req-d0bc4639-83e8-4370-8a71-028c6ee997d9 tempest-ServerBootFromVolumeStableRescueTest-401623754 tempest-ServerBootFromVolumeStableRescueTest-401623754-project-member] Matched version: v2 {{(pid=102114) process_request /opt/stack/glance/glance/api/middleware/version_negotiation.py:69}}
Jun 01 15:11:13.517773 np0000001862 devstack@g-api.service[102114]: DEBUG glance.api.middleware.version_negotiation [None req-d0bc4639-83e8-4370-8a71-028c6ee997d9 tempest-ServerBootFromVolumeStableRescueTest-401623754 tempest-ServerBootFromVolumeStableRescueTest-401623754-project-member] new path /v2/images/774e2465-17b9-4891-9515-7ee54c773345 {{(pid=102114) process_request /opt/stack/glance/glance/api/middleware/version_negotiation.py:70}}
Jun 01 15:11:13.533237 np0000001862 devstack@g-api.service[102116]: DEBUG glance.api.middleware.version_negotiation [None req-0e4eac4a-1b17-4994-919f-ce0d5a8c6ae5 tempest-ServerBootFromVolumeStableRescueTest-401623754 tempest-ServerBootFromVolumeStableRescueTest-401623754-project-member] Determining version of request: GET /v2/images/2513e1ca-2a9d-4143-8db1-5735cca6ee81 Accept: application/json {{(pid=102116) process_request /opt/stack/glance/glance/api/middleware/version_negotiation.py:44}}
Jun 01 15:11:13.533237 np0000001862 devstack@g-api.service[102116]: DEBUG glance.api.middleware.version_negotiation [None req-0e4eac4a-1b17-4994-919f-ce0d5a8c6ae5 tempest-ServerBootFromVolumeStableRescueTest-401623754 tempest-ServerBootFromVolumeStableRescueTest-401623754-project-member] Using url versioning {{(pid=102116) process_request /opt/stack/glance/glance/api/middleware/version_negotiation.py:57}}
Jun 01 15:11:13.533237 np0000001862 devstack@g-api.service[102116]: DEBUG glance.api.middleware.version_negotiation [None req-0e4eac4a-1b17-4994-919f-ce0d5a8c6ae5 tempest-ServerBootFromVolumeStableRescueTest-401623754 tempest-ServerBootFromVolumeStableRescueTest-401623754-project-member] Matched version: v2 {{(pid=102116) process_request /opt/stack/glance/glance/api/middleware/version_negotiation.py:69}}
Jun 01 15:11:13.533237 np0000001862 devstack@g-api.service[102116]: DEBUG glance.api.middleware.version_negotiation [None req-0e4eac4a-1b17-4994-919f-ce0d5a8c6ae5 tempest-ServerBootFromVolumeStableRescueTest-401623754 tempest-ServerBootFromVolumeStableRescueTest-401623754-project-member] new path /v2/images/2513e1ca-2a9d-4143-8db1-5735cca6ee81 {{(pid=102116) process_request /opt/stack/glance/glance/api/middleware/version_negotiation.py:70}}
Jun 01 15:11:13.544519 np0000001862 devstack@g-api.service[102114]: [pid: 102114|app: 0|req: 27/75] 127.0.0.1 () {44 vars in 1115 bytes} [Mon Jun 1 15:11:13 2026] GET /v2/images/774e2465-17b9-4891-9515-7ee54c773345 => generated 1044 bytes in 27 msecs (HTTP/1.1 200) 4 headers in 158 bytes (1 switches on core 0)
Jun 01 15:11:13.565414 np0000001862 devstack@g-api.service[102116]: [pid: 102116|app: 0|req: 26/76] 127.0.0.1 () {40 vars in 838 bytes} [Mon Jun 1 15:11:13 2026] GET /v2/images/2513e1ca-2a9d-4143-8db1-5735cca6ee81 => generated 1468 bytes in 33 msecs (HTTP/1.1 200) 4 headers in 158 bytes (1 switches on core 0)
Jun 01 15:11:13.604519 np0000001862 devstack@g-api.service[102114]: DEBUG glance.api.middleware.version_negotiation [None req-ebdce4b3-e689-4d14-9d19-76fce2eea046 tempest-ServerActionsTestOtherB-532012820 tempest-ServerActionsTestOtherB-532012820-project-member] Determining version of request: GET /v2/schemas/image Accept: */* {{(pid=102114) process_request /opt/stack/glance/glance/api/middleware/version_negotiation.py:44}}
Jun 01 15:11:13.604519 np0000001862 devstack@g-api.service[102114]: DEBUG glance.api.middleware.version_negotiation [None req-ebdce4b3-e689-4d14-9d19-76fce2eea046 tempest-ServerActionsTestOtherB-532012820 tempest-ServerActionsTestOtherB-532012820-project-member] Using url versioning {{(pid=102114) process_request /opt/stack/glance/glance/api/middleware/version_negotiation.py:57}}
Jun 01 15:11:13.604519 np0000001862 devstack@g-api.service[102114]: DEBUG glance.api.middleware.version_negotiation [None req-ebdce4b3-e689-4d14-9d19-76fce2eea046 tempest-ServerActionsTestOtherB-532012820 tempest-ServerActionsTestOtherB-532012820-project-member] Matched version: v2 {{(pid=102114) process_request /opt/stack/glance/glance/api/middleware/version_negotiation.py:69}}
Jun 01 15:11:13.604519 np0000001862 devstack@g-api.service[102114]: DEBUG glance.api.middleware.version_negotiation [None req-ebdce4b3-e689-4d14-9d19-76fce2eea046 tempest-ServerActionsTestOtherB-532012820 tempest-ServerActionsTestOtherB-532012820-project-member] new path /v2/schemas/image {{(pid=102114) process_request /opt/stack/glance/glance/api/middleware/version_negotiation.py:70}}
Jun 01 15:11:13.613827 np0000001862 devstack@g-api.service[102114]: [pid: 102114|app: 0|req: 28/77] 127.0.0.1 () {44 vars in 1055 bytes} [Mon Jun 1 15:11:13 2026] GET /v2/schemas/image => generated 6083 bytes in 7 msecs (HTTP/1.1 200) 4 headers in 158 bytes (1 switches on core 0)
Jun 01 15:11:14.219585 np0000001862 devstack@g-api.service[102115]: DEBUG swiftclient [None req-d269bb01-bcf0-4f57-a95c-0284a02d8a80 tempest-ServerBootFromVolumeStableRescueTest-401623754 tempest-ServerBootFromVolumeStableRescueTest-401623754-project-member] REQ: curl -i https://10.4.3.221:8080/v1/AUTH_9e7013d7bc474d9c8d3c0a5c5ec7f0e8/glance/2513e1ca-2a9d-4143-8db1-5735cca6ee81-00001 -X PUT -H "X-Auth-Token: gAAAAABqHaEP3DH1..." {{(pid=102115) http_log /opt/stack/data/venv/lib/python3.12/site-packages/swiftclient/client.py:160}}
Jun 01 15:11:14.220765 np0000001862 devstack@g-api.service[102115]: DEBUG swiftclient [None req-d269bb01-bcf0-4f57-a95c-0284a02d8a80 tempest-ServerBootFromVolumeStableRescueTest-401623754 tempest-ServerBootFromVolumeStableRescueTest-401623754-project-member] RESP STATUS: 201 Created {{(pid=102115) http_log /opt/stack/data/venv/lib/python3.12/site-packages/swiftclient/client.py:161}}
Jun 01 15:11:14.220765 np0000001862 devstack@g-api.service[102115]: DEBUG swiftclient [None req-d269bb01-bcf0-4f57-a95c-0284a02d8a80 tempest-ServerBootFromVolumeStableRescueTest-401623754 tempest-ServerBootFromVolumeStableRescueTest-401623754-project-member] RESP HEADERS: {'Date': 'Mon, 01 Jun 2026 15:11:14 GMT', 'Server': 'Apache/2.4.58 (Ubuntu)', 'Content-Type': 'text/html; charset=UTF-8', 'Content-Length': '0', 'Etag': '4fa343ee581d8d2e78533191fd1ac3e1', 'Last-Modified': 'Mon, 01 Jun 2026 15:11:13 GMT', 'X-Trans-Id': 'tx7a4d70dc044d49408f77d-006a1da110', 'X-Openstack-Request-Id': 'tx7a4d70dc044d49408f77d-006a1da110', 'Connection': 'close'} {{(pid=102115) http_log /opt/stack/data/venv/lib/python3.12/site-packages/swiftclient/client.py:162}}
Jun 01 15:11:14.220765 np0000001862 devstack@g-api.service[102115]: DEBUG glance_store._drivers.swift.store [None req-d269bb01-bcf0-4f57-a95c-0284a02d8a80 tempest-ServerBootFromVolumeStableRescueTest-401623754 tempest-ServerBootFromVolumeStableRescueTest-401623754-project-member] Wrote chunk 2513e1ca-2a9d-4143-8db1-5735cca6ee81-00001 (1/?) of length 23527424 to Swift returning MD5 of content: 4fa343ee581d8d2e78533191fd1ac3e1 {{(pid=102115) add /opt/stack/data/venv/lib/python3.12/site-packages/glance_store/_drivers/swift/store.py:1059}}
Jun 01 15:11:14.224094 np0000001862 devstack@g-api.service[102115]: DEBUG glance_store._drivers.swift.store [None req-d269bb01-bcf0-4f57-a95c-0284a02d8a80 tempest-ServerBootFromVolumeStableRescueTest-401623754 tempest-ServerBootFromVolumeStableRescueTest-401623754-project-member] Not writing zero-length chunk. {{(pid=102115) add /opt/stack/data/venv/lib/python3.12/site-packages/glance_store/_drivers/swift/store.py:1028}}
Jun 01 15:11:14.280821 np0000001862 devstack@g-api.service[102115]: DEBUG swiftclient [None req-d269bb01-bcf0-4f57-a95c-0284a02d8a80 tempest-ServerBootFromVolumeStableRescueTest-401623754 tempest-ServerBootFromVolumeStableRescueTest-401623754-project-member] REQ: curl -i https://10.4.3.221:8080/v1/AUTH_9e7013d7bc474d9c8d3c0a5c5ec7f0e8/glance/2513e1ca-2a9d-4143-8db1-5735cca6ee81 -X PUT -H "X-Object-Manifest: glance/2513e1ca-2a9d-4143-8db1-5735cca6ee81-" -H "X-Auth-Token: gAAAAABqHaEP3DH1..." -H "Content-Length: 0" {{(pid=102115) http_log /opt/stack/data/venv/lib/python3.12/site-packages/swiftclient/client.py:160}}
Jun 01 15:11:14.280821 np0000001862 devstack@g-api.service[102115]: DEBUG swiftclient [None req-d269bb01-bcf0-4f57-a95c-0284a02d8a80 tempest-ServerBootFromVolumeStableRescueTest-401623754 tempest-ServerBootFromVolumeStableRescueTest-401623754-project-member] RESP STATUS: 201 Created {{(pid=102115) http_log /opt/stack/data/venv/lib/python3.12/site-packages/swiftclient/client.py:161}}
Jun 01 15:11:14.280821 np0000001862 devstack@g-api.service[102115]: DEBUG swiftclient [None req-d269bb01-bcf0-4f57-a95c-0284a02d8a80 tempest-ServerBootFromVolumeStableRescueTest-401623754 tempest-ServerBootFromVolumeStableRescueTest-401623754-project-member] RESP HEADERS: {'Date': 'Mon, 01 Jun 2026 15:11:14 GMT', 'Server': 'Apache/2.4.58 (Ubuntu)', 'Content-Type': 'text/html; charset=UTF-8', 'Content-Length': '0', 'Etag': 'd41d8cd98f00b204e9800998ecf8427e', 'Last-Modified': 'Mon, 01 Jun 2026 15:11:15 GMT', 'X-Trans-Id': 'tx189e2043fbbd4e43a323d-006a1da112', 'X-Openstack-Request-Id': 'tx189e2043fbbd4e43a323d-006a1da112', 'Connection': 'close'} {{(pid=102115) http_log /opt/stack/data/venv/lib/python3.12/site-packages/swiftclient/client.py:162}}
Jun 01 15:11:14.280821 np0000001862 devstack@g-api.service[102115]: INFO glance.location [None req-d269bb01-bcf0-4f57-a95c-0284a02d8a80 tempest-ServerBootFromVolumeStableRescueTest-401623754 tempest-ServerBootFromVolumeStableRescueTest-401623754-project-member] Image format matched and virtual size computed: 1073741824
Jun 01 15:11:14.366523 np0000001862 devstack@g-api.service[102115]: DEBUG glance_store.backend [None req-d269bb01-bcf0-4f57-a95c-0284a02d8a80 tempest-ServerBootFromVolumeStableRescueTest-401623754 tempest-ServerBootFromVolumeStableRescueTest-401623754-project-member] Attempting to import store swift {{(pid=102115) _load_store /opt/stack/data/venv/lib/python3.12/site-packages/glance_store/backend.py:215}}
Jun 01 15:11:14.368493 np0000001862 devstack@g-api.service[102115]: DEBUG glance_store.capabilities [None req-d269bb01-bcf0-4f57-a95c-0284a02d8a80 tempest-ServerBootFromVolumeStableRescueTest-401623754 tempest-ServerBootFromVolumeStableRescueTest-401623754-project-member] Store glance_store._drivers.swift.store.SingleTenantStore doesn't support updating dynamic storage capabilities. Please overwrite 'update_capabilities' method of the store to implement updating logics if needed. {{(pid=102115) update_capabilities /opt/stack/data/venv/lib/python3.12/site-packages/glance_store/capabilities.py:91}}
Jun 01 15:11:14.368963 np0000001862 devstack@g-api.service[102115]: DEBUG glance_store.driver [None req-d269bb01-bcf0-4f57-a95c-0284a02d8a80 tempest-ServerBootFromVolumeStableRescueTest-401623754 tempest-ServerBootFromVolumeStableRescueTest-401623754-project-member] Late loading location class glance_store._drivers.swift.store.StoreLocation {{(pid=102115) get_store_location_class /opt/stack/data/venv/lib/python3.12/site-packages/glance_store/driver.py:134}}
Jun 01 15:11:14.369178 np0000001862 devstack@g-api.service[102115]: DEBUG glance_store.location [None req-d269bb01-bcf0-4f57-a95c-0284a02d8a80 tempest-ServerBootFromVolumeStableRescueTest-401623754 tempest-ServerBootFromVolumeStableRescueTest-401623754-project-member] Registering scheme swift+https with {'store': , 'location_class': , 'store_entry': 'swift'} {{(pid=102115) register_scheme_map /opt/stack/data/venv/lib/python3.12/site-packages/glance_store/location.py:146}}
Jun 01 15:11:14.369532 np0000001862 devstack@g-api.service[102115]: DEBUG glance_store.location [None req-d269bb01-bcf0-4f57-a95c-0284a02d8a80 tempest-ServerBootFromVolumeStableRescueTest-401623754 tempest-ServerBootFromVolumeStableRescueTest-401623754-project-member] Registering scheme swift+https with {'store': , 'location_class': , 'store_entry': 'swift'} {{(pid=102115) register_scheme_map /opt/stack/data/venv/lib/python3.12/site-packages/glance_store/location.py:146}}
Jun 01 15:11:14.369976 np0000001862 devstack@g-api.service[102115]: DEBUG glance_store.location [None req-d269bb01-bcf0-4f57-a95c-0284a02d8a80 tempest-ServerBootFromVolumeStableRescueTest-401623754 tempest-ServerBootFromVolumeStableRescueTest-401623754-project-member] Registering scheme swift with {'store': , 'location_class': , 'store_entry': 'swift'} {{(pid=102115) register_scheme_map /opt/stack/data/venv/lib/python3.12/site-packages/glance_store/location.py:146}}
Jun 01 15:11:14.369976 np0000001862 devstack@g-api.service[102115]: DEBUG glance_store.location [None req-d269bb01-bcf0-4f57-a95c-0284a02d8a80 tempest-ServerBootFromVolumeStableRescueTest-401623754 tempest-ServerBootFromVolumeStableRescueTest-401623754-project-member] Registering scheme swift+https with {'store': , 'location_class': , 'store_entry': 'swift'} {{(pid=102115) register_scheme_map /opt/stack/data/venv/lib/python3.12/site-packages/glance_store/location.py:146}}
Jun 01 15:11:14.369976 np0000001862 devstack@g-api.service[102115]: DEBUG glance_store.location [None req-d269bb01-bcf0-4f57-a95c-0284a02d8a80 tempest-ServerBootFromVolumeStableRescueTest-401623754 tempest-ServerBootFromVolumeStableRescueTest-401623754-project-member] Registering scheme swift with {'store': , 'location_class': , 'store_entry': 'swift'} {{(pid=102115) register_scheme_map /opt/stack/data/venv/lib/python3.12/site-packages/glance_store/location.py:146}}
Jun 01 15:11:14.370194 np0000001862 devstack@g-api.service[102115]: DEBUG glance_store.location [None req-d269bb01-bcf0-4f57-a95c-0284a02d8a80 tempest-ServerBootFromVolumeStableRescueTest-401623754 tempest-ServerBootFromVolumeStableRescueTest-401623754-project-member] Registering scheme swift+http with {'store': , 'location_class': , 'store_entry': 'swift'} {{(pid=102115) register_scheme_map /opt/stack/data/venv/lib/python3.12/site-packages/glance_store/location.py:146}}
Jun 01 15:11:14.372756 np0000001862 devstack@g-api.service[102115]: DEBUG glance_store.location [None req-d269bb01-bcf0-4f57-a95c-0284a02d8a80 tempest-ServerBootFromVolumeStableRescueTest-401623754 tempest-ServerBootFromVolumeStableRescueTest-401623754-project-member] Registering scheme swift+https with {'store': , 'location_class': , 'store_entry': 'swift'} {{(pid=102115) register_scheme_map /opt/stack/data/venv/lib/python3.12/site-packages/glance_store/location.py:146}}
Jun 01 15:11:14.372756 np0000001862 devstack@g-api.service[102115]: DEBUG glance_store.location [None req-d269bb01-bcf0-4f57-a95c-0284a02d8a80 tempest-ServerBootFromVolumeStableRescueTest-401623754 tempest-ServerBootFromVolumeStableRescueTest-401623754-project-member] Registering scheme swift with {'store': , 'location_class': , 'store_entry': 'swift'} {{(pid=102115) register_scheme_map /opt/stack/data/venv/lib/python3.12/site-packages/glance_store/location.py:146}}
Jun 01 15:11:14.372756 np0000001862 devstack@g-api.service[102115]: DEBUG glance_store.location [None req-d269bb01-bcf0-4f57-a95c-0284a02d8a80 tempest-ServerBootFromVolumeStableRescueTest-401623754 tempest-ServerBootFromVolumeStableRescueTest-401623754-project-member] Registering scheme swift+http with {'store': , 'location_class': , 'store_entry': 'swift'} {{(pid=102115) register_scheme_map /opt/stack/data/venv/lib/python3.12/site-packages/glance_store/location.py:146}}
Jun 01 15:11:14.372935 np0000001862 devstack@g-api.service[102115]: DEBUG glance_store.location [None req-d269bb01-bcf0-4f57-a95c-0284a02d8a80 tempest-ServerBootFromVolumeStableRescueTest-401623754 tempest-ServerBootFromVolumeStableRescueTest-401623754-project-member] Registering scheme swift+config with {'store': , 'location_class': , 'store_entry': 'swift'} {{(pid=102115) register_scheme_map /opt/stack/data/venv/lib/python3.12/site-packages/glance_store/location.py:146}}
Jun 01 15:11:14.372935 np0000001862 devstack@g-api.service[102115]: DEBUG glance_store.backend [None req-d269bb01-bcf0-4f57-a95c-0284a02d8a80 tempest-ServerBootFromVolumeStableRescueTest-401623754 tempest-ServerBootFromVolumeStableRescueTest-401623754-project-member] Skipping store.set_acls... not implemented. {{(pid=102115) set_acls /opt/stack/data/venv/lib/python3.12/site-packages/glance_store/backend.py:507}}
Jun 01 15:11:14.375267 np0000001862 devstack@g-api.service[102115]: [pid: 102115|app: 0|req: 24/78] 127.0.0.1 () {46 vars in 1158 bytes} [Mon Jun 1 15:11:10 2026] PUT /v2/images/2513e1ca-2a9d-4143-8db1-5735cca6ee81/file => generated 0 bytes in 4089 msecs (HTTP/1.1 204) 4 headers in 171 bytes (1 switches on core 0)
Jun 01 15:11:14.444542 np0000001862 devstack@g-api.service[102116]: DEBUG glance.api.middleware.version_negotiation [None req-13b9c84b-3606-453f-86e2-e7296730b360 tempest-ServerBootFromVolumeStableRescueTest-401623754 tempest-ServerBootFromVolumeStableRescueTest-401623754-project-member] Determining version of request: GET /v2/images/2513e1ca-2a9d-4143-8db1-5735cca6ee81 Accept: */* {{(pid=102116) process_request /opt/stack/glance/glance/api/middleware/version_negotiation.py:44}}
Jun 01 15:11:14.444771 np0000001862 devstack@g-api.service[102116]: DEBUG glance.api.middleware.version_negotiation [None req-13b9c84b-3606-453f-86e2-e7296730b360 tempest-ServerBootFromVolumeStableRescueTest-401623754 tempest-ServerBootFromVolumeStableRescueTest-401623754-project-member] Using url versioning {{(pid=102116) process_request /opt/stack/glance/glance/api/middleware/version_negotiation.py:57}}
Jun 01 15:11:14.444959 np0000001862 devstack@g-api.service[102116]: DEBUG glance.api.middleware.version_negotiation [None req-13b9c84b-3606-453f-86e2-e7296730b360 tempest-ServerBootFromVolumeStableRescueTest-401623754 tempest-ServerBootFromVolumeStableRescueTest-401623754-project-member] Matched version: v2 {{(pid=102116) process_request /opt/stack/glance/glance/api/middleware/version_negotiation.py:69}}
Jun 01 15:11:14.445127 np0000001862 devstack@g-api.service[102116]: DEBUG glance.api.middleware.version_negotiation [None req-13b9c84b-3606-453f-86e2-e7296730b360 tempest-ServerBootFromVolumeStableRescueTest-401623754 tempest-ServerBootFromVolumeStableRescueTest-401623754-project-member] new path /v2/images/2513e1ca-2a9d-4143-8db1-5735cca6ee81 {{(pid=102116) process_request /opt/stack/glance/glance/api/middleware/version_negotiation.py:70}}
Jun 01 15:11:14.474797 np0000001862 devstack@g-api.service[102116]: [pid: 102116|app: 0|req: 27/79] 127.0.0.1 () {44 vars in 1115 bytes} [Mon Jun 1 15:11:14 2026] GET /v2/images/2513e1ca-2a9d-4143-8db1-5735cca6ee81 => generated 1638 bytes in 30 msecs (HTTP/1.1 200) 4 headers in 158 bytes (1 switches on core 0)
Jun 01 15:11:14.518810 np0000001862 devstack@g-api.service[102114]: DEBUG glance.api.middleware.version_negotiation [None req-ebdce4b3-e689-4d14-9d19-76fce2eea046 tempest-ServerActionsTestOtherB-532012820 tempest-ServerActionsTestOtherB-532012820-project-member] Determining version of request: GET /v2/schemas/image Accept: */* {{(pid=102114) process_request /opt/stack/glance/glance/api/middleware/version_negotiation.py:44}}
Jun 01 15:11:14.520377 np0000001862 devstack@g-api.service[102114]: DEBUG glance.api.middleware.version_negotiation [None req-ebdce4b3-e689-4d14-9d19-76fce2eea046 tempest-ServerActionsTestOtherB-532012820 tempest-ServerActionsTestOtherB-532012820-project-member] Using url versioning {{(pid=102114) process_request /opt/stack/glance/glance/api/middleware/version_negotiation.py:57}}
Jun 01 15:11:14.520610 np0000001862 devstack@g-api.service[102114]: DEBUG glance.api.middleware.version_negotiation [None req-ebdce4b3-e689-4d14-9d19-76fce2eea046 tempest-ServerActionsTestOtherB-532012820 tempest-ServerActionsTestOtherB-532012820-project-member] Matched version: v2 {{(pid=102114) process_request /opt/stack/glance/glance/api/middleware/version_negotiation.py:69}}
Jun 01 15:11:14.520950 np0000001862 devstack@g-api.service[102114]: DEBUG glance.api.middleware.version_negotiation [None req-ebdce4b3-e689-4d14-9d19-76fce2eea046 tempest-ServerActionsTestOtherB-532012820 tempest-ServerActionsTestOtherB-532012820-project-member] new path /v2/schemas/image {{(pid=102114) process_request /opt/stack/glance/glance/api/middleware/version_negotiation.py:70}}
Jun 01 15:11:14.529084 np0000001862 devstack@g-api.service[102114]: [pid: 102114|app: 0|req: 29/80] 127.0.0.1 () {44 vars in 1055 bytes} [Mon Jun 1 15:11:14 2026] GET /v2/schemas/image => generated 6083 bytes in 11 msecs (HTTP/1.1 200) 4 headers in 158 bytes (1 switches on core 0)
Jun 01 15:11:14.579924 np0000001862 devstack@g-api.service[102115]: DEBUG glance.api.middleware.version_negotiation [None req-d269bb01-bcf0-4f57-a95c-0284a02d8a80 tempest-ServerBootFromVolumeStableRescueTest-401623754 tempest-ServerBootFromVolumeStableRescueTest-401623754-project-member] Determining version of request: GET /v2/images/2513e1ca-2a9d-4143-8db1-5735cca6ee81 Accept: application/json {{(pid=102115) process_request /opt/stack/glance/glance/api/middleware/version_negotiation.py:44}}
Jun 01 15:11:14.580142 np0000001862 devstack@g-api.service[102115]: DEBUG glance.api.middleware.version_negotiation [None req-d269bb01-bcf0-4f57-a95c-0284a02d8a80 tempest-ServerBootFromVolumeStableRescueTest-401623754 tempest-ServerBootFromVolumeStableRescueTest-401623754-project-member] Using url versioning {{(pid=102115) process_request /opt/stack/glance/glance/api/middleware/version_negotiation.py:57}}
Jun 01 15:11:14.580142 np0000001862 devstack@g-api.service[102115]: DEBUG glance.api.middleware.version_negotiation [None req-d269bb01-bcf0-4f57-a95c-0284a02d8a80 tempest-ServerBootFromVolumeStableRescueTest-401623754 tempest-ServerBootFromVolumeStableRescueTest-401623754-project-member] Matched version: v2 {{(pid=102115) process_request /opt/stack/glance/glance/api/middleware/version_negotiation.py:69}}
Jun 01 15:11:14.580207 np0000001862 devstack@g-api.service[102115]: DEBUG glance.api.middleware.version_negotiation [None req-d269bb01-bcf0-4f57-a95c-0284a02d8a80 tempest-ServerBootFromVolumeStableRescueTest-401623754 tempest-ServerBootFromVolumeStableRescueTest-401623754-project-member] new path /v2/images/2513e1ca-2a9d-4143-8db1-5735cca6ee81 {{(pid=102115) process_request /opt/stack/glance/glance/api/middleware/version_negotiation.py:70}}
Jun 01 15:11:14.617198 np0000001862 devstack@g-api.service[102115]: [pid: 102115|app: 0|req: 25/81] 127.0.0.1 () {40 vars in 838 bytes} [Mon Jun 1 15:11:14 2026] GET /v2/images/2513e1ca-2a9d-4143-8db1-5735cca6ee81 => generated 1638 bytes in 38 msecs (HTTP/1.1 200) 4 headers in 158 bytes (1 switches on core 0)
Jun 01 15:11:14.628426 np0000001862 devstack@g-api.service[102116]: DEBUG glance.api.middleware.version_negotiation [None req-d269bb01-bcf0-4f57-a95c-0284a02d8a80 tempest-ServerBootFromVolumeStableRescueTest-401623754 tempest-ServerBootFromVolumeStableRescueTest-401623754-project-member] Determining version of request: GET /v2/images/2513e1ca-2a9d-4143-8db1-5735cca6ee81 Accept: application/json {{(pid=102116) process_request /opt/stack/glance/glance/api/middleware/version_negotiation.py:44}}
Jun 01 15:11:14.629335 np0000001862 devstack@g-api.service[102116]: DEBUG glance.api.middleware.version_negotiation [None req-d269bb01-bcf0-4f57-a95c-0284a02d8a80 tempest-ServerBootFromVolumeStableRescueTest-401623754 tempest-ServerBootFromVolumeStableRescueTest-401623754-project-member] Using url versioning {{(pid=102116) process_request /opt/stack/glance/glance/api/middleware/version_negotiation.py:57}}
Jun 01 15:11:14.629335 np0000001862 devstack@g-api.service[102116]: DEBUG glance.api.middleware.version_negotiation [None req-d269bb01-bcf0-4f57-a95c-0284a02d8a80 tempest-ServerBootFromVolumeStableRescueTest-401623754 tempest-ServerBootFromVolumeStableRescueTest-401623754-project-member] Matched version: v2 {{(pid=102116) process_request /opt/stack/glance/glance/api/middleware/version_negotiation.py:69}}
Jun 01 15:11:14.629335 np0000001862 devstack@g-api.service[102116]: DEBUG glance.api.middleware.version_negotiation [None req-d269bb01-bcf0-4f57-a95c-0284a02d8a80 tempest-ServerBootFromVolumeStableRescueTest-401623754 tempest-ServerBootFromVolumeStableRescueTest-401623754-project-member] new path /v2/images/2513e1ca-2a9d-4143-8db1-5735cca6ee81 {{(pid=102116) process_request /opt/stack/glance/glance/api/middleware/version_negotiation.py:70}}
Jun 01 15:11:14.669510 np0000001862 devstack@g-api.service[102116]: [pid: 102116|app: 0|req: 28/82] 127.0.0.1 () {40 vars in 838 bytes} [Mon Jun 1 15:11:14 2026] GET /v2/images/2513e1ca-2a9d-4143-8db1-5735cca6ee81 => generated 1638 bytes in 42 msecs (HTTP/1.1 200) 4 headers in 158 bytes (1 switches on core 0)
Jun 01 15:11:15.639892 np0000001862 devstack@g-api.service[102114]: DEBUG glance.api.middleware.version_negotiation [None req-d269bb01-bcf0-4f57-a95c-0284a02d8a80 tempest-ServerBootFromVolumeStableRescueTest-401623754 tempest-ServerBootFromVolumeStableRescueTest-401623754-project-member] Determining version of request: GET /v2/images/774e2465-17b9-4891-9515-7ee54c773345 Accept: */* {{(pid=102114) process_request /opt/stack/glance/glance/api/middleware/version_negotiation.py:44}}
Jun 01 15:11:15.640953 np0000001862 devstack@g-api.service[102114]: DEBUG glance.api.middleware.version_negotiation [None req-d269bb01-bcf0-4f57-a95c-0284a02d8a80 tempest-ServerBootFromVolumeStableRescueTest-401623754 tempest-ServerBootFromVolumeStableRescueTest-401623754-project-member] Using url versioning {{(pid=102114) process_request /opt/stack/glance/glance/api/middleware/version_negotiation.py:57}}
Jun 01 15:11:15.641316 np0000001862 devstack@g-api.service[102114]: DEBUG glance.api.middleware.version_negotiation [None req-d269bb01-bcf0-4f57-a95c-0284a02d8a80 tempest-ServerBootFromVolumeStableRescueTest-401623754 tempest-ServerBootFromVolumeStableRescueTest-401623754-project-member] Matched version: v2 {{(pid=102114) process_request /opt/stack/glance/glance/api/middleware/version_negotiation.py:69}}
Jun 01 15:11:15.641465 np0000001862 devstack@g-api.service[102114]: DEBUG glance.api.middleware.version_negotiation [None req-d269bb01-bcf0-4f57-a95c-0284a02d8a80 tempest-ServerBootFromVolumeStableRescueTest-401623754 tempest-ServerBootFromVolumeStableRescueTest-401623754-project-member] new path /v2/images/774e2465-17b9-4891-9515-7ee54c773345 {{(pid=102114) process_request /opt/stack/glance/glance/api/middleware/version_negotiation.py:70}}
Jun 01 15:11:15.659468 np0000001862 devstack@g-api.service[102114]: [pid: 102114|app: 0|req: 30/83] 127.0.0.1 () {44 vars in 1115 bytes} [Mon Jun 1 15:11:15 2026] GET /v2/images/774e2465-17b9-4891-9515-7ee54c773345 => generated 1044 bytes in 20 msecs (HTTP/1.1 200) 4 headers in 158 bytes (1 switches on core 0)
Jun 01 15:11:15.701035 np0000001862 devstack@g-api.service[102115]: DEBUG glance.api.middleware.version_negotiation [None req-68565791-70d6-49f4-a179-8e118da3da75 tempest-ServerBootFromVolumeStableRescueTest-401623754 tempest-ServerBootFromVolumeStableRescueTest-401623754-project-member] Determining version of request: GET /v2/schemas/image Accept: */* {{(pid=102115) process_request /opt/stack/glance/glance/api/middleware/version_negotiation.py:44}}
Jun 01 15:11:15.701488 np0000001862 devstack@g-api.service[102115]: DEBUG glance.api.middleware.version_negotiation [None req-68565791-70d6-49f4-a179-8e118da3da75 tempest-ServerBootFromVolumeStableRescueTest-401623754 tempest-ServerBootFromVolumeStableRescueTest-401623754-project-member] Using url versioning {{(pid=102115) process_request /opt/stack/glance/glance/api/middleware/version_negotiation.py:57}}
Jun 01 15:11:15.701488 np0000001862 devstack@g-api.service[102115]: DEBUG glance.api.middleware.version_negotiation [None req-68565791-70d6-49f4-a179-8e118da3da75 tempest-ServerBootFromVolumeStableRescueTest-401623754 tempest-ServerBootFromVolumeStableRescueTest-401623754-project-member] Matched version: v2 {{(pid=102115) process_request /opt/stack/glance/glance/api/middleware/version_negotiation.py:69}}
Jun 01 15:11:15.702381 np0000001862 devstack@g-api.service[102115]: DEBUG glance.api.middleware.version_negotiation [None req-68565791-70d6-49f4-a179-8e118da3da75 tempest-ServerBootFromVolumeStableRescueTest-401623754 tempest-ServerBootFromVolumeStableRescueTest-401623754-project-member] new path /v2/schemas/image {{(pid=102115) process_request /opt/stack/glance/glance/api/middleware/version_negotiation.py:70}}
Jun 01 15:11:15.704375 np0000001862 devstack@g-api.service[102115]: [pid: 102115|app: 0|req: 26/84] 127.0.0.1 () {44 vars in 1055 bytes} [Mon Jun 1 15:11:15 2026] GET /v2/schemas/image => generated 6083 bytes in 4 msecs (HTTP/1.1 200) 4 headers in 158 bytes (1 switches on core 0)
Jun 01 15:11:24.605992 np0000001862 devstack@g-api.service[102115]: DEBUG dbcounter [-] [102115] Writing DB stats glance:SELECT=23,glance:UPDATE=2,glance:INSERT=1 {{(pid=102115) stat_writer /opt/stack/data/venv/lib/python3.12/site-packages/dbcounter.py:115}}
Jun 01 15:11:24.665346 np0000001862 devstack@g-api.service[102116]: DEBUG dbcounter [-] [102116] Writing DB stats glance:SELECT=23,glance:UPDATE=1,glance:INSERT=3 {{(pid=102116) stat_writer /opt/stack/data/venv/lib/python3.12/site-packages/dbcounter.py:115}}
Jun 01 15:11:25.657536 np0000001862 devstack@g-api.service[102114]: DEBUG dbcounter [-] [102114] Writing DB stats glance:SELECT=18,glance:INSERT=17 {{(pid=102114) stat_writer /opt/stack/data/venv/lib/python3.12/site-packages/dbcounter.py:115}}
Jun 01 15:11:43.364504 np0000001862 devstack@g-api.service[102116]: DEBUG glance.api.middleware.version_negotiation [None req-411985a1-37f2-4417-8568-febd70cc18eb tempest-ServerBootFromVolumeStableRescueTest-401623754 tempest-ServerBootFromVolumeStableRescueTest-401623754-project-member] Determining version of request: PATCH /v2/images/2513e1ca-2a9d-4143-8db1-5735cca6ee81 Accept: {{(pid=102116) process_request /opt/stack/glance/glance/api/middleware/version_negotiation.py:44}}
Jun 01 15:11:43.364974 np0000001862 devstack@g-api.service[102116]: DEBUG glance.api.middleware.version_negotiation [None req-411985a1-37f2-4417-8568-febd70cc18eb tempest-ServerBootFromVolumeStableRescueTest-401623754 tempest-ServerBootFromVolumeStableRescueTest-401623754-project-member] Using url versioning {{(pid=102116) process_request /opt/stack/glance/glance/api/middleware/version_negotiation.py:57}}
Jun 01 15:11:43.364974 np0000001862 devstack@g-api.service[102116]: DEBUG glance.api.middleware.version_negotiation [None req-411985a1-37f2-4417-8568-febd70cc18eb tempest-ServerBootFromVolumeStableRescueTest-401623754 tempest-ServerBootFromVolumeStableRescueTest-401623754-project-member] Matched version: v2 {{(pid=102116) process_request /opt/stack/glance/glance/api/middleware/version_negotiation.py:69}}
Jun 01 15:11:43.364974 np0000001862 devstack@g-api.service[102116]: DEBUG glance.api.middleware.version_negotiation [None req-411985a1-37f2-4417-8568-febd70cc18eb tempest-ServerBootFromVolumeStableRescueTest-401623754 tempest-ServerBootFromVolumeStableRescueTest-401623754-project-member] new path /v2/images/2513e1ca-2a9d-4143-8db1-5735cca6ee81 {{(pid=102116) process_request /opt/stack/glance/glance/api/middleware/version_negotiation.py:70}}
