Jun 01 15:08:00.961033 np0000001862 nova-scheduler[95867]: DEBUG cotyledon.oslo_config_glue [-] oslo_limit.connect_retry_delay = None {{(pid=95867) log_opt_values /opt/stack/data/venv/lib/python3.12/site-packages/oslo_config/cfg.py:3256}}
Jun 01 15:08:00.961033 np0000001862 nova-scheduler[95867]: DEBUG cotyledon.oslo_config_glue [-] oslo_limit.endpoint_id = None {{(pid=95867) log_opt_values /opt/stack/data/venv/lib/python3.12/site-packages/oslo_config/cfg.py:3256}}
Jun 01 15:08:00.961033 np0000001862 nova-scheduler[95867]: DEBUG cotyledon.oslo_config_glue [-] oslo_limit.endpoint_interface = public {{(pid=95867) log_opt_values /opt/stack/data/venv/lib/python3.12/site-packages/oslo_config/cfg.py:3256}}
Jun 01 15:08:00.961033 np0000001862 nova-scheduler[95867]: DEBUG cotyledon.oslo_config_glue [-] oslo_limit.endpoint_override = None {{(pid=95867) log_opt_values /opt/stack/data/venv/lib/python3.12/site-packages/oslo_config/cfg.py:3256}}
Jun 01 15:08:00.961033 np0000001862 nova-scheduler[95867]: DEBUG cotyledon.oslo_config_glue [-] oslo_limit.endpoint_region_name = None {{(pid=95867) log_opt_values /opt/stack/data/venv/lib/python3.12/site-packages/oslo_config/cfg.py:3256}}
Jun 01 15:08:00.961033 np0000001862 nova-scheduler[95867]: DEBUG cotyledon.oslo_config_glue [-] oslo_limit.endpoint_service_name = None {{(pid=95867) log_opt_values /opt/stack/data/venv/lib/python3.12/site-packages/oslo_config/cfg.py:3256}}
Jun 01 15:08:00.961338 np0000001862 nova-scheduler[95867]: DEBUG cotyledon.oslo_config_glue [-] oslo_limit.endpoint_service_type = None {{(pid=95867) log_opt_values /opt/stack/data/venv/lib/python3.12/site-packages/oslo_config/cfg.py:3256}}
Jun 01 15:08:00.961338 np0000001862 nova-scheduler[95867]: DEBUG cotyledon.oslo_config_glue [-] oslo_limit.insecure = False {{(pid=95867) log_opt_values /opt/stack/data/venv/lib/python3.12/site-packages/oslo_config/cfg.py:3256}}
Jun 01 15:08:00.961415 np0000001862 nova-scheduler[95865]: INFO nova.service [-] Starting scheduler node (version 33.1.0)
Jun 01 15:08:00.961473 np0000001862 nova-scheduler[95867]: DEBUG cotyledon.oslo_config_glue [-] oslo_limit.keyfile = None {{(pid=95867) log_opt_values /opt/stack/data/venv/lib/python3.12/site-packages/oslo_config/cfg.py:3256}}
Jun 01 15:08:00.961473 np0000001862 nova-scheduler[95867]: DEBUG cotyledon.oslo_config_glue [-] oslo_limit.max_version = None {{(pid=95867) log_opt_values /opt/stack/data/venv/lib/python3.12/site-packages/oslo_config/cfg.py:3256}}
Jun 01 15:08:00.961473 np0000001862 nova-scheduler[95867]: DEBUG cotyledon.oslo_config_glue [-] oslo_limit.min_version = None {{(pid=95867) log_opt_values /opt/stack/data/venv/lib/python3.12/site-packages/oslo_config/cfg.py:3256}}
Jun 01 15:08:00.961473 np0000001862 nova-scheduler[95867]: DEBUG cotyledon.oslo_config_glue [-] oslo_limit.region_name = None {{(pid=95867) log_opt_values /opt/stack/data/venv/lib/python3.12/site-packages/oslo_config/cfg.py:3256}}
Jun 01 15:08:00.961473 np0000001862 nova-scheduler[95867]: DEBUG cotyledon.oslo_config_glue [-] oslo_limit.retriable_status_codes = None {{(pid=95867) log_opt_values /opt/stack/data/venv/lib/python3.12/site-packages/oslo_config/cfg.py:3256}}
Jun 01 15:08:00.961473 np0000001862 nova-scheduler[95867]: DEBUG cotyledon.oslo_config_glue [-] oslo_limit.service_name = None {{(pid=95867) log_opt_values /opt/stack/data/venv/lib/python3.12/site-packages/oslo_config/cfg.py:3256}}
Jun 01 15:08:00.961473 np0000001862 nova-scheduler[95867]: DEBUG cotyledon.oslo_config_glue [-] oslo_limit.service_type = None {{(pid=95867) log_opt_values /opt/stack/data/venv/lib/python3.12/site-packages/oslo_config/cfg.py:3256}}
Jun 01 15:08:00.961473 np0000001862 nova-scheduler[95867]: DEBUG cotyledon.oslo_config_glue [-] oslo_limit.split_loggers = False {{(pid=95867) log_opt_values /opt/stack/data/venv/lib/python3.12/site-packages/oslo_config/cfg.py:3256}}
Jun 01 15:08:00.961473 np0000001862 nova-scheduler[95867]: DEBUG cotyledon.oslo_config_glue [-] oslo_limit.status_code_retries = None {{(pid=95867) log_opt_values /opt/stack/data/venv/lib/python3.12/site-packages/oslo_config/cfg.py:3256}}
Jun 01 15:08:00.961778 np0000001862 nova-scheduler[95867]: DEBUG cotyledon.oslo_config_glue [-] oslo_limit.status_code_retry_delay = None {{(pid=95867) log_opt_values /opt/stack/data/venv/lib/python3.12/site-packages/oslo_config/cfg.py:3256}}
Jun 01 15:08:00.961778 np0000001862 nova-scheduler[95867]: DEBUG cotyledon.oslo_config_glue [-] oslo_limit.timeout = None {{(pid=95867) log_opt_values /opt/stack/data/venv/lib/python3.12/site-packages/oslo_config/cfg.py:3256}}
Jun 01 15:08:00.961778 np0000001862 nova-scheduler[95867]: DEBUG cotyledon.oslo_config_glue [-] oslo_limit.valid_interfaces = None {{(pid=95867) log_opt_values /opt/stack/data/venv/lib/python3.12/site-packages/oslo_config/cfg.py:3256}}
Jun 01 15:08:00.961778 np0000001862 nova-scheduler[95867]: DEBUG cotyledon.oslo_config_glue [-] oslo_limit.version = None {{(pid=95867) log_opt_values /opt/stack/data/venv/lib/python3.12/site-packages/oslo_config/cfg.py:3256}}
Jun 01 15:08:00.961778 np0000001862 nova-scheduler[95867]: DEBUG cotyledon.oslo_config_glue [-] oslo_reports.file_event_handler = None {{(pid=95867) log_opt_values /opt/stack/data/venv/lib/python3.12/site-packages/oslo_config/cfg.py:3256}}
Jun 01 15:08:00.961778 np0000001862 nova-scheduler[95867]: DEBUG cotyledon.oslo_config_glue [-] oslo_reports.file_event_handler_interval = 1 {{(pid=95867) log_opt_values /opt/stack/data/venv/lib/python3.12/site-packages/oslo_config/cfg.py:3256}}
Jun 01 15:08:00.961778 np0000001862 nova-scheduler[95867]: DEBUG cotyledon.oslo_config_glue [-] oslo_reports.log_dir = None {{(pid=95867) log_opt_values /opt/stack/data/venv/lib/python3.12/site-packages/oslo_config/cfg.py:3256}}
Jun 01 15:08:00.961778 np0000001862 nova-scheduler[95867]: DEBUG cotyledon.oslo_config_glue [-] ******************************************************************************** {{(pid=95867) log_opt_values /opt/stack/data/venv/lib/python3.12/site-packages/oslo_config/cfg.py:3263}}
Jun 01 15:08:00.961778 np0000001862 nova-scheduler[95867]: DEBUG cotyledon._service_worker [-] Run service ServiceWrapper(2) [95867] {{(pid=95867) wait_forever /opt/stack/data/venv/lib/python3.12/site-packages/cotyledon/_service_worker.py:218}}
Jun 01 15:08:00.962053 np0000001862 nova-scheduler[95867]: INFO nova.service [-] Starting scheduler node (version 33.1.0)
Jun 01 15:08:00.962089 np0000001862 nova-scheduler[95865]: INFO dbcounter [None req-7e45e60d-e52b-4955-9097-554b4d11eedd None None] Registered counter for database nova_cell0
Jun 01 15:08:00.962121 np0000001862 nova-scheduler[95867]: INFO dbcounter [None req-61362bf2-633f-4f69-a41e-40538d6feb98 None None] Registered counter for database nova_cell0
Jun 01 15:08:00.962151 np0000001862 nova-scheduler[95863]: DEBUG oslo_db.sqlalchemy.engines [None req-e1d6ccd2-c35d-4894-8397-949710fbcc1d None None] MySQL server mode set to STRICT_TRANS_TABLES,STRICT_ALL_TABLES,NO_ZERO_IN_DATE,NO_ZERO_DATE,ERROR_FOR_DIVISION_BY_ZERO,TRADITIONAL,NO_ENGINE_SUBSTITUTION {{(pid=95863) _check_effective_sql_mode /opt/stack/data/venv/lib/python3.12/site-packages/oslo_db/sqlalchemy/engines.py:325}}
Jun 01 15:08:00.962151 np0000001862 nova-scheduler[95863]: DEBUG dbcounter [-] [95863] Writer thread running {{(pid=95863) stat_writer /opt/stack/data/venv/lib/python3.12/site-packages/dbcounter.py:102}}
Jun 01 15:08:00.979478 np0000001862 nova-scheduler[95863]: DEBUG nova.service [None req-e1d6ccd2-c35d-4894-8397-949710fbcc1d None None] Creating RPC server for service: nova-scheduler on topic: scheduler {{(pid=95863) start /opt/stack/nova/nova/service.py:195}}
Jun 01 15:08:00.979632 np0000001862 nova-scheduler[95865]: DEBUG oslo_db.sqlalchemy.engines [None req-7e45e60d-e52b-4955-9097-554b4d11eedd None None] MySQL server mode set to STRICT_TRANS_TABLES,STRICT_ALL_TABLES,NO_ZERO_IN_DATE,NO_ZERO_DATE,ERROR_FOR_DIVISION_BY_ZERO,TRADITIONAL,NO_ENGINE_SUBSTITUTION {{(pid=95865) _check_effective_sql_mode /opt/stack/data/venv/lib/python3.12/site-packages/oslo_db/sqlalchemy/engines.py:325}}
Jun 01 15:08:00.985854 np0000001862 nova-scheduler[95867]: DEBUG oslo_db.sqlalchemy.engines [None req-61362bf2-633f-4f69-a41e-40538d6feb98 None None] MySQL server mode set to STRICT_TRANS_TABLES,STRICT_ALL_TABLES,NO_ZERO_IN_DATE,NO_ZERO_DATE,ERROR_FOR_DIVISION_BY_ZERO,TRADITIONAL,NO_ENGINE_SUBSTITUTION {{(pid=95867) _check_effective_sql_mode /opt/stack/data/venv/lib/python3.12/site-packages/oslo_db/sqlalchemy/engines.py:325}}
Jun 01 15:08:00.988925 np0000001862 nova-scheduler[95865]: DEBUG dbcounter [-] [95865] Writer thread running {{(pid=95865) stat_writer /opt/stack/data/venv/lib/python3.12/site-packages/dbcounter.py:102}}
Jun 01 15:08:00.991997 np0000001862 nova-scheduler[95865]: DEBUG nova.service [None req-7e45e60d-e52b-4955-9097-554b4d11eedd None None] Creating RPC server for service: nova-scheduler on topic: scheduler {{(pid=95865) start /opt/stack/nova/nova/service.py:195}}
Jun 01 15:08:00.999071 np0000001862 nova-scheduler[95867]: DEBUG dbcounter [-] [95867] Writer thread running {{(pid=95867) stat_writer /opt/stack/data/venv/lib/python3.12/site-packages/dbcounter.py:102}}
Jun 01 15:08:01.003388 np0000001862 nova-scheduler[95867]: DEBUG nova.service [None req-61362bf2-633f-4f69-a41e-40538d6feb98 None None] Creating RPC server for service: nova-scheduler on topic: scheduler {{(pid=95867) start /opt/stack/nova/nova/service.py:195}}
Jun 01 15:08:01.012434 np0000001862 nova-scheduler[95863]: DEBUG nova.service [None req-e1d6ccd2-c35d-4894-8397-949710fbcc1d None None] Join ServiceGroup membership for this service scheduler {{(pid=95863) start /opt/stack/nova/nova/service.py:221}}
Jun 01 15:08:01.012622 np0000001862 nova-scheduler[95863]: DEBUG nova.servicegroup.drivers.db [None req-e1d6ccd2-c35d-4894-8397-949710fbcc1d None None] DB_Driver: join new ServiceGroup member np0000001862 to the scheduler group, service = {{(pid=95863) join /opt/stack/nova/nova/servicegroup/drivers/db.py:44}}
Jun 01 15:08:01.013406 np0000001862 nova-scheduler[95865]: DEBUG nova.service [None req-7e45e60d-e52b-4955-9097-554b4d11eedd None None] Join ServiceGroup membership for this service scheduler {{(pid=95865) start /opt/stack/nova/nova/service.py:221}}
Jun 01 15:08:01.013607 np0000001862 nova-scheduler[95865]: DEBUG nova.servicegroup.drivers.db [None req-7e45e60d-e52b-4955-9097-554b4d11eedd None None] DB_Driver: join new ServiceGroup member np0000001862 to the scheduler group, service = {{(pid=95865) join /opt/stack/nova/nova/servicegroup/drivers/db.py:44}}
Jun 01 15:08:01.034724 np0000001862 nova-scheduler[95867]: DEBUG nova.service [None req-61362bf2-633f-4f69-a41e-40538d6feb98 None None] Join ServiceGroup membership for this service scheduler {{(pid=95867) start /opt/stack/nova/nova/service.py:221}}
Jun 01 15:08:01.034924 np0000001862 nova-scheduler[95867]: DEBUG nova.servicegroup.drivers.db [None req-61362bf2-633f-4f69-a41e-40538d6feb98 None None] DB_Driver: join new ServiceGroup member np0000001862 to the scheduler group, service = {{(pid=95867) join /opt/stack/nova/nova/servicegroup/drivers/db.py:44}}
Jun 01 15:08:06.027117 np0000001862 nova-scheduler[95863]: DEBUG oslo.service.backend._threading.loopingcall [-] Fixed interval looping call 'nova.servicegroup.drivers.db.DbDriver._report_state' sleeping for 119.99 seconds {{(pid=95863) _run_loop /opt/stack/data/venv/lib/python3.12/site-packages/oslo_service/backend/_threading/loopingcall.py:125}}
Jun 01 15:08:06.029826 np0000001862 nova-scheduler[95865]: DEBUG oslo.service.backend._threading.loopingcall [-] Fixed interval looping call 'nova.servicegroup.drivers.db.DbDriver._report_state' sleeping for 119.99 seconds {{(pid=95865) _run_loop /opt/stack/data/venv/lib/python3.12/site-packages/oslo_service/backend/_threading/loopingcall.py:125}}
Jun 01 15:08:06.037841 np0000001862 nova-scheduler[95867]: DEBUG oslo.service.backend._threading.loopingcall [None req-7cfa6148-1c58-42d9-93f3-c94a5f629243 None None] Dynamic interval looping call 'nova.service.Service.periodic_tasks' sleeping for 60.00 seconds {{(pid=95867) _run_loop /opt/stack/data/venv/lib/python3.12/site-packages/oslo_service/backend/_threading/loopingcall.py:125}}
Jun 01 15:08:06.043732 np0000001862 nova-scheduler[95867]: DEBUG oslo.service.backend._threading.loopingcall [-] Fixed interval looping call 'nova.servicegroup.drivers.db.DbDriver._report_state' sleeping for 119.99 seconds {{(pid=95867) _run_loop /opt/stack/data/venv/lib/python3.12/site-packages/oslo_service/backend/_threading/loopingcall.py:125}}
Jun 01 15:08:09.604469 np0000001862 nova-scheduler[94533]: DEBUG dbcounter [-] [94533] Writing DB stats nova_api:SELECT=3 {{(pid=94533) stat_writer /opt/stack/data/venv/lib/python3.12/site-packages/dbcounter.py:115}}
Jun 01 15:08:09.726431 np0000001862 nova-scheduler[94533]: DEBUG dbcounter [-] [94533] Writing DB stats nova_cell0:SELECT=1 {{(pid=94533) stat_writer /opt/stack/data/venv/lib/python3.12/site-packages/dbcounter.py:115}}
Jun 01 15:08:09.734731 np0000001862 nova-scheduler[94533]: DEBUG dbcounter [-] [94533] Writing DB stats nova_cell1:SELECT=1 {{(pid=94533) stat_writer /opt/stack/data/venv/lib/python3.12/site-packages/dbcounter.py:115}}
Jun 01 15:08:16.025488 np0000001862 nova-scheduler[95863]: DEBUG dbcounter [-] [95863] Writing DB stats nova_cell0:SELECT=4,nova_cell0:INSERT=1,nova_cell0:UPDATE=1 {{(pid=95863) stat_writer /opt/stack/data/venv/lib/python3.12/site-packages/dbcounter.py:115}}
Jun 01 15:08:16.028552 np0000001862 nova-scheduler[95865]: DEBUG dbcounter [-] [95865] Writing DB stats nova_cell0:SELECT=3,nova_cell0:UPDATE=1 {{(pid=95865) stat_writer /opt/stack/data/venv/lib/python3.12/site-packages/dbcounter.py:115}}
Jun 01 15:08:16.041716 np0000001862 nova-scheduler[95867]: DEBUG dbcounter [-] [95867] Writing DB stats nova_cell0:SELECT=3 {{(pid=95867) stat_writer /opt/stack/data/venv/lib/python3.12/site-packages/dbcounter.py:115}}
Jun 01 15:08:34.014842 np0000001862 nova-scheduler[95863]: DEBUG oslo.service.backend._threading.loopingcall [None req-ac69070f-c9e2-4c84-85a7-58fa6a84669c None None] Dynamic interval looping call 'nova.service.Service.periodic_tasks' sleeping for 60.00 seconds {{(pid=95863) _run_loop /opt/stack/data/venv/lib/python3.12/site-packages/oslo_service/backend/_threading/loopingcall.py:125}}
Jun 01 15:08:57.018341 np0000001862 nova-scheduler[95865]: DEBUG oslo.service.backend._threading.loopingcall [None req-5d9fe99d-56aa-410c-b4e3-74e242bfa293 None None] Dynamic interval looping call 'nova.service.Service.periodic_tasks' sleeping for 60.00 seconds {{(pid=95865) _run_loop /opt/stack/data/venv/lib/python3.12/site-packages/oslo_service/backend/_threading/loopingcall.py:125}}
Jun 01 15:09:06.038470 np0000001862 nova-scheduler[95867]: DEBUG oslo.service.backend._threading.loopingcall [None req-7cfa6148-1c58-42d9-93f3-c94a5f629243 None None] Dynamic interval looping call 'nova.service.Service.periodic_tasks' sleeping for 60.00 seconds {{(pid=95867) _run_loop /opt/stack/data/venv/lib/python3.12/site-packages/oslo_service/backend/_threading/loopingcall.py:125}}
Jun 01 15:09:34.015312 np0000001862 nova-scheduler[95863]: DEBUG oslo.service.backend._threading.loopingcall [None req-ac69070f-c9e2-4c84-85a7-58fa6a84669c None None] Dynamic interval looping call 'nova.service.Service.periodic_tasks' sleeping for 60.00 seconds {{(pid=95863) _run_loop /opt/stack/data/venv/lib/python3.12/site-packages/oslo_service/backend/_threading/loopingcall.py:125}}
Jun 01 15:09:57.018939 np0000001862 nova-scheduler[95865]: DEBUG oslo.service.backend._threading.loopingcall [None req-5d9fe99d-56aa-410c-b4e3-74e242bfa293 None None] Dynamic interval looping call 'nova.service.Service.periodic_tasks' sleeping for 60.00 seconds {{(pid=95865) _run_loop /opt/stack/data/venv/lib/python3.12/site-packages/oslo_service/backend/_threading/loopingcall.py:125}}
Jun 01 15:10:06.026639 np0000001862 nova-scheduler[95863]: DEBUG oslo.service.backend._threading.loopingcall [-] Fixed interval looping call 'nova.servicegroup.drivers.db.DbDriver._report_state' sleeping for 119.99 seconds {{(pid=95863) _run_loop /opt/stack/data/venv/lib/python3.12/site-packages/oslo_service/backend/_threading/loopingcall.py:125}}
Jun 01 15:10:06.027230 np0000001862 nova-scheduler[95865]: DEBUG oslo.service.backend._threading.loopingcall [-] Fixed interval looping call 'nova.servicegroup.drivers.db.DbDriver._report_state' sleeping for 119.99 seconds {{(pid=95865) _run_loop /opt/stack/data/venv/lib/python3.12/site-packages/oslo_service/backend/_threading/loopingcall.py:125}}
Jun 01 15:10:06.037054 np0000001862 nova-scheduler[95867]: DEBUG oslo.service.backend._threading.loopingcall [-] Fixed interval looping call 'nova.servicegroup.drivers.db.DbDriver._report_state' sleeping for 120.00 seconds {{(pid=95867) _run_loop /opt/stack/data/venv/lib/python3.12/site-packages/oslo_service/backend/_threading/loopingcall.py:125}}
Jun 01 15:10:06.038869 np0000001862 nova-scheduler[95867]: DEBUG oslo.service.backend._threading.loopingcall [None req-7cfa6148-1c58-42d9-93f3-c94a5f629243 None None] Dynamic interval looping call 'nova.service.Service.periodic_tasks' sleeping for 60.00 seconds {{(pid=95867) _run_loop /opt/stack/data/venv/lib/python3.12/site-packages/oslo_service/backend/_threading/loopingcall.py:125}}
Jun 01 15:10:16.020414 np0000001862 nova-scheduler[95863]: DEBUG dbcounter [-] [95863] Writing DB stats nova_cell0:SELECT=1,nova_cell0:UPDATE=1 {{(pid=95863) stat_writer /opt/stack/data/venv/lib/python3.12/site-packages/dbcounter.py:115}}
Jun 01 15:10:16.023270 np0000001862 nova-scheduler[95865]: DEBUG dbcounter [-] [95865] Writing DB stats nova_cell0:SELECT=1,nova_cell0:UPDATE=1 {{(pid=95865) stat_writer /opt/stack/data/venv/lib/python3.12/site-packages/dbcounter.py:115}}
Jun 01 15:10:16.035652 np0000001862 nova-scheduler[95867]: DEBUG dbcounter [-] [95867] Writing DB stats nova_cell0:SELECT=1 {{(pid=95867) stat_writer /opt/stack/data/venv/lib/python3.12/site-packages/dbcounter.py:115}}
Jun 01 15:10:34.017054 np0000001862 nova-scheduler[95863]: DEBUG oslo.service.backend._threading.loopingcall [None req-ac69070f-c9e2-4c84-85a7-58fa6a84669c None None] Dynamic interval looping call 'nova.service.Service.periodic_tasks' sleeping for 60.00 seconds {{(pid=95863) _run_loop /opt/stack/data/venv/lib/python3.12/site-packages/oslo_service/backend/_threading/loopingcall.py:125}}
Jun 01 15:10:39.659159 np0000001862 nova-scheduler[95863]: DEBUG nova.scheduler.manager [None req-6ae80fec-febd-4e9e-a9ce-d29576c38aad tempest-DeleteServersTestJSON-1289188553 tempest-DeleteServersTestJSON-1289188553-project-member] Starting to schedule for instances: ['605f85ec-c037-4213-80c6-50c7eb895fbe'] {{(pid=95863) select_destinations /opt/stack/nova/nova/scheduler/manager.py:210}}
Jun 01 15:10:39.661293 np0000001862 nova-scheduler[95863]: DEBUG nova.scheduler.request_filter [None req-6ae80fec-febd-4e9e-a9ce-d29576c38aad tempest-DeleteServersTestJSON-1289188553 tempest-DeleteServersTestJSON-1289188553-project-member] compute_status_filter request filter added forbidden trait COMPUTE_STATUS_DISABLED {{(pid=95863) compute_status_filter /opt/stack/nova/nova/scheduler/request_filter.py:253}}
Jun 01 15:10:39.661498 np0000001862 nova-scheduler[95863]: DEBUG nova.scheduler.request_filter [None req-6ae80fec-febd-4e9e-a9ce-d29576c38aad tempest-DeleteServersTestJSON-1289188553 tempest-DeleteServersTestJSON-1289188553-project-member] Request filter 'compute_status_filter' took 0.0 seconds {{(pid=95863) wrapper /opt/stack/nova/nova/scheduler/request_filter.py:46}}
Jun 01 15:10:39.661921 np0000001862 nova-scheduler[95863]: DEBUG nova.scheduler.request_filter [None req-6ae80fec-febd-4e9e-a9ce-d29576c38aad tempest-DeleteServersTestJSON-1289188553 tempest-DeleteServersTestJSON-1289188553-project-member] Request filter 'accelerators_filter' took 0.0 seconds {{(pid=95863) wrapper /opt/stack/nova/nova/scheduler/request_filter.py:46}}
Jun 01 15:10:39.662060 np0000001862 nova-scheduler[95863]: DEBUG nova.scheduler.request_filter [None req-6ae80fec-febd-4e9e-a9ce-d29576c38aad tempest-DeleteServersTestJSON-1289188553 tempest-DeleteServersTestJSON-1289188553-project-member] Request filter 'packed_virtqueue_filter' took 0.0 seconds {{(pid=95863) wrapper /opt/stack/nova/nova/scheduler/request_filter.py:46}}
Jun 01 15:10:39.662429 np0000001862 nova-scheduler[95863]: DEBUG nova.scheduler.request_filter [None req-6ae80fec-febd-4e9e-a9ce-d29576c38aad tempest-DeleteServersTestJSON-1289188553 tempest-DeleteServersTestJSON-1289188553-project-member] Request filter 'remote_managed_ports_filter' took 0.0 seconds {{(pid=95863) wrapper /opt/stack/nova/nova/scheduler/request_filter.py:46}}
Jun 01 15:10:39.662658 np0000001862 nova-scheduler[95863]: DEBUG nova.scheduler.request_filter [None req-6ae80fec-febd-4e9e-a9ce-d29576c38aad tempest-DeleteServersTestJSON-1289188553 tempest-DeleteServersTestJSON-1289188553-project-member] ephemeral_encryption_filter skipped {{(pid=95863) ephemeral_encryption_filter /opt/stack/nova/nova/scheduler/request_filter.py:426}}
Jun 01 15:10:39.663110 np0000001862 nova-scheduler[95863]: DEBUG nova.scheduler.request_filter [None req-6ae80fec-febd-4e9e-a9ce-d29576c38aad tempest-DeleteServersTestJSON-1289188553 tempest-DeleteServersTestJSON-1289188553-project-member] virtio_sound_filter skipped {{(pid=95863) virtio_sound_filter /opt/stack/nova/nova/scheduler/request_filter.py:460}}
Jun 01 15:10:39.663384 np0000001862 nova-scheduler[95863]: DEBUG nova.scheduler.request_filter [None req-6ae80fec-febd-4e9e-a9ce-d29576c38aad tempest-DeleteServersTestJSON-1289188553 tempest-DeleteServersTestJSON-1289188553-project-member] tpm_secret_security_filter skipped {{(pid=95863) tpm_secret_security_filter /opt/stack/nova/nova/scheduler/request_filter.py:477}}
Jun 01 15:10:40.087994 np0000001862 nova-scheduler[95863]: INFO nova.utils [None req-6ae80fec-febd-4e9e-a9ce-d29576c38aad tempest-DeleteServersTestJSON-1289188553 tempest-DeleteServersTestJSON-1289188553-project-member] The cell worker thread pool ForkProcess-1.cell_worker is initialized
Jun 01 15:10:40.088310 np0000001862 nova-scheduler[95863]: DEBUG oslo_concurrency.lockutils [None req-6ae80fec-febd-4e9e-a9ce-d29576c38aad tempest-DeleteServersTestJSON-1289188553 tempest-DeleteServersTestJSON-1289188553-project-member] Acquiring lock "a51985dd-1ffd-43ce-943c-24d9da2a71e3" by "nova.context.set_target_cell..get_or_set_cached_cell_and_set_connections" {{(pid=95863) inner /opt/stack/data/venv/lib/python3.12/site-packages/oslo_concurrency/lockutils.py:511}}
Jun 01 15:10:40.088545 np0000001862 nova-scheduler[95863]: DEBUG oslo_concurrency.lockutils [None req-6ae80fec-febd-4e9e-a9ce-d29576c38aad tempest-DeleteServersTestJSON-1289188553 tempest-DeleteServersTestJSON-1289188553-project-member] Lock "a51985dd-1ffd-43ce-943c-24d9da2a71e3" acquired by "nova.context.set_target_cell..get_or_set_cached_cell_and_set_connections" :: waited 0.000s {{(pid=95863) inner /opt/stack/data/venv/lib/python3.12/site-packages/oslo_concurrency/lockutils.py:524}}
Jun 01 15:10:40.089949 np0000001862 nova-scheduler[95863]: DEBUG oslo_concurrency.lockutils [None req-6ae80fec-febd-4e9e-a9ce-d29576c38aad tempest-DeleteServersTestJSON-1289188553 tempest-DeleteServersTestJSON-1289188553-project-member] Lock "a51985dd-1ffd-43ce-943c-24d9da2a71e3" "released" by "nova.context.set_target_cell..get_or_set_cached_cell_and_set_connections" :: held 0.001s {{(pid=95863) inner /opt/stack/data/venv/lib/python3.12/site-packages/oslo_concurrency/lockutils.py:543}}
Jun 01 15:10:40.092215 np0000001862 nova-scheduler[95863]: INFO dbcounter [None req-6ae80fec-febd-4e9e-a9ce-d29576c38aad tempest-DeleteServersTestJSON-1289188553 tempest-DeleteServersTestJSON-1289188553-project-member] Registered counter for database nova_cell1
Jun 01 15:10:40.140847 np0000001862 nova-scheduler[95863]: DEBUG oslo_db.sqlalchemy.engines [None req-6ae80fec-febd-4e9e-a9ce-d29576c38aad tempest-DeleteServersTestJSON-1289188553 tempest-DeleteServersTestJSON-1289188553-project-member] MySQL server mode set to STRICT_TRANS_TABLES,STRICT_ALL_TABLES,NO_ZERO_IN_DATE,NO_ZERO_DATE,ERROR_FOR_DIVISION_BY_ZERO,TRADITIONAL,NO_ENGINE_SUBSTITUTION {{(pid=95863) _check_effective_sql_mode /opt/stack/data/venv/lib/python3.12/site-packages/oslo_db/sqlalchemy/engines.py:325}}
Jun 01 15:10:40.155486 np0000001862 nova-scheduler[95863]: DEBUG dbcounter [-] [95863] Writer thread running {{(pid=95863) stat_writer /opt/stack/data/venv/lib/python3.12/site-packages/dbcounter.py:102}}
Jun 01 15:10:40.172346 np0000001862 nova-scheduler[95863]: DEBUG oslo_db.sqlalchemy.engines [None req-6ae80fec-febd-4e9e-a9ce-d29576c38aad tempest-DeleteServersTestJSON-1289188553 tempest-DeleteServersTestJSON-1289188553-project-member] Parent process 94533 forked (95863) with an open database connection, which is being discarded and recreated. {{(pid=95863) checkout /opt/stack/data/venv/lib/python3.12/site-packages/oslo_db/sqlalchemy/engines.py:402}}
Jun 01 15:10:40.210905 np0000001862 nova-scheduler[95865]: DEBUG nova.scheduler.manager [None req-725569f7-b2b3-4030-a351-2b43ea8250bf tempest-ServerBootFromVolumeStableRescueTest-401623754 tempest-ServerBootFromVolumeStableRescueTest-401623754-project-member] Starting to schedule for instances: ['180743eb-c4aa-43ea-b121-609d45aa7d9e'] {{(pid=95865) select_destinations /opt/stack/nova/nova/scheduler/manager.py:210}}
Jun 01 15:10:40.212403 np0000001862 nova-scheduler[95865]: DEBUG nova.scheduler.request_filter [None req-725569f7-b2b3-4030-a351-2b43ea8250bf tempest-ServerBootFromVolumeStableRescueTest-401623754 tempest-ServerBootFromVolumeStableRescueTest-401623754-project-member] compute_status_filter request filter added forbidden trait COMPUTE_STATUS_DISABLED {{(pid=95865) compute_status_filter /opt/stack/nova/nova/scheduler/request_filter.py:253}}
Jun 01 15:10:40.212403 np0000001862 nova-scheduler[95865]: DEBUG nova.scheduler.request_filter [None req-725569f7-b2b3-4030-a351-2b43ea8250bf tempest-ServerBootFromVolumeStableRescueTest-401623754 tempest-ServerBootFromVolumeStableRescueTest-401623754-project-member] Request filter 'compute_status_filter' took 0.0 seconds {{(pid=95865) wrapper /opt/stack/nova/nova/scheduler/request_filter.py:46}}
Jun 01 15:10:40.212820 np0000001862 nova-scheduler[95865]: DEBUG nova.scheduler.request_filter [None req-725569f7-b2b3-4030-a351-2b43ea8250bf tempest-ServerBootFromVolumeStableRescueTest-401623754 tempest-ServerBootFromVolumeStableRescueTest-401623754-project-member] Request filter 'accelerators_filter' took 0.0 seconds {{(pid=95865) wrapper /opt/stack/nova/nova/scheduler/request_filter.py:46}}
Jun 01 15:10:40.215557 np0000001862 nova-scheduler[95865]: DEBUG nova.scheduler.request_filter [None req-725569f7-b2b3-4030-a351-2b43ea8250bf tempest-ServerBootFromVolumeStableRescueTest-401623754 tempest-ServerBootFromVolumeStableRescueTest-401623754-project-member] Request filter 'packed_virtqueue_filter' took 0.0 seconds {{(pid=95865) wrapper /opt/stack/nova/nova/scheduler/request_filter.py:46}}
Jun 01 15:10:40.216393 np0000001862 nova-scheduler[95865]: DEBUG nova.scheduler.request_filter [None req-725569f7-b2b3-4030-a351-2b43ea8250bf tempest-ServerBootFromVolumeStableRescueTest-401623754 tempest-ServerBootFromVolumeStableRescueTest-401623754-project-member] Request filter 'remote_managed_ports_filter' took 0.0 seconds {{(pid=95865) wrapper /opt/stack/nova/nova/scheduler/request_filter.py:46}}
Jun 01 15:10:40.216834 np0000001862 nova-scheduler[95865]: DEBUG nova.scheduler.request_filter [None req-725569f7-b2b3-4030-a351-2b43ea8250bf tempest-ServerBootFromVolumeStableRescueTest-401623754 tempest-ServerBootFromVolumeStableRescueTest-401623754-project-member] ephemeral_encryption_filter skipped {{(pid=95865) ephemeral_encryption_filter /opt/stack/nova/nova/scheduler/request_filter.py:426}}
Jun 01 15:10:40.216834 np0000001862 nova-scheduler[95865]: DEBUG nova.scheduler.request_filter [None req-725569f7-b2b3-4030-a351-2b43ea8250bf tempest-ServerBootFromVolumeStableRescueTest-401623754 tempest-ServerBootFromVolumeStableRescueTest-401623754-project-member] virtio_sound_filter skipped {{(pid=95865) virtio_sound_filter /opt/stack/nova/nova/scheduler/request_filter.py:460}}
Jun 01 15:10:40.216945 np0000001862 nova-scheduler[95865]: DEBUG nova.scheduler.request_filter [None req-725569f7-b2b3-4030-a351-2b43ea8250bf tempest-ServerBootFromVolumeStableRescueTest-401623754 tempest-ServerBootFromVolumeStableRescueTest-401623754-project-member] tpm_secret_security_filter skipped {{(pid=95865) tpm_secret_security_filter /opt/stack/nova/nova/scheduler/request_filter.py:477}}
Jun 01 15:10:40.229017 np0000001862 nova-scheduler[95863]: DEBUG dbcounter [-] [95863] Writer thread running {{(pid=95863) stat_writer /opt/stack/data/venv/lib/python3.12/site-packages/dbcounter.py:102}}
Jun 01 15:10:40.235490 np0000001862 nova-scheduler[95863]: DEBUG oslo_concurrency.lockutils [None req-6ae80fec-febd-4e9e-a9ce-d29576c38aad tempest-DeleteServersTestJSON-1289188553 tempest-DeleteServersTestJSON-1289188553-project-member] Acquiring lock "a51985dd-1ffd-43ce-943c-24d9da2a71e3" by "nova.context.set_target_cell..get_or_set_cached_cell_and_set_connections" {{(pid=95863) inner /opt/stack/data/venv/lib/python3.12/site-packages/oslo_concurrency/lockutils.py:511}}
Jun 01 15:10:40.235490 np0000001862 nova-scheduler[95863]: DEBUG oslo_concurrency.lockutils [None req-6ae80fec-febd-4e9e-a9ce-d29576c38aad tempest-DeleteServersTestJSON-1289188553 tempest-DeleteServersTestJSON-1289188553-project-member] Lock "a51985dd-1ffd-43ce-943c-24d9da2a71e3" acquired by "nova.context.set_target_cell..get_or_set_cached_cell_and_set_connections" :: waited 0.000s {{(pid=95863) inner /opt/stack/data/venv/lib/python3.12/site-packages/oslo_concurrency/lockutils.py:524}}
Jun 01 15:10:40.235490 np0000001862 nova-scheduler[95863]: DEBUG oslo_concurrency.lockutils [None req-6ae80fec-febd-4e9e-a9ce-d29576c38aad tempest-DeleteServersTestJSON-1289188553 tempest-DeleteServersTestJSON-1289188553-project-member] Lock "a51985dd-1ffd-43ce-943c-24d9da2a71e3" "released" by "nova.context.set_target_cell..get_or_set_cached_cell_and_set_connections" :: held 0.000s {{(pid=95863) inner /opt/stack/data/venv/lib/python3.12/site-packages/oslo_concurrency/lockutils.py:543}}
Jun 01 15:10:40.238184 np0000001862 nova-scheduler[95863]: DEBUG oslo_concurrency.lockutils [None req-6ae80fec-febd-4e9e-a9ce-d29576c38aad tempest-DeleteServersTestJSON-1289188553 tempest-DeleteServersTestJSON-1289188553-project-member] Acquiring lock "('np0000001862', 'np0000001862')" by "nova.scheduler.host_manager.HostState.update.._locked_update" {{(pid=95863) inner /opt/stack/data/venv/lib/python3.12/site-packages/oslo_concurrency/lockutils.py:511}}
Jun 01 15:10:40.238393 np0000001862 nova-scheduler[95863]: DEBUG oslo_concurrency.lockutils [None req-6ae80fec-febd-4e9e-a9ce-d29576c38aad tempest-DeleteServersTestJSON-1289188553 tempest-DeleteServersTestJSON-1289188553-project-member] Lock "('np0000001862', 'np0000001862')" acquired by "nova.scheduler.host_manager.HostState.update.._locked_update" :: waited 0.000s {{(pid=95863) inner /opt/stack/data/venv/lib/python3.12/site-packages/oslo_concurrency/lockutils.py:524}}
Jun 01 15:10:40.240038 np0000001862 nova-scheduler[95863]: DEBUG nova.scheduler.host_manager [None req-6ae80fec-febd-4e9e-a9ce-d29576c38aad tempest-DeleteServersTestJSON-1289188553 tempest-DeleteServersTestJSON-1289188553-project-member] Update host state from compute node: ComputeNode(cpu_allocation_ratio=4.0,cpu_info='{"arch": "x86_64", "model": "EPYC-Milan", "vendor": "AMD", "topology": {"cells": 1, "sockets": 12, "cores": 1, "threads": 1}, "maxphysaddr": {"mode": "emulate", "bits": 40}, "features": ["svm", "pae", "cmov", "vaes", "fma", "pschange-mc-no", "pse", "skip-l1dfl-vmentry", "stibp", "svme-addr-chk", "sse4a", "tsc-deadline", "fpu", "cr8legacy", "cx16", "rdseed", "ibrs", "xgetbv1", "clflush", "xsaves", "clflushopt", "pcid", "abm", "fxsr_opt", "v-vmsave-vmload", "mmxext", "xsaveopt", "null-sel-clr-base", "bmi1", "f16c", "rdctl-no", "npt", "sse2", "cmp_legacy", "vpclmulqdq", "sse4.1", "lm", "xsaveerptr", "topoext", "mmx", "rdpid", "pause-filter", "no-nested-data-bp", "syscall", "lbrv", "3dnowprefetch", "ssse3", "arat", "rdrand", "erms", "lfence-always-serializing", "clzero", "pse36", "fsrm", "sse4.2", "hypervisor", "pclmuldq", "mce", "arch-capabilities", "spec-ctrl", "wbnoinvd", "fxsr", "mtrr", "xsave", "bmi2", "nx", "popcnt", "lahf_lm", "rdtscp", "tsc", "smep", "ssbd", "umip", "sep", "x2apic", "pku", "pfthreshold", "cx8", "virt-ssbd", "misalignsse", "flushbyasid", "stibp-always-on", "clwb", "amd-psfd", "ibpb", "aes", "osvw", "amd-ssbd", "avx2", "invpcid", "xsavec", "perfctr_core", "adx", "pat", "mca", "amd-stibp", "mds-no", "tsc-scale", "vgif", "tsc_adjust", "de", "pni", "nrip-save", "vme", "msr", "sha-ni", "gds-no", "smap", "pdpe1gb", "vmcb-clean", "movbe", "pge", "sse", "fsgsbase", "avx", "apic"]}',created_at=2026-06-01T15:08:26Z,current_workload=0,deleted=False,deleted_at=None,disk_allocation_ratio=1.0,disk_available_least=74,free_disk_gb=95,free_ram_mb=23518,host='np0000001862',host_ip=10.4.3.221,hypervisor_hostname='np0000001862',hypervisor_type='QEMU',hypervisor_version=8002002,id=1,local_gb=95,local_gb_used=0,mapped=1,memory_mb=24030,memory_mb_used=512,metrics='[]',numa_topology='{"nova_object.name": "NUMATopology", "nova_object.namespace": "nova", "nova_object.version": "1.2", "nova_object.data": {"cells": [{"nova_object.name": "NUMACell", "nova_object.namespace": "nova", "nova_object.version": "1.5", "nova_object.data": {"id": 0, "cpuset": [0, 1, 2, 3, 4, 5, 6, 7, 8, 9, 10, 11], "pcpuset": [0, 1, 2, 3, 4, 5, 6, 7, 8, 9, 10, 11], "memory": 24030, "cpu_usage": 0, "memory_usage": 0, "pinned_cpus": [], "siblings": [[6], [2], [5], [11], [8], [4], [1], [7], [10], [0], [3], [9]], "mempages": [{"nova_object.name": "NUMAPagesTopology", "nova_object.namespace": "nova", "nova_object.version": "1.1", "nova_object.data": {"size_kb": 4, "total": 6151798, "used": 0, "reserved": 0}, "nova_object.changes": ["size_kb", "used", "reserved", "total"]}, {"nova_object.name": "NUMAPagesTopology", "nova_object.namespace": "nova", "nova_object.version": "1.1", "nova_object.data": {"size_kb": 2048, "total": 0, "used": 0, "reserved": 0}, "nova_object.changes": ["size_kb", "used", "reserved", "total"]}, {"nova_object.name": "NUMAPagesTopology", "nova_object.namespace": "nova", "nova_object.version": "1.1", "nova_object.data": {"size_kb": 1048576, "total": 0, "used": 0, "reserved": 0}, "nova_object.changes": ["size_kb", "used", "reserved", "total"]}], "network_metadata": {"nova_object.name": "NetworkMetadata", "nova_object.namespace": "nova", "nova_object.version": "1.0", "nova_object.data": {"physnets": [], "tunneled": false}, "nova_object.changes": ["tunneled", "physnets"]}, "socket": null}, "nova_object.changes": ["id", "cpuset", "pinned_cpus", "mempages", "cpu_usage", "pcpuset", "memory", "network_metadata", "siblings", "memory_usage", "socket"]}]}, "nova_object.changes": ["cells"]}',pci_device_pools=PciDevicePoolList,ram_allocation_ratio=1.0,running_vms=0,service_id=2,stats={failed_builds='0',uptime=' 15:10:11 up 26 min, 2 users, load average: 1.33, 1.46, 0.85
Jun 01 15:10:40.240038 np0000001862 nova-scheduler[95863]: '},supported_hv_specs=[HVSpec,HVSpec,HVSpec,HVSpec,HVSpec,HVSpec,HVSpec,HVSpec,HVSpec,HVSpec,HVSpec,HVSpec,HVSpec,HVSpec,HVSpec,HVSpec,HVSpec,HVSpec,HVSpec,HVSpec,HVSpec,HVSpec,HVSpec,HVSpec,HVSpec],updated_at=2026-06-01T15:10:13Z,uuid=ed04d3f3-ff28-4b9e-8430-e1b4d4f0d737,vcpus=12,vcpus_used=0) {{(pid=95863) _locked_update /opt/stack/nova/nova/scheduler/host_manager.py:168}}
Jun 01 15:10:40.241030 np0000001862 nova-scheduler[95863]: DEBUG nova.scheduler.host_manager [None req-6ae80fec-febd-4e9e-a9ce-d29576c38aad tempest-DeleteServersTestJSON-1289188553 tempest-DeleteServersTestJSON-1289188553-project-member] Update host state with aggregates: [] {{(pid=95863) _locked_update /opt/stack/nova/nova/scheduler/host_manager.py:171}}
Jun 01 15:10:40.241239 np0000001862 nova-scheduler[95863]: DEBUG nova.scheduler.host_manager [None req-6ae80fec-febd-4e9e-a9ce-d29576c38aad tempest-DeleteServersTestJSON-1289188553 tempest-DeleteServersTestJSON-1289188553-project-member] Update host state with service dict: {'id': 2, 'uuid': '99562de6-3505-40c0-bd8f-00b929e52036', 'host': 'np0000001862', 'binary': 'nova-compute', 'topic': 'compute', 'report_count': 2, 'disabled': False, 'disabled_reason': None, 'last_seen_up': datetime.datetime(2026, 6, 1, 15, 10, 34, tzinfo=datetime.timezone.utc), 'forced_down': False, 'version': 72, 'created_at': datetime.datetime(2026, 6, 1, 15, 8, 24, tzinfo=datetime.timezone.utc), 'updated_at': datetime.datetime(2026, 6, 1, 15, 10, 34, tzinfo=datetime.timezone.utc), 'deleted_at': None, 'deleted': False} {{(pid=95863) _locked_update /opt/stack/nova/nova/scheduler/host_manager.py:174}}
Jun 01 15:10:40.241726 np0000001862 nova-scheduler[95863]: DEBUG nova.scheduler.host_manager [None req-6ae80fec-febd-4e9e-a9ce-d29576c38aad tempest-DeleteServersTestJSON-1289188553 tempest-DeleteServersTestJSON-1289188553-project-member] Update host state with instances: [] {{(pid=95863) _locked_update /opt/stack/nova/nova/scheduler/host_manager.py:177}}
Jun 01 15:10:40.241726 np0000001862 nova-scheduler[95863]: DEBUG oslo_concurrency.lockutils [None req-6ae80fec-febd-4e9e-a9ce-d29576c38aad tempest-DeleteServersTestJSON-1289188553 tempest-DeleteServersTestJSON-1289188553-project-member] Lock "('np0000001862', 'np0000001862')" "released" by "nova.scheduler.host_manager.HostState.update.._locked_update" :: held 0.003s {{(pid=95863) inner /opt/stack/data/venv/lib/python3.12/site-packages/oslo_concurrency/lockutils.py:543}}
Jun 01 15:10:40.242201 np0000001862 nova-scheduler[95863]: DEBUG nova.filters [None req-6ae80fec-febd-4e9e-a9ce-d29576c38aad tempest-DeleteServersTestJSON-1289188553 tempest-DeleteServersTestJSON-1289188553-project-member] Starting with 1 host(s) {{(pid=95863) get_filtered_objects /opt/stack/nova/nova/filters.py:70}}
Jun 01 15:10:40.242517 np0000001862 nova-scheduler[95863]: DEBUG nova.filters [None req-6ae80fec-febd-4e9e-a9ce-d29576c38aad tempest-DeleteServersTestJSON-1289188553 tempest-DeleteServersTestJSON-1289188553-project-member] Filter ComputeFilter returned 1 host(s) {{(pid=95863) get_filtered_objects /opt/stack/nova/nova/filters.py:102}}
Jun 01 15:10:40.242644 np0000001862 nova-scheduler[95863]: DEBUG nova.filters [None req-6ae80fec-febd-4e9e-a9ce-d29576c38aad tempest-DeleteServersTestJSON-1289188553 tempest-DeleteServersTestJSON-1289188553-project-member] Filter ComputeCapabilitiesFilter returned 1 host(s) {{(pid=95863) get_filtered_objects /opt/stack/nova/nova/filters.py:102}}
Jun 01 15:10:40.242838 np0000001862 nova-scheduler[95863]: DEBUG nova.filters [None req-6ae80fec-febd-4e9e-a9ce-d29576c38aad tempest-DeleteServersTestJSON-1289188553 tempest-DeleteServersTestJSON-1289188553-project-member] Filter ImagePropertiesFilter returned 1 host(s) {{(pid=95863) get_filtered_objects /opt/stack/nova/nova/filters.py:102}}
Jun 01 15:10:40.242994 np0000001862 nova-scheduler[95863]: DEBUG nova.filters [None req-6ae80fec-febd-4e9e-a9ce-d29576c38aad tempest-DeleteServersTestJSON-1289188553 tempest-DeleteServersTestJSON-1289188553-project-member] Filter ServerGroupAntiAffinityFilter returned 1 host(s) {{(pid=95863) get_filtered_objects /opt/stack/nova/nova/filters.py:102}}
Jun 01 15:10:40.243140 np0000001862 nova-scheduler[95863]: DEBUG nova.filters [None req-6ae80fec-febd-4e9e-a9ce-d29576c38aad tempest-DeleteServersTestJSON-1289188553 tempest-DeleteServersTestJSON-1289188553-project-member] Filter ServerGroupAffinityFilter returned 1 host(s) {{(pid=95863) get_filtered_objects /opt/stack/nova/nova/filters.py:102}}
Jun 01 15:10:40.243339 np0000001862 nova-scheduler[95863]: DEBUG nova.filters [None req-6ae80fec-febd-4e9e-a9ce-d29576c38aad tempest-DeleteServersTestJSON-1289188553 tempest-DeleteServersTestJSON-1289188553-project-member] Filter SameHostFilter returned 1 host(s) {{(pid=95863) get_filtered_objects /opt/stack/nova/nova/filters.py:102}}
Jun 01 15:10:40.243484 np0000001862 nova-scheduler[95863]: DEBUG nova.filters [None req-6ae80fec-febd-4e9e-a9ce-d29576c38aad tempest-DeleteServersTestJSON-1289188553 tempest-DeleteServersTestJSON-1289188553-project-member] Filter DifferentHostFilter returned 1 host(s) {{(pid=95863) get_filtered_objects /opt/stack/nova/nova/filters.py:102}}
Jun 01 15:10:40.243646 np0000001862 nova-scheduler[95863]: DEBUG nova.scheduler.manager [None req-6ae80fec-febd-4e9e-a9ce-d29576c38aad tempest-DeleteServersTestJSON-1289188553 tempest-DeleteServersTestJSON-1289188553-project-member] Filtered [(np0000001862, np0000001862) ram: 23518MB disk: 75776MB io_ops: 0 instances: 0, allocation_candidates: 1] {{(pid=95863) _get_sorted_hosts /opt/stack/nova/nova/scheduler/manager.py:743}}
Jun 01 15:10:40.243810 np0000001862 nova-scheduler[95863]: DEBUG nova.scheduler.manager [None req-6ae80fec-febd-4e9e-a9ce-d29576c38aad tempest-DeleteServersTestJSON-1289188553 tempest-DeleteServersTestJSON-1289188553-project-member] Weighed [WeighedHost [host: (np0000001862, np0000001862) ram: 23518MB disk: 75776MB io_ops: 0 instances: 0, allocation_candidates: 1, weight: 0.0]] {{(pid=95863) _get_sorted_hosts /opt/stack/nova/nova/scheduler/manager.py:765}}
Jun 01 15:10:40.244108 np0000001862 nova-scheduler[95863]: DEBUG nova.scheduler.utils [None req-6ae80fec-febd-4e9e-a9ce-d29576c38aad tempest-DeleteServersTestJSON-1289188553 tempest-DeleteServersTestJSON-1289188553-project-member] Attempting to claim resources in the placement API for instance 605f85ec-c037-4213-80c6-50c7eb895fbe {{(pid=95863) claim_resources /opt/stack/nova/nova/scheduler/utils.py:1304}}
Jun 01 15:10:40.361095 np0000001862 nova-scheduler[95865]: INFO nova.utils [None req-725569f7-b2b3-4030-a351-2b43ea8250bf tempest-ServerBootFromVolumeStableRescueTest-401623754 tempest-ServerBootFromVolumeStableRescueTest-401623754-project-member] The cell worker thread pool ForkProcess-2.cell_worker is initialized
Jun 01 15:10:40.362041 np0000001862 nova-scheduler[95865]: DEBUG oslo_concurrency.lockutils [None req-725569f7-b2b3-4030-a351-2b43ea8250bf tempest-ServerBootFromVolumeStableRescueTest-401623754 tempest-ServerBootFromVolumeStableRescueTest-401623754-project-member] Acquiring lock "a51985dd-1ffd-43ce-943c-24d9da2a71e3" by "nova.context.set_target_cell..get_or_set_cached_cell_and_set_connections" {{(pid=95865) inner /opt/stack/data/venv/lib/python3.12/site-packages/oslo_concurrency/lockutils.py:511}}
Jun 01 15:10:40.362041 np0000001862 nova-scheduler[95865]: DEBUG oslo_concurrency.lockutils [None req-725569f7-b2b3-4030-a351-2b43ea8250bf tempest-ServerBootFromVolumeStableRescueTest-401623754 tempest-ServerBootFromVolumeStableRescueTest-401623754-project-member] Lock "a51985dd-1ffd-43ce-943c-24d9da2a71e3" acquired by "nova.context.set_target_cell..get_or_set_cached_cell_and_set_connections" :: waited 0.000s {{(pid=95865) inner /opt/stack/data/venv/lib/python3.12/site-packages/oslo_concurrency/lockutils.py:524}}
Jun 01 15:10:40.363016 np0000001862 nova-scheduler[95865]: DEBUG oslo_concurrency.lockutils [None req-725569f7-b2b3-4030-a351-2b43ea8250bf tempest-ServerBootFromVolumeStableRescueTest-401623754 tempest-ServerBootFromVolumeStableRescueTest-401623754-project-member] Lock "a51985dd-1ffd-43ce-943c-24d9da2a71e3" "released" by "nova.context.set_target_cell..get_or_set_cached_cell_and_set_connections" :: held 0.001s {{(pid=95865) inner /opt/stack/data/venv/lib/python3.12/site-packages/oslo_concurrency/lockutils.py:543}}
Jun 01 15:10:40.365624 np0000001862 nova-scheduler[95865]: INFO dbcounter [None req-725569f7-b2b3-4030-a351-2b43ea8250bf tempest-ServerBootFromVolumeStableRescueTest-401623754 tempest-ServerBootFromVolumeStableRescueTest-401623754-project-member] Registered counter for database nova_cell1
Jun 01 15:10:40.407971 np0000001862 nova-scheduler[95863]: DEBUG nova.scheduler.manager [None req-6ae80fec-febd-4e9e-a9ce-d29576c38aad tempest-DeleteServersTestJSON-1289188553 tempest-DeleteServersTestJSON-1289188553-project-member] [instance: 605f85ec-c037-4213-80c6-50c7eb895fbe] Selected host: (np0000001862, np0000001862) ram: 23518MB disk: 75776MB io_ops: 0 instances: 0, allocation_candidates: 1 {{(pid=95863) _consume_selected_host /opt/stack/nova/nova/scheduler/manager.py:625}}
Jun 01 15:10:40.408135 np0000001862 nova-scheduler[95865]: DEBUG oslo_db.sqlalchemy.engines [None req-725569f7-b2b3-4030-a351-2b43ea8250bf tempest-ServerBootFromVolumeStableRescueTest-401623754 tempest-ServerBootFromVolumeStableRescueTest-401623754-project-member] MySQL server mode set to STRICT_TRANS_TABLES,STRICT_ALL_TABLES,NO_ZERO_IN_DATE,NO_ZERO_DATE,ERROR_FOR_DIVISION_BY_ZERO,TRADITIONAL,NO_ENGINE_SUBSTITUTION {{(pid=95865) _check_effective_sql_mode /opt/stack/data/venv/lib/python3.12/site-packages/oslo_db/sqlalchemy/engines.py:325}}
Jun 01 15:10:40.408415 np0000001862 nova-scheduler[95863]: DEBUG oslo_concurrency.lockutils [None req-6ae80fec-febd-4e9e-a9ce-d29576c38aad tempest-DeleteServersTestJSON-1289188553 tempest-DeleteServersTestJSON-1289188553-project-member] Acquiring lock "('np0000001862', 'np0000001862')" by "nova.scheduler.host_manager.HostState.consume_from_request.._locked" {{(pid=95863) inner /opt/stack/data/venv/lib/python3.12/site-packages/oslo_concurrency/lockutils.py:511}}
Jun 01 15:10:40.408621 np0000001862 nova-scheduler[95863]: DEBUG oslo_concurrency.lockutils [None req-6ae80fec-febd-4e9e-a9ce-d29576c38aad tempest-DeleteServersTestJSON-1289188553 tempest-DeleteServersTestJSON-1289188553-project-member] Lock "('np0000001862', 'np0000001862')" acquired by "nova.scheduler.host_manager.HostState.consume_from_request.._locked" :: waited 0.000s {{(pid=95863) inner /opt/stack/data/venv/lib/python3.12/site-packages/oslo_concurrency/lockutils.py:524}}
Jun 01 15:10:40.408819 np0000001862 nova-scheduler[95863]: DEBUG oslo_concurrency.lockutils [None req-6ae80fec-febd-4e9e-a9ce-d29576c38aad tempest-DeleteServersTestJSON-1289188553 tempest-DeleteServersTestJSON-1289188553-project-member] Lock "('np0000001862', 'np0000001862')" "released" by "nova.scheduler.host_manager.HostState.consume_from_request.._locked" :: held 0.000s {{(pid=95863) inner /opt/stack/data/venv/lib/python3.12/site-packages/oslo_concurrency/lockutils.py:543}}
Jun 01 15:10:40.413641 np0000001862 nova-scheduler[95865]: DEBUG dbcounter [-] [95865] Writer thread running {{(pid=95865) stat_writer /opt/stack/data/venv/lib/python3.12/site-packages/dbcounter.py:102}}
Jun 01 15:10:40.474226 np0000001862 nova-scheduler[95865]: DEBUG dbcounter [-] [95865] Writer thread running {{(pid=95865) stat_writer /opt/stack/data/venv/lib/python3.12/site-packages/dbcounter.py:102}}
Jun 01 15:10:40.477281 np0000001862 nova-scheduler[95865]: DEBUG oslo_concurrency.lockutils [None req-725569f7-b2b3-4030-a351-2b43ea8250bf tempest-ServerBootFromVolumeStableRescueTest-401623754 tempest-ServerBootFromVolumeStableRescueTest-401623754-project-member] Acquiring lock "a51985dd-1ffd-43ce-943c-24d9da2a71e3" by "nova.context.set_target_cell..get_or_set_cached_cell_and_set_connections" {{(pid=95865) inner /opt/stack/data/venv/lib/python3.12/site-packages/oslo_concurrency/lockutils.py:511}}
Jun 01 15:10:40.477281 np0000001862 nova-scheduler[95865]: DEBUG oslo_concurrency.lockutils [None req-725569f7-b2b3-4030-a351-2b43ea8250bf tempest-ServerBootFromVolumeStableRescueTest-401623754 tempest-ServerBootFromVolumeStableRescueTest-401623754-project-member] Lock "a51985dd-1ffd-43ce-943c-24d9da2a71e3" acquired by "nova.context.set_target_cell..get_or_set_cached_cell_and_set_connections" :: waited 0.000s {{(pid=95865) inner /opt/stack/data/venv/lib/python3.12/site-packages/oslo_concurrency/lockutils.py:524}}
Jun 01 15:10:40.477281 np0000001862 nova-scheduler[95865]: DEBUG oslo_concurrency.lockutils [None req-725569f7-b2b3-4030-a351-2b43ea8250bf tempest-ServerBootFromVolumeStableRescueTest-401623754 tempest-ServerBootFromVolumeStableRescueTest-401623754-project-member] Lock "a51985dd-1ffd-43ce-943c-24d9da2a71e3" "released" by "nova.context.set_target_cell..get_or_set_cached_cell_and_set_connections" :: held 0.000s {{(pid=95865) inner /opt/stack/data/venv/lib/python3.12/site-packages/oslo_concurrency/lockutils.py:543}}
Jun 01 15:10:40.480555 np0000001862 nova-scheduler[95865]: DEBUG oslo_concurrency.lockutils [None req-725569f7-b2b3-4030-a351-2b43ea8250bf tempest-ServerBootFromVolumeStableRescueTest-401623754 tempest-ServerBootFromVolumeStableRescueTest-401623754-project-member] Acquiring lock "('np0000001862', 'np0000001862')" by "nova.scheduler.host_manager.HostState.update.._locked_update" {{(pid=95865) inner /opt/stack/data/venv/lib/python3.12/site-packages/oslo_concurrency/lockutils.py:511}}
Jun 01 15:10:40.480766 np0000001862 nova-scheduler[95865]: DEBUG oslo_concurrency.lockutils [None req-725569f7-b2b3-4030-a351-2b43ea8250bf tempest-ServerBootFromVolumeStableRescueTest-401623754 tempest-ServerBootFromVolumeStableRescueTest-401623754-project-member] Lock "('np0000001862', 'np0000001862')" acquired by "nova.scheduler.host_manager.HostState.update.._locked_update" :: waited 0.000s {{(pid=95865) inner /opt/stack/data/venv/lib/python3.12/site-packages/oslo_concurrency/lockutils.py:524}}
