Aug 03 06:47:43.595976 np0000006326 devstack@g-api.service[103151]: DEBUG oslo_utils.imageutils.format_inspector [None req-89270845-9ecd-44f7-be5c-88e9ff18a625 tempest-VolumesActionsTest-600806171 tempest-VolumesActionsTest-600806171-project-member] Format inspector for vmdk does not match, excluding from consideration (Signature KDMV not found: b'\x00\x00\x00\x00') {{(pid=103151) _process_chunk /opt/stack/data/venv/lib/python3.12/site-packages/oslo_utils/imageutils/format_inspector.py:1758}}
Aug 03 06:47:43.598485 np0000006326 devstack@g-api.service[103151]: DEBUG oslo_utils.imageutils.format_inspector [None req-89270845-9ecd-44f7-be5c-88e9ff18a625 tempest-VolumesActionsTest-600806171 tempest-VolumesActionsTest-600806171-project-member] Format inspector for vhdx does not match, excluding from consideration (Region signature not found at 30000) {{(pid=103151) _process_chunk /opt/stack/data/venv/lib/python3.12/site-packages/oslo_utils/imageutils/format_inspector.py:1758}}
Aug 03 06:47:43.786468 np0000006326 devstack@g-api.service[103150]: DEBUG glance.api.middleware.version_negotiation [None req-6e40f76d-a6bf-49c9-addd-4e9a757aa8c8 tempest-VolumesActionsTest-600806171 tempest-VolumesActionsTest-600806171-project-member] Determining version of request: GET /v2/images/e6461cca-dc73-4174-b37e-df26a27e76ff Accept: application/json {{(pid=103150) process_request /opt/stack/glance/glance/api/middleware/version_negotiation.py:44}}
Aug 03 06:47:43.786917 np0000006326 devstack@g-api.service[103150]: DEBUG glance.api.middleware.version_negotiation [None req-6e40f76d-a6bf-49c9-addd-4e9a757aa8c8 tempest-VolumesActionsTest-600806171 tempest-VolumesActionsTest-600806171-project-member] Using url versioning {{(pid=103150) process_request /opt/stack/glance/glance/api/middleware/version_negotiation.py:57}}
Aug 03 06:47:43.786917 np0000006326 devstack@g-api.service[103150]: DEBUG glance.api.middleware.version_negotiation [None req-6e40f76d-a6bf-49c9-addd-4e9a757aa8c8 tempest-VolumesActionsTest-600806171 tempest-VolumesActionsTest-600806171-project-member] Matched version: v2 {{(pid=103150) process_request /opt/stack/glance/glance/api/middleware/version_negotiation.py:69}}
Aug 03 06:47:43.787023 np0000006326 devstack@g-api.service[103150]: DEBUG glance.api.middleware.version_negotiation [None req-6e40f76d-a6bf-49c9-addd-4e9a757aa8c8 tempest-VolumesActionsTest-600806171 tempest-VolumesActionsTest-600806171-project-member] new path /v2/images/e6461cca-dc73-4174-b37e-df26a27e76ff {{(pid=103150) process_request /opt/stack/glance/glance/api/middleware/version_negotiation.py:70}}
Aug 03 06:47:43.803163 np0000006326 devstack@g-api.service[103150]: [pid: 103150|app: 0|req: 44/165] 127.0.0.1 () {40 vars in 838 bytes} [Mon Aug 3 06:47:43 2026] GET /v2/images/e6461cca-dc73-4174-b37e-df26a27e76ff => generated 650 bytes in 17 msecs (HTTP/1.1 200) 4 headers in 157 bytes (1 switches on core 0)
Aug 03 06:47:44.814021 np0000006326 devstack@g-api.service[103149]: DEBUG glance.api.middleware.version_negotiation [None req-97eded76-784d-4410-b590-3d3c8119fae5 tempest-VolumesActionsTest-600806171 tempest-VolumesActionsTest-600806171-project-member] Determining version of request: GET /v2/images/e6461cca-dc73-4174-b37e-df26a27e76ff Accept: application/json {{(pid=103149) process_request /opt/stack/glance/glance/api/middleware/version_negotiation.py:44}}
Aug 03 06:47:44.814021 np0000006326 devstack@g-api.service[103149]: DEBUG glance.api.middleware.version_negotiation [None req-97eded76-784d-4410-b590-3d3c8119fae5 tempest-VolumesActionsTest-600806171 tempest-VolumesActionsTest-600806171-project-member] Using url versioning {{(pid=103149) process_request /opt/stack/glance/glance/api/middleware/version_negotiation.py:57}}
Aug 03 06:47:44.814021 np0000006326 devstack@g-api.service[103149]: DEBUG glance.api.middleware.version_negotiation [None req-97eded76-784d-4410-b590-3d3c8119fae5 tempest-VolumesActionsTest-600806171 tempest-VolumesActionsTest-600806171-project-member] Matched version: v2 {{(pid=103149) process_request /opt/stack/glance/glance/api/middleware/version_negotiation.py:69}}
Aug 03 06:47:44.814021 np0000006326 devstack@g-api.service[103149]: DEBUG glance.api.middleware.version_negotiation [None req-97eded76-784d-4410-b590-3d3c8119fae5 tempest-VolumesActionsTest-600806171 tempest-VolumesActionsTest-600806171-project-member] new path /v2/images/e6461cca-dc73-4174-b37e-df26a27e76ff {{(pid=103149) process_request /opt/stack/glance/glance/api/middleware/version_negotiation.py:70}}
Aug 03 06:47:44.826435 np0000006326 devstack@g-api.service[103149]: [pid: 103149|app: 0|req: 41/166] 127.0.0.1 () {40 vars in 838 bytes} [Mon Aug 3 06:47:44 2026] GET /v2/images/e6461cca-dc73-4174-b37e-df26a27e76ff => generated 650 bytes in 13 msecs (HTTP/1.1 200) 4 headers in 157 bytes (1 switches on core 0)
Aug 03 06:47:45.603309 np0000006326 devstack@g-api.service[103151]: DEBUG swiftclient [None req-89270845-9ecd-44f7-be5c-88e9ff18a625 tempest-VolumesActionsTest-600806171 tempest-VolumesActionsTest-600806171-project-member] REQ: curl -i https://10.4.3.195:8080/v1/AUTH_bc8989d9a3f048cb87ba93caee256a0b/glance/e6461cca-dc73-4174-b37e-df26a27e76ff-00001 -X PUT -H "X-Auth-Token: gAAAAABqcDmP3nQR..." {{(pid=103151) http_log /opt/stack/data/venv/lib/python3.12/site-packages/swiftclient/client.py:160}}
Aug 03 06:47:45.603309 np0000006326 devstack@g-api.service[103151]: DEBUG swiftclient [None req-89270845-9ecd-44f7-be5c-88e9ff18a625 tempest-VolumesActionsTest-600806171 tempest-VolumesActionsTest-600806171-project-member] RESP STATUS: 201 Created {{(pid=103151) http_log /opt/stack/data/venv/lib/python3.12/site-packages/swiftclient/client.py:161}}
Aug 03 06:47:45.603309 np0000006326 devstack@g-api.service[103151]: DEBUG swiftclient [None req-89270845-9ecd-44f7-be5c-88e9ff18a625 tempest-VolumesActionsTest-600806171 tempest-VolumesActionsTest-600806171-project-member] RESP HEADERS: {'Date': 'Mon, 03 Aug 2026 06:47:45 GMT', 'Server': 'Apache/2.4.58 (Ubuntu)', 'Content-Type': 'text/html; charset=UTF-8', 'Content-Length': '0', 'Etag': 'eda9a9889837ac4bc81d6387d92c1bec', 'Last-Modified': 'Mon, 03 Aug 2026 06:47:44 GMT', 'X-Trans-Id': 'tx37f6a6ac425f43ac87bf0-006a70398f', 'X-Openstack-Request-Id': 'tx37f6a6ac425f43ac87bf0-006a70398f', 'Connection': 'close'} {{(pid=103151) http_log /opt/stack/data/venv/lib/python3.12/site-packages/swiftclient/client.py:162}}
Aug 03 06:47:45.603309 np0000006326 devstack@g-api.service[103151]: DEBUG glance_store._drivers.swift.store [None req-89270845-9ecd-44f7-be5c-88e9ff18a625 tempest-VolumesActionsTest-600806171 tempest-VolumesActionsTest-600806171-project-member] Wrote chunk e6461cca-dc73-4174-b37e-df26a27e76ff-00001 (1/?) of length 204800000 to Swift returning MD5 of content: eda9a9889837ac4bc81d6387d92c1bec {{(pid=103151) add /opt/stack/data/venv/lib/python3.12/site-packages/glance_store/_drivers/swift/store.py:1059}}
Aug 03 06:47:45.836370 np0000006326 devstack@g-api.service[103148]: DEBUG glance.api.middleware.version_negotiation [None req-d5f7c89b-1994-4f9d-a72f-9290eea02447 tempest-VolumesActionsTest-600806171 tempest-VolumesActionsTest-600806171-project-member] Determining version of request: GET /v2/images/e6461cca-dc73-4174-b37e-df26a27e76ff Accept: application/json {{(pid=103148) process_request /opt/stack/glance/glance/api/middleware/version_negotiation.py:44}}
Aug 03 06:47:45.836370 np0000006326 devstack@g-api.service[103148]: DEBUG glance.api.middleware.version_negotiation [None req-d5f7c89b-1994-4f9d-a72f-9290eea02447 tempest-VolumesActionsTest-600806171 tempest-VolumesActionsTest-600806171-project-member] Using url versioning {{(pid=103148) process_request /opt/stack/glance/glance/api/middleware/version_negotiation.py:57}}
Aug 03 06:47:45.836370 np0000006326 devstack@g-api.service[103148]: DEBUG glance.api.middleware.version_negotiation [None req-d5f7c89b-1994-4f9d-a72f-9290eea02447 tempest-VolumesActionsTest-600806171 tempest-VolumesActionsTest-600806171-project-member] Matched version: v2 {{(pid=103148) process_request /opt/stack/glance/glance/api/middleware/version_negotiation.py:69}}
Aug 03 06:47:45.836758 np0000006326 devstack@g-api.service[103148]: DEBUG glance.api.middleware.version_negotiation [None req-d5f7c89b-1994-4f9d-a72f-9290eea02447 tempest-VolumesActionsTest-600806171 tempest-VolumesActionsTest-600806171-project-member] new path /v2/images/e6461cca-dc73-4174-b37e-df26a27e76ff {{(pid=103148) process_request /opt/stack/glance/glance/api/middleware/version_negotiation.py:70}}
Aug 03 06:47:45.849072 np0000006326 devstack@g-api.service[103148]: [pid: 103148|app: 0|req: 45/167] 127.0.0.1 () {40 vars in 838 bytes} [Mon Aug 3 06:47:45 2026] GET /v2/images/e6461cca-dc73-4174-b37e-df26a27e76ff => generated 650 bytes in 13 msecs (HTTP/1.1 200) 4 headers in 157 bytes (1 switches on core 0)
Aug 03 06:47:46.856769 np0000006326 devstack@g-api.service[103150]: DEBUG glance.api.middleware.version_negotiation [None req-9c588332-04ac-4bc2-a479-850c4dca5ccd tempest-VolumesActionsTest-600806171 tempest-VolumesActionsTest-600806171-project-member] Determining version of request: GET /v2/images/e6461cca-dc73-4174-b37e-df26a27e76ff Accept: application/json {{(pid=103150) process_request /opt/stack/glance/glance/api/middleware/version_negotiation.py:44}}
Aug 03 06:47:46.857234 np0000006326 devstack@g-api.service[103150]: DEBUG glance.api.middleware.version_negotiation [None req-9c588332-04ac-4bc2-a479-850c4dca5ccd tempest-VolumesActionsTest-600806171 tempest-VolumesActionsTest-600806171-project-member] Using url versioning {{(pid=103150) process_request /opt/stack/glance/glance/api/middleware/version_negotiation.py:57}}
Aug 03 06:47:46.857234 np0000006326 devstack@g-api.service[103150]: DEBUG glance.api.middleware.version_negotiation [None req-9c588332-04ac-4bc2-a479-850c4dca5ccd tempest-VolumesActionsTest-600806171 tempest-VolumesActionsTest-600806171-project-member] Matched version: v2 {{(pid=103150) process_request /opt/stack/glance/glance/api/middleware/version_negotiation.py:69}}
Aug 03 06:47:46.857234 np0000006326 devstack@g-api.service[103150]: DEBUG glance.api.middleware.version_negotiation [None req-9c588332-04ac-4bc2-a479-850c4dca5ccd tempest-VolumesActionsTest-600806171 tempest-VolumesActionsTest-600806171-project-member] new path /v2/images/e6461cca-dc73-4174-b37e-df26a27e76ff {{(pid=103150) process_request /opt/stack/glance/glance/api/middleware/version_negotiation.py:70}}
Aug 03 06:47:46.867118 np0000006326 devstack@g-api.service[103150]: [pid: 103150|app: 0|req: 45/168] 127.0.0.1 () {40 vars in 838 bytes} [Mon Aug 3 06:47:46 2026] GET /v2/images/e6461cca-dc73-4174-b37e-df26a27e76ff => generated 650 bytes in 10 msecs (HTTP/1.1 200) 4 headers in 157 bytes (1 switches on core 0)
Aug 03 06:47:47.590856 np0000006326 devstack@g-api.service[103151]: DEBUG swiftclient [None req-89270845-9ecd-44f7-be5c-88e9ff18a625 tempest-VolumesActionsTest-600806171 tempest-VolumesActionsTest-600806171-project-member] REQ: curl -i https://10.4.3.195:8080/v1/AUTH_bc8989d9a3f048cb87ba93caee256a0b/glance/e6461cca-dc73-4174-b37e-df26a27e76ff-00002 -X PUT -H "X-Auth-Token: gAAAAABqcDmP3nQR..." {{(pid=103151) http_log /opt/stack/data/venv/lib/python3.12/site-packages/swiftclient/client.py:160}}
Aug 03 06:47:47.590856 np0000006326 devstack@g-api.service[103151]: DEBUG swiftclient [None req-89270845-9ecd-44f7-be5c-88e9ff18a625 tempest-VolumesActionsTest-600806171 tempest-VolumesActionsTest-600806171-project-member] RESP STATUS: 201 Created {{(pid=103151) http_log /opt/stack/data/venv/lib/python3.12/site-packages/swiftclient/client.py:161}}
Aug 03 06:47:47.591218 np0000006326 devstack@g-api.service[103151]: DEBUG swiftclient [None req-89270845-9ecd-44f7-be5c-88e9ff18a625 tempest-VolumesActionsTest-600806171 tempest-VolumesActionsTest-600806171-project-member] RESP HEADERS: {'Date': 'Mon, 03 Aug 2026 06:47:47 GMT', 'Server': 'Apache/2.4.58 (Ubuntu)', 'Content-Type': 'text/html; charset=UTF-8', 'Content-Length': '0', 'Etag': 'eda9a9889837ac4bc81d6387d92c1bec', 'Last-Modified': 'Mon, 03 Aug 2026 06:47:46 GMT', 'X-Trans-Id': 'tx72c9eaa6c9aa4aa4b2faf-006a703991', 'X-Openstack-Request-Id': 'tx72c9eaa6c9aa4aa4b2faf-006a703991', 'Connection': 'close'} {{(pid=103151) http_log /opt/stack/data/venv/lib/python3.12/site-packages/swiftclient/client.py:162}}
Aug 03 06:47:47.591218 np0000006326 devstack@g-api.service[103151]: DEBUG glance_store._drivers.swift.store [None req-89270845-9ecd-44f7-be5c-88e9ff18a625 tempest-VolumesActionsTest-600806171 tempest-VolumesActionsTest-600806171-project-member] Wrote chunk e6461cca-dc73-4174-b37e-df26a27e76ff-00002 (2/?) of length 204800000 to Swift returning MD5 of content: eda9a9889837ac4bc81d6387d92c1bec {{(pid=103151) add /opt/stack/data/venv/lib/python3.12/site-packages/glance_store/_drivers/swift/store.py:1059}}
Aug 03 06:47:47.877675 np0000006326 devstack@g-api.service[103149]: DEBUG glance.api.middleware.version_negotiation [None req-e29047dc-4aa7-423f-b9ca-7b33b5221564 tempest-VolumesActionsTest-600806171 tempest-VolumesActionsTest-600806171-project-member] Determining version of request: GET /v2/images/e6461cca-dc73-4174-b37e-df26a27e76ff Accept: application/json {{(pid=103149) process_request /opt/stack/glance/glance/api/middleware/version_negotiation.py:44}}
Aug 03 06:47:47.878035 np0000006326 devstack@g-api.service[103149]: DEBUG glance.api.middleware.version_negotiation [None req-e29047dc-4aa7-423f-b9ca-7b33b5221564 tempest-VolumesActionsTest-600806171 tempest-VolumesActionsTest-600806171-project-member] Using url versioning {{(pid=103149) process_request /opt/stack/glance/glance/api/middleware/version_negotiation.py:57}}
Aug 03 06:47:47.878035 np0000006326 devstack@g-api.service[103149]: DEBUG glance.api.middleware.version_negotiation [None req-e29047dc-4aa7-423f-b9ca-7b33b5221564 tempest-VolumesActionsTest-600806171 tempest-VolumesActionsTest-600806171-project-member] Matched version: v2 {{(pid=103149) process_request /opt/stack/glance/glance/api/middleware/version_negotiation.py:69}}
Aug 03 06:47:47.878363 np0000006326 devstack@g-api.service[103149]: DEBUG glance.api.middleware.version_negotiation [None req-e29047dc-4aa7-423f-b9ca-7b33b5221564 tempest-VolumesActionsTest-600806171 tempest-VolumesActionsTest-600806171-project-member] new path /v2/images/e6461cca-dc73-4174-b37e-df26a27e76ff {{(pid=103149) process_request /opt/stack/glance/glance/api/middleware/version_negotiation.py:70}}
Aug 03 06:47:47.892730 np0000006326 devstack@g-api.service[103149]: [pid: 103149|app: 0|req: 42/169] 127.0.0.1 () {40 vars in 838 bytes} [Mon Aug 3 06:47:47 2026] GET /v2/images/e6461cca-dc73-4174-b37e-df26a27e76ff => generated 650 bytes in 15 msecs (HTTP/1.1 200) 4 headers in 157 bytes (1 switches on core 0)
Aug 03 06:47:48.912438 np0000006326 devstack@g-api.service[103148]: DEBUG glance.api.middleware.version_negotiation [None req-e567089f-2f27-462d-ae20-97f44367fe41 tempest-VolumesActionsTest-600806171 tempest-VolumesActionsTest-600806171-project-member] Determining version of request: GET /v2/images/e6461cca-dc73-4174-b37e-df26a27e76ff Accept: application/json {{(pid=103148) process_request /opt/stack/glance/glance/api/middleware/version_negotiation.py:44}}
Aug 03 06:47:48.912438 np0000006326 devstack@g-api.service[103148]: DEBUG glance.api.middleware.version_negotiation [None req-e567089f-2f27-462d-ae20-97f44367fe41 tempest-VolumesActionsTest-600806171 tempest-VolumesActionsTest-600806171-project-member] Using url versioning {{(pid=103148) process_request /opt/stack/glance/glance/api/middleware/version_negotiation.py:57}}
Aug 03 06:47:48.912438 np0000006326 devstack@g-api.service[103148]: DEBUG glance.api.middleware.version_negotiation [None req-e567089f-2f27-462d-ae20-97f44367fe41 tempest-VolumesActionsTest-600806171 tempest-VolumesActionsTest-600806171-project-member] Matched version: v2 {{(pid=103148) process_request /opt/stack/glance/glance/api/middleware/version_negotiation.py:69}}
Aug 03 06:47:48.913087 np0000006326 devstack@g-api.service[103148]: DEBUG glance.api.middleware.version_negotiation [None req-e567089f-2f27-462d-ae20-97f44367fe41 tempest-VolumesActionsTest-600806171 tempest-VolumesActionsTest-600806171-project-member] new path /v2/images/e6461cca-dc73-4174-b37e-df26a27e76ff {{(pid=103148) process_request /opt/stack/glance/glance/api/middleware/version_negotiation.py:70}}
Aug 03 06:47:48.932813 np0000006326 devstack@g-api.service[103148]: [pid: 103148|app: 0|req: 46/170] 127.0.0.1 () {40 vars in 838 bytes} [Mon Aug 3 06:47:48 2026] GET /v2/images/e6461cca-dc73-4174-b37e-df26a27e76ff => generated 650 bytes in 21 msecs (HTTP/1.1 200) 4 headers in 157 bytes (1 switches on core 0)
Aug 03 06:47:49.562898 np0000006326 devstack@g-api.service[103151]: DEBUG swiftclient [None req-89270845-9ecd-44f7-be5c-88e9ff18a625 tempest-VolumesActionsTest-600806171 tempest-VolumesActionsTest-600806171-project-member] REQ: curl -i https://10.4.3.195:8080/v1/AUTH_bc8989d9a3f048cb87ba93caee256a0b/glance/e6461cca-dc73-4174-b37e-df26a27e76ff-00003 -X PUT -H "X-Auth-Token: gAAAAABqcDmP3nQR..." {{(pid=103151) http_log /opt/stack/data/venv/lib/python3.12/site-packages/swiftclient/client.py:160}}
Aug 03 06:47:49.563179 np0000006326 devstack@g-api.service[103151]: DEBUG swiftclient [None req-89270845-9ecd-44f7-be5c-88e9ff18a625 tempest-VolumesActionsTest-600806171 tempest-VolumesActionsTest-600806171-project-member] RESP STATUS: 201 Created {{(pid=103151) http_log /opt/stack/data/venv/lib/python3.12/site-packages/swiftclient/client.py:161}}
Aug 03 06:47:49.563249 np0000006326 devstack@g-api.service[103151]: DEBUG swiftclient [None req-89270845-9ecd-44f7-be5c-88e9ff18a625 tempest-VolumesActionsTest-600806171 tempest-VolumesActionsTest-600806171-project-member] RESP HEADERS: {'Date': 'Mon, 03 Aug 2026 06:47:49 GMT', 'Server': 'Apache/2.4.58 (Ubuntu)', 'Content-Type': 'text/html; charset=UTF-8', 'Content-Length': '0', 'Etag': 'eda9a9889837ac4bc81d6387d92c1bec', 'Last-Modified': 'Mon, 03 Aug 2026 06:47:48 GMT', 'X-Trans-Id': 'txc537f5c64b5047dabd07f-006a703993', 'X-Openstack-Request-Id': 'txc537f5c64b5047dabd07f-006a703993', 'Connection': 'close'} {{(pid=103151) http_log /opt/stack/data/venv/lib/python3.12/site-packages/swiftclient/client.py:162}}
Aug 03 06:47:49.563341 np0000006326 devstack@g-api.service[103151]: DEBUG glance_store._drivers.swift.store [None req-89270845-9ecd-44f7-be5c-88e9ff18a625 tempest-VolumesActionsTest-600806171 tempest-VolumesActionsTest-600806171-project-member] Wrote chunk e6461cca-dc73-4174-b37e-df26a27e76ff-00003 (3/?) of length 204800000 to Swift returning MD5 of content: eda9a9889837ac4bc81d6387d92c1bec {{(pid=103151) add /opt/stack/data/venv/lib/python3.12/site-packages/glance_store/_drivers/swift/store.py:1059}}
Aug 03 06:47:49.942141 np0000006326 devstack@g-api.service[103150]: DEBUG glance.api.middleware.version_negotiation [None req-893b680a-766a-405f-aa3f-0d72ba2f0941 tempest-VolumesActionsTest-600806171 tempest-VolumesActionsTest-600806171-project-member] Determining version of request: GET /v2/images/e6461cca-dc73-4174-b37e-df26a27e76ff Accept: application/json {{(pid=103150) process_request /opt/stack/glance/glance/api/middleware/version_negotiation.py:44}}
Aug 03 06:47:49.942520 np0000006326 devstack@g-api.service[103150]: DEBUG glance.api.middleware.version_negotiation [None req-893b680a-766a-405f-aa3f-0d72ba2f0941 tempest-VolumesActionsTest-600806171 tempest-VolumesActionsTest-600806171-project-member] Using url versioning {{(pid=103150) process_request /opt/stack/glance/glance/api/middleware/version_negotiation.py:57}}
Aug 03 06:47:49.943238 np0000006326 devstack@g-api.service[103150]: DEBUG glance.api.middleware.version_negotiation [None req-893b680a-766a-405f-aa3f-0d72ba2f0941 tempest-VolumesActionsTest-600806171 tempest-VolumesActionsTest-600806171-project-member] Matched version: v2 {{(pid=103150) process_request /opt/stack/glance/glance/api/middleware/version_negotiation.py:69}}
Aug 03 06:47:49.943321 np0000006326 devstack@g-api.service[103150]: DEBUG glance.api.middleware.version_negotiation [None req-893b680a-766a-405f-aa3f-0d72ba2f0941 tempest-VolumesActionsTest-600806171 tempest-VolumesActionsTest-600806171-project-member] new path /v2/images/e6461cca-dc73-4174-b37e-df26a27e76ff {{(pid=103150) process_request /opt/stack/glance/glance/api/middleware/version_negotiation.py:70}}
Aug 03 06:47:49.958622 np0000006326 devstack@g-api.service[103150]: [pid: 103150|app: 0|req: 46/171] 127.0.0.1 () {40 vars in 838 bytes} [Mon Aug 3 06:47:49 2026] GET /v2/images/e6461cca-dc73-4174-b37e-df26a27e76ff => generated 650 bytes in 17 msecs (HTTP/1.1 200) 4 headers in 157 bytes (1 switches on core 0)
Aug 03 06:47:50.967924 np0000006326 devstack@g-api.service[103149]: DEBUG glance.api.middleware.version_negotiation [None req-e3151c9f-b2f1-4a1e-88cb-a4d2af84aa2f tempest-VolumesActionsTest-600806171 tempest-VolumesActionsTest-600806171-project-member] Determining version of request: GET /v2/images/e6461cca-dc73-4174-b37e-df26a27e76ff Accept: application/json {{(pid=103149) process_request /opt/stack/glance/glance/api/middleware/version_negotiation.py:44}}
Aug 03 06:47:50.968368 np0000006326 devstack@g-api.service[103149]: DEBUG glance.api.middleware.version_negotiation [None req-e3151c9f-b2f1-4a1e-88cb-a4d2af84aa2f tempest-VolumesActionsTest-600806171 tempest-VolumesActionsTest-600806171-project-member] Using url versioning {{(pid=103149) process_request /opt/stack/glance/glance/api/middleware/version_negotiation.py:57}}
Aug 03 06:47:50.968368 np0000006326 devstack@g-api.service[103149]: DEBUG glance.api.middleware.version_negotiation [None req-e3151c9f-b2f1-4a1e-88cb-a4d2af84aa2f tempest-VolumesActionsTest-600806171 tempest-VolumesActionsTest-600806171-project-member] Matched version: v2 {{(pid=103149) process_request /opt/stack/glance/glance/api/middleware/version_negotiation.py:69}}
Aug 03 06:47:50.968368 np0000006326 devstack@g-api.service[103149]: DEBUG glance.api.middleware.version_negotiation [None req-e3151c9f-b2f1-4a1e-88cb-a4d2af84aa2f tempest-VolumesActionsTest-600806171 tempest-VolumesActionsTest-600806171-project-member] new path /v2/images/e6461cca-dc73-4174-b37e-df26a27e76ff {{(pid=103149) process_request /opt/stack/glance/glance/api/middleware/version_negotiation.py:70}}
Aug 03 06:47:51.133978 np0000006326 devstack@g-api.service[103149]: [pid: 103149|app: 0|req: 43/172] 127.0.0.1 () {40 vars in 838 bytes} [Mon Aug 3 06:47:50 2026] GET /v2/images/e6461cca-dc73-4174-b37e-df26a27e76ff => generated 650 bytes in 166 msecs (HTTP/1.1 200) 4 headers in 157 bytes (1 switches on core 0)
Aug 03 06:47:51.718053 np0000006326 devstack@g-api.service[103151]: DEBUG swiftclient [None req-89270845-9ecd-44f7-be5c-88e9ff18a625 tempest-VolumesActionsTest-600806171 tempest-VolumesActionsTest-600806171-project-member] REQ: curl -i https://10.4.3.195:8080/v1/AUTH_bc8989d9a3f048cb87ba93caee256a0b/glance/e6461cca-dc73-4174-b37e-df26a27e76ff-00004 -X PUT -H "X-Auth-Token: gAAAAABqcDmP3nQR..." {{(pid=103151) http_log /opt/stack/data/venv/lib/python3.12/site-packages/swiftclient/client.py:160}}
Aug 03 06:47:51.718359 np0000006326 devstack@g-api.service[103151]: DEBUG swiftclient [None req-89270845-9ecd-44f7-be5c-88e9ff18a625 tempest-VolumesActionsTest-600806171 tempest-VolumesActionsTest-600806171-project-member] RESP STATUS: 201 Created {{(pid=103151) http_log /opt/stack/data/venv/lib/python3.12/site-packages/swiftclient/client.py:161}}
Aug 03 06:47:51.718359 np0000006326 devstack@g-api.service[103151]: DEBUG swiftclient [None req-89270845-9ecd-44f7-be5c-88e9ff18a625 tempest-VolumesActionsTest-600806171 tempest-VolumesActionsTest-600806171-project-member] RESP HEADERS: {'Date': 'Mon, 03 Aug 2026 06:47:51 GMT', 'Server': 'Apache/2.4.58 (Ubuntu)', 'Content-Type': 'text/html; charset=UTF-8', 'Content-Length': '0', 'Etag': 'eda9a9889837ac4bc81d6387d92c1bec', 'Last-Modified': 'Mon, 03 Aug 2026 06:47:50 GMT', 'X-Trans-Id': 'tx9e5eaf67a1394b84a0931-006a703995', 'X-Openstack-Request-Id': 'tx9e5eaf67a1394b84a0931-006a703995', 'Connection': 'close'} {{(pid=103151) http_log /opt/stack/data/venv/lib/python3.12/site-packages/swiftclient/client.py:162}}
Aug 03 06:47:51.718497 np0000006326 devstack@g-api.service[103151]: DEBUG glance_store._drivers.swift.store [None req-89270845-9ecd-44f7-be5c-88e9ff18a625 tempest-VolumesActionsTest-600806171 tempest-VolumesActionsTest-600806171-project-member] Wrote chunk e6461cca-dc73-4174-b37e-df26a27e76ff-00004 (4/?) of length 204800000 to Swift returning MD5 of content: eda9a9889837ac4bc81d6387d92c1bec {{(pid=103151) add /opt/stack/data/venv/lib/python3.12/site-packages/glance_store/_drivers/swift/store.py:1059}}
Aug 03 06:47:52.149731 np0000006326 devstack@g-api.service[103148]: DEBUG glance.api.middleware.version_negotiation [None req-0451c6e0-b208-4230-bc67-9aa59d6f8ea7 tempest-VolumesActionsTest-600806171 tempest-VolumesActionsTest-600806171-project-member] Determining version of request: GET /v2/images/e6461cca-dc73-4174-b37e-df26a27e76ff Accept: application/json {{(pid=103148) process_request /opt/stack/glance/glance/api/middleware/version_negotiation.py:44}}
Aug 03 06:47:52.149731 np0000006326 devstack@g-api.service[103148]: DEBUG glance.api.middleware.version_negotiation [None req-0451c6e0-b208-4230-bc67-9aa59d6f8ea7 tempest-VolumesActionsTest-600806171 tempest-VolumesActionsTest-600806171-project-member] Using url versioning {{(pid=103148) process_request /opt/stack/glance/glance/api/middleware/version_negotiation.py:57}}
Aug 03 06:47:52.149731 np0000006326 devstack@g-api.service[103148]: DEBUG glance.api.middleware.version_negotiation [None req-0451c6e0-b208-4230-bc67-9aa59d6f8ea7 tempest-VolumesActionsTest-600806171 tempest-VolumesActionsTest-600806171-project-member] Matched version: v2 {{(pid=103148) process_request /opt/stack/glance/glance/api/middleware/version_negotiation.py:69}}
Aug 03 06:47:52.149731 np0000006326 devstack@g-api.service[103148]: DEBUG glance.api.middleware.version_negotiation [None req-0451c6e0-b208-4230-bc67-9aa59d6f8ea7 tempest-VolumesActionsTest-600806171 tempest-VolumesActionsTest-600806171-project-member] new path /v2/images/e6461cca-dc73-4174-b37e-df26a27e76ff {{(pid=103148) process_request /opt/stack/glance/glance/api/middleware/version_negotiation.py:70}}
Aug 03 06:47:52.164320 np0000006326 devstack@g-api.service[103148]: [pid: 103148|app: 0|req: 47/173] 127.0.0.1 () {40 vars in 838 bytes} [Mon Aug 3 06:47:52 2026] GET /v2/images/e6461cca-dc73-4174-b37e-df26a27e76ff => generated 650 bytes in 17 msecs (HTTP/1.1 200) 4 headers in 157 bytes (1 switches on core 0)
Aug 03 06:47:53.176691 np0000006326 devstack@g-api.service[103150]: DEBUG glance.api.middleware.version_negotiation [None req-7382fc30-e2bf-48b1-bad6-8b64f140fea9 tempest-VolumesActionsTest-600806171 tempest-VolumesActionsTest-600806171-project-member] Determining version of request: GET /v2/images/e6461cca-dc73-4174-b37e-df26a27e76ff Accept: application/json {{(pid=103150) process_request /opt/stack/glance/glance/api/middleware/version_negotiation.py:44}}
Aug 03 06:47:53.177089 np0000006326 devstack@g-api.service[103150]: DEBUG glance.api.middleware.version_negotiation [None req-7382fc30-e2bf-48b1-bad6-8b64f140fea9 tempest-VolumesActionsTest-600806171 tempest-VolumesActionsTest-600806171-project-member] Using url versioning {{(pid=103150) process_request /opt/stack/glance/glance/api/middleware/version_negotiation.py:57}}
Aug 03 06:47:53.177089 np0000006326 devstack@g-api.service[103150]: DEBUG glance.api.middleware.version_negotiation [None req-7382fc30-e2bf-48b1-bad6-8b64f140fea9 tempest-VolumesActionsTest-600806171 tempest-VolumesActionsTest-600806171-project-member] Matched version: v2 {{(pid=103150) process_request /opt/stack/glance/glance/api/middleware/version_negotiation.py:69}}
Aug 03 06:47:53.177184 np0000006326 devstack@g-api.service[103150]: DEBUG glance.api.middleware.version_negotiation [None req-7382fc30-e2bf-48b1-bad6-8b64f140fea9 tempest-VolumesActionsTest-600806171 tempest-VolumesActionsTest-600806171-project-member] new path /v2/images/e6461cca-dc73-4174-b37e-df26a27e76ff {{(pid=103150) process_request /opt/stack/glance/glance/api/middleware/version_negotiation.py:70}}
Aug 03 06:47:53.200647 np0000006326 devstack@g-api.service[103150]: [pid: 103150|app: 0|req: 47/174] 127.0.0.1 () {40 vars in 838 bytes} [Mon Aug 3 06:47:53 2026] GET /v2/images/e6461cca-dc73-4174-b37e-df26a27e76ff => generated 650 bytes in 24 msecs (HTTP/1.1 200) 4 headers in 157 bytes (1 switches on core 0)
Aug 03 06:47:53.215498 np0000006326 devstack@g-api.service[103151]: DEBUG dbcounter [-] [103151] Writing DB stats glance:SELECT=12,glance:UPDATE=1 {{(pid=103151) stat_writer /opt/stack/data/venv/lib/python3.12/site-packages/dbcounter.py:115}}
Aug 03 06:47:53.960136 np0000006326 devstack@g-api.service[103151]: DEBUG swiftclient [None req-89270845-9ecd-44f7-be5c-88e9ff18a625 tempest-VolumesActionsTest-600806171 tempest-VolumesActionsTest-600806171-project-member] REQ: curl -i https://10.4.3.195:8080/v1/AUTH_bc8989d9a3f048cb87ba93caee256a0b/glance/e6461cca-dc73-4174-b37e-df26a27e76ff-00005 -X PUT -H "X-Auth-Token: gAAAAABqcDmP3nQR..." {{(pid=103151) http_log /opt/stack/data/venv/lib/python3.12/site-packages/swiftclient/client.py:160}}
Aug 03 06:47:53.960136 np0000006326 devstack@g-api.service[103151]: DEBUG swiftclient [None req-89270845-9ecd-44f7-be5c-88e9ff18a625 tempest-VolumesActionsTest-600806171 tempest-VolumesActionsTest-600806171-project-member] RESP STATUS: 201 Created {{(pid=103151) http_log /opt/stack/data/venv/lib/python3.12/site-packages/swiftclient/client.py:161}}
Aug 03 06:47:53.960136 np0000006326 devstack@g-api.service[103151]: DEBUG swiftclient [None req-89270845-9ecd-44f7-be5c-88e9ff18a625 tempest-VolumesActionsTest-600806171 tempest-VolumesActionsTest-600806171-project-member] RESP HEADERS: {'Date': 'Mon, 03 Aug 2026 06:47:53 GMT', 'Server': 'Apache/2.4.58 (Ubuntu)', 'Content-Type': 'text/html; charset=UTF-8', 'Content-Length': '0', 'Etag': 'eda9a9889837ac4bc81d6387d92c1bec', 'Last-Modified': 'Mon, 03 Aug 2026 06:47:52 GMT', 'X-Trans-Id': 'tx5ab3f599c82c4bae8a9d5-006a703997', 'X-Openstack-Request-Id': 'tx5ab3f599c82c4bae8a9d5-006a703997', 'Connection': 'close'} {{(pid=103151) http_log /opt/stack/data/venv/lib/python3.12/site-packages/swiftclient/client.py:162}}
Aug 03 06:47:53.960136 np0000006326 devstack@g-api.service[103151]: DEBUG glance_store._drivers.swift.store [None req-89270845-9ecd-44f7-be5c-88e9ff18a625 tempest-VolumesActionsTest-600806171 tempest-VolumesActionsTest-600806171-project-member] Wrote chunk e6461cca-dc73-4174-b37e-df26a27e76ff-00005 (5/?) of length 204800000 to Swift returning MD5 of content: eda9a9889837ac4bc81d6387d92c1bec {{(pid=103151) add /opt/stack/data/venv/lib/python3.12/site-packages/glance_store/_drivers/swift/store.py:1059}}
Aug 03 06:47:54.217334 np0000006326 devstack@g-api.service[103149]: DEBUG glance.api.middleware.version_negotiation [None req-7f84b2e3-ab7c-486c-b7f2-cf7847fc78fb tempest-VolumesActionsTest-600806171 tempest-VolumesActionsTest-600806171-project-member] Determining version of request: GET /v2/images/e6461cca-dc73-4174-b37e-df26a27e76ff Accept: application/json {{(pid=103149) process_request /opt/stack/glance/glance/api/middleware/version_negotiation.py:44}}
Aug 03 06:47:54.217756 np0000006326 devstack@g-api.service[103149]: DEBUG glance.api.middleware.version_negotiation [None req-7f84b2e3-ab7c-486c-b7f2-cf7847fc78fb tempest-VolumesActionsTest-600806171 tempest-VolumesActionsTest-600806171-project-member] Using url versioning {{(pid=103149) process_request /opt/stack/glance/glance/api/middleware/version_negotiation.py:57}}
Aug 03 06:47:54.217756 np0000006326 devstack@g-api.service[103149]: DEBUG glance.api.middleware.version_negotiation [None req-7f84b2e3-ab7c-486c-b7f2-cf7847fc78fb tempest-VolumesActionsTest-600806171 tempest-VolumesActionsTest-600806171-project-member] Matched version: v2 {{(pid=103149) process_request /opt/stack/glance/glance/api/middleware/version_negotiation.py:69}}
Aug 03 06:47:54.217859 np0000006326 devstack@g-api.service[103149]: DEBUG glance.api.middleware.version_negotiation [None req-7f84b2e3-ab7c-486c-b7f2-cf7847fc78fb tempest-VolumesActionsTest-600806171 tempest-VolumesActionsTest-600806171-project-member] new path /v2/images/e6461cca-dc73-4174-b37e-df26a27e76ff {{(pid=103149) process_request /opt/stack/glance/glance/api/middleware/version_negotiation.py:70}}
Aug 03 06:47:54.238645 np0000006326 devstack@g-api.service[103149]: [pid: 103149|app: 0|req: 44/175] 127.0.0.1 () {40 vars in 838 bytes} [Mon Aug 3 06:47:54 2026] GET /v2/images/e6461cca-dc73-4174-b37e-df26a27e76ff => generated 650 bytes in 21 msecs (HTTP/1.1 200) 4 headers in 157 bytes (1 switches on core 0)
Aug 03 06:47:54.522464 np0000006326 devstack@g-api.service[103151]: DEBUG swiftclient [None req-89270845-9ecd-44f7-be5c-88e9ff18a625 tempest-VolumesActionsTest-600806171 tempest-VolumesActionsTest-600806171-project-member] REQ: curl -i https://10.4.3.195:8080/v1/AUTH_bc8989d9a3f048cb87ba93caee256a0b/glance/e6461cca-dc73-4174-b37e-df26a27e76ff-00006 -X PUT -H "X-Auth-Token: gAAAAABqcDmP3nQR..." {{(pid=103151) http_log /opt/stack/data/venv/lib/python3.12/site-packages/swiftclient/client.py:160}}
Aug 03 06:47:54.522971 np0000006326 devstack@g-api.service[103151]: DEBUG swiftclient [None req-89270845-9ecd-44f7-be5c-88e9ff18a625 tempest-VolumesActionsTest-600806171 tempest-VolumesActionsTest-600806171-project-member] RESP STATUS: 201 Created {{(pid=103151) http_log /opt/stack/data/venv/lib/python3.12/site-packages/swiftclient/client.py:161}}
Aug 03 06:47:54.522971 np0000006326 devstack@g-api.service[103151]: DEBUG swiftclient [None req-89270845-9ecd-44f7-be5c-88e9ff18a625 tempest-VolumesActionsTest-600806171 tempest-VolumesActionsTest-600806171-project-member] RESP HEADERS: {'Date': 'Mon, 03 Aug 2026 06:47:54 GMT', 'Server': 'Apache/2.4.58 (Ubuntu)', 'Content-Type': 'text/html; charset=UTF-8', 'Content-Length': '0', 'Etag': '708761f3b8777ec77058e63da08eeeb6', 'Last-Modified': 'Mon, 03 Aug 2026 06:47:54 GMT', 'X-Trans-Id': 'tx0a1d700bf39440afbf19c-006a703999', 'X-Openstack-Request-Id': 'tx0a1d700bf39440afbf19c-006a703999', 'Connection': 'close'} {{(pid=103151) http_log /opt/stack/data/venv/lib/python3.12/site-packages/swiftclient/client.py:162}}
Aug 03 06:47:54.523088 np0000006326 devstack@g-api.service[103151]: DEBUG glance_store._drivers.swift.store [None req-89270845-9ecd-44f7-be5c-88e9ff18a625 tempest-VolumesActionsTest-600806171 tempest-VolumesActionsTest-600806171-project-member] Wrote chunk e6461cca-dc73-4174-b37e-df26a27e76ff-00006 (6/?) of length 49741824 to Swift returning MD5 of content: 708761f3b8777ec77058e63da08eeeb6 {{(pid=103151) add /opt/stack/data/venv/lib/python3.12/site-packages/glance_store/_drivers/swift/store.py:1059}}
Aug 03 06:47:54.523463 np0000006326 devstack@g-api.service[103151]: DEBUG glance_store._drivers.swift.store [None req-89270845-9ecd-44f7-be5c-88e9ff18a625 tempest-VolumesActionsTest-600806171 tempest-VolumesActionsTest-600806171-project-member] Not writing zero-length chunk. {{(pid=103151) add /opt/stack/data/venv/lib/python3.12/site-packages/glance_store/_drivers/swift/store.py:1028}}
Aug 03 06:47:54.559489 np0000006326 devstack@g-api.service[103151]: DEBUG swiftclient [None req-89270845-9ecd-44f7-be5c-88e9ff18a625 tempest-VolumesActionsTest-600806171 tempest-VolumesActionsTest-600806171-project-member] REQ: curl -i https://10.4.3.195:8080/v1/AUTH_bc8989d9a3f048cb87ba93caee256a0b/glance/e6461cca-dc73-4174-b37e-df26a27e76ff -X PUT -H "X-Object-Manifest: glance/e6461cca-dc73-4174-b37e-df26a27e76ff-" -H "X-Auth-Token: gAAAAABqcDmP3nQR..." -H "Content-Length: 0" {{(pid=103151) http_log /opt/stack/data/venv/lib/python3.12/site-packages/swiftclient/client.py:160}}
Aug 03 06:47:54.559595 np0000006326 devstack@g-api.service[103151]: DEBUG swiftclient [None req-89270845-9ecd-44f7-be5c-88e9ff18a625 tempest-VolumesActionsTest-600806171 tempest-VolumesActionsTest-600806171-project-member] RESP STATUS: 201 Created {{(pid=103151) http_log /opt/stack/data/venv/lib/python3.12/site-packages/swiftclient/client.py:161}}
Aug 03 06:47:54.559783 np0000006326 devstack@g-api.service[103151]: DEBUG swiftclient [None req-89270845-9ecd-44f7-be5c-88e9ff18a625 tempest-VolumesActionsTest-600806171 tempest-VolumesActionsTest-600806171-project-member] RESP HEADERS: {'Date': 'Mon, 03 Aug 2026 06:47:54 GMT', 'Server': 'Apache/2.4.58 (Ubuntu)', 'Content-Type': 'text/html; charset=UTF-8', 'Content-Length': '0', 'Etag': 'd41d8cd98f00b204e9800998ecf8427e', 'Last-Modified': 'Mon, 03 Aug 2026 06:47:55 GMT', 'X-Trans-Id': 'txb0f4178d80f4405b8d371-006a70399a', 'X-Openstack-Request-Id': 'txb0f4178d80f4405b8d371-006a70399a', 'Connection': 'close'} {{(pid=103151) http_log /opt/stack/data/venv/lib/python3.12/site-packages/swiftclient/client.py:162}}
Aug 03 06:47:54.560413 np0000006326 devstack@g-api.service[103151]: INFO glance.location [None req-89270845-9ecd-44f7-be5c-88e9ff18a625 tempest-VolumesActionsTest-600806171 tempest-VolumesActionsTest-600806171-project-member] Image format matched and virtual size computed: 1073741824
Aug 03 06:47:54.599943 np0000006326 devstack@g-api.service[103151]: DEBUG glance_store.backend [None req-89270845-9ecd-44f7-be5c-88e9ff18a625 tempest-VolumesActionsTest-600806171 tempest-VolumesActionsTest-600806171-project-member] Attempting to import store swift {{(pid=103151) _load_store /opt/stack/data/venv/lib/python3.12/site-packages/glance_store/backend.py:215}}
Aug 03 06:47:54.601517 np0000006326 devstack@g-api.service[103151]: DEBUG glance_store.capabilities [None req-89270845-9ecd-44f7-be5c-88e9ff18a625 tempest-VolumesActionsTest-600806171 tempest-VolumesActionsTest-600806171-project-member] Store glance_store._drivers.swift.store.SingleTenantStore doesn't support updating dynamic storage capabilities. Please overwrite 'update_capabilities' method of the store to implement updating logics if needed. {{(pid=103151) update_capabilities /opt/stack/data/venv/lib/python3.12/site-packages/glance_store/capabilities.py:91}}
Aug 03 06:47:54.601644 np0000006326 devstack@g-api.service[103151]: DEBUG glance_store.driver [None req-89270845-9ecd-44f7-be5c-88e9ff18a625 tempest-VolumesActionsTest-600806171 tempest-VolumesActionsTest-600806171-project-member] Late loading location class glance_store._drivers.swift.store.StoreLocation {{(pid=103151) get_store_location_class /opt/stack/data/venv/lib/python3.12/site-packages/glance_store/driver.py:134}}
Aug 03 06:47:54.601786 np0000006326 devstack@g-api.service[103151]: DEBUG glance_store.location [None req-89270845-9ecd-44f7-be5c-88e9ff18a625 tempest-VolumesActionsTest-600806171 tempest-VolumesActionsTest-600806171-project-member] Registering scheme swift+https with {'store': , 'location_class': , 'store_entry': 'swift'} {{(pid=103151) register_scheme_map /opt/stack/data/venv/lib/python3.12/site-packages/glance_store/location.py:146}}
Aug 03 06:47:54.601874 np0000006326 devstack@g-api.service[103151]: DEBUG glance_store.location [None req-89270845-9ecd-44f7-be5c-88e9ff18a625 tempest-VolumesActionsTest-600806171 tempest-VolumesActionsTest-600806171-project-member] Registering scheme swift+https with {'store': , 'location_class': , 'store_entry': 'swift'} {{(pid=103151) register_scheme_map /opt/stack/data/venv/lib/python3.12/site-packages/glance_store/location.py:146}}
Aug 03 06:47:54.602005 np0000006326 devstack@g-api.service[103151]: DEBUG glance_store.location [None req-89270845-9ecd-44f7-be5c-88e9ff18a625 tempest-VolumesActionsTest-600806171 tempest-VolumesActionsTest-600806171-project-member] Registering scheme swift with {'store': , 'location_class': , 'store_entry': 'swift'} {{(pid=103151) register_scheme_map /opt/stack/data/venv/lib/python3.12/site-packages/glance_store/location.py:146}}
Aug 03 06:47:54.602888 np0000006326 devstack@g-api.service[103151]: DEBUG glance_store.location [None req-89270845-9ecd-44f7-be5c-88e9ff18a625 tempest-VolumesActionsTest-600806171 tempest-VolumesActionsTest-600806171-project-member] Registering scheme swift+https with {'store': , 'location_class': , 'store_entry': 'swift'} {{(pid=103151) register_scheme_map /opt/stack/data/venv/lib/python3.12/site-packages/glance_store/location.py:146}}
Aug 03 06:47:54.602888 np0000006326 devstack@g-api.service[103151]: DEBUG glance_store.location [None req-89270845-9ecd-44f7-be5c-88e9ff18a625 tempest-VolumesActionsTest-600806171 tempest-VolumesActionsTest-600806171-project-member] Registering scheme swift with {'store': , 'location_class': , 'store_entry': 'swift'} {{(pid=103151) register_scheme_map /opt/stack/data/venv/lib/python3.12/site-packages/glance_store/location.py:146}}
Aug 03 06:47:54.602888 np0000006326 devstack@g-api.service[103151]: DEBUG glance_store.location [None req-89270845-9ecd-44f7-be5c-88e9ff18a625 tempest-VolumesActionsTest-600806171 tempest-VolumesActionsTest-600806171-project-member] Registering scheme swift+http with {'store': , 'location_class': , 'store_entry': 'swift'} {{(pid=103151) register_scheme_map /opt/stack/data/venv/lib/python3.12/site-packages/glance_store/location.py:146}}
Aug 03 06:47:54.602888 np0000006326 devstack@g-api.service[103151]: DEBUG glance_store.location [None req-89270845-9ecd-44f7-be5c-88e9ff18a625 tempest-VolumesActionsTest-600806171 tempest-VolumesActionsTest-600806171-project-member] Registering scheme swift+https with {'store': , 'location_class': , 'store_entry': 'swift'} {{(pid=103151) register_scheme_map /opt/stack/data/venv/lib/python3.12/site-packages/glance_store/location.py:146}}
Aug 03 06:47:54.602888 np0000006326 devstack@g-api.service[103151]: DEBUG glance_store.location [None req-89270845-9ecd-44f7-be5c-88e9ff18a625 tempest-VolumesActionsTest-600806171 tempest-VolumesActionsTest-600806171-project-member] Registering scheme swift with {'store': , 'location_class': , 'store_entry': 'swift'} {{(pid=103151) register_scheme_map /opt/stack/data/venv/lib/python3.12/site-packages/glance_store/location.py:146}}
Aug 03 06:47:54.602888 np0000006326 devstack@g-api.service[103151]: DEBUG glance_store.location [None req-89270845-9ecd-44f7-be5c-88e9ff18a625 tempest-VolumesActionsTest-600806171 tempest-VolumesActionsTest-600806171-project-member] Registering scheme swift+http with {'store': , 'location_class': , 'store_entry': 'swift'} {{(pid=103151) register_scheme_map /opt/stack/data/venv/lib/python3.12/site-packages/glance_store/location.py:146}}
Aug 03 06:47:54.602888 np0000006326 devstack@g-api.service[103151]: DEBUG glance_store.location [None req-89270845-9ecd-44f7-be5c-88e9ff18a625 tempest-VolumesActionsTest-600806171 tempest-VolumesActionsTest-600806171-project-member] Registering scheme swift+config with {'store': , 'location_class': , 'store_entry': 'swift'} {{(pid=103151) register_scheme_map /opt/stack/data/venv/lib/python3.12/site-packages/glance_store/location.py:146}}
Aug 03 06:47:54.602888 np0000006326 devstack@g-api.service[103151]: DEBUG glance_store.backend [None req-89270845-9ecd-44f7-be5c-88e9ff18a625 tempest-VolumesActionsTest-600806171 tempest-VolumesActionsTest-600806171-project-member] Skipping store.set_acls... not implemented. {{(pid=103151) set_acls /opt/stack/data/venv/lib/python3.12/site-packages/glance_store/backend.py:507}}
Aug 03 06:47:54.604848 np0000006326 devstack@g-api.service[103151]: [pid: 103151|app: 0|req: 38/176] 127.0.0.1 () {46 vars in 1158 bytes} [Mon Aug 3 06:47:41 2026] PUT /v2/images/e6461cca-dc73-4174-b37e-df26a27e76ff/file => generated 0 bytes in 12626 msecs (HTTP/1.1 204) 4 headers in 171 bytes (1 switches on core 0)
Aug 03 06:47:54.618017 np0000006326 devstack@g-api.service[103148]: DEBUG glance.api.middleware.version_negotiation [None req-629db639-7942-4f04-9bde-af2d70ea6b26 tempest-VolumesActionsTest-600806171 tempest-VolumesActionsTest-600806171-project-member] Determining version of request: GET /v2/images/e6461cca-dc73-4174-b37e-df26a27e76ff Accept: */* {{(pid=103148) process_request /opt/stack/glance/glance/api/middleware/version_negotiation.py:44}}
Aug 03 06:47:54.618017 np0000006326 devstack@g-api.service[103148]: DEBUG glance.api.middleware.version_negotiation [None req-629db639-7942-4f04-9bde-af2d70ea6b26 tempest-VolumesActionsTest-600806171 tempest-VolumesActionsTest-600806171-project-member] Using url versioning {{(pid=103148) process_request /opt/stack/glance/glance/api/middleware/version_negotiation.py:57}}
Aug 03 06:47:54.618431 np0000006326 devstack@g-api.service[103148]: DEBUG glance.api.middleware.version_negotiation [None req-629db639-7942-4f04-9bde-af2d70ea6b26 tempest-VolumesActionsTest-600806171 tempest-VolumesActionsTest-600806171-project-member] Matched version: v2 {{(pid=103148) process_request /opt/stack/glance/glance/api/middleware/version_negotiation.py:69}}
Aug 03 06:47:54.618431 np0000006326 devstack@g-api.service[103148]: DEBUG glance.api.middleware.version_negotiation [None req-629db639-7942-4f04-9bde-af2d70ea6b26 tempest-VolumesActionsTest-600806171 tempest-VolumesActionsTest-600806171-project-member] new path /v2/images/e6461cca-dc73-4174-b37e-df26a27e76ff {{(pid=103148) process_request /opt/stack/glance/glance/api/middleware/version_negotiation.py:70}}
Aug 03 06:47:54.630765 np0000006326 devstack@g-api.service[103148]: [pid: 103148|app: 0|req: 48/177] 127.0.0.1 () {44 vars in 1115 bytes} [Mon Aug 3 06:47:54 2026] GET /v2/images/e6461cca-dc73-4174-b37e-df26a27e76ff => generated 822 bytes in 14 msecs (HTTP/1.1 200) 4 headers in 157 bytes (1 switches on core 0)
Aug 03 06:47:54.638697 np0000006326 devstack@g-api.service[103150]: DEBUG glance.api.middleware.version_negotiation [None req-58bac07f-adbb-4acb-9017-a7fa7d98dcb3 tempest-VolumesActionsTest-600806171 tempest-VolumesActionsTest-600806171-project-member] Determining version of request: GET /v2/schemas/image Accept: */* {{(pid=103150) process_request /opt/stack/glance/glance/api/middleware/version_negotiation.py:44}}
Aug 03 06:47:54.639103 np0000006326 devstack@g-api.service[103150]: DEBUG glance.api.middleware.version_negotiation [None req-58bac07f-adbb-4acb-9017-a7fa7d98dcb3 tempest-VolumesActionsTest-600806171 tempest-VolumesActionsTest-600806171-project-member] Using url versioning {{(pid=103150) process_request /opt/stack/glance/glance/api/middleware/version_negotiation.py:57}}
Aug 03 06:47:54.639191 np0000006326 devstack@g-api.service[103150]: DEBUG glance.api.middleware.version_negotiation [None req-58bac07f-adbb-4acb-9017-a7fa7d98dcb3 tempest-VolumesActionsTest-600806171 tempest-VolumesActionsTest-600806171-project-member] Matched version: v2 {{(pid=103150) process_request /opt/stack/glance/glance/api/middleware/version_negotiation.py:69}}
Aug 03 06:47:54.639342 np0000006326 devstack@g-api.service[103150]: DEBUG glance.api.middleware.version_negotiation [None req-58bac07f-adbb-4acb-9017-a7fa7d98dcb3 tempest-VolumesActionsTest-600806171 tempest-VolumesActionsTest-600806171-project-member] new path /v2/schemas/image {{(pid=103150) process_request /opt/stack/glance/glance/api/middleware/version_negotiation.py:70}}
Aug 03 06:47:54.645741 np0000006326 devstack@g-api.service[103150]: [pid: 103150|app: 0|req: 48/178] 127.0.0.1 () {44 vars in 1055 bytes} [Mon Aug 3 06:47:54 2026] GET /v2/schemas/image => generated 6083 bytes in 5 msecs (HTTP/1.1 200) 4 headers in 158 bytes (1 switches on core 0)
Aug 03 06:47:54.654744 np0000006326 devstack@g-api.service[103149]: DEBUG glance.api.middleware.version_negotiation [None req-31d77a18-3b28-4002-9aae-de7847802619 tempest-VolumesActionsTest-600806171 tempest-VolumesActionsTest-600806171-project-member] Determining version of request: GET /v2/schemas/image Accept: */* {{(pid=103149) process_request /opt/stack/glance/glance/api/middleware/version_negotiation.py:44}}
Aug 03 06:47:54.654966 np0000006326 devstack@g-api.service[103149]: DEBUG glance.api.middleware.version_negotiation [None req-31d77a18-3b28-4002-9aae-de7847802619 tempest-VolumesActionsTest-600806171 tempest-VolumesActionsTest-600806171-project-member] Using url versioning {{(pid=103149) process_request /opt/stack/glance/glance/api/middleware/version_negotiation.py:57}}
Aug 03 06:47:54.655162 np0000006326 devstack@g-api.service[103149]: DEBUG glance.api.middleware.version_negotiation [None req-31d77a18-3b28-4002-9aae-de7847802619 tempest-VolumesActionsTest-600806171 tempest-VolumesActionsTest-600806171-project-member] Matched version: v2 {{(pid=103149) process_request /opt/stack/glance/glance/api/middleware/version_negotiation.py:69}}
Aug 03 06:47:54.655311 np0000006326 devstack@g-api.service[103149]: DEBUG glance.api.middleware.version_negotiation [None req-31d77a18-3b28-4002-9aae-de7847802619 tempest-VolumesActionsTest-600806171 tempest-VolumesActionsTest-600806171-project-member] new path /v2/schemas/image {{(pid=103149) process_request /opt/stack/glance/glance/api/middleware/version_negotiation.py:70}}
Aug 03 06:47:54.659263 np0000006326 devstack@g-api.service[103149]: [pid: 103149|app: 0|req: 45/179] 127.0.0.1 () {44 vars in 1055 bytes} [Mon Aug 3 06:47:54 2026] GET /v2/schemas/image => generated 6083 bytes in 5 msecs (HTTP/1.1 200) 4 headers in 158 bytes (1 switches on core 0)
Aug 03 06:47:55.250687 np0000006326 devstack@g-api.service[103151]: DEBUG glance.api.middleware.version_negotiation [None req-89270845-9ecd-44f7-be5c-88e9ff18a625 tempest-VolumesActionsTest-600806171 tempest-VolumesActionsTest-600806171-project-member] Determining version of request: GET /v2/images/e6461cca-dc73-4174-b37e-df26a27e76ff Accept: application/json {{(pid=103151) process_request /opt/stack/glance/glance/api/middleware/version_negotiation.py:44}}
