Jul 16 14:08:00.270617 np0000005246 devstack@g-api.service[99779]: DEBUG glance_store.location [-] Registering scheme filesystem with {'store': , 'location_class': , 'store_entry': 'file'} {{(pid=99779) register_scheme_map /opt/stack/data/venv/lib/python3.12/site-packages/glance_store/location.py:146}}
Jul 16 14:08:00.270713 np0000005246 devstack@g-api.service[99779]: DEBUG glance_store.backend [-] Attempting to import store swift {{(pid=99779) _load_store /opt/stack/data/venv/lib/python3.12/site-packages/glance_store/backend.py:215}}
Jul 16 14:08:00.270891 np0000005246 devstack@g-api.service[99779]: WARNING oslo_config.cfg [-] Deprecated: Option "default_store" from group "glance_store" is deprecated for removal (
Jul 16 14:08:00.270891 np0000005246 devstack@g-api.service[99779]: This option is deprecated against new config option
Jul 16 14:08:00.270891 np0000005246 devstack@g-api.service[99779]: ``default_backend`` which acts similar to ``default_store`` config
Jul 16 14:08:00.270891 np0000005246 devstack@g-api.service[99779]: option.
Jul 16 14:08:00.270891 np0000005246 devstack@g-api.service[99779]: This option is scheduled for removal in the U development
Jul 16 14:08:00.270891 np0000005246 devstack@g-api.service[99779]: cycle.
Jul 16 14:08:00.270891 np0000005246 devstack@g-api.service[99779]: ). Its value may be silently ignored in the future.
Jul 16 14:08:00.272063 np0000005246 devstack@g-api.service[99779]: DEBUG glance_store.capabilities [-] Store glance_store._drivers.swift.store.SingleTenantStore doesn't support updating dynamic storage capabilities. Please overwrite 'update_capabilities' method of the store to implement updating logics if needed. {{(pid=99779) update_capabilities /opt/stack/data/venv/lib/python3.12/site-packages/glance_store/capabilities.py:91}}
Jul 16 14:08:00.272131 np0000005246 devstack@g-api.service[99779]: DEBUG glance_store.backend [-] Registering store swift with schemes ('swift+https', 'swift', 'swift+http', 'swift+config') {{(pid=99779) create_stores /opt/stack/data/venv/lib/python3.12/site-packages/glance_store/backend.py:261}}
Jul 16 14:08:00.272232 np0000005246 devstack@g-api.service[99779]: DEBUG glance_store.driver [-] Late loading location class glance_store._drivers.swift.store.StoreLocation {{(pid=99779) get_store_location_class /opt/stack/data/venv/lib/python3.12/site-packages/glance_store/driver.py:134}}
Jul 16 14:08:00.272232 np0000005246 devstack@g-api.service[99779]: DEBUG glance_store.location [-] Registering scheme swift+https with {'store': , 'location_class': , 'store_entry': 'swift'} {{(pid=99779) register_scheme_map /opt/stack/data/venv/lib/python3.12/site-packages/glance_store/location.py:146}}
Jul 16 14:08:00.272343 np0000005246 devstack@g-api.service[99779]: DEBUG glance_store.location [-] Registering scheme swift with {'store': , 'location_class': , 'store_entry': 'swift'} {{(pid=99779) register_scheme_map /opt/stack/data/venv/lib/python3.12/site-packages/glance_store/location.py:146}}
Jul 16 14:08:00.272343 np0000005246 devstack@g-api.service[99779]: DEBUG glance_store.location [-] Registering scheme swift+http with {'store': , 'location_class': , 'store_entry': 'swift'} {{(pid=99779) register_scheme_map /opt/stack/data/venv/lib/python3.12/site-packages/glance_store/location.py:146}}
Jul 16 14:08:00.272415 np0000005246 devstack@g-api.service[99779]: DEBUG glance_store.location [-] Registering scheme swift+config with {'store': , 'location_class': , 'store_entry': 'swift'} {{(pid=99779) register_scheme_map /opt/stack/data/venv/lib/python3.12/site-packages/glance_store/location.py:146}}
Jul 16 14:08:00.272561 np0000005246 devstack@g-api.service[99779]: DEBUG glance_store.backend [-] Attempting to import store swift {{(pid=99779) _load_store /opt/stack/data/venv/lib/python3.12/site-packages/glance_store/backend.py:215}}
Jul 16 14:08:00.273563 np0000005246 devstack@g-api.service[99779]: DEBUG glance_store.capabilities [-] Store glance_store._drivers.swift.store.SingleTenantStore doesn't support updating dynamic storage capabilities. Please overwrite 'update_capabilities' method of the store to implement updating logics if needed. {{(pid=99779) update_capabilities /opt/stack/data/venv/lib/python3.12/site-packages/glance_store/capabilities.py:91}}
Jul 16 14:08:00.273667 np0000005246 devstack@g-api.service[99779]: DEBUG glance_store.driver [-] Late loading location class glance_store._drivers.swift.store.StoreLocation {{(pid=99779) get_store_location_class /opt/stack/data/venv/lib/python3.12/site-packages/glance_store/driver.py:134}}
Jul 16 14:08:00.273710 np0000005246 devstack@g-api.service[99779]: DEBUG glance_store.location [-] Registering scheme swift+https with {'store': , 'location_class': , 'store_entry': 'swift'} {{(pid=99779) register_scheme_map /opt/stack/data/venv/lib/python3.12/site-packages/glance_store/location.py:146}}
Jul 16 14:08:00.273744 np0000005246 devstack@g-api.service[99779]: DEBUG glance_store.location [-] Registering scheme swift+https with {'store': , 'location_class': , 'store_entry': 'swift'} {{(pid=99779) register_scheme_map /opt/stack/data/venv/lib/python3.12/site-packages/glance_store/location.py:146}}
Jul 16 14:08:00.273851 np0000005246 devstack@g-api.service[99779]: DEBUG glance_store.location [-] Registering scheme swift with {'store': , 'location_class': , 'store_entry': 'swift'} {{(pid=99779) register_scheme_map /opt/stack/data/venv/lib/python3.12/site-packages/glance_store/location.py:146}}
Jul 16 14:08:00.273851 np0000005246 devstack@g-api.service[99779]: DEBUG glance_store.location [-] Registering scheme swift+https with {'store': , 'location_class': , 'store_entry': 'swift'} {{(pid=99779) register_scheme_map /opt/stack/data/venv/lib/python3.12/site-packages/glance_store/location.py:146}}
Jul 16 14:08:00.273967 np0000005246 devstack@g-api.service[99779]: DEBUG glance_store.location [-] Registering scheme swift with {'store': , 'location_class': , 'store_entry': 'swift'} {{(pid=99779) register_scheme_map /opt/stack/data/venv/lib/python3.12/site-packages/glance_store/location.py:146}}
Jul 16 14:08:00.273967 np0000005246 devstack@g-api.service[99779]: DEBUG glance_store.location [-] Registering scheme swift+http with {'store': , 'location_class': , 'store_entry': 'swift'} {{(pid=99779) register_scheme_map /opt/stack/data/venv/lib/python3.12/site-packages/glance_store/location.py:146}}
Jul 16 14:08:00.274039 np0000005246 devstack@g-api.service[99779]: DEBUG glance_store.location [-] Registering scheme swift+https with {'store': , 'location_class': , 'store_entry': 'swift'} {{(pid=99779) register_scheme_map /opt/stack/data/venv/lib/python3.12/site-packages/glance_store/location.py:146}}
Jul 16 14:08:00.274039 np0000005246 devstack@g-api.service[99779]: DEBUG glance_store.location [-] Registering scheme swift with {'store': , 'location_class': , 'store_entry': 'swift'} {{(pid=99779) register_scheme_map /opt/stack/data/venv/lib/python3.12/site-packages/glance_store/location.py:146}}
Jul 16 14:08:00.274096 np0000005246 devstack@g-api.service[99779]: DEBUG glance_store.location [-] Registering scheme swift+http with {'store': , 'location_class': , 'store_entry': 'swift'} {{(pid=99779) register_scheme_map /opt/stack/data/venv/lib/python3.12/site-packages/glance_store/location.py:146}}
Jul 16 14:08:00.274127 np0000005246 devstack@g-api.service[99779]: DEBUG glance_store.location [-] Registering scheme swift+config with {'store': , 'location_class': , 'store_entry': 'swift'} {{(pid=99779) register_scheme_map /opt/stack/data/venv/lib/python3.12/site-packages/glance_store/location.py:146}}
Jul 16 14:08:00.274379 np0000005246 devstack@g-api.service[99779]: DEBUG glance.sqlite_migration [-] SQLite caching database not located, skipping migration {{(pid=99779) get_db_path /opt/stack/glance/glance/sqlite_migration.py:68}}
Jul 16 14:08:00.274566 np0000005246 devstack@g-api.service[99779]: WARNING glance.common.wsgi_app [-] Import methods are enabled but staging directory /tmp/staging/ does not exist; Imports will fail!
Jul 16 14:08:00.361919 np0000005246 devstack@g-api.service[99778]: DEBUG glance.common.config [None req-f4c5f04f-a5ae-416a-a5b9-be00199fbd22 None None] Loading glance-api-keystone+cachemanagement from /etc/glance/glance-api-paste.ini {{(pid=99778) load_paste_app /opt/stack/glance/glance/common/config.py:765}}
Jul 16 14:08:00.374740 np0000005246 devstack@g-api.service[99777]: DEBUG glance.common.config [None req-dbe946b6-cef4-4a76-bbb7-49861d2368d1 None None] Loading glance-api-keystone+cachemanagement from /etc/glance/glance-api-paste.ini {{(pid=99777) load_paste_app /opt/stack/glance/glance/common/config.py:765}}
Jul 16 14:08:00.403820 np0000005246 devstack@g-api.service[99779]: DEBUG glance.common.config [None req-1653a6e9-214b-401a-9f08-6ea31d1602b9 None None] Loading glance-api-keystone+cachemanagement from /etc/glance/glance-api-paste.ini {{(pid=99779) load_paste_app /opt/stack/glance/glance/common/config.py:765}}
Jul 16 14:08:00.948650 np0000005246 devstack@g-api.service[99778]: INFO glance.image_cache [None req-f4c5f04f-a5ae-416a-a5b9-be00199fbd22 None None] Image cache loaded driver 'centralized_db'.
Jul 16 14:08:00.954540 np0000005246 devstack@g-api.service[99777]: INFO glance.image_cache [None req-dbe946b6-cef4-4a76-bbb7-49861d2368d1 None None] Image cache loaded driver 'centralized_db'.
Jul 16 14:08:00.958204 np0000005246 devstack@g-api.service[99779]: INFO glance.image_cache [None req-1653a6e9-214b-401a-9f08-6ea31d1602b9 None None] Image cache loaded driver 'centralized_db'.
Jul 16 14:08:00.993280 np0000005246 devstack@g-api.service[99778]: INFO dbcounter [None req-f4c5f04f-a5ae-416a-a5b9-be00199fbd22 None None] Registered counter for database glance
Jul 16 14:08:01.002795 np0000005246 devstack@g-api.service[99777]: INFO dbcounter [None req-dbe946b6-cef4-4a76-bbb7-49861d2368d1 None None] Registered counter for database glance
Jul 16 14:08:01.004681 np0000005246 devstack@g-api.service[99779]: INFO dbcounter [None req-1653a6e9-214b-401a-9f08-6ea31d1602b9 None None] Registered counter for database glance
Jul 16 14:08:01.030974 np0000005246 devstack@g-api.service[99778]: DEBUG oslo_db.sqlalchemy.engines [None req-f4c5f04f-a5ae-416a-a5b9-be00199fbd22 None None] MySQL server mode set to STRICT_TRANS_TABLES,STRICT_ALL_TABLES,NO_ZERO_IN_DATE,NO_ZERO_DATE,ERROR_FOR_DIVISION_BY_ZERO,TRADITIONAL,NO_ENGINE_SUBSTITUTION {{(pid=99778) _check_effective_sql_mode /opt/stack/data/venv/lib/python3.12/site-packages/oslo_db/sqlalchemy/engines.py:325}}
Jul 16 14:08:01.039147 np0000005246 devstack@g-api.service[99777]: DEBUG oslo_db.sqlalchemy.engines [None req-dbe946b6-cef4-4a76-bbb7-49861d2368d1 None None] MySQL server mode set to STRICT_TRANS_TABLES,STRICT_ALL_TABLES,NO_ZERO_IN_DATE,NO_ZERO_DATE,ERROR_FOR_DIVISION_BY_ZERO,TRADITIONAL,NO_ENGINE_SUBSTITUTION {{(pid=99777) _check_effective_sql_mode /opt/stack/data/venv/lib/python3.12/site-packages/oslo_db/sqlalchemy/engines.py:325}}
Jul 16 14:08:01.041172 np0000005246 devstack@g-api.service[99779]: DEBUG oslo_db.sqlalchemy.engines [None req-1653a6e9-214b-401a-9f08-6ea31d1602b9 None None] MySQL server mode set to STRICT_TRANS_TABLES,STRICT_ALL_TABLES,NO_ZERO_IN_DATE,NO_ZERO_DATE,ERROR_FOR_DIVISION_BY_ZERO,TRADITIONAL,NO_ENGINE_SUBSTITUTION {{(pid=99779) _check_effective_sql_mode /opt/stack/data/venv/lib/python3.12/site-packages/oslo_db/sqlalchemy/engines.py:325}}
Jul 16 14:08:01.051359 np0000005246 devstack@g-api.service[99778]: DEBUG dbcounter [-] [99778] Writer thread running {{(pid=99778) stat_writer /opt/stack/data/venv/lib/python3.12/site-packages/dbcounter.py:102}}
Jul 16 14:08:01.059979 np0000005246 devstack@g-api.service[99777]: DEBUG dbcounter [-] [99777] Writer thread running {{(pid=99777) stat_writer /opt/stack/data/venv/lib/python3.12/site-packages/dbcounter.py:102}}
Jul 16 14:08:01.061578 np0000005246 devstack@g-api.service[99779]: DEBUG dbcounter [-] [99779] Writer thread running {{(pid=99779) stat_writer /opt/stack/data/venv/lib/python3.12/site-packages/dbcounter.py:102}}
Jul 16 14:08:01.062232 np0000005246 devstack@g-api.service[99777]: DEBUG glance.image_cache.drivers.centralized_db [None req-dbe946b6-cef4-4a76-bbb7-49861d2368d1 None None] Node reference is already recorded, ignoring it {{(pid=99777) configure /opt/stack/glance/glance/image_cache/drivers/centralized_db.py:71}}
Jul 16 14:08:01.063592 np0000005246 devstack@g-api.service[99779]: DEBUG glance.image_cache.drivers.centralized_db [None req-1653a6e9-214b-401a-9f08-6ea31d1602b9 None None] Node reference is already recorded, ignoring it {{(pid=99779) configure /opt/stack/glance/glance/image_cache/drivers/centralized_db.py:71}}
Jul 16 14:08:01.068725 np0000005246 devstack@g-api.service[99777]: INFO glance.image_cache [None req-dbe946b6-cef4-4a76-bbb7-49861d2368d1 None None] Image cache loaded driver 'centralized_db'.
Jul 16 14:08:01.069462 np0000005246 devstack@g-api.service[99779]: INFO glance.image_cache [None req-1653a6e9-214b-401a-9f08-6ea31d1602b9 None None] Image cache loaded driver 'centralized_db'.
Jul 16 14:08:01.076411 np0000005246 devstack@g-api.service[99777]: DEBUG glance.image_cache.drivers.centralized_db [None req-dbe946b6-cef4-4a76-bbb7-49861d2368d1 None None] Node reference is already recorded, ignoring it {{(pid=99777) configure /opt/stack/glance/glance/image_cache/drivers/centralized_db.py:71}}
Jul 16 14:08:01.152999 np0000005246 devstack@g-api.service[99778]: INFO glance.image_cache [None req-f4c5f04f-a5ae-416a-a5b9-be00199fbd22 None None] Image cache loaded driver 'centralized_db'.
Jul 16 14:08:01.159934 np0000005246 devstack@g-api.service[99778]: DEBUG glance.image_cache.drivers.centralized_db [None req-f4c5f04f-a5ae-416a-a5b9-be00199fbd22 None None] Node reference is already recorded, ignoring it {{(pid=99778) configure /opt/stack/glance/glance/image_cache/drivers/centralized_db.py:71}}
Jul 16 14:08:01.164323 np0000005246 devstack@g-api.service[99778]: DEBUG glance.api.v2.cached_images [None req-f4c5f04f-a5ae-416a-a5b9-be00199fbd22 None None] Started cache worker thread {{(pid=99778) __init__ /opt/stack/glance/glance/api/v2/cached_images.py:71}}
Jul 16 14:08:01.165015 np0000005246 devstack@g-api.service[99778]: INFO glance.image_cache [None req-f4c5f04f-a5ae-416a-a5b9-be00199fbd22 None None] Image cache loaded driver 'centralized_db'.
Jul 16 14:08:01.171553 np0000005246 devstack@g-api.service[99778]: DEBUG glance.image_cache.drivers.centralized_db [None req-f4c5f04f-a5ae-416a-a5b9-be00199fbd22 None None] Node reference is already recorded, ignoring it {{(pid=99778) configure /opt/stack/glance/glance/image_cache/drivers/centralized_db.py:71}}
Jul 16 14:08:01.173226 np0000005246 devstack@g-api.service[99779]: DEBUG glance.image_cache.drivers.centralized_db [None req-1653a6e9-214b-401a-9f08-6ea31d1602b9 None None] Node reference is already recorded, ignoring it {{(pid=99779) configure /opt/stack/glance/glance/image_cache/drivers/centralized_db.py:71}}
Jul 16 14:08:01.175651 np0000005246 devstack@g-api.service[99778]: INFO glance.api.middleware.cache_manage [None req-f4c5f04f-a5ae-416a-a5b9-be00199fbd22 None None] Initialized image cache management middleware
Jul 16 14:08:01.175741 np0000005246 devstack@g-api.service[99778]: INFO glance.image_cache [None req-f4c5f04f-a5ae-416a-a5b9-be00199fbd22 None None] Image cache loaded driver 'centralized_db'.
Jul 16 14:08:01.178135 np0000005246 devstack@g-api.service[99779]: DEBUG glance.api.v2.cached_images [None req-1653a6e9-214b-401a-9f08-6ea31d1602b9 None None] Started cache worker thread {{(pid=99779) __init__ /opt/stack/glance/glance/api/v2/cached_images.py:71}}
Jul 16 14:08:01.178925 np0000005246 devstack@g-api.service[99779]: INFO glance.image_cache [None req-1653a6e9-214b-401a-9f08-6ea31d1602b9 None None] Image cache loaded driver 'centralized_db'.
Jul 16 14:08:01.180301 np0000005246 devstack@g-api.service[99777]: DEBUG glance.api.v2.cached_images [None req-dbe946b6-cef4-4a76-bbb7-49861d2368d1 None None] Started cache worker thread {{(pid=99777) __init__ /opt/stack/glance/glance/api/v2/cached_images.py:71}}
Jul 16 14:08:01.181189 np0000005246 devstack@g-api.service[99777]: INFO glance.image_cache [None req-dbe946b6-cef4-4a76-bbb7-49861d2368d1 None None] Image cache loaded driver 'centralized_db'.
Jul 16 14:08:01.182050 np0000005246 devstack@g-api.service[99778]: DEBUG glance.image_cache.drivers.centralized_db [None req-f4c5f04f-a5ae-416a-a5b9-be00199fbd22 None None] Node reference is already recorded, ignoring it {{(pid=99778) configure /opt/stack/glance/glance/image_cache/drivers/centralized_db.py:71}}
Jul 16 14:08:01.185302 np0000005246 devstack@g-api.service[99779]: DEBUG glance.image_cache.drivers.centralized_db [None req-1653a6e9-214b-401a-9f08-6ea31d1602b9 None None] Node reference is already recorded, ignoring it {{(pid=99779) configure /opt/stack/glance/glance/image_cache/drivers/centralized_db.py:71}}
Jul 16 14:08:01.186301 np0000005246 devstack@g-api.service[99778]: INFO glance.api.middleware.cache [None req-f4c5f04f-a5ae-416a-a5b9-be00199fbd22 None None] Initialized image cache middleware
Jul 16 14:08:01.188108 np0000005246 devstack@g-api.service[99777]: DEBUG glance.image_cache.drivers.centralized_db [None req-dbe946b6-cef4-4a76-bbb7-49861d2368d1 None None] Node reference is already recorded, ignoring it {{(pid=99777) configure /opt/stack/glance/glance/image_cache/drivers/centralized_db.py:71}}
Jul 16 14:08:01.189863 np0000005246 devstack@g-api.service[99779]: INFO glance.api.middleware.cache_manage [None req-1653a6e9-214b-401a-9f08-6ea31d1602b9 None None] Initialized image cache management middleware
Jul 16 14:08:01.189970 np0000005246 devstack@g-api.service[99779]: INFO glance.image_cache [None req-1653a6e9-214b-401a-9f08-6ea31d1602b9 None None] Image cache loaded driver 'centralized_db'.
Jul 16 14:08:01.193085 np0000005246 devstack@g-api.service[99777]: INFO glance.api.middleware.cache_manage [None req-dbe946b6-cef4-4a76-bbb7-49861d2368d1 None None] Initialized image cache management middleware
Jul 16 14:08:01.193259 np0000005246 devstack@g-api.service[99777]: INFO glance.image_cache [None req-dbe946b6-cef4-4a76-bbb7-49861d2368d1 None None] Image cache loaded driver 'centralized_db'.
Jul 16 14:08:01.195968 np0000005246 devstack@g-api.service[99779]: DEBUG glance.image_cache.drivers.centralized_db [None req-1653a6e9-214b-401a-9f08-6ea31d1602b9 None None] Node reference is already recorded, ignoring it {{(pid=99779) configure /opt/stack/glance/glance/image_cache/drivers/centralized_db.py:71}}
Jul 16 14:08:01.196369 np0000005246 devstack@g-api.service[99778]: DEBUG glance.common.config [None req-f4c5f04f-a5ae-416a-a5b9-be00199fbd22 None None] ******************************************************************************** {{(pid=99778) log_opt_values /opt/stack/data/venv/lib/python3.12/site-packages/oslo_config/cfg.py:3226}}
Jul 16 14:08:01.196464 np0000005246 devstack@g-api.service[99778]: DEBUG glance.common.config [None req-f4c5f04f-a5ae-416a-a5b9-be00199fbd22 None None] Configuration options gathered from: {{(pid=99778) log_opt_values /opt/stack/data/venv/lib/python3.12/site-packages/oslo_config/cfg.py:3227}}
Jul 16 14:08:01.196788 np0000005246 devstack@g-api.service[99778]: DEBUG glance.common.config [None req-f4c5f04f-a5ae-416a-a5b9-be00199fbd22 None None] command line args: [] {{(pid=99778) log_opt_values /opt/stack/data/venv/lib/python3.12/site-packages/oslo_config/cfg.py:3228}}
Jul 16 14:08:01.196952 np0000005246 devstack@g-api.service[99778]: DEBUG glance.common.config [None req-f4c5f04f-a5ae-416a-a5b9-be00199fbd22 None None] config files: ['/etc/glance/glance-image-import.conf', '/etc/glance/glance-api.conf'] {{(pid=99778) log_opt_values /opt/stack/data/venv/lib/python3.12/site-packages/oslo_config/cfg.py:3229}}
Jul 16 14:08:01.197027 np0000005246 devstack@g-api.service[99778]: DEBUG glance.common.config [None req-f4c5f04f-a5ae-416a-a5b9-be00199fbd22 None None] ================================================================================ {{(pid=99778) log_opt_values /opt/stack/data/venv/lib/python3.12/site-packages/oslo_config/cfg.py:3234}}
Jul 16 14:08:01.197150 np0000005246 devstack@g-api.service[99778]: DEBUG glance.common.config [None req-f4c5f04f-a5ae-416a-a5b9-be00199fbd22 None None] allow_anonymous_access = False {{(pid=99778) log_opt_values /opt/stack/data/venv/lib/python3.12/site-packages/oslo_config/cfg.py:3242}}
Jul 16 14:08:01.197265 np0000005246 devstack@g-api.service[99778]: DEBUG glance.common.config [None req-f4c5f04f-a5ae-416a-a5b9-be00199fbd22 None None] api_limit_max = 1000 {{(pid=99778) log_opt_values /opt/stack/data/venv/lib/python3.12/site-packages/oslo_config/cfg.py:3242}}
Jul 16 14:08:01.197365 np0000005246 devstack@g-api.service[99778]: DEBUG glance.common.config [None req-f4c5f04f-a5ae-416a-a5b9-be00199fbd22 None None] config_dir = [] {{(pid=99778) log_opt_values /opt/stack/data/venv/lib/python3.12/site-packages/oslo_config/cfg.py:3242}}
Jul 16 14:08:01.197444 np0000005246 devstack@g-api.service[99778]: DEBUG glance.common.config [None req-f4c5f04f-a5ae-416a-a5b9-be00199fbd22 None None] config_file = ['/etc/glance/glance-image-import.conf', '/etc/glance/glance-api.conf'] {{(pid=99778) log_opt_values /opt/stack/data/venv/lib/python3.12/site-packages/oslo_config/cfg.py:3242}}
Jul 16 14:08:01.197550 np0000005246 devstack@g-api.service[99778]: DEBUG glance.common.config [None req-f4c5f04f-a5ae-416a-a5b9-be00199fbd22 None None] config_source = [] {{(pid=99778) log_opt_values /opt/stack/data/venv/lib/python3.12/site-packages/oslo_config/cfg.py:3242}}
Jul 16 14:08:01.197649 np0000005246 devstack@g-api.service[99778]: DEBUG glance.common.config [None req-f4c5f04f-a5ae-416a-a5b9-be00199fbd22 None None] control_exchange = glance {{(pid=99778) log_opt_values /opt/stack/data/venv/lib/python3.12/site-packages/oslo_config/cfg.py:3242}}
Jul 16 14:08:01.197759 np0000005246 devstack@g-api.service[99778]: DEBUG glance.common.config [None req-f4c5f04f-a5ae-416a-a5b9-be00199fbd22 None None] debug = True {{(pid=99778) log_opt_values /opt/stack/data/venv/lib/python3.12/site-packages/oslo_config/cfg.py:3242}}
Jul 16 14:08:01.197885 np0000005246 devstack@g-api.service[99778]: DEBUG glance.common.config [None req-f4c5f04f-a5ae-416a-a5b9-be00199fbd22 None None] default_log_levels = ['amqp=WARN', 'boto=WARN', 'sqlalchemy=WARN', 'suds=INFO', 'oslo.messaging=INFO', 'oslo_messaging=INFO', 'iso8601=WARN', 'requests.packages.urllib3.connectionpool=WARN', 'urllib3.connectionpool=WARN', 'websocket=WARN', 'requests.packages.urllib3.util.retry=WARN', 'urllib3.util.retry=WARN', 'keystonemiddleware=WARN', 'routes.middleware=WARN', 'stevedore=WARN', 'taskflow=WARN', 'keystoneauth=WARN', 'oslo.cache=INFO', 'oslo_policy=INFO', 'dogpile.core.dogpile=INFO'] {{(pid=99778) log_opt_values /opt/stack/data/venv/lib/python3.12/site-packages/oslo_config/cfg.py:3242}}
Jul 16 14:08:01.197995 np0000005246 devstack@g-api.service[99778]: DEBUG glance.common.config [None req-f4c5f04f-a5ae-416a-a5b9-be00199fbd22 None None] default_publisher_id = image.localhost {{(pid=99778) log_opt_values /opt/stack/data/venv/lib/python3.12/site-packages/oslo_config/cfg.py:3242}}
Jul 16 14:08:01.198057 np0000005246 devstack@g-api.service[99778]: DEBUG glance.common.config [None req-f4c5f04f-a5ae-416a-a5b9-be00199fbd22 None None] delayed_delete = False {{(pid=99778) log_opt_values /opt/stack/data/venv/lib/python3.12/site-packages/oslo_config/cfg.py:3242}}
Jul 16 14:08:01.198145 np0000005246 devstack@g-api.service[99778]: DEBUG glance.common.config [None req-f4c5f04f-a5ae-416a-a5b9-be00199fbd22 None None] digest_algorithm = sha256 {{(pid=99778) log_opt_values /opt/stack/data/venv/lib/python3.12/site-packages/oslo_config/cfg.py:3242}}
Jul 16 14:08:01.198233 np0000005246 devstack@g-api.service[99778]: DEBUG glance.common.config [None req-f4c5f04f-a5ae-416a-a5b9-be00199fbd22 None None] disabled_notifications = [] {{(pid=99778) log_opt_values /opt/stack/data/venv/lib/python3.12/site-packages/oslo_config/cfg.py:3242}}
Jul 16 14:08:01.198319 np0000005246 devstack@g-api.service[99778]: DEBUG glance.common.config [None req-f4c5f04f-a5ae-416a-a5b9-be00199fbd22 None None] do_secure_hash = True {{(pid=99778) log_opt_values /opt/stack/data/venv/lib/python3.12/site-packages/oslo_config/cfg.py:3242}}
Jul 16 14:08:01.198657 np0000005246 devstack@g-api.service[99778]: DEBUG glance.common.config [None req-f4c5f04f-a5ae-416a-a5b9-be00199fbd22 None None] enabled_backends = None {{(pid=99778) log_opt_values /opt/stack/data/venv/lib/python3.12/site-packages/oslo_config/cfg.py:3242}}
Jul 16 14:08:01.198657 np0000005246 devstack@g-api.service[99778]: DEBUG glance.common.config [None req-f4c5f04f-a5ae-416a-a5b9-be00199fbd22 None None] enabled_import_methods = ['glance-direct', 'web-download', 'copy-image'] {{(pid=99778) log_opt_values /opt/stack/data/venv/lib/python3.12/site-packages/oslo_config/cfg.py:3242}}
Jul 16 14:08:01.198657 np0000005246 devstack@g-api.service[99778]: DEBUG glance.common.config [None req-f4c5f04f-a5ae-416a-a5b9-be00199fbd22 None None] fatal_deprecations = False {{(pid=99778) log_opt_values /opt/stack/data/venv/lib/python3.12/site-packages/oslo_config/cfg.py:3242}}
Jul 16 14:08:01.198746 np0000005246 devstack@g-api.service[99778]: DEBUG glance.common.config [None req-f4c5f04f-a5ae-416a-a5b9-be00199fbd22 None None] hashing_algorithm = sha512 {{(pid=99778) log_opt_values /opt/stack/data/venv/lib/python3.12/site-packages/oslo_config/cfg.py:3242}}
Jul 16 14:08:01.198862 np0000005246 devstack@g-api.service[99778]: DEBUG glance.common.config [None req-f4c5f04f-a5ae-416a-a5b9-be00199fbd22 None None] http_retries = 3 {{(pid=99778) log_opt_values /opt/stack/data/venv/lib/python3.12/site-packages/oslo_config/cfg.py:3242}}
Jul 16 14:08:01.198956 np0000005246 devstack@g-api.service[99778]: DEBUG glance.common.config [None req-f4c5f04f-a5ae-416a-a5b9-be00199fbd22 None None] image_cache_dir = /opt/stack/data/glance/cache/ {{(pid=99778) log_opt_values /opt/stack/data/venv/lib/python3.12/site-packages/oslo_config/cfg.py:3242}}
Jul 16 14:08:01.199052 np0000005246 devstack@g-api.service[99778]: DEBUG glance.common.config [None req-f4c5f04f-a5ae-416a-a5b9-be00199fbd22 None None] image_cache_driver = centralized_db {{(pid=99778) log_opt_values /opt/stack/data/venv/lib/python3.12/site-packages/oslo_config/cfg.py:3242}}
Jul 16 14:08:01.199143 np0000005246 devstack@g-api.service[99778]: DEBUG glance.common.config [None req-f4c5f04f-a5ae-416a-a5b9-be00199fbd22 None None] image_cache_max_size = 10737418240 {{(pid=99778) log_opt_values /opt/stack/data/venv/lib/python3.12/site-packages/oslo_config/cfg.py:3242}}
Jul 16 14:08:01.199237 np0000005246 devstack@g-api.service[99778]: DEBUG glance.common.config [None req-f4c5f04f-a5ae-416a-a5b9-be00199fbd22 None None] image_cache_sqlite_db = cache.db {{(pid=99778) log_opt_values /opt/stack/data/venv/lib/python3.12/site-packages/oslo_config/cfg.py:3242}}
Jul 16 14:08:01.199327 np0000005246 devstack@g-api.service[99778]: DEBUG glance.common.config [None req-f4c5f04f-a5ae-416a-a5b9-be00199fbd22 None None] image_cache_stall_time = 86400 {{(pid=99778) log_opt_values /opt/stack/data/venv/lib/python3.12/site-packages/oslo_config/cfg.py:3242}}
Jul 16 14:08:01.199413 np0000005246 devstack@g-api.service[99778]: DEBUG glance.common.config [None req-f4c5f04f-a5ae-416a-a5b9-be00199fbd22 None None] image_location_quota = 10 {{(pid=99778) log_opt_values /opt/stack/data/venv/lib/python3.12/site-packages/oslo_config/cfg.py:3242}}
Jul 16 14:08:01.199516 np0000005246 devstack@g-api.service[99779]: INFO glance.api.middleware.cache [None req-1653a6e9-214b-401a-9f08-6ea31d1602b9 None None] Initialized image cache middleware
Jul 16 14:08:01.199549 np0000005246 devstack@g-api.service[99778]: DEBUG glance.common.config [None req-f4c5f04f-a5ae-416a-a5b9-be00199fbd22 None None] image_member_quota = 128 {{(pid=99778) log_opt_values /opt/stack/data/venv/lib/python3.12/site-packages/oslo_config/cfg.py:3242}}
Jul 16 14:08:01.199627 np0000005246 devstack@g-api.service[99778]: DEBUG glance.common.config [None req-f4c5f04f-a5ae-416a-a5b9-be00199fbd22 None None] image_property_quota = 128 {{(pid=99778) log_opt_values /opt/stack/data/venv/lib/python3.12/site-packages/oslo_config/cfg.py:3242}}
Jul 16 14:08:01.199726 np0000005246 devstack@g-api.service[99778]: DEBUG glance.common.config [None req-f4c5f04f-a5ae-416a-a5b9-be00199fbd22 None None] image_size_cap = 1099511627776 {{(pid=99778) log_opt_values /opt/stack/data/venv/lib/python3.12/site-packages/oslo_config/cfg.py:3242}}
Jul 16 14:08:01.199802 np0000005246 devstack@g-api.service[99778]: DEBUG glance.common.config [None req-f4c5f04f-a5ae-416a-a5b9-be00199fbd22 None None] image_tag_quota = 128 {{(pid=99778) log_opt_values /opt/stack/data/venv/lib/python3.12/site-packages/oslo_config/cfg.py:3242}}
Jul 16 14:08:01.199991 np0000005246 devstack@g-api.service[99778]: DEBUG glance.common.config [None req-f4c5f04f-a5ae-416a-a5b9-be00199fbd22 None None] instance_format = [instance: %(uuid)s] {{(pid=99778) log_opt_values /opt/stack/data/venv/lib/python3.12/site-packages/oslo_config/cfg.py:3242}}
Jul 16 14:08:01.199991 np0000005246 devstack@g-api.service[99778]: DEBUG glance.common.config [None req-f4c5f04f-a5ae-416a-a5b9-be00199fbd22 None None] instance_uuid_format = [instance: %(uuid)s] {{(pid=99778) log_opt_values /opt/stack/data/venv/lib/python3.12/site-packages/oslo_config/cfg.py:3242}}
Jul 16 14:08:01.200117 np0000005246 devstack@g-api.service[99778]: DEBUG glance.common.config [None req-f4c5f04f-a5ae-416a-a5b9-be00199fbd22 None None] limit_param_default = 25 {{(pid=99778) log_opt_values /opt/stack/data/venv/lib/python3.12/site-packages/oslo_config/cfg.py:3242}}
Jul 16 14:08:01.200205 np0000005246 devstack@g-api.service[99778]: DEBUG glance.common.config [None req-f4c5f04f-a5ae-416a-a5b9-be00199fbd22 None None] log_color = False {{(pid=99778) log_opt_values /opt/stack/data/venv/lib/python3.12/site-packages/oslo_config/cfg.py:3242}}
Jul 16 14:08:01.200234 np0000005246 devstack@g-api.service[99777]: DEBUG glance.image_cache.drivers.centralized_db [None req-dbe946b6-cef4-4a76-bbb7-49861d2368d1 None None] Node reference is already recorded, ignoring it {{(pid=99777) configure /opt/stack/glance/glance/image_cache/drivers/centralized_db.py:71}}
Jul 16 14:08:01.200305 np0000005246 devstack@g-api.service[99778]: DEBUG glance.common.config [None req-f4c5f04f-a5ae-416a-a5b9-be00199fbd22 None None] log_config_append = None {{(pid=99778) log_opt_values /opt/stack/data/venv/lib/python3.12/site-packages/oslo_config/cfg.py:3242}}
Jul 16 14:08:01.200415 np0000005246 devstack@g-api.service[99778]: DEBUG glance.common.config [None req-f4c5f04f-a5ae-416a-a5b9-be00199fbd22 None None] log_date_format = %Y-%m-%d %H:%M:%S {{(pid=99778) log_opt_values /opt/stack/data/venv/lib/python3.12/site-packages/oslo_config/cfg.py:3242}}
Jul 16 14:08:01.200520 np0000005246 devstack@g-api.service[99778]: DEBUG glance.common.config [None req-f4c5f04f-a5ae-416a-a5b9-be00199fbd22 None None] log_dir = None {{(pid=99778) log_opt_values /opt/stack/data/venv/lib/python3.12/site-packages/oslo_config/cfg.py:3242}}
Jul 16 14:08:01.200609 np0000005246 devstack@g-api.service[99778]: DEBUG glance.common.config [None req-f4c5f04f-a5ae-416a-a5b9-be00199fbd22 None None] log_file = None {{(pid=99778) log_opt_values /opt/stack/data/venv/lib/python3.12/site-packages/oslo_config/cfg.py:3242}}
Jul 16 14:08:01.200693 np0000005246 devstack@g-api.service[99778]: DEBUG glance.common.config [None req-f4c5f04f-a5ae-416a-a5b9-be00199fbd22 None None] log_rotate_interval = 1 {{(pid=99778) log_opt_values /opt/stack/data/venv/lib/python3.12/site-packages/oslo_config/cfg.py:3242}}
Jul 16 14:08:01.200793 np0000005246 devstack@g-api.service[99778]: DEBUG glance.common.config [None req-f4c5f04f-a5ae-416a-a5b9-be00199fbd22 None None] log_rotate_interval_type = days {{(pid=99778) log_opt_values /opt/stack/data/venv/lib/python3.12/site-packages/oslo_config/cfg.py:3242}}
Jul 16 14:08:01.200899 np0000005246 devstack@g-api.service[99778]: DEBUG glance.common.config [None req-f4c5f04f-a5ae-416a-a5b9-be00199fbd22 None None] log_rotation_type = none {{(pid=99778) log_opt_values /opt/stack/data/venv/lib/python3.12/site-packages/oslo_config/cfg.py:3242}}
Jul 16 14:08:01.200994 np0000005246 devstack@g-api.service[99778]: DEBUG glance.common.config [None req-f4c5f04f-a5ae-416a-a5b9-be00199fbd22 None None] logging_context_format_string = %(color)s%(levelname)s %(name)s [%(global_request_id)s %(request_id)s %(project_name)s %(user_name)s%(color)s] %(instance)s%(color)s%(message)s {{(pid=99778) log_opt_values /opt/stack/data/venv/lib/python3.12/site-packages/oslo_config/cfg.py:3242}}
Jul 16 14:08:01.201053 np0000005246 devstack@g-api.service[99778]: DEBUG glance.common.config [None req-f4c5f04f-a5ae-416a-a5b9-be00199fbd22 None None] logging_debug_format_suffix = {{(pid=%(process)d) %(funcName)s %(pathname)s:%(lineno)d}} {{(pid=99778) log_opt_values /opt/stack/data/venv/lib/python3.12/site-packages/oslo_config/cfg.py:3242}}
Jul 16 14:08:01.201144 np0000005246 devstack@g-api.service[99778]: DEBUG glance.common.config [None req-f4c5f04f-a5ae-416a-a5b9-be00199fbd22 None None] logging_default_format_string = %(color)s%(levelname)s %(name)s [-%(color)s] %(instance)s%(color)s%(message)s {{(pid=99778) log_opt_values /opt/stack/data/venv/lib/python3.12/site-packages/oslo_config/cfg.py:3242}}
Jul 16 14:08:01.201252 np0000005246 devstack@g-api.service[99778]: DEBUG glance.common.config [None req-f4c5f04f-a5ae-416a-a5b9-be00199fbd22 None None] logging_exception_prefix = ERROR %(name)s %(instance)s {{(pid=99778) log_opt_values /opt/stack/data/venv/lib/python3.12/site-packages/oslo_config/cfg.py:3242}}
Jul 16 14:08:01.201322 np0000005246 devstack@g-api.service[99778]: DEBUG glance.common.config [None req-f4c5f04f-a5ae-416a-a5b9-be00199fbd22 None None] logging_user_identity_format = %(user)s %(project)s %(domain)s %(system_scope)s %(user_domain)s %(project_domain)s {{(pid=99778) log_opt_values /opt/stack/data/venv/lib/python3.12/site-packages/oslo_config/cfg.py:3242}}
Jul 16 14:08:01.201396 np0000005246 devstack@g-api.service[99778]: DEBUG glance.common.config [None req-f4c5f04f-a5ae-416a-a5b9-be00199fbd22 None None] max_logfile_count = 30 {{(pid=99778) log_opt_values /opt/stack/data/venv/lib/python3.12/site-packages/oslo_config/cfg.py:3242}}
Jul 16 14:08:01.201505 np0000005246 devstack@g-api.service[99778]: DEBUG glance.common.config [None req-f4c5f04f-a5ae-416a-a5b9-be00199fbd22 None None] max_logfile_size_mb = 200 {{(pid=99778) log_opt_values /opt/stack/data/venv/lib/python3.12/site-packages/oslo_config/cfg.py:3242}}
Jul 16 14:08:01.201595 np0000005246 devstack@g-api.service[99778]: DEBUG glance.common.config [None req-f4c5f04f-a5ae-416a-a5b9-be00199fbd22 None None] max_request_id_length = 64 {{(pid=99778) log_opt_values /opt/stack/data/venv/lib/python3.12/site-packages/oslo_config/cfg.py:3242}}
Jul 16 14:08:01.201679 np0000005246 devstack@g-api.service[99778]: DEBUG glance.common.config [None req-f4c5f04f-a5ae-416a-a5b9-be00199fbd22 None None] metadata_encryption_key = **** {{(pid=99778) log_opt_values /opt/stack/data/venv/lib/python3.12/site-packages/oslo_config/cfg.py:3242}}
Jul 16 14:08:01.201769 np0000005246 devstack@g-api.service[99778]: DEBUG glance.common.config [None req-f4c5f04f-a5ae-416a-a5b9-be00199fbd22 None None] node_staging_uri = file:///tmp/staging/ {{(pid=99778) log_opt_values /opt/stack/data/venv/lib/python3.12/site-packages/oslo_config/cfg.py:3242}}
Jul 16 14:08:01.201863 np0000005246 devstack@g-api.service[99778]: DEBUG glance.common.config [None req-f4c5f04f-a5ae-416a-a5b9-be00199fbd22 None None] property_protection_file = None {{(pid=99778) log_opt_values /opt/stack/data/venv/lib/python3.12/site-packages/oslo_config/cfg.py:3242}}
Jul 16 14:08:01.201955 np0000005246 devstack@g-api.service[99778]: DEBUG glance.common.config [None req-f4c5f04f-a5ae-416a-a5b9-be00199fbd22 None None] property_protection_rule_format = roles {{(pid=99778) log_opt_values /opt/stack/data/venv/lib/python3.12/site-packages/oslo_config/cfg.py:3242}}
Jul 16 14:08:01.202044 np0000005246 devstack@g-api.service[99778]: DEBUG glance.common.config [None req-f4c5f04f-a5ae-416a-a5b9-be00199fbd22 None None] public_endpoint = https://10.4.3.126/image {{(pid=99778) log_opt_values /opt/stack/data/venv/lib/python3.12/site-packages/oslo_config/cfg.py:3242}}
Jul 16 14:08:01.202129 np0000005246 devstack@g-api.service[99778]: DEBUG glance.common.config [None req-f4c5f04f-a5ae-416a-a5b9-be00199fbd22 None None] publish_errors = False {{(pid=99778) log_opt_values /opt/stack/data/venv/lib/python3.12/site-packages/oslo_config/cfg.py:3242}}
Jul 16 14:08:01.202243 np0000005246 devstack@g-api.service[99778]: DEBUG glance.common.config [None req-f4c5f04f-a5ae-416a-a5b9-be00199fbd22 None None] pydev_worker_debug_host = None {{(pid=99778) log_opt_values /opt/stack/data/venv/lib/python3.12/site-packages/oslo_config/cfg.py:3242}}
Jul 16 14:08:01.202343 np0000005246 devstack@g-api.service[99778]: DEBUG glance.common.config [None req-f4c5f04f-a5ae-416a-a5b9-be00199fbd22 None None] pydev_worker_debug_port = 5678 {{(pid=99778) log_opt_values /opt/stack/data/venv/lib/python3.12/site-packages/oslo_config/cfg.py:3242}}
Jul 16 14:08:01.202437 np0000005246 devstack@g-api.service[99778]: DEBUG glance.common.config [None req-f4c5f04f-a5ae-416a-a5b9-be00199fbd22 None None] rate_limit_burst = 0 {{(pid=99778) log_opt_values /opt/stack/data/venv/lib/python3.12/site-packages/oslo_config/cfg.py:3242}}
Jul 16 14:08:01.202532 np0000005246 devstack@g-api.service[99778]: DEBUG glance.common.config [None req-f4c5f04f-a5ae-416a-a5b9-be00199fbd22 None None] rate_limit_except_level = CRITICAL {{(pid=99778) log_opt_values /opt/stack/data/venv/lib/python3.12/site-packages/oslo_config/cfg.py:3242}}
Jul 16 14:08:01.202615 np0000005246 devstack@g-api.service[99778]: DEBUG glance.common.config [None req-f4c5f04f-a5ae-416a-a5b9-be00199fbd22 None None] rate_limit_interval = 0 {{(pid=99778) log_opt_values /opt/stack/data/venv/lib/python3.12/site-packages/oslo_config/cfg.py:3242}}
Jul 16 14:08:01.202699 np0000005246 devstack@g-api.service[99778]: DEBUG glance.common.config [None req-f4c5f04f-a5ae-416a-a5b9-be00199fbd22 None None] scrub_pool_size = 1 {{(pid=99778) log_opt_values /opt/stack/data/venv/lib/python3.12/site-packages/oslo_config/cfg.py:3242}}
Jul 16 14:08:01.202783 np0000005246 devstack@g-api.service[99778]: DEBUG glance.common.config [None req-f4c5f04f-a5ae-416a-a5b9-be00199fbd22 None None] scrub_time = 0 {{(pid=99778) log_opt_values /opt/stack/data/venv/lib/python3.12/site-packages/oslo_config/cfg.py:3242}}
Jul 16 14:08:01.202881 np0000005246 devstack@g-api.service[99778]: DEBUG glance.common.config [None req-f4c5f04f-a5ae-416a-a5b9-be00199fbd22 None None] shell_completion = None {{(pid=99778) log_opt_values /opt/stack/data/venv/lib/python3.12/site-packages/oslo_config/cfg.py:3242}}
Jul 16 14:08:01.203002 np0000005246 devstack@g-api.service[99778]: DEBUG glance.common.config [None req-f4c5f04f-a5ae-416a-a5b9-be00199fbd22 None None] show_image_direct_url = False {{(pid=99778) log_opt_values /opt/stack/data/venv/lib/python3.12/site-packages/oslo_config/cfg.py:3242}}
Jul 16 14:08:01.203189 np0000005246 devstack@g-api.service[99778]: WARNING oslo_config.cfg [None req-f4c5f04f-a5ae-416a-a5b9-be00199fbd22 None None] Deprecated: Option "show_multiple_locations" from group "DEFAULT" is deprecated for removal (Use of this option, deprecated since Newton, is a security risk and will be removed once we figure out a way to satisfy those use cases that currently require it. An earlier announcement that the same functionality can be achieved with greater granularity by using policies is incorrect. You cannot work around this option via policy configuration at the present time, though that is the direction we believe the fix will take. Please keep an eye on the Glance release notes to stay up to date on progress in addressing this issue.). Its value may be silently ignored in the future.
Jul 16 14:08:01.203299 np0000005246 devstack@g-api.service[99778]: DEBUG glance.common.config [None req-f4c5f04f-a5ae-416a-a5b9-be00199fbd22 None None] show_multiple_locations = False {{(pid=99778) log_opt_values /opt/stack/data/venv/lib/python3.12/site-packages/oslo_config/cfg.py:3242}}
Jul 16 14:08:01.203393 np0000005246 devstack@g-api.service[99778]: DEBUG glance.common.config [None req-f4c5f04f-a5ae-416a-a5b9-be00199fbd22 None None] syslog_log_facility = LOG_USER {{(pid=99778) log_opt_values /opt/stack/data/venv/lib/python3.12/site-packages/oslo_config/cfg.py:3242}}
Jul 16 14:08:01.203497 np0000005246 devstack@g-api.service[99778]: DEBUG glance.common.config [None req-f4c5f04f-a5ae-416a-a5b9-be00199fbd22 None None] transport_url = **** {{(pid=99778) log_opt_values /opt/stack/data/venv/lib/python3.12/site-packages/oslo_config/cfg.py:3242}}
Jul 16 14:08:01.203587 np0000005246 devstack@g-api.service[99778]: DEBUG glance.common.config [None req-f4c5f04f-a5ae-416a-a5b9-be00199fbd22 None None] use_journal = False {{(pid=99778) log_opt_values /opt/stack/data/venv/lib/python3.12/site-packages/oslo_config/cfg.py:3242}}
Jul 16 14:08:01.203677 np0000005246 devstack@g-api.service[99777]: INFO glance.api.middleware.cache [None req-dbe946b6-cef4-4a76-bbb7-49861d2368d1 None None] Initialized image cache middleware
Jul 16 14:08:01.203711 np0000005246 devstack@g-api.service[99778]: DEBUG glance.common.config [None req-f4c5f04f-a5ae-416a-a5b9-be00199fbd22 None None] use_json = False {{(pid=99778) log_opt_values /opt/stack/data/venv/lib/python3.12/site-packages/oslo_config/cfg.py:3242}}
Jul 16 14:08:01.203798 np0000005246 devstack@g-api.service[99778]: DEBUG glance.common.config [None req-f4c5f04f-a5ae-416a-a5b9-be00199fbd22 None None] use_keystone_limits = True {{(pid=99778) log_opt_values /opt/stack/data/venv/lib/python3.12/site-packages/oslo_config/cfg.py:3242}}
Jul 16 14:08:01.203901 np0000005246 devstack@g-api.service[99778]: DEBUG glance.common.config [None req-f4c5f04f-a5ae-416a-a5b9-be00199fbd22 None None] use_stderr = False {{(pid=99778) log_opt_values /opt/stack/data/venv/lib/python3.12/site-packages/oslo_config/cfg.py:3242}}
Jul 16 14:08:01.204016 np0000005246 devstack@g-api.service[99778]: DEBUG glance.common.config [None req-f4c5f04f-a5ae-416a-a5b9-be00199fbd22 None None] use_syslog = False {{(pid=99778) log_opt_values /opt/stack/data/venv/lib/python3.12/site-packages/oslo_config/cfg.py:3242}}
Jul 16 14:08:01.204115 np0000005246 devstack@g-api.service[99778]: DEBUG glance.common.config [None req-f4c5f04f-a5ae-416a-a5b9-be00199fbd22 None None] user_storage_quota = 0 {{(pid=99778) log_opt_values /opt/stack/data/venv/lib/python3.12/site-packages/oslo_config/cfg.py:3242}}
Jul 16 14:08:01.204206 np0000005246 devstack@g-api.service[99778]: DEBUG glance.common.config [None req-f4c5f04f-a5ae-416a-a5b9-be00199fbd22 None None] worker_self_reference_url = http://127.0.0.1:60999 {{(pid=99778) log_opt_values /opt/stack/data/venv/lib/python3.12/site-packages/oslo_config/cfg.py:3242}}
Jul 16 14:08:01.204311 np0000005246 devstack@g-api.service[99778]: DEBUG glance.common.config [None req-f4c5f04f-a5ae-416a-a5b9-be00199fbd22 None None] oslo_concurrency.disable_process_locking = False {{(pid=99778) log_opt_values /opt/stack/data/venv/lib/python3.12/site-packages/oslo_config/cfg.py:3253}}
Jul 16 14:08:01.204415 np0000005246 devstack@g-api.service[99778]: DEBUG glance.common.config [None req-f4c5f04f-a5ae-416a-a5b9-be00199fbd22 None None] oslo_concurrency.lock_path = /opt/stack/data/glance/locks {{(pid=99778) log_opt_values /opt/stack/data/venv/lib/python3.12/site-packages/oslo_config/cfg.py:3253}}
Jul 16 14:08:01.204526 np0000005246 devstack@g-api.service[99778]: DEBUG glance.common.config [None req-f4c5f04f-a5ae-416a-a5b9-be00199fbd22 None None] oslo_middleware.enable_proxy_headers_parsing = False {{(pid=99778) log_opt_values /opt/stack/data/venv/lib/python3.12/site-packages/oslo_config/cfg.py:3253}}
Jul 16 14:08:01.204623 np0000005246 devstack@g-api.service[99778]: DEBUG glance.common.config [None req-f4c5f04f-a5ae-416a-a5b9-be00199fbd22 None None] oslo_middleware.http_basic_auth_user_file = /etc/htpasswd {{(pid=99778) log_opt_values /opt/stack/data/venv/lib/python3.12/site-packages/oslo_config/cfg.py:3253}}
Jul 16 14:08:01.204727 np0000005246 devstack@g-api.service[99778]: DEBUG glance.common.config [None req-f4c5f04f-a5ae-416a-a5b9-be00199fbd22 None None] paste_deploy.config_file = None {{(pid=99778) log_opt_values /opt/stack/data/venv/lib/python3.12/site-packages/oslo_config/cfg.py:3253}}
Jul 16 14:08:01.204883 np0000005246 devstack@g-api.service[99778]: DEBUG glance.common.config [None req-f4c5f04f-a5ae-416a-a5b9-be00199fbd22 None None] paste_deploy.flavor = keystone+cachemanagement {{(pid=99778) log_opt_values /opt/stack/data/venv/lib/python3.12/site-packages/oslo_config/cfg.py:3253}}
Jul 16 14:08:01.205032 np0000005246 devstack@g-api.service[99778]: DEBUG glance.common.config [None req-f4c5f04f-a5ae-416a-a5b9-be00199fbd22 None None] image_format.container_formats = ['ami', 'ari', 'aki', 'bare', 'ovf', 'ova', 'docker', 'compressed'] {{(pid=99778) log_opt_values /opt/stack/data/venv/lib/python3.12/site-packages/oslo_config/cfg.py:3253}}
Jul 16 14:08:01.205162 np0000005246 devstack@g-api.service[99778]: DEBUG glance.common.config [None req-f4c5f04f-a5ae-416a-a5b9-be00199fbd22 None None] image_format.disk_formats = ['ami', 'ari', 'aki', 'vhd', 'vhdx', 'vmdk', 'raw', 'qcow2', 'vdi', 'iso', 'ploop'] {{(pid=99778) log_opt_values /opt/stack/data/venv/lib/python3.12/site-packages/oslo_config/cfg.py:3253}}
Jul 16 14:08:01.205279 np0000005246 devstack@g-api.service[99778]: DEBUG glance.common.config [None req-f4c5f04f-a5ae-416a-a5b9-be00199fbd22 None None] image_format.gpt_safety_checks_nonfatal = [] {{(pid=99778) log_opt_values /opt/stack/data/venv/lib/python3.12/site-packages/oslo_config/cfg.py:3253}}
Jul 16 14:08:01.205380 np0000005246 devstack@g-api.service[99778]: DEBUG glance.common.config [None req-f4c5f04f-a5ae-416a-a5b9-be00199fbd22 None None] image_format.require_image_format_match = True {{(pid=99778) log_opt_values /opt/stack/data/venv/lib/python3.12/site-packages/oslo_config/cfg.py:3253}}
Jul 16 14:08:01.205499 np0000005246 devstack@g-api.service[99778]: DEBUG glance.common.config [None req-f4c5f04f-a5ae-416a-a5b9-be00199fbd22 None None] image_format.vmdk_allowed_types = ['streamOptimized', 'monolithicSparse'] {{(pid=99778) log_opt_values /opt/stack/data/venv/lib/python3.12/site-packages/oslo_config/cfg.py:3253}}
Jul 16 14:08:01.205605 np0000005246 devstack@g-api.service[99778]: DEBUG glance.common.config [None req-f4c5f04f-a5ae-416a-a5b9-be00199fbd22 None None] task.task_executor = taskflow {{(pid=99778) log_opt_values /opt/stack/data/venv/lib/python3.12/site-packages/oslo_config/cfg.py:3253}}
Jul 16 14:08:01.205699 np0000005246 devstack@g-api.service[99778]: DEBUG glance.common.config [None req-f4c5f04f-a5ae-416a-a5b9-be00199fbd22 None None] task.task_time_to_live = 48 {{(pid=99778) log_opt_values /opt/stack/data/venv/lib/python3.12/site-packages/oslo_config/cfg.py:3253}}
Jul 16 14:08:01.205790 np0000005246 devstack@g-api.service[99778]: DEBUG glance.common.config [None req-f4c5f04f-a5ae-416a-a5b9-be00199fbd22 None None] task.work_dir = None {{(pid=99778) log_opt_values /opt/stack/data/venv/lib/python3.12/site-packages/oslo_config/cfg.py:3253}}
Jul 16 14:08:01.205902 np0000005246 devstack@g-api.service[99778]: DEBUG glance.common.config [None req-f4c5f04f-a5ae-416a-a5b9-be00199fbd22 None None] wsgi.python_interpreter = /opt/stack/data/venv/bin/python3 {{(pid=99778) log_opt_values /opt/stack/data/venv/lib/python3.12/site-packages/oslo_config/cfg.py:3253}}
Jul 16 14:08:01.205995 np0000005246 devstack@g-api.service[99778]: DEBUG glance.common.config [None req-f4c5f04f-a5ae-416a-a5b9-be00199fbd22 None None] wsgi.task_pool_threads = 16 {{(pid=99778) log_opt_values /opt/stack/data/venv/lib/python3.12/site-packages/oslo_config/cfg.py:3253}}
Jul 16 14:08:01.206102 np0000005246 devstack@g-api.service[99778]: DEBUG glance.common.config [None req-f4c5f04f-a5ae-416a-a5b9-be00199fbd22 None None] import_filtering_opts.allowed_hosts = [] {{(pid=99778) log_opt_values /opt/stack/data/venv/lib/python3.12/site-packages/oslo_config/cfg.py:3253}}
Jul 16 14:08:01.206188 np0000005246 devstack@g-api.service[99778]: DEBUG glance.common.config [None req-f4c5f04f-a5ae-416a-a5b9-be00199fbd22 None None] import_filtering_opts.allowed_ports = [80, 443] {{(pid=99778) log_opt_values /opt/stack/data/venv/lib/python3.12/site-packages/oslo_config/cfg.py:3253}}
Jul 16 14:08:01.206293 np0000005246 devstack@g-api.service[99778]: DEBUG glance.common.config [None req-f4c5f04f-a5ae-416a-a5b9-be00199fbd22 None None] import_filtering_opts.allowed_schemes = ['http', 'https'] {{(pid=99778) log_opt_values /opt/stack/data/venv/lib/python3.12/site-packages/oslo_config/cfg.py:3253}}
Jul 16 14:08:01.206383 np0000005246 devstack@g-api.service[99778]: DEBUG glance.common.config [None req-f4c5f04f-a5ae-416a-a5b9-be00199fbd22 None None] import_filtering_opts.disallowed_hosts = [] {{(pid=99778) log_opt_values /opt/stack/data/venv/lib/python3.12/site-packages/oslo_config/cfg.py:3253}}
Jul 16 14:08:01.206514 np0000005246 devstack@g-api.service[99778]: DEBUG glance.common.config [None req-f4c5f04f-a5ae-416a-a5b9-be00199fbd22 None None] import_filtering_opts.disallowed_ports = [] {{(pid=99778) log_opt_values /opt/stack/data/venv/lib/python3.12/site-packages/oslo_config/cfg.py:3253}}
Jul 16 14:08:01.206612 np0000005246 devstack@g-api.service[99778]: DEBUG glance.common.config [None req-f4c5f04f-a5ae-416a-a5b9-be00199fbd22 None None] import_filtering_opts.disallowed_schemes = [] {{(pid=99778) log_opt_values /opt/stack/data/venv/lib/python3.12/site-packages/oslo_config/cfg.py:3253}}
