Aug 17 08:51:20.661724 np0000007475 nova-scheduler[96656]: DEBUG cotyledon.oslo_config_glue [-] workarounds.ensure_libvirt_rbd_instance_dir_cleanup = False {{(pid=96656) log_opt_values /opt/stack/data/venv/lib/python3.12/site-packages/oslo_config/cfg.py:3560}}
Aug 17 08:51:20.661724 np0000007475 nova-scheduler[96656]: DEBUG cotyledon.oslo_config_glue [-] workarounds.handle_virt_lifecycle_events = True {{(pid=96656) log_opt_values /opt/stack/data/venv/lib/python3.12/site-packages/oslo_config/cfg.py:3560}}
Aug 17 08:51:20.661724 np0000007475 nova-scheduler[96656]: DEBUG cotyledon.oslo_config_glue [-] workarounds.libvirt_disable_apic = False {{(pid=96656) log_opt_values /opt/stack/data/venv/lib/python3.12/site-packages/oslo_config/cfg.py:3560}}
Aug 17 08:51:20.661724 np0000007475 nova-scheduler[96656]: DEBUG cotyledon.oslo_config_glue [-] workarounds.never_download_image_if_on_rbd = False {{(pid=96656) log_opt_values /opt/stack/data/venv/lib/python3.12/site-packages/oslo_config/cfg.py:3560}}
Aug 17 08:51:20.661903 np0000007475 nova-scheduler[96656]: DEBUG cotyledon.oslo_config_glue [-] workarounds.qemu_monitor_announce_self_count = 3 {{(pid=96656) log_opt_values /opt/stack/data/venv/lib/python3.12/site-packages/oslo_config/cfg.py:3560}}
Aug 17 08:51:20.661903 np0000007475 nova-scheduler[96656]: DEBUG cotyledon.oslo_config_glue [-] workarounds.qemu_monitor_announce_self_interval = 1 {{(pid=96656) log_opt_values /opt/stack/data/venv/lib/python3.12/site-packages/oslo_config/cfg.py:3560}}
Aug 17 08:51:20.661903 np0000007475 nova-scheduler[96656]: DEBUG cotyledon.oslo_config_glue [-] workarounds.reserve_disk_resource_for_image_cache = False {{(pid=96656) log_opt_values /opt/stack/data/venv/lib/python3.12/site-packages/oslo_config/cfg.py:3560}}
Aug 17 08:51:20.661903 np0000007475 nova-scheduler[96656]: DEBUG cotyledon.oslo_config_glue [-] workarounds.skip_cpu_compare_at_startup = False {{(pid=96656) log_opt_values /opt/stack/data/venv/lib/python3.12/site-packages/oslo_config/cfg.py:3560}}
Aug 17 08:51:20.661903 np0000007475 nova-scheduler[96656]: DEBUG cotyledon.oslo_config_glue [-] workarounds.skip_cpu_compare_on_dest = False {{(pid=96656) log_opt_values /opt/stack/data/venv/lib/python3.12/site-packages/oslo_config/cfg.py:3560}}
Aug 17 08:51:20.661903 np0000007475 nova-scheduler[96656]: DEBUG cotyledon.oslo_config_glue [-] workarounds.skip_hypervisor_version_check_on_lm = False {{(pid=96656) log_opt_values /opt/stack/data/venv/lib/python3.12/site-packages/oslo_config/cfg.py:3560}}
Aug 17 08:51:20.661903 np0000007475 nova-scheduler[96656]: DEBUG cotyledon.oslo_config_glue [-] workarounds.skip_reserve_in_use_ironic_nodes = False {{(pid=96656) log_opt_values /opt/stack/data/venv/lib/python3.12/site-packages/oslo_config/cfg.py:3560}}
Aug 17 08:51:20.661903 np0000007475 nova-scheduler[96656]: DEBUG cotyledon.oslo_config_glue [-] workarounds.unified_limits_count_pcpu_as_vcpu = False {{(pid=96656) log_opt_values /opt/stack/data/venv/lib/python3.12/site-packages/oslo_config/cfg.py:3560}}
Aug 17 08:51:20.662078 np0000007475 nova-scheduler[96656]: DEBUG cotyledon.oslo_config_glue [-] workarounds.wait_for_vif_plugged_event_during_hard_reboot = [] {{(pid=96656) log_opt_values /opt/stack/data/venv/lib/python3.12/site-packages/oslo_config/cfg.py:3560}}
Aug 17 08:51:20.662078 np0000007475 nova-scheduler[96656]: DEBUG cotyledon.oslo_config_glue [-] wsgi.api_paste_config = /etc/nova/api-paste.ini {{(pid=96656) log_opt_values /opt/stack/data/venv/lib/python3.12/site-packages/oslo_config/cfg.py:3560}}
Aug 17 08:51:20.662078 np0000007475 nova-scheduler[96656]: DEBUG cotyledon.oslo_config_glue [-] wsgi.secure_proxy_ssl_header = None {{(pid=96656) log_opt_values /opt/stack/data/venv/lib/python3.12/site-packages/oslo_config/cfg.py:3560}}
Aug 17 08:51:20.662078 np0000007475 nova-scheduler[96656]: DEBUG cotyledon.oslo_config_glue [-] zvm.ca_file = None {{(pid=96656) log_opt_values /opt/stack/data/venv/lib/python3.12/site-packages/oslo_config/cfg.py:3560}}
Aug 17 08:51:20.662078 np0000007475 nova-scheduler[96656]: DEBUG cotyledon.oslo_config_glue [-] zvm.cloud_connector_url = None {{(pid=96656) log_opt_values /opt/stack/data/venv/lib/python3.12/site-packages/oslo_config/cfg.py:3560}}
Aug 17 08:51:20.662078 np0000007475 nova-scheduler[96656]: DEBUG cotyledon.oslo_config_glue [-] zvm.image_tmp_path = /opt/stack/data/nova/images {{(pid=96656) log_opt_values /opt/stack/data/venv/lib/python3.12/site-packages/oslo_config/cfg.py:3560}}
Aug 17 08:51:20.662078 np0000007475 nova-scheduler[96656]: DEBUG cotyledon.oslo_config_glue [-] zvm.reachable_timeout = 300 {{(pid=96656) log_opt_values /opt/stack/data/venv/lib/python3.12/site-packages/oslo_config/cfg.py:3560}}
Aug 17 08:51:20.662078 np0000007475 nova-scheduler[96656]: DEBUG cotyledon.oslo_config_glue [-] oslo_versionedobjects.fatal_exception_format_errors = False {{(pid=96656) log_opt_values /opt/stack/data/venv/lib/python3.12/site-packages/oslo_config/cfg.py:3560}}
Aug 17 08:51:20.662078 np0000007475 nova-scheduler[96656]: DEBUG cotyledon.oslo_config_glue [-] oslo_middleware.http_basic_auth_user_file = /etc/htpasswd {{(pid=96656) log_opt_values /opt/stack/data/venv/lib/python3.12/site-packages/oslo_config/cfg.py:3560}}
Aug 17 08:51:20.662277 np0000007475 nova-scheduler[96656]: DEBUG cotyledon.oslo_config_glue [-] oslo_messaging_metrics.metrics_buffer_size = 1000 {{(pid=96656) log_opt_values /opt/stack/data/venv/lib/python3.12/site-packages/oslo_config/cfg.py:3560}}
Aug 17 08:51:20.662277 np0000007475 nova-scheduler[96656]: DEBUG cotyledon.oslo_config_glue [-] oslo_messaging_metrics.metrics_enabled = False {{(pid=96656) log_opt_values /opt/stack/data/venv/lib/python3.12/site-packages/oslo_config/cfg.py:3560}}
Aug 17 08:51:20.662277 np0000007475 nova-scheduler[96656]: DEBUG cotyledon.oslo_config_glue [-] oslo_messaging_metrics.metrics_process_name = {{(pid=96656) log_opt_values /opt/stack/data/venv/lib/python3.12/site-packages/oslo_config/cfg.py:3560}}
Aug 17 08:51:20.662366 np0000007475 nova-scheduler[96656]: DEBUG cotyledon.oslo_config_glue [-] oslo_messaging_metrics.metrics_socket_file = /var/tmp/metrics_collector.sock {{(pid=96656) log_opt_values /opt/stack/data/venv/lib/python3.12/site-packages/oslo_config/cfg.py:3560}}
Aug 17 08:51:20.662430 np0000007475 nova-scheduler[96656]: DEBUG cotyledon.oslo_config_glue [-] oslo_messaging_metrics.metrics_thread_stop_timeout = 10 {{(pid=96656) log_opt_values /opt/stack/data/venv/lib/python3.12/site-packages/oslo_config/cfg.py:3560}}
Aug 17 08:51:20.662535 np0000007475 nova-scheduler[96656]: DEBUG cotyledon.oslo_config_glue [-] profiler.connection_string = messaging:// {{(pid=96656) log_opt_values /opt/stack/data/venv/lib/python3.12/site-packages/oslo_config/cfg.py:3560}}
Aug 17 08:51:20.662622 np0000007475 nova-scheduler[96656]: DEBUG cotyledon.oslo_config_glue [-] profiler.enabled = False {{(pid=96656) log_opt_values /opt/stack/data/venv/lib/python3.12/site-packages/oslo_config/cfg.py:3560}}
Aug 17 08:51:20.662711 np0000007475 nova-scheduler[96656]: DEBUG cotyledon.oslo_config_glue [-] profiler.es_doc_type = notification {{(pid=96656) log_opt_values /opt/stack/data/venv/lib/python3.12/site-packages/oslo_config/cfg.py:3560}}
Aug 17 08:51:20.662786 np0000007475 nova-scheduler[96656]: DEBUG cotyledon.oslo_config_glue [-] profiler.es_scroll_size = 10000 {{(pid=96656) log_opt_values /opt/stack/data/venv/lib/python3.12/site-packages/oslo_config/cfg.py:3560}}
Aug 17 08:51:20.662858 np0000007475 nova-scheduler[96656]: DEBUG cotyledon.oslo_config_glue [-] profiler.es_scroll_time = 2m {{(pid=96656) log_opt_values /opt/stack/data/venv/lib/python3.12/site-packages/oslo_config/cfg.py:3560}}
Aug 17 08:51:20.662932 np0000007475 nova-scheduler[96656]: DEBUG cotyledon.oslo_config_glue [-] profiler.filter_error_trace = False {{(pid=96656) log_opt_values /opt/stack/data/venv/lib/python3.12/site-packages/oslo_config/cfg.py:3560}}
Aug 17 08:51:20.663006 np0000007475 nova-scheduler[96656]: DEBUG cotyledon.oslo_config_glue [-] profiler.hmac_keys = **** {{(pid=96656) log_opt_values /opt/stack/data/venv/lib/python3.12/site-packages/oslo_config/cfg.py:3560}}
Aug 17 08:51:20.663081 np0000007475 nova-scheduler[96656]: DEBUG cotyledon.oslo_config_glue [-] profiler.sentinel_service_name = mymaster {{(pid=96656) log_opt_values /opt/stack/data/venv/lib/python3.12/site-packages/oslo_config/cfg.py:3560}}
Aug 17 08:51:20.663161 np0000007475 nova-scheduler[96656]: DEBUG cotyledon.oslo_config_glue [-] profiler.socket_timeout = 0.1 {{(pid=96656) log_opt_values /opt/stack/data/venv/lib/python3.12/site-packages/oslo_config/cfg.py:3560}}
Aug 17 08:51:20.663226 np0000007475 nova-scheduler[96656]: DEBUG cotyledon.oslo_config_glue [-] profiler.trace_requests = False {{(pid=96656) log_opt_values /opt/stack/data/venv/lib/python3.12/site-packages/oslo_config/cfg.py:3560}}
Aug 17 08:51:20.663298 np0000007475 nova-scheduler[96656]: DEBUG cotyledon.oslo_config_glue [-] profiler.trace_sqlalchemy = False {{(pid=96656) log_opt_values /opt/stack/data/venv/lib/python3.12/site-packages/oslo_config/cfg.py:3560}}
Aug 17 08:51:20.663379 np0000007475 nova-scheduler[96656]: DEBUG cotyledon.oslo_config_glue [-] profiler_jaeger.process_tags = {} {{(pid=96656) log_opt_values /opt/stack/data/venv/lib/python3.12/site-packages/oslo_config/cfg.py:3560}}
Aug 17 08:51:20.663446 np0000007475 nova-scheduler[96656]: DEBUG cotyledon.oslo_config_glue [-] profiler_jaeger.service_name_prefix = None {{(pid=96656) log_opt_values /opt/stack/data/venv/lib/python3.12/site-packages/oslo_config/cfg.py:3560}}
Aug 17 08:51:20.663514 np0000007475 nova-scheduler[96656]: DEBUG cotyledon.oslo_config_glue [-] profiler_otlp.service_name_prefix = None {{(pid=96656) log_opt_values /opt/stack/data/venv/lib/python3.12/site-packages/oslo_config/cfg.py:3560}}
Aug 17 08:51:20.663648 np0000007475 nova-scheduler[96656]: DEBUG cotyledon.oslo_config_glue [-] oslo_messaging_rabbit.amqp_auto_delete = False {{(pid=96656) log_opt_values /opt/stack/data/venv/lib/python3.12/site-packages/oslo_config/cfg.py:3560}}
Aug 17 08:51:20.663724 np0000007475 nova-scheduler[96656]: DEBUG cotyledon.oslo_config_glue [-] oslo_messaging_rabbit.amqp_durable_queues = False {{(pid=96656) log_opt_values /opt/stack/data/venv/lib/python3.12/site-packages/oslo_config/cfg.py:3560}}
Aug 17 08:51:20.663805 np0000007475 nova-scheduler[96656]: DEBUG cotyledon.oslo_config_glue [-] oslo_messaging_rabbit.conn_pool_min_size = 2 {{(pid=96656) log_opt_values /opt/stack/data/venv/lib/python3.12/site-packages/oslo_config/cfg.py:3560}}
Aug 17 08:51:20.663883 np0000007475 nova-scheduler[96656]: DEBUG cotyledon.oslo_config_glue [-] oslo_messaging_rabbit.conn_pool_ttl = 1200 {{(pid=96656) log_opt_values /opt/stack/data/venv/lib/python3.12/site-packages/oslo_config/cfg.py:3560}}
Aug 17 08:51:20.663962 np0000007475 nova-scheduler[96656]: DEBUG cotyledon.oslo_config_glue [-] oslo_messaging_rabbit.direct_mandatory_flag = True {{(pid=96656) log_opt_values /opt/stack/data/venv/lib/python3.12/site-packages/oslo_config/cfg.py:3560}}
Aug 17 08:51:20.664034 np0000007475 nova-scheduler[96656]: DEBUG cotyledon.oslo_config_glue [-] oslo_messaging_rabbit.enable_cancel_on_failover = False {{(pid=96656) log_opt_values /opt/stack/data/venv/lib/python3.12/site-packages/oslo_config/cfg.py:3560}}
Aug 17 08:51:20.664124 np0000007475 nova-scheduler[96656]: DEBUG cotyledon.oslo_config_glue [-] oslo_messaging_rabbit.heartbeat_rate = 3 {{(pid=96656) log_opt_values /opt/stack/data/venv/lib/python3.12/site-packages/oslo_config/cfg.py:3560}}
Aug 17 08:51:20.664186 np0000007475 nova-scheduler[96656]: DEBUG cotyledon.oslo_config_glue [-] oslo_messaging_rabbit.heartbeat_timeout_threshold = 60 {{(pid=96656) log_opt_values /opt/stack/data/venv/lib/python3.12/site-packages/oslo_config/cfg.py:3560}}
Aug 17 08:51:20.664540 np0000007475 nova-scheduler[96656]: DEBUG cotyledon.oslo_config_glue [-] oslo_messaging_rabbit.hostname = np0000007475 {{(pid=96656) log_opt_values /opt/stack/data/venv/lib/python3.12/site-packages/oslo_config/cfg.py:3560}}
Aug 17 08:51:20.664651 np0000007475 nova-scheduler[96656]: DEBUG cotyledon.oslo_config_glue [-] oslo_messaging_rabbit.kombu_compression = None {{(pid=96656) log_opt_values /opt/stack/data/venv/lib/python3.12/site-packages/oslo_config/cfg.py:3560}}
Aug 17 08:51:20.664727 np0000007475 nova-scheduler[96656]: DEBUG cotyledon.oslo_config_glue [-] oslo_messaging_rabbit.kombu_failover_strategy = round-robin {{(pid=96656) log_opt_values /opt/stack/data/venv/lib/python3.12/site-packages/oslo_config/cfg.py:3560}}
Aug 17 08:51:20.664793 np0000007475 nova-scheduler[96656]: DEBUG cotyledon.oslo_config_glue [-] oslo_messaging_rabbit.kombu_missing_consumer_retry_timeout = 60 {{(pid=96656) log_opt_values /opt/stack/data/venv/lib/python3.12/site-packages/oslo_config/cfg.py:3560}}
Aug 17 08:51:20.664866 np0000007475 nova-scheduler[96656]: DEBUG cotyledon.oslo_config_glue [-] oslo_messaging_rabbit.kombu_reconnect_delay = 1.0 {{(pid=96656) log_opt_values /opt/stack/data/venv/lib/python3.12/site-packages/oslo_config/cfg.py:3560}}
Aug 17 08:51:20.664921 np0000007475 nova-scheduler[96656]: DEBUG cotyledon.oslo_config_glue [-] oslo_messaging_rabbit.kombu_reconnect_splay = 0.0 {{(pid=96656) log_opt_values /opt/stack/data/venv/lib/python3.12/site-packages/oslo_config/cfg.py:3560}}
Aug 17 08:51:20.664979 np0000007475 nova-scheduler[96656]: DEBUG cotyledon.oslo_config_glue [-] oslo_messaging_rabbit.processname = nova-scheduler {{(pid=96656) log_opt_values /opt/stack/data/venv/lib/python3.12/site-packages/oslo_config/cfg.py:3560}}
Aug 17 08:51:20.665032 np0000007475 nova-scheduler[96656]: DEBUG cotyledon.oslo_config_glue [-] oslo_messaging_rabbit.rabbit_ha_queues = False {{(pid=96656) log_opt_values /opt/stack/data/venv/lib/python3.12/site-packages/oslo_config/cfg.py:3560}}
Aug 17 08:51:20.665106 np0000007475 nova-scheduler[96656]: DEBUG cotyledon.oslo_config_glue [-] oslo_messaging_rabbit.rabbit_interval_max = 30 {{(pid=96656) log_opt_values /opt/stack/data/venv/lib/python3.12/site-packages/oslo_config/cfg.py:3560}}
Aug 17 08:51:20.665160 np0000007475 nova-scheduler[96656]: DEBUG cotyledon.oslo_config_glue [-] oslo_messaging_rabbit.rabbit_login_method = AMQPLAIN {{(pid=96656) log_opt_values /opt/stack/data/venv/lib/python3.12/site-packages/oslo_config/cfg.py:3560}}
Aug 17 08:51:20.665209 np0000007475 nova-scheduler[96656]: DEBUG cotyledon.oslo_config_glue [-] oslo_messaging_rabbit.rabbit_qos_prefetch_count = 0 {{(pid=96656) log_opt_values /opt/stack/data/venv/lib/python3.12/site-packages/oslo_config/cfg.py:3560}}
Aug 17 08:51:20.665264 np0000007475 nova-scheduler[96656]: DEBUG cotyledon.oslo_config_glue [-] oslo_messaging_rabbit.rabbit_quorum_delivery_limit = 0 {{(pid=96656) log_opt_values /opt/stack/data/venv/lib/python3.12/site-packages/oslo_config/cfg.py:3560}}
Aug 17 08:51:20.665305 np0000007475 nova-scheduler[96656]: DEBUG cotyledon.oslo_config_glue [-] oslo_messaging_rabbit.rabbit_quorum_max_memory_bytes = 0 {{(pid=96656) log_opt_values /opt/stack/data/venv/lib/python3.12/site-packages/oslo_config/cfg.py:3560}}
Aug 17 08:51:20.665358 np0000007475 nova-scheduler[96656]: DEBUG cotyledon.oslo_config_glue [-] oslo_messaging_rabbit.rabbit_quorum_max_memory_length = 0 {{(pid=96656) log_opt_values /opt/stack/data/venv/lib/python3.12/site-packages/oslo_config/cfg.py:3560}}
Aug 17 08:51:20.665410 np0000007475 nova-scheduler[96656]: DEBUG cotyledon.oslo_config_glue [-] oslo_messaging_rabbit.rabbit_quorum_queue = False {{(pid=96656) log_opt_values /opt/stack/data/venv/lib/python3.12/site-packages/oslo_config/cfg.py:3560}}
Aug 17 08:51:20.665460 np0000007475 nova-scheduler[96656]: DEBUG cotyledon.oslo_config_glue [-] oslo_messaging_rabbit.rabbit_retry_backoff = 2 {{(pid=96656) log_opt_values /opt/stack/data/venv/lib/python3.12/site-packages/oslo_config/cfg.py:3560}}
Aug 17 08:51:20.665509 np0000007475 nova-scheduler[96656]: DEBUG cotyledon.oslo_config_glue [-] oslo_messaging_rabbit.rabbit_retry_interval = 1 {{(pid=96656) log_opt_values /opt/stack/data/venv/lib/python3.12/site-packages/oslo_config/cfg.py:3560}}
Aug 17 08:51:20.665557 np0000007475 nova-scheduler[96656]: DEBUG cotyledon.oslo_config_glue [-] oslo_messaging_rabbit.rabbit_stream_fanout = False {{(pid=96656) log_opt_values /opt/stack/data/venv/lib/python3.12/site-packages/oslo_config/cfg.py:3560}}
Aug 17 08:51:20.665618 np0000007475 nova-scheduler[96656]: DEBUG cotyledon.oslo_config_glue [-] oslo_messaging_rabbit.rabbit_transient_queues_ttl = 1800 {{(pid=96656) log_opt_values /opt/stack/data/venv/lib/python3.12/site-packages/oslo_config/cfg.py:3560}}
Aug 17 08:51:20.665670 np0000007475 nova-scheduler[96656]: DEBUG cotyledon.oslo_config_glue [-] oslo_messaging_rabbit.rabbit_transient_quorum_queue = False {{(pid=96656) log_opt_values /opt/stack/data/venv/lib/python3.12/site-packages/oslo_config/cfg.py:3560}}
Aug 17 08:51:20.665722 np0000007475 nova-scheduler[96656]: DEBUG cotyledon.oslo_config_glue [-] oslo_messaging_rabbit.rpc_conn_pool_size = 30 {{(pid=96656) log_opt_values /opt/stack/data/venv/lib/python3.12/site-packages/oslo_config/cfg.py:3560}}
Aug 17 08:51:20.665785 np0000007475 nova-scheduler[96656]: DEBUG cotyledon.oslo_config_glue [-] oslo_messaging_rabbit.ssl = False {{(pid=96656) log_opt_values /opt/stack/data/venv/lib/python3.12/site-packages/oslo_config/cfg.py:3560}}
Aug 17 08:51:20.665840 np0000007475 nova-scheduler[96656]: DEBUG cotyledon.oslo_config_glue [-] oslo_messaging_rabbit.ssl_ca_file = {{(pid=96656) log_opt_values /opt/stack/data/venv/lib/python3.12/site-packages/oslo_config/cfg.py:3560}}
Aug 17 08:51:20.665893 np0000007475 nova-scheduler[96656]: DEBUG cotyledon.oslo_config_glue [-] oslo_messaging_rabbit.ssl_cert_file = {{(pid=96656) log_opt_values /opt/stack/data/venv/lib/python3.12/site-packages/oslo_config/cfg.py:3560}}
Aug 17 08:51:20.665944 np0000007475 nova-scheduler[96656]: DEBUG cotyledon.oslo_config_glue [-] oslo_messaging_rabbit.ssl_enforce_fips_mode = False {{(pid=96656) log_opt_values /opt/stack/data/venv/lib/python3.12/site-packages/oslo_config/cfg.py:3560}}
Aug 17 08:51:20.665997 np0000007475 nova-scheduler[96656]: DEBUG cotyledon.oslo_config_glue [-] oslo_messaging_rabbit.ssl_enforce_hostname_verification = True {{(pid=96656) log_opt_values /opt/stack/data/venv/lib/python3.12/site-packages/oslo_config/cfg.py:3560}}
Aug 17 08:51:20.666052 np0000007475 nova-scheduler[96656]: DEBUG cotyledon.oslo_config_glue [-] oslo_messaging_rabbit.ssl_key_file = {{(pid=96656) log_opt_values /opt/stack/data/venv/lib/python3.12/site-packages/oslo_config/cfg.py:3560}}
Aug 17 08:51:20.666130 np0000007475 nova-scheduler[96656]: DEBUG cotyledon.oslo_config_glue [-] oslo_messaging_rabbit.ssl_version = {{(pid=96656) log_opt_values /opt/stack/data/venv/lib/python3.12/site-packages/oslo_config/cfg.py:3560}}
Aug 17 08:51:20.666187 np0000007475 nova-scheduler[96656]: DEBUG cotyledon.oslo_config_glue [-] oslo_messaging_rabbit.use_queue_manager = False {{(pid=96656) log_opt_values /opt/stack/data/venv/lib/python3.12/site-packages/oslo_config/cfg.py:3560}}
Aug 17 08:51:20.666266 np0000007475 nova-scheduler[96656]: DEBUG cotyledon.oslo_config_glue [-] oslo_messaging_notifications.driver = ['messagingv2'] {{(pid=96656) log_opt_values /opt/stack/data/venv/lib/python3.12/site-packages/oslo_config/cfg.py:3560}}
Aug 17 08:51:20.666329 np0000007475 nova-scheduler[96656]: DEBUG cotyledon.oslo_config_glue [-] oslo_messaging_notifications.retry = -1 {{(pid=96656) log_opt_values /opt/stack/data/venv/lib/python3.12/site-packages/oslo_config/cfg.py:3560}}
Aug 17 08:51:20.666403 np0000007475 nova-scheduler[96656]: DEBUG cotyledon.oslo_config_glue [-] oslo_messaging_notifications.topics = ['notifications'] {{(pid=96656) log_opt_values /opt/stack/data/venv/lib/python3.12/site-packages/oslo_config/cfg.py:3560}}
Aug 17 08:51:20.666493 np0000007475 nova-scheduler[96656]: DEBUG cotyledon.oslo_config_glue [-] oslo_messaging_notifications.transport_url = **** {{(pid=96656) log_opt_values /opt/stack/data/venv/lib/python3.12/site-packages/oslo_config/cfg.py:3560}}
Aug 17 08:51:20.666598 np0000007475 nova-scheduler[96656]: DEBUG cotyledon.oslo_config_glue [-] oslo_limit.auth_section = None {{(pid=96656) log_opt_values /opt/stack/data/venv/lib/python3.12/site-packages/oslo_config/cfg.py:3560}}
Aug 17 08:51:20.666675 np0000007475 nova-scheduler[96656]: DEBUG cotyledon.oslo_config_glue [-] oslo_limit.auth_type = None {{(pid=96656) log_opt_values /opt/stack/data/venv/lib/python3.12/site-packages/oslo_config/cfg.py:3560}}
Aug 17 08:51:20.666758 np0000007475 nova-scheduler[96656]: DEBUG cotyledon.oslo_config_glue [-] oslo_limit.cafile = None {{(pid=96656) log_opt_values /opt/stack/data/venv/lib/python3.12/site-packages/oslo_config/cfg.py:3560}}
Aug 17 08:51:20.666832 np0000007475 nova-scheduler[96656]: DEBUG cotyledon.oslo_config_glue [-] oslo_limit.certfile = None {{(pid=96656) log_opt_values /opt/stack/data/venv/lib/python3.12/site-packages/oslo_config/cfg.py:3560}}
Aug 17 08:51:20.666917 np0000007475 nova-scheduler[96656]: DEBUG cotyledon.oslo_config_glue [-] oslo_limit.collect_timing = False {{(pid=96656) log_opt_values /opt/stack/data/venv/lib/python3.12/site-packages/oslo_config/cfg.py:3560}}
Aug 17 08:51:20.666987 np0000007475 nova-scheduler[96656]: DEBUG cotyledon.oslo_config_glue [-] oslo_limit.connect_retries = None {{(pid=96656) log_opt_values /opt/stack/data/venv/lib/python3.12/site-packages/oslo_config/cfg.py:3560}}
Aug 17 08:51:20.667080 np0000007475 nova-scheduler[96656]: DEBUG cotyledon.oslo_config_glue [-] oslo_limit.connect_retry_delay = None {{(pid=96656) log_opt_values /opt/stack/data/venv/lib/python3.12/site-packages/oslo_config/cfg.py:3560}}
Aug 17 08:51:20.667169 np0000007475 nova-scheduler[96656]: DEBUG cotyledon.oslo_config_glue [-] oslo_limit.endpoint_id = None {{(pid=96656) log_opt_values /opt/stack/data/venv/lib/python3.12/site-packages/oslo_config/cfg.py:3560}}
Aug 17 08:51:20.667245 np0000007475 nova-scheduler[96656]: DEBUG cotyledon.oslo_config_glue [-] oslo_limit.endpoint_interface = public {{(pid=96656) log_opt_values /opt/stack/data/venv/lib/python3.12/site-packages/oslo_config/cfg.py:3560}}
Aug 17 08:51:20.667311 np0000007475 nova-scheduler[96656]: DEBUG cotyledon.oslo_config_glue [-] oslo_limit.endpoint_override = None {{(pid=96656) log_opt_values /opt/stack/data/venv/lib/python3.12/site-packages/oslo_config/cfg.py:3560}}
Aug 17 08:51:20.667370 np0000007475 nova-scheduler[96656]: DEBUG cotyledon.oslo_config_glue [-] oslo_limit.endpoint_region_name = None {{(pid=96656) log_opt_values /opt/stack/data/venv/lib/python3.12/site-packages/oslo_config/cfg.py:3560}}
Aug 17 08:51:20.667429 np0000007475 nova-scheduler[96656]: DEBUG cotyledon.oslo_config_glue [-] oslo_limit.endpoint_service_name = None {{(pid=96656) log_opt_values /opt/stack/data/venv/lib/python3.12/site-packages/oslo_config/cfg.py:3560}}
Aug 17 08:51:20.667496 np0000007475 nova-scheduler[96656]: DEBUG cotyledon.oslo_config_glue [-] oslo_limit.endpoint_service_type = None {{(pid=96656) log_opt_values /opt/stack/data/venv/lib/python3.12/site-packages/oslo_config/cfg.py:3560}}
Aug 17 08:51:20.667583 np0000007475 nova-scheduler[96656]: DEBUG cotyledon.oslo_config_glue [-] oslo_limit.insecure = False {{(pid=96656) log_opt_values /opt/stack/data/venv/lib/python3.12/site-packages/oslo_config/cfg.py:3560}}
Aug 17 08:51:20.667718 np0000007475 nova-scheduler[96656]: DEBUG cotyledon.oslo_config_glue [-] oslo_limit.keyfile = None {{(pid=96656) log_opt_values /opt/stack/data/venv/lib/python3.12/site-packages/oslo_config/cfg.py:3560}}
Aug 17 08:51:20.667817 np0000007475 nova-scheduler[96656]: DEBUG cotyledon.oslo_config_glue [-] oslo_limit.max_version = None {{(pid=96656) log_opt_values /opt/stack/data/venv/lib/python3.12/site-packages/oslo_config/cfg.py:3560}}
Aug 17 08:51:20.667870 np0000007475 nova-scheduler[96656]: DEBUG cotyledon.oslo_config_glue [-] oslo_limit.min_version = None {{(pid=96656) log_opt_values /opt/stack/data/venv/lib/python3.12/site-packages/oslo_config/cfg.py:3560}}
Aug 17 08:51:20.667929 np0000007475 nova-scheduler[96656]: DEBUG cotyledon.oslo_config_glue [-] oslo_limit.region_name = None {{(pid=96656) log_opt_values /opt/stack/data/venv/lib/python3.12/site-packages/oslo_config/cfg.py:3560}}
Aug 17 08:51:20.667996 np0000007475 nova-scheduler[96656]: DEBUG cotyledon.oslo_config_glue [-] oslo_limit.retriable_status_codes = None {{(pid=96656) log_opt_values /opt/stack/data/venv/lib/python3.12/site-packages/oslo_config/cfg.py:3560}}
Aug 17 08:51:20.668075 np0000007475 nova-scheduler[96656]: DEBUG cotyledon.oslo_config_glue [-] oslo_limit.service_name = None {{(pid=96656) log_opt_values /opt/stack/data/venv/lib/python3.12/site-packages/oslo_config/cfg.py:3560}}
Aug 17 08:51:20.668163 np0000007475 nova-scheduler[96656]: DEBUG cotyledon.oslo_config_glue [-] oslo_limit.service_type = None {{(pid=96656) log_opt_values /opt/stack/data/venv/lib/python3.12/site-packages/oslo_config/cfg.py:3560}}
Aug 17 08:51:20.668248 np0000007475 nova-scheduler[96656]: DEBUG cotyledon.oslo_config_glue [-] oslo_limit.split_loggers = False {{(pid=96656) log_opt_values /opt/stack/data/venv/lib/python3.12/site-packages/oslo_config/cfg.py:3560}}
Aug 17 08:51:20.668326 np0000007475 nova-scheduler[96656]: DEBUG cotyledon.oslo_config_glue [-] oslo_limit.status_code_retries = None {{(pid=96656) log_opt_values /opt/stack/data/venv/lib/python3.12/site-packages/oslo_config/cfg.py:3560}}
Aug 17 08:51:20.668399 np0000007475 nova-scheduler[96656]: DEBUG cotyledon.oslo_config_glue [-] oslo_limit.status_code_retry_delay = None {{(pid=96656) log_opt_values /opt/stack/data/venv/lib/python3.12/site-packages/oslo_config/cfg.py:3560}}
Aug 17 08:51:20.668470 np0000007475 nova-scheduler[96656]: DEBUG cotyledon.oslo_config_glue [-] oslo_limit.timeout = None {{(pid=96656) log_opt_values /opt/stack/data/venv/lib/python3.12/site-packages/oslo_config/cfg.py:3560}}
Aug 17 08:51:20.668545 np0000007475 nova-scheduler[96656]: DEBUG cotyledon.oslo_config_glue [-] oslo_limit.valid_interfaces = None {{(pid=96656) log_opt_values /opt/stack/data/venv/lib/python3.12/site-packages/oslo_config/cfg.py:3560}}
Aug 17 08:51:20.668643 np0000007475 nova-scheduler[96656]: DEBUG cotyledon.oslo_config_glue [-] oslo_limit.version = None {{(pid=96656) log_opt_values /opt/stack/data/venv/lib/python3.12/site-packages/oslo_config/cfg.py:3560}}
Aug 17 08:51:20.668708 np0000007475 nova-scheduler[96656]: DEBUG cotyledon.oslo_config_glue [-] oslo_reports.file_event_handler = None {{(pid=96656) log_opt_values /opt/stack/data/venv/lib/python3.12/site-packages/oslo_config/cfg.py:3560}}
Aug 17 08:51:20.668776 np0000007475 nova-scheduler[96656]: DEBUG cotyledon.oslo_config_glue [-] oslo_reports.file_event_handler_interval = 1 {{(pid=96656) log_opt_values /opt/stack/data/venv/lib/python3.12/site-packages/oslo_config/cfg.py:3560}}
Aug 17 08:51:20.668850 np0000007475 nova-scheduler[96656]: DEBUG cotyledon.oslo_config_glue [-] oslo_reports.log_dir = None {{(pid=96656) log_opt_values /opt/stack/data/venv/lib/python3.12/site-packages/oslo_config/cfg.py:3560}}
Aug 17 08:51:20.668920 np0000007475 nova-scheduler[96656]: DEBUG cotyledon.oslo_config_glue [-] ******************************************************************************** {{(pid=96656) log_opt_values /opt/stack/data/venv/lib/python3.12/site-packages/oslo_config/cfg.py:3567}}
Aug 17 08:51:20.669137 np0000007475 nova-scheduler[96656]: DEBUG cotyledon._service_worker [-] Run service ServiceWrapper(3) [96656] {{(pid=96656) wait_forever /opt/stack/data/venv/lib/python3.12/site-packages/cotyledon/_service_worker.py:218}}
Aug 17 08:51:20.670396 np0000007475 nova-scheduler[96650]: DEBUG dbcounter [-] [96650] Writer thread running {{(pid=96650) stat_writer /opt/stack/data/venv/lib/python3.12/site-packages/dbcounter.py:102}}
Aug 17 08:51:20.670453 np0000007475 nova-scheduler[96656]: INFO nova.service [-] Starting scheduler node (version 33.1.0)
Aug 17 08:51:20.675016 np0000007475 nova-scheduler[96656]: INFO dbcounter [None req-35f5b27f-5ccc-41c0-ad0e-0b067e49a4e9 None None] Registered counter for database nova_cell0
Aug 17 08:51:20.675386 np0000007475 nova-scheduler[96654]: DEBUG oslo_db.sqlalchemy.engines [None req-4f343b16-c86f-4348-aea9-3c94dc5f3355 None None] MySQL server mode set to STRICT_TRANS_TABLES,STRICT_ALL_TABLES,NO_ZERO_IN_DATE,NO_ZERO_DATE,ERROR_FOR_DIVISION_BY_ZERO,TRADITIONAL,NO_ENGINE_SUBSTITUTION {{(pid=96654) _check_effective_sql_mode /opt/stack/data/venv/lib/python3.12/site-packages/oslo_db/sqlalchemy/engines.py:325}}
Aug 17 08:51:20.683231 np0000007475 nova-scheduler[96652]: DEBUG oslo_db.sqlalchemy.engines [None req-b03ab145-dd47-4d96-a040-b43b7a7c84a2 None None] MySQL server mode set to STRICT_TRANS_TABLES,STRICT_ALL_TABLES,NO_ZERO_IN_DATE,NO_ZERO_DATE,ERROR_FOR_DIVISION_BY_ZERO,TRADITIONAL,NO_ENGINE_SUBSTITUTION {{(pid=96652) _check_effective_sql_mode /opt/stack/data/venv/lib/python3.12/site-packages/oslo_db/sqlalchemy/engines.py:325}}
Aug 17 08:51:20.684990 np0000007475 nova-scheduler[96654]: DEBUG dbcounter [-] [96654] Writer thread running {{(pid=96654) stat_writer /opt/stack/data/venv/lib/python3.12/site-packages/dbcounter.py:102}}
Aug 17 08:51:20.690329 np0000007475 nova-scheduler[96650]: DEBUG nova.service [None req-febee253-2b29-43eb-b65c-74c93090b776 None None] Creating RPC server for service: nova-scheduler on topic: scheduler {{(pid=96650) start /opt/stack/nova/nova/service.py:262}}
Aug 17 08:51:20.692888 np0000007475 nova-scheduler[96652]: DEBUG dbcounter [-] [96652] Writer thread running {{(pid=96652) stat_writer /opt/stack/data/venv/lib/python3.12/site-packages/dbcounter.py:102}}
Aug 17 08:51:20.695993 np0000007475 nova-scheduler[96652]: DEBUG nova.service [None req-b03ab145-dd47-4d96-a040-b43b7a7c84a2 None None] Creating RPC server for service: nova-scheduler on topic: scheduler {{(pid=96652) start /opt/stack/nova/nova/service.py:262}}
Aug 17 08:51:20.699775 np0000007475 nova-scheduler[96654]: DEBUG nova.service [None req-4f343b16-c86f-4348-aea9-3c94dc5f3355 None None] Creating RPC server for service: nova-scheduler on topic: scheduler {{(pid=96654) start /opt/stack/nova/nova/service.py:262}}
Aug 17 08:51:20.722013 np0000007475 nova-scheduler[96656]: DEBUG oslo_db.sqlalchemy.engines [None req-35f5b27f-5ccc-41c0-ad0e-0b067e49a4e9 None None] MySQL server mode set to STRICT_TRANS_TABLES,STRICT_ALL_TABLES,NO_ZERO_IN_DATE,NO_ZERO_DATE,ERROR_FOR_DIVISION_BY_ZERO,TRADITIONAL,NO_ENGINE_SUBSTITUTION {{(pid=96656) _check_effective_sql_mode /opt/stack/data/venv/lib/python3.12/site-packages/oslo_db/sqlalchemy/engines.py:325}}
Aug 17 08:51:20.722202 np0000007475 nova-scheduler[96650]: DEBUG nova.service [None req-febee253-2b29-43eb-b65c-74c93090b776 None None] Join ServiceGroup membership for this service scheduler {{(pid=96650) start /opt/stack/nova/nova/service.py:288}}
Aug 17 08:51:20.722302 np0000007475 nova-scheduler[96650]: DEBUG nova.servicegroup.drivers.db [None req-febee253-2b29-43eb-b65c-74c93090b776 None None] DB_Driver: join new ServiceGroup member np0000007475 to the scheduler group, service = {{(pid=96650) join /opt/stack/nova/nova/servicegroup/drivers/db.py:44}}
Aug 17 08:51:20.724244 np0000007475 nova-scheduler[96654]: DEBUG nova.service [None req-4f343b16-c86f-4348-aea9-3c94dc5f3355 None None] Join ServiceGroup membership for this service scheduler {{(pid=96654) start /opt/stack/nova/nova/service.py:288}}
Aug 17 08:51:20.724244 np0000007475 nova-scheduler[96654]: DEBUG nova.servicegroup.drivers.db [None req-4f343b16-c86f-4348-aea9-3c94dc5f3355 None None] DB_Driver: join new ServiceGroup member np0000007475 to the scheduler group, service = {{(pid=96654) join /opt/stack/nova/nova/servicegroup/drivers/db.py:44}}
Aug 17 08:51:20.728787 np0000007475 nova-scheduler[96652]: DEBUG nova.service [None req-b03ab145-dd47-4d96-a040-b43b7a7c84a2 None None] Join ServiceGroup membership for this service scheduler {{(pid=96652) start /opt/stack/nova/nova/service.py:288}}
Aug 17 08:51:20.728991 np0000007475 nova-scheduler[96652]: DEBUG nova.servicegroup.drivers.db [None req-b03ab145-dd47-4d96-a040-b43b7a7c84a2 None None] DB_Driver: join new ServiceGroup member np0000007475 to the scheduler group, service = {{(pid=96652) join /opt/stack/nova/nova/servicegroup/drivers/db.py:44}}
Aug 17 08:51:20.731824 np0000007475 nova-scheduler[96656]: DEBUG dbcounter [-] [96656] Writer thread running {{(pid=96656) stat_writer /opt/stack/data/venv/lib/python3.12/site-packages/dbcounter.py:102}}
Aug 17 08:51:20.734509 np0000007475 nova-scheduler[96656]: DEBUG nova.service [None req-35f5b27f-5ccc-41c0-ad0e-0b067e49a4e9 None None] Creating RPC server for service: nova-scheduler on topic: scheduler {{(pid=96656) start /opt/stack/nova/nova/service.py:262}}
Aug 17 08:51:20.753774 np0000007475 nova-scheduler[96656]: DEBUG nova.service [None req-35f5b27f-5ccc-41c0-ad0e-0b067e49a4e9 None None] Join ServiceGroup membership for this service scheduler {{(pid=96656) start /opt/stack/nova/nova/service.py:288}}
Aug 17 08:51:20.754154 np0000007475 nova-scheduler[96656]: DEBUG nova.servicegroup.drivers.db [None req-35f5b27f-5ccc-41c0-ad0e-0b067e49a4e9 None None] DB_Driver: join new ServiceGroup member np0000007475 to the scheduler group, service = {{(pid=96656) join /opt/stack/nova/nova/servicegroup/drivers/db.py:44}}
Aug 17 08:51:25.726458 np0000007475 nova-scheduler[96654]: DEBUG oslo.service.backend._threading.loopingcall [None req-f0dece95-977e-46e7-bfff-e9112bafe160 None None] Dynamic interval looping call 'nova.service.Service.periodic_tasks' sleeping for 60.00 seconds {{(pid=96654) _run_loop /opt/stack/data/venv/lib/python3.12/site-packages/oslo_service/backend/_threading/loopingcall.py:125}}
Aug 17 08:51:25.734730 np0000007475 nova-scheduler[96652]: DEBUG oslo.service.backend._threading.loopingcall [None req-eff12ed7-094e-4d5f-8533-6edb3492db94 None None] Dynamic interval looping call 'nova.service.Service.periodic_tasks' sleeping for 60.00 seconds {{(pid=96652) _run_loop /opt/stack/data/venv/lib/python3.12/site-packages/oslo_service/backend/_threading/loopingcall.py:125}}
Aug 17 08:51:25.735757 np0000007475 nova-scheduler[96654]: DEBUG oslo.service.backend._threading.loopingcall [-] Fixed interval looping call 'nova.servicegroup.drivers.db.DbDriver._report_state' sleeping for 119.99 seconds {{(pid=96654) _run_loop /opt/stack/data/venv/lib/python3.12/site-packages/oslo_service/backend/_threading/loopingcall.py:125}}
Aug 17 08:51:25.736561 np0000007475 nova-scheduler[96650]: DEBUG oslo.service.backend._threading.loopingcall [-] Fixed interval looping call 'nova.servicegroup.drivers.db.DbDriver._report_state' sleeping for 119.99 seconds {{(pid=96650) _run_loop /opt/stack/data/venv/lib/python3.12/site-packages/oslo_service/backend/_threading/loopingcall.py:125}}
Aug 17 08:51:25.741461 np0000007475 nova-scheduler[96652]: DEBUG oslo.service.backend._threading.loopingcall [-] Fixed interval looping call 'nova.servicegroup.drivers.db.DbDriver._report_state' sleeping for 119.99 seconds {{(pid=96652) _run_loop /opt/stack/data/venv/lib/python3.12/site-packages/oslo_service/backend/_threading/loopingcall.py:125}}
Aug 17 08:51:25.764595 np0000007475 nova-scheduler[96656]: DEBUG oslo.service.backend._threading.loopingcall [-] Fixed interval looping call 'nova.servicegroup.drivers.db.DbDriver._report_state' sleeping for 119.99 seconds {{(pid=96656) _run_loop /opt/stack/data/venv/lib/python3.12/site-packages/oslo_service/backend/_threading/loopingcall.py:125}}
Aug 17 08:51:29.268519 np0000007475 nova-scheduler[95458]: DEBUG dbcounter [-] [95458] Writing DB stats nova_api:SELECT=3 {{(pid=95458) stat_writer /opt/stack/data/venv/lib/python3.12/site-packages/dbcounter.py:115}}
Aug 17 08:51:29.407400 np0000007475 nova-scheduler[95458]: DEBUG dbcounter [-] [95458] Writing DB stats nova_cell0:SELECT=1 {{(pid=95458) stat_writer /opt/stack/data/venv/lib/python3.12/site-packages/dbcounter.py:115}}
Aug 17 08:51:29.411558 np0000007475 nova-scheduler[95458]: DEBUG dbcounter [-] [95458] Writing DB stats nova_cell1:SELECT=1 {{(pid=95458) stat_writer /opt/stack/data/venv/lib/python3.12/site-packages/dbcounter.py:115}}
Aug 17 08:51:35.731563 np0000007475 nova-scheduler[96654]: DEBUG dbcounter [-] [96654] Writing DB stats nova_cell0:SELECT=4,nova_cell0:INSERT=1,nova_cell0:UPDATE=1 {{(pid=96654) stat_writer /opt/stack/data/venv/lib/python3.12/site-packages/dbcounter.py:115}}
Aug 17 08:51:35.733901 np0000007475 nova-scheduler[96650]: DEBUG dbcounter [-] [96650] Writing DB stats nova_cell0:SELECT=4,nova_cell0:INSERT=1,nova_cell0:UPDATE=1 {{(pid=96650) stat_writer /opt/stack/data/venv/lib/python3.12/site-packages/dbcounter.py:115}}
Aug 17 08:51:35.739216 np0000007475 nova-scheduler[96652]: DEBUG dbcounter [-] [96652] Writing DB stats nova_cell0:SELECT=3 {{(pid=96652) stat_writer /opt/stack/data/venv/lib/python3.12/site-packages/dbcounter.py:115}}
Aug 17 08:51:35.765238 np0000007475 nova-scheduler[96656]: DEBUG dbcounter [-] [96656] Writing DB stats nova_cell0:SELECT=3 {{(pid=96656) stat_writer /opt/stack/data/venv/lib/python3.12/site-packages/dbcounter.py:115}}
Aug 17 08:51:43.724619 np0000007475 nova-scheduler[96650]: DEBUG oslo.service.backend._threading.loopingcall [None req-5315ead0-d474-4b0c-8bbd-4693238bfb35 None None] Dynamic interval looping call 'nova.service.Service.periodic_tasks' sleeping for 60.00 seconds {{(pid=96650) _run_loop /opt/stack/data/venv/lib/python3.12/site-packages/oslo_service/backend/_threading/loopingcall.py:125}}
Aug 17 08:52:18.756769 np0000007475 nova-scheduler[96656]: DEBUG oslo.service.backend._threading.loopingcall [None req-672b2869-f5ab-40ca-9eb1-c99a79d53506 None None] Dynamic interval looping call 'nova.service.Service.periodic_tasks' sleeping for 60.00 seconds {{(pid=96656) _run_loop /opt/stack/data/venv/lib/python3.12/site-packages/oslo_service/backend/_threading/loopingcall.py:125}}
Aug 17 08:52:25.727036 np0000007475 nova-scheduler[96654]: DEBUG oslo.service.backend._threading.loopingcall [None req-f0dece95-977e-46e7-bfff-e9112bafe160 None None] Dynamic interval looping call 'nova.service.Service.periodic_tasks' sleeping for 60.00 seconds {{(pid=96654) _run_loop /opt/stack/data/venv/lib/python3.12/site-packages/oslo_service/backend/_threading/loopingcall.py:125}}
Aug 17 08:52:25.735298 np0000007475 nova-scheduler[96652]: DEBUG oslo.service.backend._threading.loopingcall [None req-eff12ed7-094e-4d5f-8533-6edb3492db94 None None] Dynamic interval looping call 'nova.service.Service.periodic_tasks' sleeping for 60.00 seconds {{(pid=96652) _run_loop /opt/stack/data/venv/lib/python3.12/site-packages/oslo_service/backend/_threading/loopingcall.py:125}}
Aug 17 08:52:43.725190 np0000007475 nova-scheduler[96650]: DEBUG oslo.service.backend._threading.loopingcall [None req-5315ead0-d474-4b0c-8bbd-4693238bfb35 None None] Dynamic interval looping call 'nova.service.Service.periodic_tasks' sleeping for 60.00 seconds {{(pid=96650) _run_loop /opt/stack/data/venv/lib/python3.12/site-packages/oslo_service/backend/_threading/loopingcall.py:125}}
Aug 17 08:53:18.757270 np0000007475 nova-scheduler[96656]: DEBUG oslo.service.backend._threading.loopingcall [None req-672b2869-f5ab-40ca-9eb1-c99a79d53506 None None] Dynamic interval looping call 'nova.service.Service.periodic_tasks' sleeping for 60.00 seconds {{(pid=96656) _run_loop /opt/stack/data/venv/lib/python3.12/site-packages/oslo_service/backend/_threading/loopingcall.py:125}}
Aug 17 08:53:25.727532 np0000007475 nova-scheduler[96654]: DEBUG oslo.service.backend._threading.loopingcall [None req-f0dece95-977e-46e7-bfff-e9112bafe160 None None] Dynamic interval looping call 'nova.service.Service.periodic_tasks' sleeping for 60.00 seconds {{(pid=96654) _run_loop /opt/stack/data/venv/lib/python3.12/site-packages/oslo_service/backend/_threading/loopingcall.py:125}}
Aug 17 08:53:25.735346 np0000007475 nova-scheduler[96650]: DEBUG oslo.service.backend._threading.loopingcall [-] Fixed interval looping call 'nova.servicegroup.drivers.db.DbDriver._report_state' sleeping for 119.99 seconds {{(pid=96650) _run_loop /opt/stack/data/venv/lib/python3.12/site-packages/oslo_service/backend/_threading/loopingcall.py:125}}
Aug 17 08:53:25.736791 np0000007475 nova-scheduler[96654]: DEBUG oslo.service.backend._threading.loopingcall [-] Fixed interval looping call 'nova.servicegroup.drivers.db.DbDriver._report_state' sleeping for 119.99 seconds {{(pid=96654) _run_loop /opt/stack/data/venv/lib/python3.12/site-packages/oslo_service/backend/_threading/loopingcall.py:125}}
Aug 17 08:53:25.736975 np0000007475 nova-scheduler[96652]: DEBUG oslo.service.backend._threading.loopingcall [None req-eff12ed7-094e-4d5f-8533-6edb3492db94 None None] Dynamic interval looping call 'nova.service.Service.periodic_tasks' sleeping for 60.00 seconds {{(pid=96652) _run_loop /opt/stack/data/venv/lib/python3.12/site-packages/oslo_service/backend/_threading/loopingcall.py:125}}
Aug 17 08:53:25.737809 np0000007475 nova-scheduler[96652]: DEBUG oslo.service.backend._threading.loopingcall [-] Fixed interval looping call 'nova.servicegroup.drivers.db.DbDriver._report_state' sleeping for 119.99 seconds {{(pid=96652) _run_loop /opt/stack/data/venv/lib/python3.12/site-packages/oslo_service/backend/_threading/loopingcall.py:125}}
Aug 17 08:53:25.758742 np0000007475 nova-scheduler[96656]: DEBUG oslo.service.backend._threading.loopingcall [-] Fixed interval looping call 'nova.servicegroup.drivers.db.DbDriver._report_state' sleeping for 120.00 seconds {{(pid=96656) _run_loop /opt/stack/data/venv/lib/python3.12/site-packages/oslo_service/backend/_threading/loopingcall.py:125}}
Aug 17 08:53:35.729864 np0000007475 nova-scheduler[96650]: DEBUG dbcounter [-] [96650] Writing DB stats nova_cell0:SELECT=1,nova_cell0:UPDATE=1 {{(pid=96650) stat_writer /opt/stack/data/venv/lib/python3.12/site-packages/dbcounter.py:115}}
Aug 17 08:53:35.730251 np0000007475 nova-scheduler[96654]: DEBUG dbcounter [-] [96654] Writing DB stats nova_cell0:SELECT=1,nova_cell0:UPDATE=1 {{(pid=96654) stat_writer /opt/stack/data/venv/lib/python3.12/site-packages/dbcounter.py:115}}
Aug 17 08:53:35.737751 np0000007475 nova-scheduler[96652]: DEBUG dbcounter [-] [96652] Writing DB stats nova_cell0:SELECT=1,nova_cell0:UPDATE=1 {{(pid=96652) stat_writer /opt/stack/data/venv/lib/python3.12/site-packages/dbcounter.py:115}}
Aug 17 08:53:35.756878 np0000007475 nova-scheduler[96656]: DEBUG dbcounter [-] [96656] Writing DB stats nova_cell0:SELECT=1 {{(pid=96656) stat_writer /opt/stack/data/venv/lib/python3.12/site-packages/dbcounter.py:115}}
Aug 17 08:53:36.985086 np0000007475 nova-scheduler[96654]: DEBUG nova.scheduler.manager [None req-0fd0224f-8583-4c9d-9da3-189a5e8a7913 tempest-DeleteServersTestJSON-1413026663 tempest-DeleteServersTestJSON-1413026663-project-member] Starting to schedule for instances: ['c94a5404-dd42-4302-996a-f8b2080c4949'] {{(pid=96654) select_destinations /opt/stack/nova/nova/scheduler/manager.py:197}}
Aug 17 08:53:36.985601 np0000007475 nova-scheduler[96654]: DEBUG nova.scheduler.request_filter [None req-0fd0224f-8583-4c9d-9da3-189a5e8a7913 tempest-DeleteServersTestJSON-1413026663 tempest-DeleteServersTestJSON-1413026663-project-member] compute_status_filter request filter added forbidden trait COMPUTE_STATUS_DISABLED {{(pid=96654) compute_status_filter /opt/stack/nova/nova/scheduler/request_filter.py:253}}
Aug 17 08:53:36.985781 np0000007475 nova-scheduler[96654]: DEBUG nova.scheduler.request_filter [None req-0fd0224f-8583-4c9d-9da3-189a5e8a7913 tempest-DeleteServersTestJSON-1413026663 tempest-DeleteServersTestJSON-1413026663-project-member] Request filter 'compute_status_filter' took 0.0 seconds {{(pid=96654) wrapper /opt/stack/nova/nova/scheduler/request_filter.py:46}}
Aug 17 08:53:36.985999 np0000007475 nova-scheduler[96654]: DEBUG nova.scheduler.request_filter [None req-0fd0224f-8583-4c9d-9da3-189a5e8a7913 tempest-DeleteServersTestJSON-1413026663 tempest-DeleteServersTestJSON-1413026663-project-member] Request filter 'accelerators_filter' took 0.0 seconds {{(pid=96654) wrapper /opt/stack/nova/nova/scheduler/request_filter.py:46}}
Aug 17 08:53:36.986203 np0000007475 nova-scheduler[96654]: DEBUG nova.scheduler.request_filter [None req-0fd0224f-8583-4c9d-9da3-189a5e8a7913 tempest-DeleteServersTestJSON-1413026663 tempest-DeleteServersTestJSON-1413026663-project-member] Request filter 'packed_virtqueue_filter' took 0.0 seconds {{(pid=96654) wrapper /opt/stack/nova/nova/scheduler/request_filter.py:46}}
Aug 17 08:53:36.986456 np0000007475 nova-scheduler[96654]: DEBUG nova.scheduler.request_filter [None req-0fd0224f-8583-4c9d-9da3-189a5e8a7913 tempest-DeleteServersTestJSON-1413026663 tempest-DeleteServersTestJSON-1413026663-project-member] Request filter 'remote_managed_ports_filter' took 0.0 seconds {{(pid=96654) wrapper /opt/stack/nova/nova/scheduler/request_filter.py:46}}
Aug 17 08:53:36.986746 np0000007475 nova-scheduler[96654]: DEBUG nova.scheduler.request_filter [None req-0fd0224f-8583-4c9d-9da3-189a5e8a7913 tempest-DeleteServersTestJSON-1413026663 tempest-DeleteServersTestJSON-1413026663-project-member] ephemeral_encryption_filter skipped {{(pid=96654) ephemeral_encryption_filter /opt/stack/nova/nova/scheduler/request_filter.py:426}}
Aug 17 08:53:36.986928 np0000007475 nova-scheduler[96654]: DEBUG nova.scheduler.request_filter [None req-0fd0224f-8583-4c9d-9da3-189a5e8a7913 tempest-DeleteServersTestJSON-1413026663 tempest-DeleteServersTestJSON-1413026663-project-member] virtio_sound_filter skipped {{(pid=96654) virtio_sound_filter /opt/stack/nova/nova/scheduler/request_filter.py:460}}
Aug 17 08:53:36.987097 np0000007475 nova-scheduler[96654]: DEBUG nova.scheduler.request_filter [None req-0fd0224f-8583-4c9d-9da3-189a5e8a7913 tempest-DeleteServersTestJSON-1413026663 tempest-DeleteServersTestJSON-1413026663-project-member] tpm_secret_security_filter skipped {{(pid=96654) tpm_secret_security_filter /opt/stack/nova/nova/scheduler/request_filter.py:477}}
Aug 17 08:53:37.542834 np0000007475 nova-scheduler[96654]: INFO nova.utils [None req-0fd0224f-8583-4c9d-9da3-189a5e8a7913 tempest-DeleteServersTestJSON-1413026663 tempest-DeleteServersTestJSON-1413026663-project-member] The cell worker thread pool ForkProcess-3.cell_worker is initialized
Aug 17 08:53:37.543322 np0000007475 nova-scheduler[96654]: DEBUG oslo_concurrency.lockutils [None req-0fd0224f-8583-4c9d-9da3-189a5e8a7913 tempest-DeleteServersTestJSON-1413026663 tempest-DeleteServersTestJSON-1413026663-project-member] Acquiring lock "421eb135-45b7-4f18-912a-5465033c1d74" by "nova.context.set_target_cell..get_or_set_cached_cell_and_set_connections" {{(pid=96654) inner /opt/stack/data/venv/lib/python3.12/site-packages/oslo_concurrency/lockutils.py:512}}
Aug 17 08:53:37.543487 np0000007475 nova-scheduler[96654]: DEBUG oslo_concurrency.lockutils [None req-0fd0224f-8583-4c9d-9da3-189a5e8a7913 tempest-DeleteServersTestJSON-1413026663 tempest-DeleteServersTestJSON-1413026663-project-member] Lock "421eb135-45b7-4f18-912a-5465033c1d74" acquired by "nova.context.set_target_cell..get_or_set_cached_cell_and_set_connections" :: waited 0.000s {{(pid=96654) inner /opt/stack/data/venv/lib/python3.12/site-packages/oslo_concurrency/lockutils.py:525}}
Aug 17 08:53:37.544830 np0000007475 nova-scheduler[96654]: DEBUG oslo_concurrency.lockutils [None req-0fd0224f-8583-4c9d-9da3-189a5e8a7913 tempest-DeleteServersTestJSON-1413026663 tempest-DeleteServersTestJSON-1413026663-project-member] Lock "421eb135-45b7-4f18-912a-5465033c1d74" "released" by "nova.context.set_target_cell..get_or_set_cached_cell_and_set_connections" :: held 0.001s {{(pid=96654) inner /opt/stack/data/venv/lib/python3.12/site-packages/oslo_concurrency/lockutils.py:544}}
Aug 17 08:53:37.549135 np0000007475 nova-scheduler[96654]: INFO dbcounter [None req-0fd0224f-8583-4c9d-9da3-189a5e8a7913 tempest-DeleteServersTestJSON-1413026663 tempest-DeleteServersTestJSON-1413026663-project-member] Registered counter for database nova_cell1
Aug 17 08:53:37.597079 np0000007475 nova-scheduler[96654]: DEBUG oslo_db.sqlalchemy.engines [None req-0fd0224f-8583-4c9d-9da3-189a5e8a7913 tempest-DeleteServersTestJSON-1413026663 tempest-DeleteServersTestJSON-1413026663-project-member] MySQL server mode set to STRICT_TRANS_TABLES,STRICT_ALL_TABLES,NO_ZERO_IN_DATE,NO_ZERO_DATE,ERROR_FOR_DIVISION_BY_ZERO,TRADITIONAL,NO_ENGINE_SUBSTITUTION {{(pid=96654) _check_effective_sql_mode /opt/stack/data/venv/lib/python3.12/site-packages/oslo_db/sqlalchemy/engines.py:325}}
Aug 17 08:53:37.603662 np0000007475 nova-scheduler[96654]: DEBUG dbcounter [-] [96654] Writer thread running {{(pid=96654) stat_writer /opt/stack/data/venv/lib/python3.12/site-packages/dbcounter.py:102}}
Aug 17 08:53:37.617018 np0000007475 nova-scheduler[96654]: DEBUG oslo_db.sqlalchemy.engines [None req-0fd0224f-8583-4c9d-9da3-189a5e8a7913 tempest-DeleteServersTestJSON-1413026663 tempest-DeleteServersTestJSON-1413026663-project-member] Parent process 95458 forked (96654) with an open database connection, which is being discarded and recreated. {{(pid=96654) checkout /opt/stack/data/venv/lib/python3.12/site-packages/oslo_db/sqlalchemy/engines.py:402}}
Aug 17 08:53:37.617517 np0000007475 nova-scheduler[96650]: DEBUG nova.scheduler.manager [None req-9bc19cf3-c22b-4dbd-9ee4-aee75e696f19 tempest-ServersNegativeTestJSON-942382288 tempest-ServersNegativeTestJSON-942382288-project-member] Starting to schedule for instances: ['eb279c4e-0029-4f7a-a56b-8fb1ce6eb120'] {{(pid=96650) select_destinations /opt/stack/nova/nova/scheduler/manager.py:197}}
Aug 17 08:53:37.617971 np0000007475 nova-scheduler[96650]: DEBUG nova.scheduler.request_filter [None req-9bc19cf3-c22b-4dbd-9ee4-aee75e696f19 tempest-ServersNegativeTestJSON-942382288 tempest-ServersNegativeTestJSON-942382288-project-member] compute_status_filter request filter added forbidden trait COMPUTE_STATUS_DISABLED {{(pid=96650) compute_status_filter /opt/stack/nova/nova/scheduler/request_filter.py:253}}
