Jun 27 00:30:05.022189 np0000003809 devstack@g-api.service[99541]: DEBUG glance.api.middleware.version_negotiation [None req-6e4df3db-0078-436d-9834-332a4fe5bb1f tempest-ServerBootFromVolumeStableRescueTest-1977115278 tempest-ServerBootFromVolumeStableRescueTest-1977115278-project-member] Using url versioning {{(pid=99541) process_request /opt/stack/glance/glance/api/middleware/version_negotiation.py:57}}
Jun 27 00:30:05.022232 np0000003809 devstack@g-api.service[99540]: DEBUG glance.api.middleware.version_negotiation [None req-f6f2c6de-5a3d-4e04-8f04-1b21cc0df92f tempest-ServerBootFromVolumeStableRescueTest-1977115278 tempest-ServerBootFromVolumeStableRescueTest-1977115278-project-member] Matched version: v2 {{(pid=99540) process_request /opt/stack/glance/glance/api/middleware/version_negotiation.py:69}}
Jun 27 00:30:05.022270 np0000003809 devstack@g-api.service[99541]: DEBUG glance.api.middleware.version_negotiation [None req-6e4df3db-0078-436d-9834-332a4fe5bb1f tempest-ServerBootFromVolumeStableRescueTest-1977115278 tempest-ServerBootFromVolumeStableRescueTest-1977115278-project-member] Matched version: v2 {{(pid=99541) process_request /opt/stack/glance/glance/api/middleware/version_negotiation.py:69}}
Jun 27 00:30:05.022313 np0000003809 devstack@g-api.service[99540]: DEBUG glance.api.middleware.version_negotiation [None req-f6f2c6de-5a3d-4e04-8f04-1b21cc0df92f tempest-ServerBootFromVolumeStableRescueTest-1977115278 tempest-ServerBootFromVolumeStableRescueTest-1977115278-project-member] new path /v2/schemas/image {{(pid=99540) process_request /opt/stack/glance/glance/api/middleware/version_negotiation.py:70}}
Jun 27 00:30:05.022363 np0000003809 devstack@g-api.service[99541]: DEBUG glance.api.middleware.version_negotiation [None req-6e4df3db-0078-436d-9834-332a4fe5bb1f tempest-ServerBootFromVolumeStableRescueTest-1977115278 tempest-ServerBootFromVolumeStableRescueTest-1977115278-project-member] new path /v2/images/100e3786-c219-4d43-a099-e9dd9359b101 {{(pid=99541) process_request /opt/stack/glance/glance/api/middleware/version_negotiation.py:70}}
Jun 27 00:30:05.025226 np0000003809 devstack@g-api.service[99540]: [pid: 99540|app: 0|req: 112/333] 127.0.0.1 () {44 vars in 1055 bytes} [Sat Jun 27 00:30:05 2026] GET /v2/schemas/image => generated 6083 bytes in 4 msecs (HTTP/1.1 200) 4 headers in 158 bytes (1 switches on core 0)
Jun 27 00:30:05.035366 np0000003809 devstack@g-api.service[99541]: [pid: 99541|app: 0|req: 115/334] 127.0.0.1 () {40 vars in 838 bytes} [Sat Jun 27 00:30:05 2026] GET /v2/images/100e3786-c219-4d43-a099-e9dd9359b101 => generated 1360 bytes in 14 msecs (HTTP/1.1 200) 4 headers in 158 bytes (1 switches on core 0)
Jun 27 00:30:05.076103 np0000003809 devstack@g-api.service[99542]: DEBUG glance.api.middleware.version_negotiation [None req-f6f2c6de-5a3d-4e04-8f04-1b21cc0df92f tempest-ServerBootFromVolumeStableRescueTest-1977115278 tempest-ServerBootFromVolumeStableRescueTest-1977115278-project-member] Determining version of request: PATCH /v2/images/100e3786-c219-4d43-a099-e9dd9359b101 Accept: */* {{(pid=99542) process_request /opt/stack/glance/glance/api/middleware/version_negotiation.py:44}}
Jun 27 00:30:05.076295 np0000003809 devstack@g-api.service[99542]: DEBUG glance.api.middleware.version_negotiation [None req-f6f2c6de-5a3d-4e04-8f04-1b21cc0df92f tempest-ServerBootFromVolumeStableRescueTest-1977115278 tempest-ServerBootFromVolumeStableRescueTest-1977115278-project-member] Using url versioning {{(pid=99542) process_request /opt/stack/glance/glance/api/middleware/version_negotiation.py:57}}
Jun 27 00:30:05.076411 np0000003809 devstack@g-api.service[99542]: DEBUG glance.api.middleware.version_negotiation [None req-f6f2c6de-5a3d-4e04-8f04-1b21cc0df92f tempest-ServerBootFromVolumeStableRescueTest-1977115278 tempest-ServerBootFromVolumeStableRescueTest-1977115278-project-member] Matched version: v2 {{(pid=99542) process_request /opt/stack/glance/glance/api/middleware/version_negotiation.py:69}}
Jun 27 00:30:05.076506 np0000003809 devstack@g-api.service[99542]: DEBUG glance.api.middleware.version_negotiation [None req-f6f2c6de-5a3d-4e04-8f04-1b21cc0df92f tempest-ServerBootFromVolumeStableRescueTest-1977115278 tempest-ServerBootFromVolumeStableRescueTest-1977115278-project-member] new path /v2/images/100e3786-c219-4d43-a099-e9dd9359b101 {{(pid=99542) process_request /opt/stack/glance/glance/api/middleware/version_negotiation.py:70}}
Jun 27 00:30:05.299451 np0000003809 devstack@g-api.service[99542]: [pid: 99542|app: 0|req: 108/335] 127.0.0.1 () {46 vars in 1158 bytes} [Sat Jun 27 00:30:05 2026] PATCH /v2/images/100e3786-c219-4d43-a099-e9dd9359b101 => generated 1471 bytes in 224 msecs (HTTP/1.1 200) 4 headers in 158 bytes (1 switches on core 0)
Jun 27 00:30:05.334468 np0000003809 devstack@g-api.service[99540]: DEBUG glance.api.middleware.version_negotiation [None req-f6f2c6de-5a3d-4e04-8f04-1b21cc0df92f tempest-ServerBootFromVolumeStableRescueTest-1977115278 tempest-ServerBootFromVolumeStableRescueTest-1977115278-project-member] Determining version of request: GET /v2/images/100e3786-c219-4d43-a099-e9dd9359b101 Accept: */* {{(pid=99540) process_request /opt/stack/glance/glance/api/middleware/version_negotiation.py:44}}
Jun 27 00:30:05.334635 np0000003809 devstack@g-api.service[99540]: DEBUG glance.api.middleware.version_negotiation [None req-f6f2c6de-5a3d-4e04-8f04-1b21cc0df92f tempest-ServerBootFromVolumeStableRescueTest-1977115278 tempest-ServerBootFromVolumeStableRescueTest-1977115278-project-member] Using url versioning {{(pid=99540) process_request /opt/stack/glance/glance/api/middleware/version_negotiation.py:57}}
Jun 27 00:30:05.334810 np0000003809 devstack@g-api.service[99540]: DEBUG glance.api.middleware.version_negotiation [None req-f6f2c6de-5a3d-4e04-8f04-1b21cc0df92f tempest-ServerBootFromVolumeStableRescueTest-1977115278 tempest-ServerBootFromVolumeStableRescueTest-1977115278-project-member] Matched version: v2 {{(pid=99540) process_request /opt/stack/glance/glance/api/middleware/version_negotiation.py:69}}
Jun 27 00:30:05.335029 np0000003809 devstack@g-api.service[99540]: DEBUG glance.api.middleware.version_negotiation [None req-f6f2c6de-5a3d-4e04-8f04-1b21cc0df92f tempest-ServerBootFromVolumeStableRescueTest-1977115278 tempest-ServerBootFromVolumeStableRescueTest-1977115278-project-member] new path /v2/images/100e3786-c219-4d43-a099-e9dd9359b101 {{(pid=99540) process_request /opt/stack/glance/glance/api/middleware/version_negotiation.py:70}}
Jun 27 00:30:05.349504 np0000003809 devstack@g-api.service[99540]: [pid: 99540|app: 0|req: 113/336] 127.0.0.1 () {44 vars in 1115 bytes} [Sat Jun 27 00:30:05 2026] GET /v2/images/100e3786-c219-4d43-a099-e9dd9359b101 => generated 1471 bytes in 15 msecs (HTTP/1.1 200) 4 headers in 158 bytes (1 switches on core 0)
Jun 27 00:30:05.394996 np0000003809 devstack@g-api.service[99541]: DEBUG glance.api.middleware.version_negotiation [None req-5bb6fb5f-7b74-4a21-9354-24c03c5f97f2 tempest-ServerBootFromVolumeStableRescueTest-1977115278 tempest-ServerBootFromVolumeStableRescueTest-1977115278-project-member] Determining version of request: PUT /v2/images/100e3786-c219-4d43-a099-e9dd9359b101/file Accept: */* {{(pid=99541) process_request /opt/stack/glance/glance/api/middleware/version_negotiation.py:44}}
Jun 27 00:30:05.395228 np0000003809 devstack@g-api.service[99541]: DEBUG glance.api.middleware.version_negotiation [None req-5bb6fb5f-7b74-4a21-9354-24c03c5f97f2 tempest-ServerBootFromVolumeStableRescueTest-1977115278 tempest-ServerBootFromVolumeStableRescueTest-1977115278-project-member] Using url versioning {{(pid=99541) process_request /opt/stack/glance/glance/api/middleware/version_negotiation.py:57}}
Jun 27 00:30:05.395457 np0000003809 devstack@g-api.service[99541]: DEBUG glance.api.middleware.version_negotiation [None req-5bb6fb5f-7b74-4a21-9354-24c03c5f97f2 tempest-ServerBootFromVolumeStableRescueTest-1977115278 tempest-ServerBootFromVolumeStableRescueTest-1977115278-project-member] Matched version: v2 {{(pid=99541) process_request /opt/stack/glance/glance/api/middleware/version_negotiation.py:69}}
Jun 27 00:30:05.395546 np0000003809 devstack@g-api.service[99541]: DEBUG glance.api.middleware.version_negotiation [None req-5bb6fb5f-7b74-4a21-9354-24c03c5f97f2 tempest-ServerBootFromVolumeStableRescueTest-1977115278 tempest-ServerBootFromVolumeStableRescueTest-1977115278-project-member] new path /v2/images/100e3786-c219-4d43-a099-e9dd9359b101/file {{(pid=99541) process_request /opt/stack/glance/glance/api/middleware/version_negotiation.py:70}}
Jun 27 00:30:06.046645 np0000003809 devstack@g-api.service[99542]: DEBUG glance.api.middleware.version_negotiation [None req-f6f2c6de-5a3d-4e04-8f04-1b21cc0df92f tempest-ServerBootFromVolumeStableRescueTest-1977115278 tempest-ServerBootFromVolumeStableRescueTest-1977115278-project-member] Determining version of request: GET /v2/images/100e3786-c219-4d43-a099-e9dd9359b101 Accept: application/json {{(pid=99542) process_request /opt/stack/glance/glance/api/middleware/version_negotiation.py:44}}
Jun 27 00:30:06.049861 np0000003809 devstack@g-api.service[99542]: DEBUG glance.api.middleware.version_negotiation [None req-f6f2c6de-5a3d-4e04-8f04-1b21cc0df92f tempest-ServerBootFromVolumeStableRescueTest-1977115278 tempest-ServerBootFromVolumeStableRescueTest-1977115278-project-member] Using url versioning {{(pid=99542) process_request /opt/stack/glance/glance/api/middleware/version_negotiation.py:57}}
Jun 27 00:30:06.050155 np0000003809 devstack@g-api.service[99542]: DEBUG glance.api.middleware.version_negotiation [None req-f6f2c6de-5a3d-4e04-8f04-1b21cc0df92f tempest-ServerBootFromVolumeStableRescueTest-1977115278 tempest-ServerBootFromVolumeStableRescueTest-1977115278-project-member] Matched version: v2 {{(pid=99542) process_request /opt/stack/glance/glance/api/middleware/version_negotiation.py:69}}
Jun 27 00:30:06.050321 np0000003809 devstack@g-api.service[99542]: DEBUG glance.api.middleware.version_negotiation [None req-f6f2c6de-5a3d-4e04-8f04-1b21cc0df92f tempest-ServerBootFromVolumeStableRescueTest-1977115278 tempest-ServerBootFromVolumeStableRescueTest-1977115278-project-member] new path /v2/images/100e3786-c219-4d43-a099-e9dd9359b101 {{(pid=99542) process_request /opt/stack/glance/glance/api/middleware/version_negotiation.py:70}}
Jun 27 00:30:06.064993 np0000003809 devstack@g-api.service[99542]: [pid: 99542|app: 0|req: 109/337] 127.0.0.1 () {40 vars in 838 bytes} [Sat Jun 27 00:30:06 2026] GET /v2/images/100e3786-c219-4d43-a099-e9dd9359b101 => generated 1471 bytes in 18 msecs (HTTP/1.1 200) 4 headers in 158 bytes (1 switches on core 0)
Jun 27 00:30:06.146176 np0000003809 devstack@g-api.service[99541]: INFO glance.api.v2.image_data [None req-f6f2c6de-5a3d-4e04-8f04-1b21cc0df92f tempest-ServerBootFromVolumeStableRescueTest-1977115278 tempest-ServerBootFromVolumeStableRescueTest-1977115278-project-member] Unable to create trust: no such option collect_timing in group [keystone_authtoken] Use the existing user token.
Jun 27 00:30:06.669076 np0000003809 devstack@g-api.service[99541]: DEBUG glance.location [None req-f6f2c6de-5a3d-4e04-8f04-1b21cc0df92f tempest-ServerBootFromVolumeStableRescueTest-1977115278 tempest-ServerBootFromVolumeStableRescueTest-1977115278-project-member] Enabling in-flight format inspection for qcow2 {{(pid=99541) set_data /opt/stack/glance/glance/location.py:616}}
Jun 27 00:30:06.669451 np0000003809 devstack@g-api.service[99541]: DEBUG glance_store.backend [None req-f6f2c6de-5a3d-4e04-8f04-1b21cc0df92f tempest-ServerBootFromVolumeStableRescueTest-1977115278 tempest-ServerBootFromVolumeStableRescueTest-1977115278-project-member] Attempting to import store swift {{(pid=99541) _load_store /opt/stack/data/venv/lib/python3.12/site-packages/glance_store/backend.py:215}}
Jun 27 00:30:06.670835 np0000003809 devstack@g-api.service[99541]: DEBUG glance_store.capabilities [None req-f6f2c6de-5a3d-4e04-8f04-1b21cc0df92f tempest-ServerBootFromVolumeStableRescueTest-1977115278 tempest-ServerBootFromVolumeStableRescueTest-1977115278-project-member] Store glance_store._drivers.swift.store.SingleTenantStore doesn't support updating dynamic storage capabilities. Please overwrite 'update_capabilities' method of the store to implement updating logics if needed. {{(pid=99541) update_capabilities /opt/stack/data/venv/lib/python3.12/site-packages/glance_store/capabilities.py:91}}
Jun 27 00:30:06.671006 np0000003809 devstack@g-api.service[99541]: DEBUG glance_store.driver [None req-f6f2c6de-5a3d-4e04-8f04-1b21cc0df92f tempest-ServerBootFromVolumeStableRescueTest-1977115278 tempest-ServerBootFromVolumeStableRescueTest-1977115278-project-member] Late loading location class glance_store._drivers.swift.store.StoreLocation {{(pid=99541) get_store_location_class /opt/stack/data/venv/lib/python3.12/site-packages/glance_store/driver.py:134}}
Jun 27 00:30:06.671073 np0000003809 devstack@g-api.service[99541]: DEBUG glance_store.location [None req-f6f2c6de-5a3d-4e04-8f04-1b21cc0df92f tempest-ServerBootFromVolumeStableRescueTest-1977115278 tempest-ServerBootFromVolumeStableRescueTest-1977115278-project-member] Registering scheme swift+https with {'store': , 'location_class': , 'store_entry': 'swift'} {{(pid=99541) register_scheme_map /opt/stack/data/venv/lib/python3.12/site-packages/glance_store/location.py:146}}
Jun 27 00:30:06.671139 np0000003809 devstack@g-api.service[99541]: DEBUG glance_store.location [None req-f6f2c6de-5a3d-4e04-8f04-1b21cc0df92f tempest-ServerBootFromVolumeStableRescueTest-1977115278 tempest-ServerBootFromVolumeStableRescueTest-1977115278-project-member] Registering scheme swift+https with {'store': , 'location_class': , 'store_entry': 'swift'} {{(pid=99541) register_scheme_map /opt/stack/data/venv/lib/python3.12/site-packages/glance_store/location.py:146}}
Jun 27 00:30:06.671281 np0000003809 devstack@g-api.service[99541]: DEBUG glance_store.location [None req-f6f2c6de-5a3d-4e04-8f04-1b21cc0df92f tempest-ServerBootFromVolumeStableRescueTest-1977115278 tempest-ServerBootFromVolumeStableRescueTest-1977115278-project-member] Registering scheme swift with {'store': , 'location_class': , 'store_entry': 'swift'} {{(pid=99541) register_scheme_map /opt/stack/data/venv/lib/python3.12/site-packages/glance_store/location.py:146}}
Jun 27 00:30:06.671402 np0000003809 devstack@g-api.service[99541]: DEBUG glance_store.location [None req-f6f2c6de-5a3d-4e04-8f04-1b21cc0df92f tempest-ServerBootFromVolumeStableRescueTest-1977115278 tempest-ServerBootFromVolumeStableRescueTest-1977115278-project-member] Registering scheme swift+https with {'store': , 'location_class': , 'store_entry': 'swift'} {{(pid=99541) register_scheme_map /opt/stack/data/venv/lib/python3.12/site-packages/glance_store/location.py:146}}
Jun 27 00:30:06.671499 np0000003809 devstack@g-api.service[99541]: DEBUG glance_store.location [None req-f6f2c6de-5a3d-4e04-8f04-1b21cc0df92f tempest-ServerBootFromVolumeStableRescueTest-1977115278 tempest-ServerBootFromVolumeStableRescueTest-1977115278-project-member] Registering scheme swift with {'store': , 'location_class': , 'store_entry': 'swift'} {{(pid=99541) register_scheme_map /opt/stack/data/venv/lib/python3.12/site-packages/glance_store/location.py:146}}
Jun 27 00:30:06.671499 np0000003809 devstack@g-api.service[99541]: DEBUG glance_store.location [None req-f6f2c6de-5a3d-4e04-8f04-1b21cc0df92f tempest-ServerBootFromVolumeStableRescueTest-1977115278 tempest-ServerBootFromVolumeStableRescueTest-1977115278-project-member] Registering scheme swift+http with {'store': , 'location_class': , 'store_entry': 'swift'} {{(pid=99541) register_scheme_map /opt/stack/data/venv/lib/python3.12/site-packages/glance_store/location.py:146}}
Jun 27 00:30:06.671847 np0000003809 devstack@g-api.service[99541]: DEBUG glance_store.location [None req-f6f2c6de-5a3d-4e04-8f04-1b21cc0df92f tempest-ServerBootFromVolumeStableRescueTest-1977115278 tempest-ServerBootFromVolumeStableRescueTest-1977115278-project-member] Registering scheme swift+https with {'store': , 'location_class': , 'store_entry': 'swift'} {{(pid=99541) register_scheme_map /opt/stack/data/venv/lib/python3.12/site-packages/glance_store/location.py:146}}
Jun 27 00:30:06.671847 np0000003809 devstack@g-api.service[99541]: DEBUG glance_store.location [None req-f6f2c6de-5a3d-4e04-8f04-1b21cc0df92f tempest-ServerBootFromVolumeStableRescueTest-1977115278 tempest-ServerBootFromVolumeStableRescueTest-1977115278-project-member] Registering scheme swift with {'store': , 'location_class': , 'store_entry': 'swift'} {{(pid=99541) register_scheme_map /opt/stack/data/venv/lib/python3.12/site-packages/glance_store/location.py:146}}
Jun 27 00:30:06.671847 np0000003809 devstack@g-api.service[99541]: DEBUG glance_store.location [None req-f6f2c6de-5a3d-4e04-8f04-1b21cc0df92f tempest-ServerBootFromVolumeStableRescueTest-1977115278 tempest-ServerBootFromVolumeStableRescueTest-1977115278-project-member] Registering scheme swift+http with {'store': , 'location_class': , 'store_entry': 'swift'} {{(pid=99541) register_scheme_map /opt/stack/data/venv/lib/python3.12/site-packages/glance_store/location.py:146}}
Jun 27 00:30:06.671847 np0000003809 devstack@g-api.service[99541]: DEBUG glance_store.location [None req-f6f2c6de-5a3d-4e04-8f04-1b21cc0df92f tempest-ServerBootFromVolumeStableRescueTest-1977115278 tempest-ServerBootFromVolumeStableRescueTest-1977115278-project-member] Registering scheme swift+config with {'store': , 'location_class': , 'store_entry': 'swift'} {{(pid=99541) register_scheme_map /opt/stack/data/venv/lib/python3.12/site-packages/glance_store/location.py:146}}
Jun 27 00:30:06.917398 np0000003809 devstack@g-api.service[99541]: DEBUG swiftclient [None req-f6f2c6de-5a3d-4e04-8f04-1b21cc0df92f tempest-ServerBootFromVolumeStableRescueTest-1977115278 tempest-ServerBootFromVolumeStableRescueTest-1977115278-project-member] REQ: curl -i https://10.4.3.183:8080/v1/AUTH_5e37a9cc6d1d413496c63489a28a3b88/glance -I -H "X-Auth-Token: gAAAAABqPxmOXvnj..." {{(pid=99541) http_log /opt/stack/data/venv/lib/python3.12/site-packages/swiftclient/client.py:160}}
Jun 27 00:30:06.917599 np0000003809 devstack@g-api.service[99541]: DEBUG swiftclient [None req-f6f2c6de-5a3d-4e04-8f04-1b21cc0df92f tempest-ServerBootFromVolumeStableRescueTest-1977115278 tempest-ServerBootFromVolumeStableRescueTest-1977115278-project-member] RESP STATUS: 204 No Content {{(pid=99541) http_log /opt/stack/data/venv/lib/python3.12/site-packages/swiftclient/client.py:161}}
Jun 27 00:30:06.917678 np0000003809 devstack@g-api.service[99541]: DEBUG swiftclient [None req-f6f2c6de-5a3d-4e04-8f04-1b21cc0df92f tempest-ServerBootFromVolumeStableRescueTest-1977115278 tempest-ServerBootFromVolumeStableRescueTest-1977115278-project-member] RESP HEADERS: {'Date': 'Sat, 27 Jun 2026 00:30:06 GMT', 'Server': 'Apache/2.4.58 (Ubuntu)', 'Content-Type': 'text/plain; charset=utf-8', 'X-Container-Object-Count': '5', 'X-Container-Bytes-Used': '87883776', 'X-Timestamp': '1782519709.10540', 'Last-Modified': 'Sat, 27 Jun 2026 00:21:50 GMT', 'Accept-Ranges': 'bytes', 'X-Storage-Policy': 'Policy-0', 'X-Container-Sharding': 'False', 'Vary': 'Accept', 'X-Trans-Id': 'tx504eeaff344c40f28c187-006a3f198e', 'X-Openstack-Request-Id': 'tx504eeaff344c40f28c187-006a3f198e', 'Connection': 'close'} {{(pid=99541) http_log /opt/stack/data/venv/lib/python3.12/site-packages/swiftclient/client.py:162}}
Jun 27 00:30:06.917808 np0000003809 devstack@g-api.service[99541]: DEBUG glance_store._drivers.swift.store [None req-f6f2c6de-5a3d-4e04-8f04-1b21cc0df92f tempest-ServerBootFromVolumeStableRescueTest-1977115278 tempest-ServerBootFromVolumeStableRescueTest-1977115278-project-member] Adding image object '100e3786-c219-4d43-a099-e9dd9359b101' to Swift {{(pid=99541) add /opt/stack/data/venv/lib/python3.12/site-packages/glance_store/_drivers/swift/store.py:970}}
Jun 27 00:30:06.917886 np0000003809 devstack@g-api.service[99541]: DEBUG glance_store._drivers.swift.store [None req-f6f2c6de-5a3d-4e04-8f04-1b21cc0df92f tempest-ServerBootFromVolumeStableRescueTest-1977115278 tempest-ServerBootFromVolumeStableRescueTest-1977115278-project-member] Cannot determine image size because it is either not provided in the request or chunked-transfer encoding is used. Adding image as a segmented object to Swift. {{(pid=99541) add /opt/stack/data/venv/lib/python3.12/site-packages/glance_store/_drivers/swift/store.py:994}}
Jun 27 00:30:06.928741 np0000003809 devstack@g-api.service[99541]: DEBUG oslo_utils.imageutils.format_inspector [None req-f6f2c6de-5a3d-4e04-8f04-1b21cc0df92f tempest-ServerBootFromVolumeStableRescueTest-1977115278 tempest-ServerBootFromVolumeStableRescueTest-1977115278-project-member] Format inspector for vmdk does not match, excluding from consideration (Signature KDMV not found: b'QFI\xfb') {{(pid=99541) _process_chunk /opt/stack/data/venv/lib/python3.12/site-packages/oslo_utils/imageutils/format_inspector.py:1758}}
Jun 27 00:30:06.936515 np0000003809 devstack@g-api.service[99541]: DEBUG oslo_utils.imageutils.format_inspector [None req-f6f2c6de-5a3d-4e04-8f04-1b21cc0df92f tempest-ServerBootFromVolumeStableRescueTest-1977115278 tempest-ServerBootFromVolumeStableRescueTest-1977115278-project-member] Format inspector for vhdx does not match, excluding from consideration (Region signature not found at 30000) {{(pid=99541) _process_chunk /opt/stack/data/venv/lib/python3.12/site-packages/oslo_utils/imageutils/format_inspector.py:1758}}
Jun 27 00:30:07.077833 np0000003809 devstack@g-api.service[99540]: DEBUG glance.api.middleware.version_negotiation [None req-f6f2c6de-5a3d-4e04-8f04-1b21cc0df92f tempest-ServerBootFromVolumeStableRescueTest-1977115278 tempest-ServerBootFromVolumeStableRescueTest-1977115278-project-member] Determining version of request: GET /v2/images/100e3786-c219-4d43-a099-e9dd9359b101 Accept: application/json {{(pid=99540) process_request /opt/stack/glance/glance/api/middleware/version_negotiation.py:44}}
Jun 27 00:30:07.078234 np0000003809 devstack@g-api.service[99540]: DEBUG glance.api.middleware.version_negotiation [None req-f6f2c6de-5a3d-4e04-8f04-1b21cc0df92f tempest-ServerBootFromVolumeStableRescueTest-1977115278 tempest-ServerBootFromVolumeStableRescueTest-1977115278-project-member] Using url versioning {{(pid=99540) process_request /opt/stack/glance/glance/api/middleware/version_negotiation.py:57}}
Jun 27 00:30:07.078234 np0000003809 devstack@g-api.service[99540]: DEBUG glance.api.middleware.version_negotiation [None req-f6f2c6de-5a3d-4e04-8f04-1b21cc0df92f tempest-ServerBootFromVolumeStableRescueTest-1977115278 tempest-ServerBootFromVolumeStableRescueTest-1977115278-project-member] Matched version: v2 {{(pid=99540) process_request /opt/stack/glance/glance/api/middleware/version_negotiation.py:69}}
Jun 27 00:30:07.078234 np0000003809 devstack@g-api.service[99540]: DEBUG glance.api.middleware.version_negotiation [None req-f6f2c6de-5a3d-4e04-8f04-1b21cc0df92f tempest-ServerBootFromVolumeStableRescueTest-1977115278 tempest-ServerBootFromVolumeStableRescueTest-1977115278-project-member] new path /v2/images/100e3786-c219-4d43-a099-e9dd9359b101 {{(pid=99540) process_request /opt/stack/glance/glance/api/middleware/version_negotiation.py:70}}
Jun 27 00:30:07.091939 np0000003809 devstack@g-api.service[99540]: [pid: 99540|app: 0|req: 114/338] 127.0.0.1 () {40 vars in 838 bytes} [Sat Jun 27 00:30:07 2026] GET /v2/images/100e3786-c219-4d43-a099-e9dd9359b101 => generated 1471 bytes in 14 msecs (HTTP/1.1 200) 4 headers in 158 bytes (1 switches on core 0)
Jun 27 00:30:07.218430 np0000003809 devstack@g-api.service[99541]: DEBUG swiftclient [None req-f6f2c6de-5a3d-4e04-8f04-1b21cc0df92f tempest-ServerBootFromVolumeStableRescueTest-1977115278 tempest-ServerBootFromVolumeStableRescueTest-1977115278-project-member] REQ: curl -i https://10.4.3.183:8080/v1/AUTH_5e37a9cc6d1d413496c63489a28a3b88/glance/100e3786-c219-4d43-a099-e9dd9359b101-00001 -X PUT -H "X-Auth-Token: gAAAAABqPxmOXvnj..." {{(pid=99541) http_log /opt/stack/data/venv/lib/python3.12/site-packages/swiftclient/client.py:160}}
Jun 27 00:30:07.218430 np0000003809 devstack@g-api.service[99541]: DEBUG swiftclient [None req-f6f2c6de-5a3d-4e04-8f04-1b21cc0df92f tempest-ServerBootFromVolumeStableRescueTest-1977115278 tempest-ServerBootFromVolumeStableRescueTest-1977115278-project-member] RESP STATUS: 201 Created {{(pid=99541) http_log /opt/stack/data/venv/lib/python3.12/site-packages/swiftclient/client.py:161}}
Jun 27 00:30:07.219064 np0000003809 devstack@g-api.service[99541]: DEBUG swiftclient [None req-f6f2c6de-5a3d-4e04-8f04-1b21cc0df92f tempest-ServerBootFromVolumeStableRescueTest-1977115278 tempest-ServerBootFromVolumeStableRescueTest-1977115278-project-member] RESP HEADERS: {'Date': 'Sat, 27 Jun 2026 00:30:07 GMT', 'Server': 'Apache/2.4.58 (Ubuntu)', 'Content-Type': 'text/html; charset=UTF-8', 'Content-Length': '0', 'Etag': '4fa343ee581d8d2e78533191fd1ac3e1', 'Last-Modified': 'Sat, 27 Jun 2026 00:30:07 GMT', 'X-Trans-Id': 'tx2caac2b85f3f4a6e9f513-006a3f198e', 'X-Openstack-Request-Id': 'tx2caac2b85f3f4a6e9f513-006a3f198e', 'Connection': 'close'} {{(pid=99541) http_log /opt/stack/data/venv/lib/python3.12/site-packages/swiftclient/client.py:162}}
Jun 27 00:30:07.219064 np0000003809 devstack@g-api.service[99541]: DEBUG glance_store._drivers.swift.store [None req-f6f2c6de-5a3d-4e04-8f04-1b21cc0df92f tempest-ServerBootFromVolumeStableRescueTest-1977115278 tempest-ServerBootFromVolumeStableRescueTest-1977115278-project-member] Wrote chunk 100e3786-c219-4d43-a099-e9dd9359b101-00001 (1/?) of length 23527424 to Swift returning MD5 of content: 4fa343ee581d8d2e78533191fd1ac3e1 {{(pid=99541) add /opt/stack/data/venv/lib/python3.12/site-packages/glance_store/_drivers/swift/store.py:1059}}
Jun 27 00:30:07.219064 np0000003809 devstack@g-api.service[99541]: DEBUG glance_store._drivers.swift.store [None req-f6f2c6de-5a3d-4e04-8f04-1b21cc0df92f tempest-ServerBootFromVolumeStableRescueTest-1977115278 tempest-ServerBootFromVolumeStableRescueTest-1977115278-project-member] Not writing zero-length chunk. {{(pid=99541) add /opt/stack/data/venv/lib/python3.12/site-packages/glance_store/_drivers/swift/store.py:1028}}
Jun 27 00:30:07.260476 np0000003809 devstack@g-api.service[99541]: DEBUG swiftclient [None req-f6f2c6de-5a3d-4e04-8f04-1b21cc0df92f tempest-ServerBootFromVolumeStableRescueTest-1977115278 tempest-ServerBootFromVolumeStableRescueTest-1977115278-project-member] REQ: curl -i https://10.4.3.183:8080/v1/AUTH_5e37a9cc6d1d413496c63489a28a3b88/glance/100e3786-c219-4d43-a099-e9dd9359b101 -X PUT -H "X-Object-Manifest: glance/100e3786-c219-4d43-a099-e9dd9359b101-" -H "X-Auth-Token: gAAAAABqPxmOXvnj..." -H "Content-Length: 0" {{(pid=99541) http_log /opt/stack/data/venv/lib/python3.12/site-packages/swiftclient/client.py:160}}
Jun 27 00:30:07.260708 np0000003809 devstack@g-api.service[99541]: DEBUG swiftclient [None req-f6f2c6de-5a3d-4e04-8f04-1b21cc0df92f tempest-ServerBootFromVolumeStableRescueTest-1977115278 tempest-ServerBootFromVolumeStableRescueTest-1977115278-project-member] RESP STATUS: 201 Created {{(pid=99541) http_log /opt/stack/data/venv/lib/python3.12/site-packages/swiftclient/client.py:161}}
Jun 27 00:30:07.260926 np0000003809 devstack@g-api.service[99541]: DEBUG swiftclient [None req-f6f2c6de-5a3d-4e04-8f04-1b21cc0df92f tempest-ServerBootFromVolumeStableRescueTest-1977115278 tempest-ServerBootFromVolumeStableRescueTest-1977115278-project-member] RESP HEADERS: {'Date': 'Sat, 27 Jun 2026 00:30:07 GMT', 'Server': 'Apache/2.4.58 (Ubuntu)', 'Content-Type': 'text/html; charset=UTF-8', 'Content-Length': '0', 'Etag': 'd41d8cd98f00b204e9800998ecf8427e', 'Last-Modified': 'Sat, 27 Jun 2026 00:30:08 GMT', 'X-Trans-Id': 'txe94975652310449ebe64f-006a3f198f', 'X-Openstack-Request-Id': 'txe94975652310449ebe64f-006a3f198f', 'Connection': 'close'} {{(pid=99541) http_log /opt/stack/data/venv/lib/python3.12/site-packages/swiftclient/client.py:162}}
Jun 27 00:30:07.261493 np0000003809 devstack@g-api.service[99541]: INFO glance.location [None req-f6f2c6de-5a3d-4e04-8f04-1b21cc0df92f tempest-ServerBootFromVolumeStableRescueTest-1977115278 tempest-ServerBootFromVolumeStableRescueTest-1977115278-project-member] Image format matched and virtual size computed: 1073741824
Jun 27 00:30:07.320747 np0000003809 devstack@g-api.service[99541]: DEBUG glance_store.backend [None req-f6f2c6de-5a3d-4e04-8f04-1b21cc0df92f tempest-ServerBootFromVolumeStableRescueTest-1977115278 tempest-ServerBootFromVolumeStableRescueTest-1977115278-project-member] Attempting to import store swift {{(pid=99541) _load_store /opt/stack/data/venv/lib/python3.12/site-packages/glance_store/backend.py:215}}
Jun 27 00:30:07.322886 np0000003809 devstack@g-api.service[99541]: DEBUG glance_store.capabilities [None req-f6f2c6de-5a3d-4e04-8f04-1b21cc0df92f tempest-ServerBootFromVolumeStableRescueTest-1977115278 tempest-ServerBootFromVolumeStableRescueTest-1977115278-project-member] Store glance_store._drivers.swift.store.SingleTenantStore doesn't support updating dynamic storage capabilities. Please overwrite 'update_capabilities' method of the store to implement updating logics if needed. {{(pid=99541) update_capabilities /opt/stack/data/venv/lib/python3.12/site-packages/glance_store/capabilities.py:91}}
Jun 27 00:30:07.322886 np0000003809 devstack@g-api.service[99541]: DEBUG glance_store.driver [None req-f6f2c6de-5a3d-4e04-8f04-1b21cc0df92f tempest-ServerBootFromVolumeStableRescueTest-1977115278 tempest-ServerBootFromVolumeStableRescueTest-1977115278-project-member] Late loading location class glance_store._drivers.swift.store.StoreLocation {{(pid=99541) get_store_location_class /opt/stack/data/venv/lib/python3.12/site-packages/glance_store/driver.py:134}}
Jun 27 00:30:07.323286 np0000003809 devstack@g-api.service[99541]: DEBUG glance_store.location [None req-f6f2c6de-5a3d-4e04-8f04-1b21cc0df92f tempest-ServerBootFromVolumeStableRescueTest-1977115278 tempest-ServerBootFromVolumeStableRescueTest-1977115278-project-member] Registering scheme swift+https with {'store': , 'location_class': , 'store_entry': 'swift'} {{(pid=99541) register_scheme_map /opt/stack/data/venv/lib/python3.12/site-packages/glance_store/location.py:146}}
Jun 27 00:30:07.323286 np0000003809 devstack@g-api.service[99541]: DEBUG glance_store.location [None req-f6f2c6de-5a3d-4e04-8f04-1b21cc0df92f tempest-ServerBootFromVolumeStableRescueTest-1977115278 tempest-ServerBootFromVolumeStableRescueTest-1977115278-project-member] Registering scheme swift+https with {'store': , 'location_class': , 'store_entry': 'swift'} {{(pid=99541) register_scheme_map /opt/stack/data/venv/lib/python3.12/site-packages/glance_store/location.py:146}}
Jun 27 00:30:07.323512 np0000003809 devstack@g-api.service[99541]: DEBUG glance_store.location [None req-f6f2c6de-5a3d-4e04-8f04-1b21cc0df92f tempest-ServerBootFromVolumeStableRescueTest-1977115278 tempest-ServerBootFromVolumeStableRescueTest-1977115278-project-member] Registering scheme swift with {'store': , 'location_class': , 'store_entry': 'swift'} {{(pid=99541) register_scheme_map /opt/stack/data/venv/lib/python3.12/site-packages/glance_store/location.py:146}}
Jun 27 00:30:07.323512 np0000003809 devstack@g-api.service[99541]: DEBUG glance_store.location [None req-f6f2c6de-5a3d-4e04-8f04-1b21cc0df92f tempest-ServerBootFromVolumeStableRescueTest-1977115278 tempest-ServerBootFromVolumeStableRescueTest-1977115278-project-member] Registering scheme swift+https with {'store': , 'location_class': , 'store_entry': 'swift'} {{(pid=99541) register_scheme_map /opt/stack/data/venv/lib/python3.12/site-packages/glance_store/location.py:146}}
Jun 27 00:30:07.323819 np0000003809 devstack@g-api.service[99541]: DEBUG glance_store.location [None req-f6f2c6de-5a3d-4e04-8f04-1b21cc0df92f tempest-ServerBootFromVolumeStableRescueTest-1977115278 tempest-ServerBootFromVolumeStableRescueTest-1977115278-project-member] Registering scheme swift with {'store': , 'location_class': , 'store_entry': 'swift'} {{(pid=99541) register_scheme_map /opt/stack/data/venv/lib/python3.12/site-packages/glance_store/location.py:146}}
Jun 27 00:30:07.323819 np0000003809 devstack@g-api.service[99541]: DEBUG glance_store.location [None req-f6f2c6de-5a3d-4e04-8f04-1b21cc0df92f tempest-ServerBootFromVolumeStableRescueTest-1977115278 tempest-ServerBootFromVolumeStableRescueTest-1977115278-project-member] Registering scheme swift+http with {'store': , 'location_class': , 'store_entry': 'swift'} {{(pid=99541) register_scheme_map /opt/stack/data/venv/lib/python3.12/site-packages/glance_store/location.py:146}}
Jun 27 00:30:07.323819 np0000003809 devstack@g-api.service[99541]: DEBUG glance_store.location [None req-f6f2c6de-5a3d-4e04-8f04-1b21cc0df92f tempest-ServerBootFromVolumeStableRescueTest-1977115278 tempest-ServerBootFromVolumeStableRescueTest-1977115278-project-member] Registering scheme swift+https with {'store': , 'location_class': , 'store_entry': 'swift'} {{(pid=99541) register_scheme_map /opt/stack/data/venv/lib/python3.12/site-packages/glance_store/location.py:146}}
Jun 27 00:30:07.324138 np0000003809 devstack@g-api.service[99541]: DEBUG glance_store.location [None req-f6f2c6de-5a3d-4e04-8f04-1b21cc0df92f tempest-ServerBootFromVolumeStableRescueTest-1977115278 tempest-ServerBootFromVolumeStableRescueTest-1977115278-project-member] Registering scheme swift with {'store': , 'location_class': , 'store_entry': 'swift'} {{(pid=99541) register_scheme_map /opt/stack/data/venv/lib/python3.12/site-packages/glance_store/location.py:146}}
Jun 27 00:30:07.324138 np0000003809 devstack@g-api.service[99541]: DEBUG glance_store.location [None req-f6f2c6de-5a3d-4e04-8f04-1b21cc0df92f tempest-ServerBootFromVolumeStableRescueTest-1977115278 tempest-ServerBootFromVolumeStableRescueTest-1977115278-project-member] Registering scheme swift+http with {'store': , 'location_class': , 'store_entry': 'swift'} {{(pid=99541) register_scheme_map /opt/stack/data/venv/lib/python3.12/site-packages/glance_store/location.py:146}}
Jun 27 00:30:07.324138 np0000003809 devstack@g-api.service[99541]: DEBUG glance_store.location [None req-f6f2c6de-5a3d-4e04-8f04-1b21cc0df92f tempest-ServerBootFromVolumeStableRescueTest-1977115278 tempest-ServerBootFromVolumeStableRescueTest-1977115278-project-member] Registering scheme swift+config with {'store': , 'location_class': , 'store_entry': 'swift'} {{(pid=99541) register_scheme_map /opt/stack/data/venv/lib/python3.12/site-packages/glance_store/location.py:146}}
Jun 27 00:30:07.324531 np0000003809 devstack@g-api.service[99541]: DEBUG glance_store.backend [None req-f6f2c6de-5a3d-4e04-8f04-1b21cc0df92f tempest-ServerBootFromVolumeStableRescueTest-1977115278 tempest-ServerBootFromVolumeStableRescueTest-1977115278-project-member] Skipping store.set_acls... not implemented. {{(pid=99541) set_acls /opt/stack/data/venv/lib/python3.12/site-packages/glance_store/backend.py:507}}
Jun 27 00:30:07.326802 np0000003809 devstack@g-api.service[99541]: [pid: 99541|app: 0|req: 116/339] 127.0.0.1 () {46 vars in 1158 bytes} [Sat Jun 27 00:30:05 2026] PUT /v2/images/100e3786-c219-4d43-a099-e9dd9359b101/file => generated 0 bytes in 1932 msecs (HTTP/1.1 204) 4 headers in 171 bytes (1 switches on core 0)
Jun 27 00:30:07.381308 np0000003809 devstack@g-api.service[99542]: DEBUG glance.api.middleware.version_negotiation [None req-21176faf-5ee7-4f20-88dd-167cdb833e90 tempest-ServerBootFromVolumeStableRescueTest-1977115278 tempest-ServerBootFromVolumeStableRescueTest-1977115278-project-member] Determining version of request: GET /v2/images/100e3786-c219-4d43-a099-e9dd9359b101 Accept: */* {{(pid=99542) process_request /opt/stack/glance/glance/api/middleware/version_negotiation.py:44}}
Jun 27 00:30:07.381308 np0000003809 devstack@g-api.service[99542]: DEBUG glance.api.middleware.version_negotiation [None req-21176faf-5ee7-4f20-88dd-167cdb833e90 tempest-ServerBootFromVolumeStableRescueTest-1977115278 tempest-ServerBootFromVolumeStableRescueTest-1977115278-project-member] Using url versioning {{(pid=99542) process_request /opt/stack/glance/glance/api/middleware/version_negotiation.py:57}}
Jun 27 00:30:07.381308 np0000003809 devstack@g-api.service[99542]: DEBUG glance.api.middleware.version_negotiation [None req-21176faf-5ee7-4f20-88dd-167cdb833e90 tempest-ServerBootFromVolumeStableRescueTest-1977115278 tempest-ServerBootFromVolumeStableRescueTest-1977115278-project-member] Matched version: v2 {{(pid=99542) process_request /opt/stack/glance/glance/api/middleware/version_negotiation.py:69}}
Jun 27 00:30:07.382619 np0000003809 devstack@g-api.service[99542]: DEBUG glance.api.middleware.version_negotiation [None req-21176faf-5ee7-4f20-88dd-167cdb833e90 tempest-ServerBootFromVolumeStableRescueTest-1977115278 tempest-ServerBootFromVolumeStableRescueTest-1977115278-project-member] new path /v2/images/100e3786-c219-4d43-a099-e9dd9359b101 {{(pid=99542) process_request /opt/stack/glance/glance/api/middleware/version_negotiation.py:70}}
Jun 27 00:30:07.401733 np0000003809 devstack@g-api.service[99542]: [pid: 99542|app: 0|req: 110/340] 127.0.0.1 () {44 vars in 1115 bytes} [Sat Jun 27 00:30:07 2026] GET /v2/images/100e3786-c219-4d43-a099-e9dd9359b101 => generated 1641 bytes in 23 msecs (HTTP/1.1 200) 4 headers in 158 bytes (1 switches on core 0)
Jun 27 00:30:07.446264 np0000003809 devstack@g-api.service[99540]: DEBUG glance.api.middleware.version_negotiation [None req-ea77da10-af08-4d2e-93a8-9a466d1d9c23 tempest-ServerBootFromVolumeStableRescueTest-1977115278 tempest-ServerBootFromVolumeStableRescueTest-1977115278-project-member] Determining version of request: GET /v2/schemas/image Accept: */* {{(pid=99540) process_request /opt/stack/glance/glance/api/middleware/version_negotiation.py:44}}
Jun 27 00:30:07.447381 np0000003809 devstack@g-api.service[99540]: DEBUG glance.api.middleware.version_negotiation [None req-ea77da10-af08-4d2e-93a8-9a466d1d9c23 tempest-ServerBootFromVolumeStableRescueTest-1977115278 tempest-ServerBootFromVolumeStableRescueTest-1977115278-project-member] Using url versioning {{(pid=99540) process_request /opt/stack/glance/glance/api/middleware/version_negotiation.py:57}}
Jun 27 00:30:07.447381 np0000003809 devstack@g-api.service[99540]: DEBUG glance.api.middleware.version_negotiation [None req-ea77da10-af08-4d2e-93a8-9a466d1d9c23 tempest-ServerBootFromVolumeStableRescueTest-1977115278 tempest-ServerBootFromVolumeStableRescueTest-1977115278-project-member] Matched version: v2 {{(pid=99540) process_request /opt/stack/glance/glance/api/middleware/version_negotiation.py:69}}
Jun 27 00:30:07.447381 np0000003809 devstack@g-api.service[99540]: DEBUG glance.api.middleware.version_negotiation [None req-ea77da10-af08-4d2e-93a8-9a466d1d9c23 tempest-ServerBootFromVolumeStableRescueTest-1977115278 tempest-ServerBootFromVolumeStableRescueTest-1977115278-project-member] new path /v2/schemas/image {{(pid=99540) process_request /opt/stack/glance/glance/api/middleware/version_negotiation.py:70}}
Jun 27 00:30:07.456078 np0000003809 devstack@g-api.service[99540]: [pid: 99540|app: 0|req: 115/341] 127.0.0.1 () {44 vars in 1055 bytes} [Sat Jun 27 00:30:07 2026] GET /v2/schemas/image => generated 6083 bytes in 10 msecs (HTTP/1.1 200) 4 headers in 158 bytes (1 switches on core 0)
Jun 27 00:30:08.104726 np0000003809 devstack@g-api.service[99541]: DEBUG glance.api.middleware.version_negotiation [None req-f6f2c6de-5a3d-4e04-8f04-1b21cc0df92f tempest-ServerBootFromVolumeStableRescueTest-1977115278 tempest-ServerBootFromVolumeStableRescueTest-1977115278-project-member] Determining version of request: GET /v2/images/100e3786-c219-4d43-a099-e9dd9359b101 Accept: application/json {{(pid=99541) process_request /opt/stack/glance/glance/api/middleware/version_negotiation.py:44}}
Jun 27 00:30:08.104978 np0000003809 devstack@g-api.service[99541]: DEBUG glance.api.middleware.version_negotiation [None req-f6f2c6de-5a3d-4e04-8f04-1b21cc0df92f tempest-ServerBootFromVolumeStableRescueTest-1977115278 tempest-ServerBootFromVolumeStableRescueTest-1977115278-project-member] Using url versioning {{(pid=99541) process_request /opt/stack/glance/glance/api/middleware/version_negotiation.py:57}}
Jun 27 00:30:08.105362 np0000003809 devstack@g-api.service[99541]: DEBUG glance.api.middleware.version_negotiation [None req-f6f2c6de-5a3d-4e04-8f04-1b21cc0df92f tempest-ServerBootFromVolumeStableRescueTest-1977115278 tempest-ServerBootFromVolumeStableRescueTest-1977115278-project-member] Matched version: v2 {{(pid=99541) process_request /opt/stack/glance/glance/api/middleware/version_negotiation.py:69}}
Jun 27 00:30:08.105362 np0000003809 devstack@g-api.service[99541]: DEBUG glance.api.middleware.version_negotiation [None req-f6f2c6de-5a3d-4e04-8f04-1b21cc0df92f tempest-ServerBootFromVolumeStableRescueTest-1977115278 tempest-ServerBootFromVolumeStableRescueTest-1977115278-project-member] new path /v2/images/100e3786-c219-4d43-a099-e9dd9359b101 {{(pid=99541) process_request /opt/stack/glance/glance/api/middleware/version_negotiation.py:70}}
Jun 27 00:30:08.119600 np0000003809 devstack@g-api.service[99541]: [pid: 99541|app: 0|req: 117/342] 127.0.0.1 () {40 vars in 838 bytes} [Sat Jun 27 00:30:08 2026] GET /v2/images/100e3786-c219-4d43-a099-e9dd9359b101 => generated 1641 bytes in 15 msecs (HTTP/1.1 200) 4 headers in 158 bytes (1 switches on core 0)
Jun 27 00:30:08.130036 np0000003809 devstack@g-api.service[99542]: DEBUG glance.api.middleware.version_negotiation [None req-f6f2c6de-5a3d-4e04-8f04-1b21cc0df92f tempest-ServerBootFromVolumeStableRescueTest-1977115278 tempest-ServerBootFromVolumeStableRescueTest-1977115278-project-member] Determining version of request: GET /v2/images/100e3786-c219-4d43-a099-e9dd9359b101 Accept: application/json {{(pid=99542) process_request /opt/stack/glance/glance/api/middleware/version_negotiation.py:44}}
Jun 27 00:30:08.130179 np0000003809 devstack@g-api.service[99542]: DEBUG glance.api.middleware.version_negotiation [None req-f6f2c6de-5a3d-4e04-8f04-1b21cc0df92f tempest-ServerBootFromVolumeStableRescueTest-1977115278 tempest-ServerBootFromVolumeStableRescueTest-1977115278-project-member] Using url versioning {{(pid=99542) process_request /opt/stack/glance/glance/api/middleware/version_negotiation.py:57}}
Jun 27 00:30:08.130392 np0000003809 devstack@g-api.service[99542]: DEBUG glance.api.middleware.version_negotiation [None req-f6f2c6de-5a3d-4e04-8f04-1b21cc0df92f tempest-ServerBootFromVolumeStableRescueTest-1977115278 tempest-ServerBootFromVolumeStableRescueTest-1977115278-project-member] Matched version: v2 {{(pid=99542) process_request /opt/stack/glance/glance/api/middleware/version_negotiation.py:69}}
Jun 27 00:30:08.130524 np0000003809 devstack@g-api.service[99542]: DEBUG glance.api.middleware.version_negotiation [None req-f6f2c6de-5a3d-4e04-8f04-1b21cc0df92f tempest-ServerBootFromVolumeStableRescueTest-1977115278 tempest-ServerBootFromVolumeStableRescueTest-1977115278-project-member] new path /v2/images/100e3786-c219-4d43-a099-e9dd9359b101 {{(pid=99542) process_request /opt/stack/glance/glance/api/middleware/version_negotiation.py:70}}
Jun 27 00:30:08.142871 np0000003809 devstack@g-api.service[99542]: [pid: 99542|app: 0|req: 111/343] 127.0.0.1 () {40 vars in 838 bytes} [Sat Jun 27 00:30:08 2026] GET /v2/images/100e3786-c219-4d43-a099-e9dd9359b101 => generated 1641 bytes in 13 msecs (HTTP/1.1 200) 4 headers in 158 bytes (1 switches on core 0)
Jun 27 00:30:08.708704 np0000003809 devstack@g-api.service[99540]: DEBUG glance.api.middleware.version_negotiation [None req-f6f2c6de-5a3d-4e04-8f04-1b21cc0df92f tempest-ServerBootFromVolumeStableRescueTest-1977115278 tempest-ServerBootFromVolumeStableRescueTest-1977115278-project-member] Determining version of request: GET /v2/images/d0ca9905-27ab-46a9-be50-3dabc770bf45 Accept: */* {{(pid=99540) process_request /opt/stack/glance/glance/api/middleware/version_negotiation.py:44}}
Jun 27 00:30:08.709309 np0000003809 devstack@g-api.service[99540]: DEBUG glance.api.middleware.version_negotiation [None req-f6f2c6de-5a3d-4e04-8f04-1b21cc0df92f tempest-ServerBootFromVolumeStableRescueTest-1977115278 tempest-ServerBootFromVolumeStableRescueTest-1977115278-project-member] Using url versioning {{(pid=99540) process_request /opt/stack/glance/glance/api/middleware/version_negotiation.py:57}}
Jun 27 00:30:08.709309 np0000003809 devstack@g-api.service[99540]: DEBUG glance.api.middleware.version_negotiation [None req-f6f2c6de-5a3d-4e04-8f04-1b21cc0df92f tempest-ServerBootFromVolumeStableRescueTest-1977115278 tempest-ServerBootFromVolumeStableRescueTest-1977115278-project-member] Matched version: v2 {{(pid=99540) process_request /opt/stack/glance/glance/api/middleware/version_negotiation.py:69}}
Jun 27 00:30:08.709309 np0000003809 devstack@g-api.service[99540]: DEBUG glance.api.middleware.version_negotiation [None req-f6f2c6de-5a3d-4e04-8f04-1b21cc0df92f tempest-ServerBootFromVolumeStableRescueTest-1977115278 tempest-ServerBootFromVolumeStableRescueTest-1977115278-project-member] new path /v2/images/d0ca9905-27ab-46a9-be50-3dabc770bf45 {{(pid=99540) process_request /opt/stack/glance/glance/api/middleware/version_negotiation.py:70}}
Jun 27 00:30:08.723386 np0000003809 devstack@g-api.service[99540]: [pid: 99540|app: 0|req: 116/344] 127.0.0.1 () {44 vars in 1115 bytes} [Sat Jun 27 00:30:08 2026] GET /v2/images/d0ca9905-27ab-46a9-be50-3dabc770bf45 => generated 1044 bytes in 15 msecs (HTTP/1.1 200) 4 headers in 158 bytes (1 switches on core 0)
Jun 27 00:30:08.767347 np0000003809 devstack@g-api.service[99541]: DEBUG glance.api.middleware.version_negotiation [None req-6fb584e7-8839-4dcc-963d-1994169c6ec2 tempest-ServerBootFromVolumeStableRescueTest-1977115278 tempest-ServerBootFromVolumeStableRescueTest-1977115278-project-member] Determining version of request: GET /v2/schemas/image Accept: */* {{(pid=99541) process_request /opt/stack/glance/glance/api/middleware/version_negotiation.py:44}}
Jun 27 00:30:08.768157 np0000003809 devstack@g-api.service[99541]: DEBUG glance.api.middleware.version_negotiation [None req-6fb584e7-8839-4dcc-963d-1994169c6ec2 tempest-ServerBootFromVolumeStableRescueTest-1977115278 tempest-ServerBootFromVolumeStableRescueTest-1977115278-project-member] Using url versioning {{(pid=99541) process_request /opt/stack/glance/glance/api/middleware/version_negotiation.py:57}}
Jun 27 00:30:08.768157 np0000003809 devstack@g-api.service[99541]: DEBUG glance.api.middleware.version_negotiation [None req-6fb584e7-8839-4dcc-963d-1994169c6ec2 tempest-ServerBootFromVolumeStableRescueTest-1977115278 tempest-ServerBootFromVolumeStableRescueTest-1977115278-project-member] Matched version: v2 {{(pid=99541) process_request /opt/stack/glance/glance/api/middleware/version_negotiation.py:69}}
Jun 27 00:30:08.768157 np0000003809 devstack@g-api.service[99541]: DEBUG glance.api.middleware.version_negotiation [None req-6fb584e7-8839-4dcc-963d-1994169c6ec2 tempest-ServerBootFromVolumeStableRescueTest-1977115278 tempest-ServerBootFromVolumeStableRescueTest-1977115278-project-member] new path /v2/schemas/image {{(pid=99541) process_request /opt/stack/glance/glance/api/middleware/version_negotiation.py:70}}
Jun 27 00:30:08.772032 np0000003809 devstack@g-api.service[99541]: [pid: 99541|app: 0|req: 118/345] 127.0.0.1 () {44 vars in 1055 bytes} [Sat Jun 27 00:30:08 2026] GET /v2/schemas/image => generated 6083 bytes in 5 msecs (HTTP/1.1 200) 4 headers in 158 bytes (1 switches on core 0)
Jun 27 00:30:16.409194 np0000003809 devstack@g-api.service[99542]: DEBUG glance.api.middleware.version_negotiation [None req-31646966-8b40-4b01-9276-d88215209173 tempest-ServerBootFromVolumeStableRescueTest-1977115278 tempest-ServerBootFromVolumeStableRescueTest-1977115278-project-member] Determining version of request: GET /v2/images/d0ca9905-27ab-46a9-be50-3dabc770bf45 Accept: */* {{(pid=99542) process_request /opt/stack/glance/glance/api/middleware/version_negotiation.py:44}}
Jun 27 00:30:16.409194 np0000003809 devstack@g-api.service[99542]: DEBUG glance.api.middleware.version_negotiation [None req-31646966-8b40-4b01-9276-d88215209173 tempest-ServerBootFromVolumeStableRescueTest-1977115278 tempest-ServerBootFromVolumeStableRescueTest-1977115278-project-member] Using url versioning {{(pid=99542) process_request /opt/stack/glance/glance/api/middleware/version_negotiation.py:57}}
Jun 27 00:30:16.409864 np0000003809 devstack@g-api.service[99542]: DEBUG glance.api.middleware.version_negotiation [None req-31646966-8b40-4b01-9276-d88215209173 tempest-ServerBootFromVolumeStableRescueTest-1977115278 tempest-ServerBootFromVolumeStableRescueTest-1977115278-project-member] Matched version: v2 {{(pid=99542) process_request /opt/stack/glance/glance/api/middleware/version_negotiation.py:69}}
Jun 27 00:30:16.409864 np0000003809 devstack@g-api.service[99542]: DEBUG glance.api.middleware.version_negotiation [None req-31646966-8b40-4b01-9276-d88215209173 tempest-ServerBootFromVolumeStableRescueTest-1977115278 tempest-ServerBootFromVolumeStableRescueTest-1977115278-project-member] new path /v2/images/d0ca9905-27ab-46a9-be50-3dabc770bf45 {{(pid=99542) process_request /opt/stack/glance/glance/api/middleware/version_negotiation.py:70}}
Jun 27 00:30:16.629185 np0000003809 devstack@g-api.service[99542]: [pid: 99542|app: 0|req: 112/346] 127.0.0.1 () {44 vars in 1115 bytes} [Sat Jun 27 00:30:16 2026] GET /v2/images/d0ca9905-27ab-46a9-be50-3dabc770bf45 => generated 1044 bytes in 221 msecs (HTTP/1.1 200) 4 headers in 158 bytes (1 switches on core 0)
Jun 27 00:30:16.640720 np0000003809 devstack@g-api.service[99540]: DEBUG glance.api.middleware.version_negotiation [None req-a9d6a75f-580f-4d65-8457-4e2b8be8e37e tempest-ServerBootFromVolumeStableRescueTest-1977115278 tempest-ServerBootFromVolumeStableRescueTest-1977115278-project-member] Determining version of request: GET /v2/schemas/image Accept: */* {{(pid=99540) process_request /opt/stack/glance/glance/api/middleware/version_negotiation.py:44}}
